212.34.140.200 - - [20/Apr/2025:12:58:19 -0500] "GET /blog/ HTTP/1.1" 200 32819 "https://CORALS.IO/blog/" "Mozilla/5.0 (Macintosh; Intel Mac OS X 10_15_7) AppleWebKit/537.36 (KHTML, like Gecko) Chrome/133.0.0.0 Safari/537.36"
212.34.140.200 - - [20/Apr/2025:12:58:20 -0500] "GET /blog/?taxonomy=category&term=economy HTTP/1.1" 301 - "-" "Mozilla/5.0 (Macintosh; Intel Mac OS X 10_15_7) AppleWebKit/537.36 (KHTML, like Gecko) Chrome/133.0.0.0 Safari/537.36"
212.34.140.200 - - [20/Apr/2025:12:58:21 -0500] "GET /blog/?taxonomy=category&term=economy HTTP/1.1" 200 28802 "https://CORALS.IO/blog/?taxonomy=category&term=economy" "Mozilla/5.0 (Macintosh; Intel Mac OS X 10_15_7) AppleWebKit/537.36 (KHTML, like Gecko) Chrome/133.0.0.0 Safari/537.36"
212.34.140.200 - - [20/Apr/2025:12:58:23 -0500] "GET /blog/?taxonomy=category&term=outsourcing HTTP/1.1" 301 - "-" "Mozilla/5.0 (Macintosh; Intel Mac OS X 10_15_7) AppleWebKit/537.36 (KHTML, like Gecko) Chrome/133.0.0.0 Safari/537.36"
212.34.140.200 - - [20/Apr/2025:12:58:24 -0500] "GET /blog/?taxonomy=category&term=outsourcing HTTP/1.1" 200 28804 "https://CORALS.IO/blog/?taxonomy=category&term=outsourcing" "Mozilla/5.0 (Macintosh; Intel Mac OS X 10_15_7) AppleWebKit/537.36 (KHTML, like Gecko) Chrome/133.0.0.0 Safari/537.36"
212.34.140.200 - - [20/Apr/2025:12:58:26 -0500] "GET /blog/?taxonomy=category&term=uncategorized HTTP/1.1" 301 - "-" "Mozilla/5.0 (Macintosh; Intel Mac OS X 10_15_7) AppleWebKit/537.36 (KHTML, like Gecko) Chrome/133.0.0.0 Safari/537.36"
212.34.140.200 - - [20/Apr/2025:12:58:27 -0500] "GET /blog/?taxonomy=category&term=uncategorized HTTP/1.1" 200 31141 "https://CORALS.IO/blog/?taxonomy=category&term=uncategorized" "Mozilla/5.0 (Macintosh; Intel Mac OS X 10_15_7) AppleWebKit/537.36 (KHTML, like Gecko) Chrome/133.0.0.0 Safari/537.36"
212.34.140.200 - - [20/Apr/2025:12:58:30 -0500] "GET /contact/ HTTP/1.1" 200 31457 "-" "Mozilla/5.0 (Macintosh; Intel Mac OS X 10_15_7) AppleWebKit/537.36 (KHTML, like Gecko) Chrome/133.0.0.0 Safari/537.36"
203.210.234.178 - - [20/Apr/2025:12:58:31 -0500] "POST /contact/ HTTP/1.1" 200 29880 "-" "Mozilla/5.0 (Windows NT 10.0; Win64; x64) AppleWebKit/537.36 (KHTML, like Gecko) Chrome/120.0.0.0 Safari/537.36"
212.34.140.200 - - [20/Apr/2025:12:58:34 -0500] "GET /corals-and-blacksmith-agency-join-forces-to-deliver-cutting-edge-web-solutions/ HTTP/1.1" 200 33605 "-" "Mozilla/5.0 (Macintosh; Intel Mac OS X 10_15_7) AppleWebKit/537.36 (KHTML, like Gecko) Chrome/133.0.0.0 Safari/537.36"
212.34.140.200 - - [20/Apr/2025:12:58:34 -0500] "GET /corals-and-blacksmith-agency-join-forces-to-deliver-cutting-edge-web-solutions/feed/ HTTP/1.1" 200 524 "-" "Mozilla/5.0 (Macintosh; Intel Mac OS X 10_15_7) AppleWebKit/537.36 (KHTML, like Gecko) Chrome/133.0.0.0 Safari/537.36"
212.34.140.200 - - [20/Apr/2025:12:58:36 -0500] "GET /why-outsourcing-to-the-mena-region-is-a-game-changer-for-your-business/ HTTP/1.1" 200 33210 "-" "Mozilla/5.0 (Macintosh; Intel Mac OS X 10_15_7) AppleWebKit/537.36 (KHTML, like Gecko) Chrome/133.0.0.0 Safari/537.36"
212.34.140.200 - - [20/Apr/2025:12:58:36 -0500] "GET /why-outsourcing-to-the-mena-region-is-a-game-changer-for-your-business/feed/ HTTP/1.1" 200 525 "-" "Mozilla/5.0 (Macintosh; Intel Mac OS X 10_15_7) AppleWebKit/537.36 (KHTML, like Gecko) Chrome/133.0.0.0 Safari/537.36"
209.145.62.177 - - [20/Apr/2025:13:02:31 -0500] "POST /wp-cron.php?doing_wp_cron=1745172151.0563890933990478515625 HTTP/1.1" 200 - "-" "WordPress/6.8; https://www.corals.io"
45.76.83.70 - - [20/Apr/2025:13:02:30 -0500] "GET / HTTP/1.1" 301 - "-" "Mozilla/5.0 (Macintosh; Intel Mac OS X 10_15_7) AppleWebKit/605.1.15 (KHTML, like Gecko) Version/17.5 Safari/605.1.15"
45.76.83.70 - - [20/Apr/2025:13:02:31 -0500] "GET / HTTP/1.1" 301 - "-" "Mozilla/5.0 (Kubuntu; Linux x86_64; rv:128.0) Gecko/20100101 Firefox/128.0"
45.76.83.70 - - [20/Apr/2025:13:02:32 -0500] "GET / HTTP/1.1" 200 45619 "https://socialfit.corals.io" "Mozilla/5.0 (Kubuntu; Linux x86_64; rv:128.0) Gecko/20100101 Firefox/128.0"
45.76.83.70 - - [20/Apr/2025:13:02:32 -0500] "GET / HTTP/1.1" 301 - "-" "Mozilla/5.0 (Fedora; Linux i686; rv:122.0) Gecko/20100101 Firefox/122.0"
45.76.83.70 - - [20/Apr/2025:13:02:33 -0500] "GET / HTTP/1.1" 200 45619 "https://socialfit.corals.io" "Mozilla/5.0 (Fedora; Linux i686; rv:122.0) Gecko/20100101 Firefox/122.0"
209.145.62.177 - - [20/Apr/2025:13:03:45 -0500] "POST /wp-cron.php?doing_wp_cron=1745172225.7715680599212646484375 HTTP/1.1" 200 - "-" "WordPress/6.8; https://www.corals.io"
43.157.168.43 - - [20/Apr/2025:13:03:44 -0500] "GET /services/ai-ml-development/ HTTP/1.1" 200 30698 "-" "Mozilla/5.0 (iPhone; CPU iPhone OS 13_2_3 like Mac OS X) AppleWebKit/605.1.15 (KHTML, like Gecko) Version/13.0.3 Mobile/15E148 Safari/604.1"
209.145.62.177 - - [20/Apr/2025:13:05:50 -0500] "POST /wp-cron.php?doing_wp_cron=1745172350.4424340724945068359375 HTTP/1.1" 200 - "-" "WordPress/6.8; https://www.corals.io"
154.81.156.10 - - [20/Apr/2025:13:05:49 -0500] "PROPFIND / HTTP/1.1" 200 108967 "-" "-"
209.145.62.177 - - [20/Apr/2025:13:09:58 -0500] "POST /wp-cron.php?doing_wp_cron=1745172597.9966650009155273437500 HTTP/1.1" 200 - "-" "WordPress/6.8; https://www.corals.io"
54.171.118.22 - - [20/Apr/2025:13:09:56 -0500] "POST /webhooks/securionpay HTTP/1.1" 404 18333 "-" "Shift4/1.0 (+https://dev.shift4.com/docs/webhooks)"
209.145.62.177 - - [20/Apr/2025:13:12:26 -0500] "POST /wp-cron.php?doing_wp_cron=1745172746.0039670467376708984375 HTTP/1.1" 200 - "-" "WordPress/6.8; https://www.corals.io"
43.165.70.220 - - [20/Apr/2025:13:12:25 -0500] "GET /team/ HTTP/1.1" 200 32227 "-" "Mozilla/5.0 (iPhone; CPU iPhone OS 13_2_3 like Mac OS X) AppleWebKit/605.1.15 (KHTML, like Gecko) Version/13.0.3 Mobile/15E148 Safari/604.1"
172.81.58.110 - - [20/Apr/2025:13:23:26 -0500] "GET /contact HTTP/1.1" 200 31457 "-" "Mozilla/5.0 (X11; Fedora; Linux x86_64; rv:114.0) Gecko/20100101 Firefox/114.0"
209.145.62.177 - - [20/Apr/2025:13:24:01 -0500] "POST /wp-cron.php?doing_wp_cron=1745173441.6311089992523193359375 HTTP/1.1" 200 - "-" "WordPress/6.8; https://www.corals.io"
43.135.135.57 - - [20/Apr/2025:13:24:00 -0500] "GET /services/application-development/ HTTP/1.1" 200 30212 "-" "Mozilla/5.0 (iPhone; CPU iPhone OS 13_2_3 like Mac OS X) AppleWebKit/605.1.15 (KHTML, like Gecko) Version/13.0.3 Mobile/15E148 Safari/604.1"
66.249.66.37 - - [20/Apr/2025:13:24:33 -0500] "GET / HTTP/1.1" 200 45619 "-" "Mozilla/5.0 (compatible; Googlebot/2.1; +http://www.google.com/bot.html)"
209.145.62.177 - - [20/Apr/2025:13:37:58 -0500] "POST /wp-cron.php?doing_wp_cron=1745174278.7836539745330810546875 HTTP/1.1" 200 - "-" "WordPress/6.8; https://www.corals.io"
49.51.243.156 - - [20/Apr/2025:13:37:58 -0500] "GET /services/e-commerce/ HTTP/1.1" 200 30079 "-" "Mozilla/5.0 (iPhone; CPU iPhone OS 13_2_3 like Mac OS X) AppleWebKit/605.1.15 (KHTML, like Gecko) Version/13.0.3 Mobile/15E148 Safari/604.1"
209.145.62.177 - - [20/Apr/2025:13:38:45 -0500] "POST /wp-cron.php?doing_wp_cron=1745174325.4288730621337890625000 HTTP/1.1" 200 - "-" "WordPress/6.8; https://www.corals.io"
198.235.24.168 - - [20/Apr/2025:13:38:44 -0500] "GET / HTTP/1.1" 301 - "-" "-"
198.235.24.168 - - [20/Apr/2025:13:38:46 -0500] "GET / HTTP/1.1" 200 45619 "-" "-"
209.145.62.177 - - [20/Apr/2025:13:38:58 -0500] "POST /wp-cron.php?doing_wp_cron=1745174338.6139669418334960937500 HTTP/1.1" 200 - "-" "WordPress/6.8; https://www.corals.io"
170.64.192.79 - - [20/Apr/2025:13:38:57 -0500] "GET /.env HTTP/1.1" 404 18333 "-" "Mozilla/5.0; Keydrop.io/1.0(onlyscans.com/about);"
170.64.192.79 - - [20/Apr/2025:13:38:59 -0500] "GET / HTTP/1.0" 301 - "-" "-"
170.64.192.79 - - [20/Apr/2025:13:39:01 -0500] "GET /.git/config HTTP/1.1" 404 18333 "-" "Mozilla/5.0; Keydrop.io/1.0(onlyscans.com/about);"
170.64.192.79 - - [20/Apr/2025:13:39:03 -0500] "GET / HTTP/1.0" 301 - "-" "-"
209.145.62.177 - - [20/Apr/2025:13:47:28 -0500] "POST /wp-cron.php?doing_wp_cron=1745174848.6626739501953125000000 HTTP/1.1" 200 - "-" "WordPress/6.8; https://www.corals.io"
43.130.71.237 - - [20/Apr/2025:13:47:25 -0500] "GET /?p=7711 HTTP/1.1" 301 - "-" "Mozilla/5.0 (iPhone; CPU iPhone OS 13_2_3 like Mac OS X) AppleWebKit/605.1.15 (KHTML, like Gecko) Version/13.0.3 Mobile/15E148 Safari/604.1"
43.130.71.237 - - [20/Apr/2025:13:47:33 -0500] "GET /technology/aws/ HTTP/1.1" 200 29814 "https://www.corals.io/?p=7711" "Mozilla/5.0 (iPhone; CPU iPhone OS 13_2_3 like Mac OS X) AppleWebKit/605.1.15 (KHTML, like Gecko) Version/13.0.3 Mobile/15E148 Safari/604.1"
209.145.62.177 - - [20/Apr/2025:13:51:14 -0500] "POST /wp-cron.php?doing_wp_cron=1745175074.5338399410247802734375 HTTP/1.1" 200 - "-" "WordPress/6.8; https://www.corals.io"
156.59.198.136 - - [20/Apr/2025:13:51:13 -0500] "GET /wp-content/uploads/2023/10/wp13-orange_main-3-700x869.jpg HTTP/1.1" 404 18501 "-" "Mozilla/5.0 (Linux; Android 5.0) AppleWebKit/537.36 (KHTML, like Gecko) Mobile Safari/537.36 (compatible; Bytespider; [email protected])"
209.145.62.177 - - [20/Apr/2025:13:52:36 -0500] "POST /wp-cron.php?doing_wp_cron=1745175156.8561689853668212890625 HTTP/1.1" 200 - "-" "WordPress/6.8; https://www.corals.io"
43.166.131.228 - - [20/Apr/2025:13:52:36 -0500] "GET /services/web-development/ HTTP/1.1" 200 30898 "-" "Mozilla/5.0 (iPhone; CPU iPhone OS 13_2_3 like Mac OS X) AppleWebKit/605.1.15 (KHTML, like Gecko) Version/13.0.3 Mobile/15E148 Safari/604.1"
185.191.171.1 - - [20/Apr/2025:13:53:31 -0500] "GET /team/ HTTP/1.1" 200 33226 "-" "Mozilla/5.0 (compatible; SemrushBot/7~bl; +http://www.semrush.com/bot.html)"
209.145.62.177 - - [20/Apr/2025:13:54:01 -0500] "POST /wp-cron.php?doing_wp_cron=1745175241.0333929061889648437500 HTTP/1.1" 200 - "-" "WordPress/6.8; https://www.corals.io"
198.98.62.97 - - [20/Apr/2025:13:53:59 -0500] "GET / HTTP/1.1" 301 - "http://www.google.com.hk" "Mozilla/5.0 (Windows NT 6.1; WOW64) AppleWebKit/537.36 (KHTML, like Gecko) Chrome/42.0.2311.90 Safari/537.36"
198.98.62.97 - - [20/Apr/2025:13:54:42 -0500] "GET / HTTP/1.1" 200 45619 "http://www.google.com.hk" "Mozilla/5.0 (Windows NT 6.1; WOW64) AppleWebKit/537.36 (KHTML, like Gecko) Chrome/42.0.2311.90 Safari/537.36"
209.145.62.177 - - [20/Apr/2025:13:54:55 -0500] "POST /wp-cron.php?doing_wp_cron=1745175295.8593928813934326171875 HTTP/1.1" 200 - "-" "WordPress/6.8; https://www.corals.io"
205.210.31.35 - - [20/Apr/2025:13:54:55 -0500] "GET / HTTP/1.1" 301 - "-" "-"
205.210.31.35 - - [20/Apr/2025:13:54:56 -0500] "GET / HTTP/1.1" 200 45619 "-" "-"
156.59.198.135 - - [20/Apr/2025:13:55:13 -0500] "GET /wp-content/uploads/2021/10/post-example-2-image-3-2.jpg HTTP/1.1" 404 18501 "-" "Mozilla/5.0 (Linux; Android 5.0) AppleWebKit/537.36 (KHTML, like Gecko) Mobile Safari/537.36 (compatible; Bytespider; [email protected])"
209.145.62.177 - - [20/Apr/2025:13:56:05 -0500] "POST /?wordfence_syncAttackData=1745175365.3577 HTTP/1.1" 200 - "-" "WordPress/6.8; https://www.corals.io"
209.145.62.177 - - [20/Apr/2025:13:56:07 -0500] "POST /wp-cron.php?doing_wp_cron=1745175366.9639050960540771484375 HTTP/1.1" 200 - "-" "WordPress/6.8; https://www.corals.io"
198.98.62.97 - - [20/Apr/2025:13:56:04 -0500] "POST /wp-json/sure-triggers/v1/automation/action HTTP/1.1" 404 117 "-" "Mozilla/5.0 (Macintosh; Intel Mac OS X 10_15_7) AppleWebKit/537.36 (KHTML, like Gecko) Chrome/113.0.0.0 Safari/537.36"
209.145.62.177 - - [20/Apr/2025:13:56:51 -0500] "POST /wp-cron.php?doing_wp_cron=1745175411.7663791179656982421875 HTTP/1.1" 200 - "-" "WordPress/6.8; https://www.corals.io"
198.98.62.97 - - [20/Apr/2025:13:56:50 -0500] "GET /wp-login.php?wp_lang=e HTTP/1.1" 200 2061 "-" "Mozilla/5.0 (Windows NT 6.1; WOW64) AppleWebKit/537.36 (KHTML, like Gecko) Chrome/36.0.1985.125 Safari/537.36"
198.98.62.97 - - [20/Apr/2025:13:56:52 -0500] "POST /wp-login.php?wp_lang=e HTTP/1.1" 503 7310 "-" "Mozilla/5.0 (Windows NT 6.1; WOW64) AppleWebKit/537.36 (KHTML, like Gecko) Chrome/36.0.1985.125 Safari/537.36"
198.98.62.97 - - [20/Apr/2025:13:58:04 -0500] "GET /?author=1 HTTP/1.1" 503 7110 "http://www.google.com.hk" "Mozilla/5.0 (Windows NT 6.1; WOW64) AppleWebKit/537.36 (KHTML, like Gecko) Chrome/42.0.2311.90 Safari/537.36"
198.98.62.97 - - [20/Apr/2025:13:59:07 -0500] "GET /wp-login.php?wp_lang=e HTTP/1.1" 503 7110 "-" "Mozilla/5.0 (Macintosh; Intel Mac OS X 10_9_4 AppleWebKit/537.36 (KHTML, like Gecko) Chrome/36.0.1985.125 Safari/537.36"
209.145.62.177 - - [20/Apr/2025:13:59:30 -0500] "POST /?wordfence_syncAttackData=1745175570.4195 HTTP/1.1" 200 - "-" "WordPress/6.8; https://www.corals.io"
34.122.106.203 - - [20/Apr/2025:14:04:28 -0500] "GET / HTTP/1.1" 200 45619 "-" "Mozilla/5.0 (Windows NT 10.0; Win64; x64) AppleWebKit/537.36 (KHTML, like Gecko) Chrome/78.0.3904.108 Safari/537.36"
34.122.106.203 - - [20/Apr/2025:14:04:28 -0500] "GET //wp-includes/wlwmanifest.xml HTTP/1.1" 301 - "-" "Mozilla/5.0 (Windows NT 10.0; Win64; x64) AppleWebKit/537.36 (KHTML, like Gecko) Chrome/78.0.3904.108 Safari/537.36"
34.122.106.203 - - [20/Apr/2025:14:04:29 -0500] "GET //xmlrpc.php?rsd HTTP/1.1" 200 302 "-" "Mozilla/5.0 (Windows NT 10.0; Win64; x64) AppleWebKit/537.36 (KHTML, like Gecko) Chrome/78.0.3904.108 Safari/537.36"
34.122.106.203 - - [20/Apr/2025:14:04:30 -0500] "GET //?author=1 HTTP/1.1" 404 18953 "-" "Mozilla/5.0 (Windows NT 10.0; Win64; x64) AppleWebKit/537.36 (KHTML, like Gecko) Chrome/78.0.3904.108 Safari/537.36"
34.122.106.203 - - [20/Apr/2025:14:04:31 -0500] "GET //?author=2 HTTP/1.1" 404 18953 "-" "Mozilla/5.0 (Windows NT 10.0; Win64; x64) AppleWebKit/537.36 (KHTML, like Gecko) Chrome/78.0.3904.108 Safari/537.36"
34.122.106.203 - - [20/Apr/2025:14:04:32 -0500] "GET //wp-json/wp/v2/users/ HTTP/1.1" 401 110 "-" "Mozilla/5.0 (Windows NT 10.0; Win64; x64) AppleWebKit/537.36 (KHTML, like Gecko) Chrome/78.0.3904.108 Safari/537.36"
34.122.106.203 - - [20/Apr/2025:14:04:33 -0500] "GET //wp-json/oembed/1.0/embed?url=https://www.corals.io/ HTTP/1.1" 200 1005 "-" "Mozilla/5.0 (Windows NT 10.0; Win64; x64) AppleWebKit/537.36 (KHTML, like Gecko) Chrome/78.0.3904.108 Safari/537.36"
34.122.106.203 - - [20/Apr/2025:14:04:33 -0500] "POST //xmlrpc.php HTTP/1.1" 200 206 "-" "Mozilla/5.0 (Windows NT 10.0; Win64; x64) AppleWebKit/537.36 (KHTML, like Gecko) Chrome/78.0.3904.108 Safari/537.36"
34.122.106.203 - - [20/Apr/2025:14:04:34 -0500] "POST //xmlrpc.php HTTP/1.1" 200 206 "-" "Mozilla/5.0 (Windows NT 10.0; Win64; x64) AppleWebKit/537.36 (KHTML, like Gecko) Chrome/78.0.3904.108 Safari/537.36"
34.122.106.203 - - [20/Apr/2025:14:04:35 -0500] "POST //xmlrpc.php HTTP/1.1" 200 225 "-" "Mozilla/5.0 (Windows NT 10.0; Win64; x64) AppleWebKit/537.36 (KHTML, like Gecko) Chrome/78.0.3904.108 Safari/537.36"
34.122.106.203 - - [20/Apr/2025:14:04:36 -0500] "POST //xmlrpc.php HTTP/1.1" 200 225 "-" "Mozilla/5.0 (Windows NT 10.0; Win64; x64) AppleWebKit/537.36 (KHTML, like Gecko) Chrome/78.0.3904.108 Safari/537.36"
34.122.106.203 - - [20/Apr/2025:14:04:37 -0500] "POST //xmlrpc.php HTTP/1.1" 200 206 "-" "Mozilla/5.0 (Windows NT 10.0; Win64; x64) AppleWebKit/537.36 (KHTML, like Gecko) Chrome/78.0.3904.108 Safari/537.36"
34.122.106.203 - - [20/Apr/2025:14:04:37 -0500] "POST //xmlrpc.php HTTP/1.1" 200 225 "-" "Mozilla/5.0 (Windows NT 10.0; Win64; x64) AppleWebKit/537.36 (KHTML, like Gecko) Chrome/78.0.3904.108 Safari/537.36"
34.122.106.203 - - [20/Apr/2025:14:04:38 -0500] "POST //xmlrpc.php HTTP/1.1" 200 225 "-" "Mozilla/5.0 (Windows NT 10.0; Win64; x64) AppleWebKit/537.36 (KHTML, like Gecko) Chrome/78.0.3904.108 Safari/537.36"
34.122.106.203 - - [20/Apr/2025:14:04:39 -0500] "POST //xmlrpc.php HTTP/1.1" 200 225 "-" "Mozilla/5.0 (Windows NT 10.0; Win64; x64) AppleWebKit/537.36 (KHTML, like Gecko) Chrome/78.0.3904.108 Safari/537.36"
34.122.106.203 - - [20/Apr/2025:14:04:40 -0500] "POST //xmlrpc.php HTTP/1.1" 200 225 "-" "Mozilla/5.0 (Windows NT 10.0; Win64; x64) AppleWebKit/537.36 (KHTML, like Gecko) Chrome/78.0.3904.108 Safari/537.36"
34.122.106.203 - - [20/Apr/2025:14:04:41 -0500] "POST //xmlrpc.php HTTP/1.1" 200 225 "-" "Mozilla/5.0 (Windows NT 10.0; Win64; x64) AppleWebKit/537.36 (KHTML, like Gecko) Chrome/78.0.3904.108 Safari/537.36"
34.122.106.203 - - [20/Apr/2025:14:04:41 -0500] "POST //xmlrpc.php HTTP/1.1" 200 225 "-" "Mozilla/5.0 (Windows NT 10.0; Win64; x64) AppleWebKit/537.36 (KHTML, like Gecko) Chrome/78.0.3904.108 Safari/537.36"
34.122.106.203 - - [20/Apr/2025:14:04:42 -0500] "POST //xmlrpc.php HTTP/1.1" 200 225 "-" "Mozilla/5.0 (Windows NT 10.0; Win64; x64) AppleWebKit/537.36 (KHTML, like Gecko) Chrome/78.0.3904.108 Safari/537.36"
34.122.106.203 - - [20/Apr/2025:14:04:43 -0500] "POST //xmlrpc.php HTTP/1.1" 200 225 "-" "Mozilla/5.0 (Windows NT 10.0; Win64; x64) AppleWebKit/537.36 (KHTML, like Gecko) Chrome/78.0.3904.108 Safari/537.36"
34.122.106.203 - - [20/Apr/2025:14:04:44 -0500] "POST //xmlrpc.php HTTP/1.1" 200 225 "-" "Mozilla/5.0 (Windows NT 10.0; Win64; x64) AppleWebKit/537.36 (KHTML, like Gecko) Chrome/78.0.3904.108 Safari/537.36"
34.122.106.203 - - [20/Apr/2025:14:04:44 -0500] "POST //xmlrpc.php HTTP/1.1" 200 225 "-" "Mozilla/5.0 (Windows NT 10.0; Win64; x64) AppleWebKit/537.36 (KHTML, like Gecko) Chrome/78.0.3904.108 Safari/537.36"
34.122.106.203 - - [20/Apr/2025:14:04:45 -0500] "POST //xmlrpc.php HTTP/1.1" 200 225 "-" "Mozilla/5.0 (Windows NT 10.0; Win64; x64) AppleWebKit/537.36 (KHTML, like Gecko) Chrome/78.0.3904.108 Safari/537.36"
34.122.106.203 - - [20/Apr/2025:14:04:46 -0500] "POST //xmlrpc.php HTTP/1.1" 200 225 "-" "Mozilla/5.0 (Windows NT 10.0; Win64; x64) AppleWebKit/537.36 (KHTML, like Gecko) Chrome/78.0.3904.108 Safari/537.36"
34.122.106.203 - - [20/Apr/2025:14:04:47 -0500] "POST //xmlrpc.php HTTP/1.1" 200 225 "-" "Mozilla/5.0 (Windows NT 10.0; Win64; x64) AppleWebKit/537.36 (KHTML, like Gecko) Chrome/78.0.3904.108 Safari/537.36"
34.122.106.203 - - [20/Apr/2025:14:04:47 -0500] "POST //xmlrpc.php HTTP/1.1" 200 225 "-" "Mozilla/5.0 (Windows NT 10.0; Win64; x64) AppleWebKit/537.36 (KHTML, like Gecko) Chrome/78.0.3904.108 Safari/537.36"
209.145.62.177 - - [20/Apr/2025:14:04:49 -0500] "POST /wp-cron.php?doing_wp_cron=1745175889.2672049999237060546875 HTTP/1.1" 200 - "-" "WordPress/6.8; https://www.corals.io"
34.122.106.203 - - [20/Apr/2025:14:04:48 -0500] "POST //xmlrpc.php HTTP/1.1" 503 7443 "-" "Mozilla/5.0 (Windows NT 10.0; Win64; x64) AppleWebKit/537.36 (KHTML, like Gecko) Chrome/78.0.3904.108 Safari/537.36"
209.145.62.177 - - [20/Apr/2025:14:10:00 -0500] "POST /wp-cron.php?doing_wp_cron=1745176200.2046639919281005859375 HTTP/1.1" 200 - "-" "WordPress/6.8; https://www.corals.io"
54.171.118.22 - - [20/Apr/2025:14:09:59 -0500] "POST /webhooks/securionpay HTTP/1.1" 404 18333 "-" "Shift4/1.0 (+https://dev.shift4.com/docs/webhooks)"
209.145.62.177 - - [20/Apr/2025:14:10:49 -0500] "POST /wp-cron.php?doing_wp_cron=1745176249.3097529411315917968750 HTTP/1.1" 200 - "-" "WordPress/6.8; https://www.corals.io"
14.153.241.197 - - [20/Apr/2025:14:10:48 -0500] "GET /robots.txt HTTP/1.1" 200 114 "-" "Mozilla/5.0 (Windows NT 10.0; WOW64) AppleWebKit/537.36 (KHTML, like Gecko) Chrome/55.0.4314.136 Safari/537.36 QIHU 360EE"
2a01:4f8:210:1144::2 - - [20/Apr/2025:14:15:40 -0500] "GET / HTTP/1.1" 200 45619 "-" "DomainStatsBot/1.0 (https://domainstats.com/pages/our-bot)"
209.145.62.177 - - [20/Apr/2025:14:15:50 -0500] "POST /wp-admin/admin-ajax.php?action=wordfence_testAjax HTTP/1.1" 200 32 "-" "WordPress/6.8; https://www.corals.io"
209.145.62.177 - - [20/Apr/2025:14:15:53 -0500] "GET /wp-admin/admin-ajax.php?action=wordfence_doScan&isFork=0&scanMode=quick&cronKey=71c3524e3bc5e86a4bd27aee9d5826ef&signature=aeb1d650197f8f5bed682998e4cf88cfa4a2d7509d8e6c0af1c6bfce9dc70c6c HTTP/1.1" 200 - "-" "WordPress/6.8; https://www.corals.io"
209.145.62.177 - - [20/Apr/2025:14:16:34 -0500] "POST /wp-cron.php?doing_wp_cron=1745176594.3481230735778808593750 HTTP/1.1" 200 - "-" "WordPress/6.8; https://www.corals.io"
159.223.152.252 - - [20/Apr/2025:14:16:33 -0500] "POST / HTTP/1.1" 200 44616 "-" "Mozilla/5.0 (X11; Linux x86_64) AppleWebKit/537.36 (KHTML, like Gecko) Chrome/81.0.4044.129 Safari/537.36"
159.223.152.252 - - [20/Apr/2025:14:16:37 -0500] "GET /webapp/server/tests/test.env HTTP/1.1" 301 - "-" "Mozilla/5.0 (X11; Linux x86_64) AppleWebKit/537.36 (KHTML, like Gecko) Chrome/81.0.4044.129 Safari/537.36"
159.223.152.252 - - [20/Apr/2025:14:16:40 -0500] "GET /webapp/server/tests/test.env HTTP/1.1" 404 19132 "-" "Mozilla/5.0 (X11; Linux x86_64) AppleWebKit/537.36 (KHTML, like Gecko) Chrome/81.0.4044.129 Safari/537.36"
159.223.152.252 - - [20/Apr/2025:14:16:42 -0500] "GET /backend/.env HTTP/1.1" 301 - "-" "Mozilla/5.0 (X11; Linux x86_64) AppleWebKit/537.36 (KHTML, like Gecko) Chrome/81.0.4044.129 Safari/537.36"
159.223.152.252 - - [20/Apr/2025:14:16:42 -0500] "GET /backend/.env HTTP/1.1" 404 18961 "-" "Mozilla/5.0 (X11; Linux x86_64) AppleWebKit/537.36 (KHTML, like Gecko) Chrome/81.0.4044.129 Safari/537.36"
159.223.152.252 - - [20/Apr/2025:14:16:43 -0500] "GET /config/.env HTTP/1.1" 301 - "-" "Mozilla/5.0 (X11; Linux x86_64) AppleWebKit/537.36 (KHTML, like Gecko) Chrome/81.0.4044.129 Safari/537.36"
159.223.152.252 - - [20/Apr/2025:14:16:44 -0500] "GET /config/.env HTTP/1.1" 404 18961 "-" "Mozilla/5.0 (X11; Linux x86_64) AppleWebKit/537.36 (KHTML, like Gecko) Chrome/81.0.4044.129 Safari/537.36"
159.223.152.252 - - [20/Apr/2025:14:16:46 -0500] "GET /example.env HTTP/1.1" 301 - "-" "Mozilla/5.0 (X11; Linux x86_64) AppleWebKit/537.36 (KHTML, like Gecko) Chrome/81.0.4044.129 Safari/537.36"
159.223.152.252 - - [20/Apr/2025:14:16:46 -0500] "GET /example.env HTTP/1.1" 404 18961 "-" "Mozilla/5.0 (X11; Linux x86_64) AppleWebKit/537.36 (KHTML, like Gecko) Chrome/81.0.4044.129 Safari/537.36"
159.223.152.252 - - [20/Apr/2025:14:16:48 -0500] "GET /.env.test HTTP/1.1" 301 - "-" "Mozilla/5.0 (X11; Linux x86_64) AppleWebKit/537.36 (KHTML, like Gecko) Chrome/81.0.4044.129 Safari/537.36"
159.223.152.252 - - [20/Apr/2025:14:16:49 -0500] "GET /.env.test HTTP/1.1" 404 18961 "-" "Mozilla/5.0 (X11; Linux x86_64) AppleWebKit/537.36 (KHTML, like Gecko) Chrome/81.0.4044.129 Safari/537.36"
159.223.152.252 - - [20/Apr/2025:14:16:50 -0500] "GET /environ.env HTTP/1.1" 301 - "-" "Mozilla/5.0 (X11; Linux x86_64) AppleWebKit/537.36 (KHTML, like Gecko) Chrome/81.0.4044.129 Safari/537.36"
159.223.152.252 - - [20/Apr/2025:14:16:51 -0500] "GET /environ.env HTTP/1.1" 404 18961 "-" "Mozilla/5.0 (X11; Linux x86_64) AppleWebKit/537.36 (KHTML, like Gecko) Chrome/81.0.4044.129 Safari/537.36"
159.223.152.252 - - [20/Apr/2025:14:16:52 -0500] "GET /server/config/dev.env HTTP/1.1" 301 - "-" "Mozilla/5.0 (X11; Linux x86_64) AppleWebKit/537.36 (KHTML, like Gecko) Chrome/81.0.4044.129 Safari/537.36"
159.223.152.252 - - [20/Apr/2025:14:16:53 -0500] "GET /server/config/dev.env HTTP/1.1" 404 19132 "-" "Mozilla/5.0 (X11; Linux x86_64) AppleWebKit/537.36 (KHTML, like Gecko) Chrome/81.0.4044.129 Safari/537.36"
209.145.62.177 - - [20/Apr/2025:14:16:55 -0500] "POST /wp-cron.php?doing_wp_cron=1745176615.5944819450378417968750 HTTP/1.1" 200 - "-" "WordPress/6.8; https://www.corals.io"
159.223.152.252 - - [20/Apr/2025:14:16:54 -0500] "GET /config/dev.env HTTP/1.1" 301 - "-" "Mozilla/5.0 (X11; Linux x86_64) AppleWebKit/537.36 (KHTML, like Gecko) Chrome/81.0.4044.129 Safari/537.36"
159.223.152.252 - - [20/Apr/2025:14:16:55 -0500] "GET /config/dev.env HTTP/1.1" 404 18961 "-" "Mozilla/5.0 (X11; Linux x86_64) AppleWebKit/537.36 (KHTML, like Gecko) Chrome/81.0.4044.129 Safari/537.36"
159.223.152.252 - - [20/Apr/2025:14:16:57 -0500] "GET /config/staging.env HTTP/1.1" 301 - "-" "Mozilla/5.0 (X11; Linux x86_64) AppleWebKit/537.36 (KHTML, like Gecko) Chrome/81.0.4044.129 Safari/537.36"
159.223.152.252 - - [20/Apr/2025:14:16:58 -0500] "GET /config/staging.env HTTP/1.1" 404 18961 "-" "Mozilla/5.0 (X11; Linux x86_64) AppleWebKit/537.36 (KHTML, like Gecko) Chrome/81.0.4044.129 Safari/537.36"
159.223.152.252 - - [20/Apr/2025:14:16:59 -0500] "GET /example/example.env HTTP/1.1" 301 - "-" "Mozilla/5.0 (X11; Linux x86_64) AppleWebKit/537.36 (KHTML, like Gecko) Chrome/81.0.4044.129 Safari/537.36"
159.223.152.252 - - [20/Apr/2025:14:16:59 -0500] "GET /example/example.env HTTP/1.1" 404 18961 "-" "Mozilla/5.0 (X11; Linux x86_64) AppleWebKit/537.36 (KHTML, like Gecko) Chrome/81.0.4044.129 Safari/537.36"
159.223.152.252 - - [20/Apr/2025:14:17:01 -0500] "GET /app/.env.example HTTP/1.1" 301 - "-" "Mozilla/5.0 (X11; Linux x86_64) AppleWebKit/537.36 (KHTML, like Gecko) Chrome/81.0.4044.129 Safari/537.36"
159.223.152.252 - - [20/Apr/2025:14:17:02 -0500] "GET /app/.env.example HTTP/1.1" 404 18961 "-" "Mozilla/5.0 (X11; Linux x86_64) AppleWebKit/537.36 (KHTML, like Gecko) Chrome/81.0.4044.129 Safari/537.36"
159.223.152.252 - - [20/Apr/2025:14:17:04 -0500] "GET /.local.env HTTP/1.1" 301 - "-" "Mozilla/5.0 (X11; Linux x86_64) AppleWebKit/537.36 (KHTML, like Gecko) Chrome/81.0.4044.129 Safari/537.36"
159.223.152.252 - - [20/Apr/2025:14:17:05 -0500] "GET /.local.env HTTP/1.1" 404 18961 "-" "Mozilla/5.0 (X11; Linux x86_64) AppleWebKit/537.36 (KHTML, like Gecko) Chrome/81.0.4044.129 Safari/537.36"
159.223.152.252 - - [20/Apr/2025:14:17:07 -0500] "GET /infra/infra.env HTTP/1.1" 301 - "-" "Mozilla/5.0 (X11; Linux x86_64) AppleWebKit/537.36 (KHTML, like Gecko) Chrome/81.0.4044.129 Safari/537.36"
159.223.152.252 - - [20/Apr/2025:14:17:08 -0500] "GET /infra/infra.env HTTP/1.1" 404 18961 "-" "Mozilla/5.0 (X11; Linux x86_64) AppleWebKit/537.36 (KHTML, like Gecko) Chrome/81.0.4044.129 Safari/537.36"
159.223.152.252 - - [20/Apr/2025:14:17:10 -0500] "GET /infra.env HTTP/1.1" 301 - "-" "Mozilla/5.0 (X11; Linux x86_64) AppleWebKit/537.36 (KHTML, like Gecko) Chrome/81.0.4044.129 Safari/537.36"
159.223.152.252 - - [20/Apr/2025:14:17:11 -0500] "GET /infra.env HTTP/1.1" 404 18961 "-" "Mozilla/5.0 (X11; Linux x86_64) AppleWebKit/537.36 (KHTML, like Gecko) Chrome/81.0.4044.129 Safari/537.36"
159.223.152.252 - - [20/Apr/2025:14:17:12 -0500] "GET /.docker.env HTTP/1.1" 301 - "-" "Mozilla/5.0 (X11; Linux x86_64) AppleWebKit/537.36 (KHTML, like Gecko) Chrome/81.0.4044.129 Safari/537.36"
159.223.152.252 - - [20/Apr/2025:14:17:13 -0500] "GET /.docker.env HTTP/1.1" 404 18961 "-" "Mozilla/5.0 (X11; Linux x86_64) AppleWebKit/537.36 (KHTML, like Gecko) Chrome/81.0.4044.129 Safari/537.36"
159.223.152.252 - - [20/Apr/2025:14:17:14 -0500] "GET /configurations/env/mailer.env HTTP/1.1" 301 - "-" "Mozilla/5.0 (X11; Linux x86_64) AppleWebKit/537.36 (KHTML, like Gecko) Chrome/81.0.4044.129 Safari/537.36"
159.223.152.252 - - [20/Apr/2025:14:17:15 -0500] "GET /configurations/env/mailer.env HTTP/1.1" 404 19132 "-" "Mozilla/5.0 (X11; Linux x86_64) AppleWebKit/537.36 (KHTML, like Gecko) Chrome/81.0.4044.129 Safari/537.36"
159.223.152.252 - - [20/Apr/2025:14:17:17 -0500] "GET /env/mailer.env HTTP/1.1" 301 - "-" "Mozilla/5.0 (X11; Linux x86_64) AppleWebKit/537.36 (KHTML, like Gecko) Chrome/81.0.4044.129 Safari/537.36"
159.223.152.252 - - [20/Apr/2025:14:17:18 -0500] "GET /env/mailer.env HTTP/1.1" 404 18961 "-" "Mozilla/5.0 (X11; Linux x86_64) AppleWebKit/537.36 (KHTML, like Gecko) Chrome/81.0.4044.129 Safari/537.36"
159.223.152.252 - - [20/Apr/2025:14:17:19 -0500] "GET /mailer.env HTTP/1.1" 301 - "-" "Mozilla/5.0 (X11; Linux x86_64) AppleWebKit/537.36 (KHTML, like Gecko) Chrome/81.0.4044.129 Safari/537.36"
159.223.152.252 - - [20/Apr/2025:14:17:20 -0500] "GET /mailer.env HTTP/1.1" 404 18961 "-" "Mozilla/5.0 (X11; Linux x86_64) AppleWebKit/537.36 (KHTML, like Gecko) Chrome/81.0.4044.129 Safari/537.36"
159.223.152.252 - - [20/Apr/2025:14:17:22 -0500] "GET /server/env/.dev.env HTTP/1.1" 301 - "-" "Mozilla/5.0 (X11; Linux x86_64) AppleWebKit/537.36 (KHTML, like Gecko) Chrome/81.0.4044.129 Safari/537.36"
159.223.152.252 - - [20/Apr/2025:14:17:23 -0500] "GET /server/env/.dev.env HTTP/1.1" 404 19132 "-" "Mozilla/5.0 (X11; Linux x86_64) AppleWebKit/537.36 (KHTML, like Gecko) Chrome/81.0.4044.129 Safari/537.36"
159.223.152.252 - - [20/Apr/2025:14:17:24 -0500] "GET /env/.dev.env HTTP/1.1" 301 - "-" "Mozilla/5.0 (X11; Linux x86_64) AppleWebKit/537.36 (KHTML, like Gecko) Chrome/81.0.4044.129 Safari/537.36"
159.223.152.252 - - [20/Apr/2025:14:17:25 -0500] "GET /env/.dev.env HTTP/1.1" 404 18961 "-" "Mozilla/5.0 (X11; Linux x86_64) AppleWebKit/537.36 (KHTML, like Gecko) Chrome/81.0.4044.129 Safari/537.36"
159.223.152.252 - - [20/Apr/2025:14:17:26 -0500] "GET /.dev.env HTTP/1.1" 301 - "-" "Mozilla/5.0 (X11; Linux x86_64) AppleWebKit/537.36 (KHTML, like Gecko) Chrome/81.0.4044.129 Safari/537.36"
159.223.152.252 - - [20/Apr/2025:14:17:27 -0500] "GET /.dev.env HTTP/1.1" 404 18961 "-" "Mozilla/5.0 (X11; Linux x86_64) AppleWebKit/537.36 (KHTML, like Gecko) Chrome/81.0.4044.129 Safari/537.36"
159.223.152.252 - - [20/Apr/2025:14:17:28 -0500] "GET /config.env HTTP/1.1" 301 - "-" "Mozilla/5.0 (X11; Linux x86_64) AppleWebKit/537.36 (KHTML, like Gecko) Chrome/81.0.4044.129 Safari/537.36"
159.223.152.252 - - [20/Apr/2025:14:17:29 -0500] "GET /config.env HTTP/1.1" 404 18961 "-" "Mozilla/5.0 (X11; Linux x86_64) AppleWebKit/537.36 (KHTML, like Gecko) Chrome/81.0.4044.129 Safari/537.36"
159.223.152.252 - - [20/Apr/2025:14:17:31 -0500] "GET /backend/app/.env HTTP/1.1" 301 - "-" "Mozilla/5.0 (X11; Linux x86_64) AppleWebKit/537.36 (KHTML, like Gecko) Chrome/81.0.4044.129 Safari/537.36"
159.223.152.252 - - [20/Apr/2025:14:17:32 -0500] "GET /backend/app/.env HTTP/1.1" 404 19132 "-" "Mozilla/5.0 (X11; Linux x86_64) AppleWebKit/537.36 (KHTML, like Gecko) Chrome/81.0.4044.129 Safari/537.36"
159.223.152.252 - - [20/Apr/2025:14:17:34 -0500] "GET /app/.env HTTP/1.1" 301 - "-" "Mozilla/5.0 (X11; Linux x86_64) AppleWebKit/537.36 (KHTML, like Gecko) Chrome/81.0.4044.129 Safari/537.36"
159.223.152.252 - - [20/Apr/2025:14:17:35 -0500] "GET /app/.env HTTP/1.1" 404 18961 "-" "Mozilla/5.0 (X11; Linux x86_64) AppleWebKit/537.36 (KHTML, like Gecko) Chrome/81.0.4044.129 Safari/537.36"
159.223.152.252 - - [20/Apr/2025:14:17:36 -0500] "GET /laravel-5.1/.env HTTP/1.1" 301 - "-" "Mozilla/5.0 (X11; Linux x86_64) AppleWebKit/537.36 (KHTML, like Gecko) Chrome/81.0.4044.129 Safari/537.36"
159.223.152.252 - - [20/Apr/2025:14:17:37 -0500] "GET /laravel-5.1/.env HTTP/1.1" 404 18961 "-" "Mozilla/5.0 (X11; Linux x86_64) AppleWebKit/537.36 (KHTML, like Gecko) Chrome/81.0.4044.129 Safari/537.36"
159.223.152.252 - - [20/Apr/2025:14:17:39 -0500] "GET /demo.env HTTP/1.1" 301 - "-" "Mozilla/5.0 (X11; Linux x86_64) AppleWebKit/537.36 (KHTML, like Gecko) Chrome/81.0.4044.129 Safari/537.36"
159.223.152.252 - - [20/Apr/2025:14:17:39 -0500] "GET /demo.env HTTP/1.1" 404 18961 "-" "Mozilla/5.0 (X11; Linux x86_64) AppleWebKit/537.36 (KHTML, like Gecko) Chrome/81.0.4044.129 Safari/537.36"
159.223.152.252 - - [20/Apr/2025:14:17:41 -0500] "GET /.env.dev HTTP/1.1" 301 - "-" "Mozilla/5.0 (X11; Linux x86_64) AppleWebKit/537.36 (KHTML, like Gecko) Chrome/81.0.4044.129 Safari/537.36"
159.223.152.252 - - [20/Apr/2025:14:17:42 -0500] "GET /.env.dev HTTP/1.1" 404 18961 "-" "Mozilla/5.0 (X11; Linux x86_64) AppleWebKit/537.36 (KHTML, like Gecko) Chrome/81.0.4044.129 Safari/537.36"
159.223.152.252 - - [20/Apr/2025:14:17:43 -0500] "GET /django.env HTTP/1.1" 301 - "-" "Mozilla/5.0 (X11; Linux x86_64) AppleWebKit/537.36 (KHTML, like Gecko) Chrome/81.0.4044.129 Safari/537.36"
159.223.152.252 - - [20/Apr/2025:14:17:44 -0500] "GET /django.env HTTP/1.1" 404 18961 "-" "Mozilla/5.0 (X11; Linux x86_64) AppleWebKit/537.36 (KHTML, like Gecko) Chrome/81.0.4044.129 Safari/537.36"
159.223.152.252 - - [20/Apr/2025:14:17:45 -0500] "GET /.example.env HTTP/1.1" 301 - "-" "Mozilla/5.0 (X11; Linux x86_64) AppleWebKit/537.36 (KHTML, like Gecko) Chrome/81.0.4044.129 Safari/537.36"
159.223.152.252 - - [20/Apr/2025:14:17:46 -0500] "GET /.example.env HTTP/1.1" 404 18961 "-" "Mozilla/5.0 (X11; Linux x86_64) AppleWebKit/537.36 (KHTML, like Gecko) Chrome/81.0.4044.129 Safari/537.36"
159.223.152.252 - - [20/Apr/2025:14:17:47 -0500] "GET /.env.prod HTTP/1.1" 301 - "-" "Mozilla/5.0 (X11; Linux x86_64) AppleWebKit/537.36 (KHTML, like Gecko) Chrome/81.0.4044.129 Safari/537.36"
209.145.62.177 - - [20/Apr/2025:14:17:50 -0500] "POST /wp-cron.php?doing_wp_cron=1745176669.9305670261383056640625 HTTP/1.1" 200 - "-" "WordPress/6.8; https://www.corals.io"
159.223.152.252 - - [20/Apr/2025:14:17:48 -0500] "GET /.env.prod HTTP/1.1" 404 18961 "-" "Mozilla/5.0 (X11; Linux x86_64) AppleWebKit/537.36 (KHTML, like Gecko) Chrome/81.0.4044.129 Safari/537.36"
159.223.152.252 - - [20/Apr/2025:14:17:50 -0500] "GET /.ci/.env.ci HTTP/1.1" 301 - "-" "Mozilla/5.0 (X11; Linux x86_64) AppleWebKit/537.36 (KHTML, like Gecko) Chrome/81.0.4044.129 Safari/537.36"
159.223.152.252 - - [20/Apr/2025:14:17:51 -0500] "GET /.ci/.env.ci HTTP/1.1" 404 18961 "-" "Mozilla/5.0 (X11; Linux x86_64) AppleWebKit/537.36 (KHTML, like Gecko) Chrome/81.0.4044.129 Safari/537.36"
159.223.152.252 - - [20/Apr/2025:14:17:53 -0500] "GET /.env.ci HTTP/1.1" 301 - "-" "Mozilla/5.0 (X11; Linux x86_64) AppleWebKit/537.36 (KHTML, like Gecko) Chrome/81.0.4044.129 Safari/537.36"
159.223.152.252 - - [20/Apr/2025:14:17:54 -0500] "GET /.env.ci HTTP/1.1" 404 18961 "-" "Mozilla/5.0 (X11; Linux x86_64) AppleWebKit/537.36 (KHTML, like Gecko) Chrome/81.0.4044.129 Safari/537.36"
159.223.152.252 - - [20/Apr/2025:14:17:55 -0500] "GET /dev.env HTTP/1.1" 301 - "-" "Mozilla/5.0 (X11; Linux x86_64) AppleWebKit/537.36 (KHTML, like Gecko) Chrome/81.0.4044.129 Safari/537.36"
159.223.152.252 - - [20/Apr/2025:14:17:56 -0500] "GET /dev.env HTTP/1.1" 404 18961 "-" "Mozilla/5.0 (X11; Linux x86_64) AppleWebKit/537.36 (KHTML, like Gecko) Chrome/81.0.4044.129 Safari/537.36"
159.223.152.252 - - [20/Apr/2025:14:17:57 -0500] "GET /local.env HTTP/1.1" 301 - "-" "Mozilla/5.0 (X11; Linux x86_64) AppleWebKit/537.36 (KHTML, like Gecko) Chrome/81.0.4044.129 Safari/537.36"
159.223.152.252 - - [20/Apr/2025:14:17:58 -0500] "GET /local.env HTTP/1.1" 404 18961 "-" "Mozilla/5.0 (X11; Linux x86_64) AppleWebKit/537.36 (KHTML, like Gecko) Chrome/81.0.4044.129 Safari/537.36"
159.223.152.252 - - [20/Apr/2025:14:17:59 -0500] "GET /prod.env HTTP/1.1" 301 - "-" "Mozilla/5.0 (X11; Linux x86_64) AppleWebKit/537.36 (KHTML, like Gecko) Chrome/81.0.4044.129 Safari/537.36"
159.223.152.252 - - [20/Apr/2025:14:18:00 -0500] "GET /prod.env HTTP/1.1" 404 18961 "-" "Mozilla/5.0 (X11; Linux x86_64) AppleWebKit/537.36 (KHTML, like Gecko) Chrome/81.0.4044.129 Safari/537.36"
159.223.152.252 - - [20/Apr/2025:14:18:02 -0500] "GET /.prod.env HTTP/1.1" 301 - "-" "Mozilla/5.0 (X11; Linux x86_64) AppleWebKit/537.36 (KHTML, like Gecko) Chrome/81.0.4044.129 Safari/537.36"
159.223.152.252 - - [20/Apr/2025:14:18:04 -0500] "GET /.prod.env HTTP/1.1" 404 18961 "-" "Mozilla/5.0 (X11; Linux x86_64) AppleWebKit/537.36 (KHTML, like Gecko) Chrome/81.0.4044.129 Safari/537.36"
159.223.152.252 - - [20/Apr/2025:14:18:05 -0500] "GET /.env.local HTTP/1.1" 301 - "-" "Mozilla/5.0 (X11; Linux x86_64) AppleWebKit/537.36 (KHTML, like Gecko) Chrome/81.0.4044.129 Safari/537.36"
159.223.152.252 - - [20/Apr/2025:14:18:06 -0500] "GET /.env.local HTTP/1.1" 404 18961 "-" "Mozilla/5.0 (X11; Linux x86_64) AppleWebKit/537.36 (KHTML, like Gecko) Chrome/81.0.4044.129 Safari/537.36"
159.223.152.252 - - [20/Apr/2025:14:18:08 -0500] "GET /env.local HTTP/1.1" 301 - "-" "Mozilla/5.0 (X11; Linux x86_64) AppleWebKit/537.36 (KHTML, like Gecko) Chrome/81.0.4044.129 Safari/537.36"
159.223.152.252 - - [20/Apr/2025:14:18:08 -0500] "GET /env.local HTTP/1.1" 404 18961 "-" "Mozilla/5.0 (X11; Linux x86_64) AppleWebKit/537.36 (KHTML, like Gecko) Chrome/81.0.4044.129 Safari/537.36"
159.223.152.252 - - [20/Apr/2025:14:18:10 -0500] "GET /conf/.env HTTP/1.1" 301 - "-" "Mozilla/5.0 (X11; Linux x86_64) AppleWebKit/537.36 (KHTML, like Gecko) Chrome/81.0.4044.129 Safari/537.36"
159.223.152.252 - - [20/Apr/2025:14:18:10 -0500] "GET /conf/.env HTTP/1.1" 404 18961 "-" "Mozilla/5.0 (X11; Linux x86_64) AppleWebKit/537.36 (KHTML, like Gecko) Chrome/81.0.4044.129 Safari/537.36"
159.223.152.252 - - [20/Apr/2025:14:18:12 -0500] "GET /bin/.devenv HTTP/1.1" 301 - "-" "Mozilla/5.0 (X11; Linux x86_64) AppleWebKit/537.36 (KHTML, like Gecko) Chrome/81.0.4044.129 Safari/537.36"
159.223.152.252 - - [20/Apr/2025:14:18:12 -0500] "GET /bin/.devenv HTTP/1.1" 404 18961 "-" "Mozilla/5.0 (X11; Linux x86_64) AppleWebKit/537.36 (KHTML, like Gecko) Chrome/81.0.4044.129 Safari/537.36"
159.223.152.252 - - [20/Apr/2025:14:18:13 -0500] "GET /wp-content/.env HTTP/1.1" 301 - "-" "Mozilla/5.0 (X11; Linux x86_64) AppleWebKit/537.36 (KHTML, like Gecko) Chrome/81.0.4044.129 Safari/537.36"
159.223.152.252 - - [20/Apr/2025:14:18:14 -0500] "GET /wp-content/.env HTTP/1.1" 404 18961 "-" "Mozilla/5.0 (X11; Linux x86_64) AppleWebKit/537.36 (KHTML, like Gecko) Chrome/81.0.4044.129 Safari/537.36"
159.223.152.252 - - [20/Apr/2025:14:18:15 -0500] "GET /library/.env HTTP/1.1" 301 - "-" "Mozilla/5.0 (X11; Linux x86_64) AppleWebKit/537.36 (KHTML, like Gecko) Chrome/81.0.4044.129 Safari/537.36"
159.223.152.252 - - [20/Apr/2025:14:18:16 -0500] "GET /library/.env HTTP/1.1" 404 18961 "-" "Mozilla/5.0 (X11; Linux x86_64) AppleWebKit/537.36 (KHTML, like Gecko) Chrome/81.0.4044.129 Safari/537.36"
159.223.152.252 - - [20/Apr/2025:14:18:17 -0500] "GET /vendor/.env HTTP/1.1" 301 - "-" "Mozilla/5.0 (X11; Linux x86_64) AppleWebKit/537.36 (KHTML, like Gecko) Chrome/81.0.4044.129 Safari/537.36"
159.223.152.252 - - [20/Apr/2025:14:18:18 -0500] "GET /vendor/.env HTTP/1.1" 404 18961 "-" "Mozilla/5.0 (X11; Linux x86_64) AppleWebKit/537.36 (KHTML, like Gecko) Chrome/81.0.4044.129 Safari/537.36"
159.223.152.252 - - [20/Apr/2025:14:18:19 -0500] "GET /api/.env HTTP/1.1" 301 - "-" "Mozilla/5.0 (X11; Linux x86_64) AppleWebKit/537.36 (KHTML, like Gecko) Chrome/81.0.4044.129 Safari/537.36"
159.223.152.252 - - [20/Apr/2025:14:18:20 -0500] "GET /api/.env HTTP/1.1" 404 18961 "-" "Mozilla/5.0 (X11; Linux x86_64) AppleWebKit/537.36 (KHTML, like Gecko) Chrome/81.0.4044.129 Safari/537.36"
159.223.152.252 - - [20/Apr/2025:14:18:21 -0500] "GET /sites/all/libraries/mailchimp/.env HTTP/1.1" 301 - "-" "Mozilla/5.0 (X11; Linux x86_64) AppleWebKit/537.36 (KHTML, like Gecko) Chrome/81.0.4044.129 Safari/537.36"
159.223.152.252 - - [20/Apr/2025:14:18:22 -0500] "GET /sites/all/libraries/mailchimp/.env HTTP/1.1" 404 19132 "-" "Mozilla/5.0 (X11; Linux x86_64) AppleWebKit/537.36 (KHTML, like Gecko) Chrome/81.0.4044.129 Safari/537.36"
159.223.152.252 - - [20/Apr/2025:14:18:23 -0500] "GET /laravel/.env HTTP/1.1" 301 - "-" "Mozilla/5.0 (X11; Linux x86_64) AppleWebKit/537.36 (KHTML, like Gecko) Chrome/81.0.4044.129 Safari/537.36"
159.223.152.252 - - [20/Apr/2025:14:18:24 -0500] "GET /laravel/.env HTTP/1.1" 404 18961 "-" "Mozilla/5.0 (X11; Linux x86_64) AppleWebKit/537.36 (KHTML, like Gecko) Chrome/81.0.4044.129 Safari/537.36"
159.223.152.252 - - [20/Apr/2025:14:18:25 -0500] "GET /firefly-iii.env HTTP/1.1" 301 - "-" "Mozilla/5.0 (X11; Linux x86_64) AppleWebKit/537.36 (KHTML, like Gecko) Chrome/81.0.4044.129 Safari/537.36"
159.223.152.252 - - [20/Apr/2025:14:18:26 -0500] "GET /firefly-iii.env HTTP/1.1" 404 18961 "-" "Mozilla/5.0 (X11; Linux x86_64) AppleWebKit/537.36 (KHTML, like Gecko) Chrome/81.0.4044.129 Safari/537.36"
159.223.152.252 - - [20/Apr/2025:14:18:27 -0500] "GET /docker.env HTTP/1.1" 301 - "-" "Mozilla/5.0 (X11; Linux x86_64) AppleWebKit/537.36 (KHTML, like Gecko) Chrome/81.0.4044.129 Safari/537.36"
159.223.152.252 - - [20/Apr/2025:14:18:28 -0500] "GET /docker.env HTTP/1.1" 404 18961 "-" "Mozilla/5.0 (X11; Linux x86_64) AppleWebKit/537.36 (KHTML, like Gecko) Chrome/81.0.4044.129 Safari/537.36"
159.223.152.252 - - [20/Apr/2025:14:18:29 -0500] "GET /installable.env HTTP/1.1" 301 - "-" "Mozilla/5.0 (X11; Linux x86_64) AppleWebKit/537.36 (KHTML, like Gecko) Chrome/81.0.4044.129 Safari/537.36"
159.223.152.252 - - [20/Apr/2025:14:18:30 -0500] "GET /installable.env HTTP/1.1" 404 18961 "-" "Mozilla/5.0 (X11; Linux x86_64) AppleWebKit/537.36 (KHTML, like Gecko) Chrome/81.0.4044.129 Safari/537.36"
159.223.152.252 - - [20/Apr/2025:14:18:31 -0500] "GET /env.dev HTTP/1.1" 301 - "-" "Mozilla/5.0 (X11; Linux x86_64) AppleWebKit/537.36 (KHTML, like Gecko) Chrome/81.0.4044.129 Safari/537.36"
159.223.152.252 - - [20/Apr/2025:14:18:32 -0500] "GET /env.dev HTTP/1.1" 404 18961 "-" "Mozilla/5.0 (X11; Linux x86_64) AppleWebKit/537.36 (KHTML, like Gecko) Chrome/81.0.4044.129 Safari/537.36"
159.223.152.252 - - [20/Apr/2025:14:18:33 -0500] "GET /switchboard.env HTTP/1.1" 301 - "-" "Mozilla/5.0 (X11; Linux x86_64) AppleWebKit/537.36 (KHTML, like Gecko) Chrome/81.0.4044.129 Safari/537.36"
159.223.152.252 - - [20/Apr/2025:14:18:34 -0500] "GET /switchboard.env HTTP/1.1" 404 18961 "-" "Mozilla/5.0 (X11; Linux x86_64) AppleWebKit/537.36 (KHTML, like Gecko) Chrome/81.0.4044.129 Safari/537.36"
159.223.152.252 - - [20/Apr/2025:14:18:35 -0500] "GET /backend/.env.example HTTP/1.1" 301 - "-" "Mozilla/5.0 (X11; Linux x86_64) AppleWebKit/537.36 (KHTML, like Gecko) Chrome/81.0.4044.129 Safari/537.36"
159.223.152.252 - - [20/Apr/2025:14:18:36 -0500] "GET /backend/.env.example HTTP/1.1" 404 18961 "-" "Mozilla/5.0 (X11; Linux x86_64) AppleWebKit/537.36 (KHTML, like Gecko) Chrome/81.0.4044.129 Safari/537.36"
159.223.152.252 - - [20/Apr/2025:14:18:37 -0500] "GET /frontend/.env HTTP/1.1" 301 - "-" "Mozilla/5.0 (X11; Linux x86_64) AppleWebKit/537.36 (KHTML, like Gecko) Chrome/81.0.4044.129 Safari/537.36"
159.223.152.252 - - [20/Apr/2025:14:18:38 -0500] "GET /frontend/.env HTTP/1.1" 404 18961 "-" "Mozilla/5.0 (X11; Linux x86_64) AppleWebKit/537.36 (KHTML, like Gecko) Chrome/81.0.4044.129 Safari/537.36"
159.223.152.252 - - [20/Apr/2025:14:18:39 -0500] "GET /ssc.env HTTP/1.1" 301 - "-" "Mozilla/5.0 (X11; Linux x86_64) AppleWebKit/537.36 (KHTML, like Gecko) Chrome/81.0.4044.129 Safari/537.36"
159.223.152.252 - - [20/Apr/2025:14:18:40 -0500] "GET /ssc.env HTTP/1.1" 404 18961 "-" "Mozilla/5.0 (X11; Linux x86_64) AppleWebKit/537.36 (KHTML, like Gecko) Chrome/81.0.4044.129 Safari/537.36"
159.223.152.252 - - [20/Apr/2025:14:18:41 -0500] "GET /src/env/.env.dev HTTP/1.1" 301 - "-" "Mozilla/5.0 (X11; Linux x86_64) AppleWebKit/537.36 (KHTML, like Gecko) Chrome/81.0.4044.129 Safari/537.36"
159.223.152.252 - - [20/Apr/2025:14:18:41 -0500] "GET /src/env/.env.dev HTTP/1.1" 404 19132 "-" "Mozilla/5.0 (X11; Linux x86_64) AppleWebKit/537.36 (KHTML, like Gecko) Chrome/81.0.4044.129 Safari/537.36"
159.223.152.252 - - [20/Apr/2025:14:18:43 -0500] "GET /env/.env.dev HTTP/1.1" 301 - "-" "Mozilla/5.0 (X11; Linux x86_64) AppleWebKit/537.36 (KHTML, like Gecko) Chrome/81.0.4044.129 Safari/537.36"
159.223.152.252 - - [20/Apr/2025:14:18:43 -0500] "GET /env/.env.dev HTTP/1.1" 404 18961 "-" "Mozilla/5.0 (X11; Linux x86_64) AppleWebKit/537.36 (KHTML, like Gecko) Chrome/81.0.4044.129 Safari/537.36"
159.223.152.252 - - [20/Apr/2025:14:18:44 -0500] "GET /new.env HTTP/1.1" 301 - "-" "Mozilla/5.0 (X11; Linux x86_64) AppleWebKit/537.36 (KHTML, like Gecko) Chrome/81.0.4044.129 Safari/537.36"
159.223.152.252 - - [20/Apr/2025:14:18:45 -0500] "GET /new.env HTTP/1.1" 404 18961 "-" "Mozilla/5.0 (X11; Linux x86_64) AppleWebKit/537.36 (KHTML, like Gecko) Chrome/81.0.4044.129 Safari/537.36"
159.223.152.252 - - [20/Apr/2025:14:18:46 -0500] "GET /.env.development.local HTTP/1.1" 301 - "-" "Mozilla/5.0 (X11; Linux x86_64) AppleWebKit/537.36 (KHTML, like Gecko) Chrome/81.0.4044.129 Safari/537.36"
159.223.152.252 - - [20/Apr/2025:14:18:47 -0500] "GET /.env.development.local HTTP/1.1" 404 18961 "-" "Mozilla/5.0 (X11; Linux x86_64) AppleWebKit/537.36 (KHTML, like Gecko) Chrome/81.0.4044.129 Safari/537.36"
209.145.62.177 - - [20/Apr/2025:14:18:49 -0500] "POST /wp-cron.php?doing_wp_cron=1745176729.4532558917999267578125 HTTP/1.1" 200 - "-" "WordPress/6.8; https://www.corals.io"
159.223.152.252 - - [20/Apr/2025:14:18:48 -0500] "GET /api/example.env HTTP/1.1" 301 - "-" "Mozilla/5.0 (X11; Linux x86_64) AppleWebKit/537.36 (KHTML, like Gecko) Chrome/81.0.4044.129 Safari/537.36"
159.223.152.252 - - [20/Apr/2025:14:18:49 -0500] "GET /api/example.env HTTP/1.1" 404 18961 "-" "Mozilla/5.0 (X11; Linux x86_64) AppleWebKit/537.36 (KHTML, like Gecko) Chrome/81.0.4044.129 Safari/537.36"
159.223.152.252 - - [20/Apr/2025:14:18:51 -0500] "GET /.env HTTP/1.1" 301 - "-" "Mozilla/5.0 (X11; Linux x86_64) AppleWebKit/537.36 (KHTML, like Gecko) Chrome/81.0.4044.129 Safari/537.36"
159.223.152.252 - - [20/Apr/2025:14:18:51 -0500] "GET /.env HTTP/1.1" 404 18961 "-" "Mozilla/5.0 (X11; Linux x86_64) AppleWebKit/537.36 (KHTML, like Gecko) Chrome/81.0.4044.129 Safari/537.36"
159.223.152.252 - - [20/Apr/2025:14:18:53 -0500] "GET /.env HTTP/1.1" 301 - "-" "Mozilla/5.0 (X11; Linux x86_64) AppleWebKit/537.36 (KHTML, like Gecko) Chrome/81.0.4044.129 Safari/537.36"
159.223.152.252 - - [20/Apr/2025:14:18:54 -0500] "GET /.env HTTP/1.1" 404 18961 "-" "Mozilla/5.0 (X11; Linux x86_64) AppleWebKit/537.36 (KHTML, like Gecko) Chrome/81.0.4044.129 Safari/537.36"
159.223.152.252 - - [20/Apr/2025:14:18:55 -0500] "GET /.env HTTP/1.1" 301 - "-" "Mozilla/5.0 (X11; Linux x86_64) AppleWebKit/537.36 (KHTML, like Gecko) Chrome/81.0.4044.129 Safari/537.36"
159.223.152.252 - - [20/Apr/2025:14:18:56 -0500] "GET /.env HTTP/1.1" 404 18961 "-" "Mozilla/5.0 (X11; Linux x86_64) AppleWebKit/537.36 (KHTML, like Gecko) Chrome/81.0.4044.129 Safari/537.36"
159.223.152.252 - - [20/Apr/2025:14:18:57 -0500] "GET /.env HTTP/1.1" 301 - "-" "Mozilla/5.0 (X11; Linux x86_64) AppleWebKit/537.36 (KHTML, like Gecko) Chrome/81.0.4044.129 Safari/537.36"
159.223.152.252 - - [20/Apr/2025:14:18:58 -0500] "GET /.env HTTP/1.1" 404 18961 "-" "Mozilla/5.0 (X11; Linux x86_64) AppleWebKit/537.36 (KHTML, like Gecko) Chrome/81.0.4044.129 Safari/537.36"
159.223.152.252 - - [20/Apr/2025:14:18:59 -0500] "GET /.env HTTP/1.1" 301 - "-" "Mozilla/5.0 (X11; Linux x86_64) AppleWebKit/537.36 (KHTML, like Gecko) Chrome/81.0.4044.129 Safari/537.36"
159.223.152.252 - - [20/Apr/2025:14:19:00 -0500] "GET /.env HTTP/1.1" 404 18961 "-" "Mozilla/5.0 (X11; Linux x86_64) AppleWebKit/537.36 (KHTML, like Gecko) Chrome/81.0.4044.129 Safari/537.36"
159.223.152.252 - - [20/Apr/2025:14:19:01 -0500] "GET /old/.env HTTP/1.1" 301 - "-" "Mozilla/5.0 (X11; Linux x86_64) AppleWebKit/537.36 (KHTML, like Gecko) Chrome/81.0.4044.129 Safari/537.36"
159.223.152.252 - - [20/Apr/2025:14:19:01 -0500] "GET /old/.env HTTP/1.1" 404 18961 "-" "Mozilla/5.0 (X11; Linux x86_64) AppleWebKit/537.36 (KHTML, like Gecko) Chrome/81.0.4044.129 Safari/537.36"
159.223.152.252 - - [20/Apr/2025:14:19:03 -0500] "GET /backup/.env HTTP/1.1" 301 - "-" "Mozilla/5.0 (X11; Linux x86_64) AppleWebKit/537.36 (KHTML, like Gecko) Chrome/81.0.4044.129 Safari/537.36"
159.223.152.252 - - [20/Apr/2025:14:19:04 -0500] "GET /backup/.env HTTP/1.1" 404 18961 "-" "Mozilla/5.0 (X11; Linux x86_64) AppleWebKit/537.36 (KHTML, like Gecko) Chrome/81.0.4044.129 Safari/537.36"
159.223.152.252 - - [20/Apr/2025:14:19:05 -0500] "GET /sites/.env HTTP/1.1" 301 - "-" "Mozilla/5.0 (X11; Linux x86_64) AppleWebKit/537.36 (KHTML, like Gecko) Chrome/81.0.4044.129 Safari/537.36"
159.223.152.252 - - [20/Apr/2025:14:19:06 -0500] "GET /sites/.env HTTP/1.1" 404 18961 "-" "Mozilla/5.0 (X11; Linux x86_64) AppleWebKit/537.36 (KHTML, like Gecko) Chrome/81.0.4044.129 Safari/537.36"
159.223.152.252 - - [20/Apr/2025:14:19:07 -0500] "GET /all/.env HTTP/1.1" 301 - "-" "Mozilla/5.0 (X11; Linux x86_64) AppleWebKit/537.36 (KHTML, like Gecko) Chrome/81.0.4044.129 Safari/537.36"
159.223.152.252 - - [20/Apr/2025:14:19:08 -0500] "GET /all/.env HTTP/1.1" 404 18961 "-" "Mozilla/5.0 (X11; Linux x86_64) AppleWebKit/537.36 (KHTML, like Gecko) Chrome/81.0.4044.129 Safari/537.36"
159.223.152.252 - - [20/Apr/2025:14:19:09 -0500] "GET /libraries/.env HTTP/1.1" 301 - "-" "Mozilla/5.0 (X11; Linux x86_64) AppleWebKit/537.36 (KHTML, like Gecko) Chrome/81.0.4044.129 Safari/537.36"
159.223.152.252 - - [20/Apr/2025:14:19:10 -0500] "GET /libraries/.env HTTP/1.1" 404 18961 "-" "Mozilla/5.0 (X11; Linux x86_64) AppleWebKit/537.36 (KHTML, like Gecko) Chrome/81.0.4044.129 Safari/537.36"
159.223.152.252 - - [20/Apr/2025:14:19:11 -0500] "GET /mailchimp/.env HTTP/1.1" 301 - "-" "Mozilla/5.0 (X11; Linux x86_64) AppleWebKit/537.36 (KHTML, like Gecko) Chrome/81.0.4044.129 Safari/537.36"
159.223.152.252 - - [20/Apr/2025:14:19:11 -0500] "GET /mailchimp/.env HTTP/1.1" 404 18961 "-" "Mozilla/5.0 (X11; Linux x86_64) AppleWebKit/537.36 (KHTML, like Gecko) Chrome/81.0.4044.129 Safari/537.36"
159.223.152.252 - - [20/Apr/2025:14:19:12 -0500] "GET /.env.example HTTP/1.1" 301 - "-" "Mozilla/5.0 (X11; Linux x86_64) AppleWebKit/537.36 (KHTML, like Gecko) Chrome/81.0.4044.129 Safari/537.36"
159.223.152.252 - - [20/Apr/2025:14:19:13 -0500] "GET /.env.example HTTP/1.1" 404 18961 "-" "Mozilla/5.0 (X11; Linux x86_64) AppleWebKit/537.36 (KHTML, like Gecko) Chrome/81.0.4044.129 Safari/537.36"
159.223.152.252 - - [20/Apr/2025:14:19:14 -0500] "GET /.env.save HTTP/1.1" 301 - "-" "Mozilla/5.0 (X11; Linux x86_64) AppleWebKit/537.36 (KHTML, like Gecko) Chrome/81.0.4044.129 Safari/537.36"
159.223.152.252 - - [20/Apr/2025:14:19:15 -0500] "GET /.env.save HTTP/1.1" 404 18961 "-" "Mozilla/5.0 (X11; Linux x86_64) AppleWebKit/537.36 (KHTML, like Gecko) Chrome/81.0.4044.129 Safari/537.36"
159.223.152.252 - - [20/Apr/2025:14:19:16 -0500] "GET /.env.development HTTP/1.1" 301 - "-" "Mozilla/5.0 (X11; Linux x86_64) AppleWebKit/537.36 (KHTML, like Gecko) Chrome/81.0.4044.129 Safari/537.36"
159.223.152.252 - - [20/Apr/2025:14:19:17 -0500] "GET /.env.development HTTP/1.1" 404 18961 "-" "Mozilla/5.0 (X11; Linux x86_64) AppleWebKit/537.36 (KHTML, like Gecko) Chrome/81.0.4044.129 Safari/537.36"
159.223.152.252 - - [20/Apr/2025:14:19:18 -0500] "GET /.env.backup HTTP/1.1" 301 - "-" "Mozilla/5.0 (X11; Linux x86_64) AppleWebKit/537.36 (KHTML, like Gecko) Chrome/81.0.4044.129 Safari/537.36"
159.223.152.252 - - [20/Apr/2025:14:19:18 -0500] "GET /.env.backup HTTP/1.1" 404 18961 "-" "Mozilla/5.0 (X11; Linux x86_64) AppleWebKit/537.36 (KHTML, like Gecko) Chrome/81.0.4044.129 Safari/537.36"
