128.199.37.187 - - [20/Apr/2025:08:48:42 -0500] "GET / HTTP/1.1" 301 - "-" "Mozilla/5.0 (Windows NT 10.0; Win64; x64) AppleWebKit/537.36 (KHTML, like Gecko) Chrome/108.0.0.0 Safari/537.36"
128.199.37.187 - - [20/Apr/2025:08:48:44 -0500] "GET / HTTP/1.1" 200 45619 "https://209.145.62.177/" "Mozilla/5.0 (Windows NT 10.0; Win64; x64) AppleWebKit/537.36 (KHTML, like Gecko) Chrome/108.0.0.0 Safari/537.36"
128.199.37.187 - - [20/Apr/2025:08:48:44 -0500] "GET / HTTP/1.0" 301 - "-" "-"
128.199.37.187 - - [20/Apr/2025:08:48:45 -0500] "GET /t4 HTTP/1.1" 404 18333 "-" "Mozilla/5.0"
128.199.37.187 - - [20/Apr/2025:08:48:47 -0500] "GET / HTTP/1.0" 301 - "-" "-"
128.199.37.187 - - [20/Apr/2025:08:48:49 -0500] "GET /favicon.ico HTTP/1.1" 302 - "-" "Mozilla/5.0 (Windows NT 10.0; Win64; x64) AppleWebKit/537.36 (KHTML, like Gecko) Chrome/108.0.0.0 Safari/537.36"
209.145.62.177 - - [20/Apr/2025:08:48:51 -0500] "POST /wp-cron.php?doing_wp_cron=1745156931.0629329681396484375000 HTTP/1.1" 200 - "-" "WordPress/6.8; https://www.corals.io"
128.199.37.187 - - [20/Apr/2025:08:48:50 -0500] "GET / HTTP/1.1" 301 - "-" "Mozilla/4.0 (compatible; MSIE 9.0; Windows NT 10.0; .NET4.0C; .NET4.0E; .NET CLR 2.0.50727; .NET CLR 3.0.30729; .NET CLR 3.5.30729)"
128.199.37.187 - - [20/Apr/2025:08:48:52 -0500] "GET /teorema505?t=1 HTTP/1.1" 404 18333 "-" "Mozilla/5.0 (Windows NT 10.0; Win64; x64) AppleWebKit/537.36 (KHTML, like Gecko) Chrome/108.0.0.0 Safari/537.36"
209.145.62.177 - - [20/Apr/2025:08:50:30 -0500] "POST /wp-cron.php?doing_wp_cron=1745157030.4040110111236572265625 HTTP/1.1" 200 - "-" "WordPress/6.8; https://www.corals.io"
47.128.121.82 - - [20/Apr/2025:08:50:29 -0500] "GET /product/iris-workout-top/ HTTP/1.1" 404 18333 "-" "Mozilla/5.0 (Linux; Android 5.0) AppleWebKit/537.36 (KHTML, like Gecko) Mobile Safari/537.36 (compatible; TikTokSpider; [email protected])"
47.128.121.82 - - [20/Apr/2025:08:50:32 -0500] "GET /wp-content/uploads/elementor/google-fonts/css/robotoslab.css?ver=1742258990 HTTP/1.1" 200 954 "https://store.woobi.io/" "Mozilla/5.0 (Linux; Android 5.0) AppleWebKit/537.36 (KHTML, like Gecko) Mobile Safari/537.36 (compatible; TikTokSpider; [email protected])"
209.145.62.177 - - [20/Apr/2025:08:52:21 -0500] "POST /wp-cron.php?doing_wp_cron=1745157141.0088551044464111328125 HTTP/1.1" 200 - "-" "WordPress/6.8; https://www.corals.io"
2a02:c7c:5683:c000:8ce4:8fd0:5e6f:fcf1 - - [20/Apr/2025:08:52:19 -0500] "POST /xmlrpc.php HTTP/1.1" 200 206 "-" "Mozilla/5.0 (Windows NT 10.0; Win64; x64) AppleWebKit/537.36 (KHTML, like Gecko) Chrome/91.0.4472.124 Safari/537.36"
209.145.62.177 - - [20/Apr/2025:08:54:21 -0500] "POST /wp-cron.php?doing_wp_cron=1745157261.5674018859863281250000 HTTP/1.1" 200 - "-" "WordPress/6.3.1; https://store.woobi.io"
66.249.66.37 - - [20/Apr/2025:08:56:33 -0500] "GET /project/worksite-manager/ HTTP/1.1" 200 32805 "-" "Mozilla/5.0 (compatible; Googlebot/2.1; +http://www.google.com/bot.html)"
209.145.62.177 - - [20/Apr/2025:08:58:54 -0500] "POST /wp-cron.php?doing_wp_cron=1745157534.0302510261535644531250 HTTP/1.1" 200 - "-" "WordPress/6.8; https://www.corals.io"
54.36.148.8 - - [20/Apr/2025:08:58:53 -0500] "GET /sitemap_index.xml HTTP/1.1" 200 415 "-" "Mozilla/5.0 (compatible; AhrefsBot/7.0; +http://ahrefs.com/robot/)"
54.36.149.96 - - [20/Apr/2025:08:58:55 -0500] "GET /post-sitemap.xml HTTP/1.1" 200 626 "-" "Mozilla/5.0 (compatible; AhrefsBot/7.0; +http://ahrefs.com/robot/)"
54.36.148.186 - - [20/Apr/2025:08:58:57 -0500] "GET /page-sitemap.xml HTTP/1.1" 200 712 "-" "Mozilla/5.0 (compatible; AhrefsBot/7.0; +http://ahrefs.com/robot/)"
54.36.148.90 - - [20/Apr/2025:08:58:59 -0500] "GET /technology-sitemap.xml HTTP/1.1" 200 638 "-" "Mozilla/5.0 (compatible; AhrefsBot/7.0; +http://ahrefs.com/robot/)"
54.36.148.188 - - [20/Apr/2025:08:59:01 -0500] "GET /specialists-sitemap.xml HTTP/1.1" 200 486 "-" "Mozilla/5.0 (compatible; AhrefsBot/7.0; +http://ahrefs.com/robot/)"
54.36.148.106 - - [20/Apr/2025:08:59:03 -0500] "GET /services-sitemap.xml HTTP/1.1" 200 605 "-" "Mozilla/5.0 (compatible; AhrefsBot/7.0; +http://ahrefs.com/robot/)"
54.36.148.208 - - [20/Apr/2025:08:59:05 -0500] "GET /dt_portfolio-sitemap.xml HTTP/1.1" 200 1047 "-" "Mozilla/5.0 (compatible; AhrefsBot/7.0; +http://ahrefs.com/robot/)"
54.36.148.164 - - [20/Apr/2025:08:59:07 -0500] "GET /category-sitemap.xml HTTP/1.1" 200 406 "-" "Mozilla/5.0 (compatible; AhrefsBot/7.0; +http://ahrefs.com/robot/)"
54.36.148.120 - - [20/Apr/2025:08:59:09 -0500] "GET /local-sitemap.xml HTTP/1.1" 200 285 "-" "Mozilla/5.0 (compatible; AhrefsBot/7.0; +http://ahrefs.com/robot/)"
209.145.62.177 - - [20/Apr/2025:09:00:59 -0500] "POST /wp-cron.php?doing_wp_cron=1745157659.7961440086364746093750 HTTP/1.1" 200 - "-" "WordPress/6.8; https://www.corals.io"
51.222.253.20 - - [20/Apr/2025:09:00:58 -0500] "GET /robots.txt HTTP/1.1" 301 - "-" "Mozilla/5.0 (compatible; AhrefsBot/7.0; +http://ahrefs.com/robot/)"
209.145.62.177 - - [20/Apr/2025:09:03:28 -0500] "POST /wp-cron.php?doing_wp_cron=1745157808.6475100517272949218750 HTTP/1.1" 200 - "-" "WordPress/6.8; https://www.corals.io"
185.242.226.14 - - [20/Apr/2025:09:03:27 -0500] "GET / HTTP/1.1" 301 - "-" "Mozilla/5.0 (Windows NT 10.0; Win64; x64) AppleWebKit/537.36 (KHTML, like Gecko) Chrome/88.0.4324.190 Safari/537.36"
185.242.226.14 - - [20/Apr/2025:09:03:30 -0500] "GET / HTTP/1.1" 200 45619 "https://209.145.62.177:443/" "Mozilla/5.0 (Windows NT 10.0; Win64; x64) AppleWebKit/537.36 (KHTML, like Gecko) Chrome/88.0.4324.190 Safari/537.36"
209.145.62.177 - - [20/Apr/2025:09:08:10 -0500] "POST /wp-cron.php?doing_wp_cron=1745158089.9526391029357910156250 HTTP/1.1" 200 - "-" "WordPress/6.8; https://www.corals.io"
52.112.238.183 - - [20/Apr/2025:09:08:09 -0500] "GET /autodiscover/autodiscover.json/v1.0/mail%[email protected]?Protocol=REST&RedirectCount=1&ServerLocation=true HTTP/1.1" 404 18501 "-" "Microsoft.Skype.Presence.App/1.0"
209.145.62.177 - - [20/Apr/2025:09:09:47 -0500] "POST /wp-cron.php?doing_wp_cron=1745158187.4665369987487792968750 HTTP/1.1" 200 - "-" "WordPress/6.8; https://www.corals.io"
54.77.80.232 - - [20/Apr/2025:09:09:46 -0500] "POST /webhooks/securionpay HTTP/1.1" 404 18333 "-" "Shift4/1.0 (+https://dev.shift4.com/docs/webhooks)"
172.94.20.241 - - [20/Apr/2025:09:17:52 -0500] "GET / HTTP/1.1" 200 12456 "-" "Mozilla/5.0 (Windows NT 10.0; Win64; x64) AppleWebKit/537.36 (KHTML, like Gecko) Chrome/96.0.4664.93 Safari/537.36"
172.94.20.241 - - [20/Apr/2025:09:17:53 -0500] "POST /login/?login_only=1 HTTP/1.1" 401 38 "https://webmail.corals.io/" "Mozilla/5.0 (Windows NT 10.0; Win64; x64) AppleWebKit/537.36 (KHTML, like Gecko) Chrome/96.0.4664.93 Safari/537.36"
209.145.62.177 - - [20/Apr/2025:09:20:56 -0500] "POST /wp-cron.php?doing_wp_cron=1745158855.8676939010620117187500 HTTP/1.1" 200 - "-" "WordPress/6.8; https://www.corals.io"
5.255.231.168 - - [20/Apr/2025:09:20:54 -0500] "GET /sitemap_index.xml HTTP/1.1" 200 415 "-" "Mozilla/5.0 (compatible; YandexBot/3.0; +http://yandex.com/bots)"
45.74.55.233 - - [20/Apr/2025:09:23:31 -0500] "GET / HTTP/1.1" 200 12456 "-" "Mozilla/5.0 (Windows NT 10.0; Win64; x64) AppleWebKit/537.36 (KHTML, like Gecko) Chrome/96.0.4664.93 Safari/537.36"
45.74.55.233 - - [20/Apr/2025:09:23:32 -0500] "POST /login/?login_only=1 HTTP/1.1" 401 38 "https://webmail.corals.io/" "Mozilla/5.0 (Windows NT 10.0; Win64; x64) AppleWebKit/537.36 (KHTML, like Gecko) Chrome/96.0.4664.93 Safari/537.36"
209.145.62.177 - - [20/Apr/2025:09:55:10 -0500] "POST /wp-cron.php?doing_wp_cron=1745160910.2147800922393798828125 HTTP/1.1" 200 - "-" "WordPress/6.8; https://www.corals.io"
2a03:2880:f800:17:: - - [20/Apr/2025:09:55:09 -0500] "GET /?p=1491 HTTP/1.1" 301 - "-" "meta-externalagent/1.1 (+https://developers.facebook.com/docs/sharing/webmasters/crawler)"
2a03:2880:f800:18:: - - [20/Apr/2025:09:55:12 -0500] "GET /blog/ HTTP/1.1" 200 32819 "-" "meta-externalagent/1.1 (+https://developers.facebook.com/docs/sharing/webmasters/crawler)"
196.251.86.135 - - [20/Apr/2025:09:57:50 -0500] "GET /wp-content/themes/seotheme/db.php?u HTTP/1.1" 403 6628 "www.google.com" "Mozlila/5.0 (Linux; Android 7.0; SM-G892A Bulid/NRD90M; wv) AppleWebKit/537.36 (KHTML, like Gecko) Version/4.0 Chrome/60.0.3112.107 Moblie Safari/537.36"
209.145.62.177 - - [20/Apr/2025:09:57:51 -0500] "POST /wp-cron.php?doing_wp_cron=1745161071.6050601005554199218750 HTTP/1.1" 200 - "-" "WordPress/6.8; https://www.corals.io"
209.145.62.177 - - [20/Apr/2025:09:57:50 -0500] "POST /?wordfence_syncAttackData=1745161070.5546 HTTP/1.1" 200 - "-" "WordPress/6.8; https://www.corals.io"
209.145.62.177 - - [20/Apr/2025:09:57:50 -0500] "POST /?wordfence_syncAttackData=1745161070.7833 HTTP/1.1" 200 44611 "-" "WordPress/6.8; https://www.corals.io"
196.251.86.135 - - [20/Apr/2025:09:57:56 -0500] "POST /wp-plain.php HTTP/1.1" 404 18333 "www.google.com" "Mozilla/5.0 (Linux; Android 7.0; SM-G892A Bulid/NRD90M; wv) AppleWebKit/537.36 (KHTML, like Gecko) Version/4.0 Chrome/60.0.3112.107 Moblie Safari/537.36"
196.251.86.135 - - [20/Apr/2025:09:57:57 -0500] "GET /kdfhgjdq.php?Fox=d3wL7 HTTP/1.1" 301 - "www.google.com" "Mozilla/5.0 (Linux; Android 7.0; SM-G892A Bulid/NRD90M; wv) AppleWebKit/537.36 (KHTML, like Gecko) Version/4.0 Chrome/60.0.3112.107 Moblie Safari/537.36"
196.251.86.135 - - [20/Apr/2025:09:57:59 -0500] "GET /kdfhgjdq.php?Fox=d3wL7 HTTP/1.1" 404 18329 "www.google.com" "Mozilla/5.0 (Linux; Android 7.0; SM-G892A Bulid/NRD90M; wv) AppleWebKit/537.36 (KHTML, like Gecko) Version/4.0 Chrome/60.0.3112.107 Moblie Safari/537.36"
45.76.83.70 - - [20/Apr/2025:10:05:03 -0500] "GET / HTTP/1.1" 200 45619 "-" "Mozilla/5.0 (Knoppix; Linux x86_64) AppleWebKit/537.36 (KHTML, like Gecko) Chrome/126.0.0.0 Safari/537.36"
45.76.83.70 - - [20/Apr/2025:10:05:03 -0500] "GET / HTTP/1.1" 200 45619 "-" "Mozilla/5.0 (Macintosh, Intel Mac OS X 10_15_7) AppleWebKit/605.1.15 (KHTML, like Gecko) Version/17.5 Safari/605.1.15"
209.145.62.177 - - [20/Apr/2025:10:08:06 -0500] "POST /wp-cron.php?doing_wp_cron=1745161686.8974850177764892578125 HTTP/1.1" 200 - "-" "WordPress/6.8; https://www.corals.io"
2a03:2880:f800:8:: - - [20/Apr/2025:10:08:05 -0500] "GET /?p=3 HTTP/1.1" 301 - "-" "meta-externalagent/1.1 (+https://developers.facebook.com/docs/sharing/webmasters/crawler)"
2a03:2880:f800:1b:: - - [20/Apr/2025:10:08:08 -0500] "GET /privacy-policy/ HTTP/1.1" 200 29584 "-" "meta-externalagent/1.1 (+https://developers.facebook.com/docs/sharing/webmasters/crawler)"
209.145.62.177 - - [20/Apr/2025:10:09:49 -0500] "POST /wp-cron.php?doing_wp_cron=1745161789.7629148960113525390625 HTTP/1.1" 200 - "-" "WordPress/6.8; https://www.corals.io"
54.171.118.22 - - [20/Apr/2025:10:09:48 -0500] "POST /webhooks/securionpay HTTP/1.1" 404 18333 "-" "Shift4/1.0 (+https://dev.shift4.com/docs/webhooks)"
45.76.83.70 - - [20/Apr/2025:10:09:59 -0500] "GET / HTTP/1.1" 301 - "-" "Mozilla/5.0 (Macintosh; Intel Mac OS X 10_15_7) AppleWebKit/605.1.15 (KHTML, like Gecko) Version/16.5.2 Safari/605.1.15"
45.76.83.70 - - [20/Apr/2025:10:09:59 -0500] "GET / HTTP/1.1" 301 - "-" "Mozilla/5.0 (Macintosh; Intel Mac OS X 14.1) AppleWebKit/618.27 (KHTML, like Gecko) Version/17.4 Safari/618.27"
45.76.83.70 - - [20/Apr/2025:10:10:00 -0500] "GET / HTTP/1.1" 200 45619 "https://sellerup.corals.io" "Mozilla/5.0 (Macintosh; Intel Mac OS X 14.1) AppleWebKit/618.27 (KHTML, like Gecko) Version/17.4 Safari/618.27"
45.76.83.70 - - [20/Apr/2025:10:10:00 -0500] "GET / HTTP/1.1" 301 - "-" "Mozilla/5.0 (X11; Linux i686; rv:125.0) Gecko/20100101 Firefox/125.0"
45.76.83.70 - - [20/Apr/2025:10:10:01 -0500] "GET / HTTP/1.1" 200 45619 "https://sellerup.corals.io" "Mozilla/5.0 (X11; Linux i686; rv:125.0) Gecko/20100101 Firefox/125.0"
209.145.62.177 - - [20/Apr/2025:10:11:17 -0500] "POST /wp-cron.php?doing_wp_cron=1745161876.8398840427398681640625 HTTP/1.1" 200 - "-" "WordPress/6.8; https://www.corals.io"
85.208.98.22 - - [20/Apr/2025:10:11:15 -0500] "GET /2023/09/19/how-to-write-an-online-business-plan-in-2023/ HTTP/1.1" 404 18501 "-" "Mozilla/5.0 (compatible; SemrushBot-BA; +http://www.semrush.com/bot.html)"
169.197.85.229 - - [20/Apr/2025:10:21:56 -0500] "GET / HTTP/1.1" 301 - "-" "Mozilla/5.0 (Windows NT 10.0; Win64; x64) AppleWebKit/537.36 (KHTML, like Gecko) Chrome/123.0.0.0 Safari/537.36"
209.145.62.177 - - [20/Apr/2025:10:21:57 -0500] "POST /wp-cron.php?doing_wp_cron=1745162517.1490149497985839843750 HTTP/1.1" 200 - "-" "WordPress/6.8; https://www.corals.io"
169.197.85.229 - - [20/Apr/2025:10:21:56 -0500] "GET / HTTP/1.1" 301 - "-" "Mozilla/5.0 (Windows NT 10.0; Win64; x64) AppleWebKit/537.36 (KHTML, like Gecko) Chrome/123.0.0.0 Safari/537.36"
169.197.85.229 - - [20/Apr/2025:10:21:57 -0500] "GET / HTTP/1.1" 301 - "-" "Mozilla/5.0 (Windows NT 10.0; Win64; x64) AppleWebKit/537.36 (KHTML, like Gecko) Chrome/123.0.0.0 Safari/537.36"
169.197.85.229 - - [20/Apr/2025:10:21:57 -0500] "GET / HTTP/1.1" 301 - "-" "Mozilla/5.0 (Windows NT 10.0; Win64; x64) AppleWebKit/537.36 (KHTML, like Gecko) Chrome/123.0.0.0 Safari/537.36"
169.197.85.229 - - [20/Apr/2025:10:21:59 -0500] "GET / HTTP/1.1" 301 - "-" "Mozilla/5.0 (Windows NT 10.0; Win64; x64) AppleWebKit/537.36 (KHTML, like Gecko) Chrome/123.0.0.0 Safari/537.36"
169.197.85.229 - - [20/Apr/2025:10:22:03 -0500] "GET / HTTP/1.1" 301 - "-" "Mozilla/5.0 (Windows NT 10.0; Win64; x64) AppleWebKit/537.36 (KHTML, like Gecko) Chrome/123.0.0.0 Safari/537.36"
169.197.85.229 - - [20/Apr/2025:10:22:06 -0500] "GET / HTTP/1.1" 301 - "-" "Mozilla/5.0 (Windows NT 10.0; Win64; x64) AppleWebKit/537.36 (KHTML, like Gecko) Chrome/123.0.0.0 Safari/537.36"
207.46.13.116 - - [20/Apr/2025:10:22:36 -0500] "GET /technology/php/ HTTP/1.1" 200 31153 "-" "Mozilla/5.0 AppleWebKit/537.36 (KHTML, like Gecko; compatible; bingbot/2.0; +http://www.bing.com/bingbot.htm) Chrome/116.0.1938.76 Safari/537.36"
157.55.39.195 - - [20/Apr/2025:10:23:04 -0500] "GET /wp-content/plugins/elementor/assets/css/widget-image.min.css?ver=3.28.3 HTTP/1.1" 200 164 "-" "Mozilla/5.0 AppleWebKit/537.36 (KHTML, like Gecko; compatible; bingbot/2.0; +http://www.bing.com/bingbot.htm) Chrome/116.0.1938.76 Safari/537.36"
157.55.39.195 - - [20/Apr/2025:10:23:05 -0500] "GET /wp-content/plugins/elementor/assets/css/widget-spacer.min.css?ver=3.28.3 HTTP/1.1" 200 369 "-" "Mozilla/5.0 AppleWebKit/537.36 (KHTML, like Gecko; compatible; bingbot/2.0; +http://www.bing.com/bingbot.htm) Chrome/116.0.1938.76 Safari/537.36"
157.55.39.195 - - [20/Apr/2025:10:23:05 -0500] "GET /wp-content/plugins/elementor/assets/js/webpack.runtime.min.js?ver=3.28.3 HTTP/1.1" 200 2407 "-" "Mozilla/5.0 AppleWebKit/537.36 (KHTML, like Gecko; compatible; bingbot/2.0; +http://www.bing.com/bingbot.htm) Chrome/116.0.1938.76 Safari/537.36"
157.55.39.195 - - [20/Apr/2025:10:23:06 -0500] "GET /wp-content/plugins/google-site-kit/dist/assets/js/googlesitekit-consent-mode-3d6495dceaebc28bcca3.js HTTP/1.1" 200 25597 "-" "Mozilla/5.0 AppleWebKit/537.36 (KHTML, like Gecko; compatible; bingbot/2.0; +http://www.bing.com/bingbot.htm) Chrome/116.0.1938.76 Safari/537.36"
157.55.39.195 - - [20/Apr/2025:10:23:06 -0500] "GET /wp-content/plugins/the7-block-editor/dist/editor/blocks/__all__/visibility/common.css?ver=67b1e492da753da46c86 HTTP/1.1" 200 116 "-" "Mozilla/5.0 AppleWebKit/537.36 (KHTML, like Gecko; compatible; bingbot/2.0; +http://www.bing.com/bingbot.htm) Chrome/116.0.1938.76 Safari/537.36"
157.55.39.195 - - [20/Apr/2025:10:23:07 -0500] "GET /wp-content/plugins/revslider/public/js/sr7.js?ver=6.7.23 HTTP/1.1" 200 91007 "-" "Mozilla/5.0 AppleWebKit/537.36 (KHTML, like Gecko; compatible; bingbot/2.0; +http://www.bing.com/bingbot.htm) Chrome/116.0.1938.76 Safari/537.36"
157.55.39.195 - - [20/Apr/2025:10:23:07 -0500] "GET /wp-content/plugins/the7-block-editor/dist/editor/blocks/__all__/visibility/common.js?ver=67b1e492da753da46c86 HTTP/1.1" 200 - "-" "Mozilla/5.0 AppleWebKit/537.36 (KHTML, like Gecko; compatible; bingbot/2.0; +http://www.bing.com/bingbot.htm) Chrome/116.0.1938.76 Safari/537.36"
157.55.39.195 - - [20/Apr/2025:10:23:07 -0500] "GET /wp-content/plugins/the7-block-editor/dist/editor/blocks/navigation/responsiveness/common.js?ver=5bc89c75120ae5159676 HTTP/1.1" 200 - "-" "Mozilla/5.0 AppleWebKit/537.36 (KHTML, like Gecko; compatible; bingbot/2.0; +http://www.bing.com/bingbot.htm) Chrome/116.0.1938.76 Safari/537.36"
157.55.39.195 - - [20/Apr/2025:10:23:08 -0500] "GET /wp-content/plugins/the7-block-editor/dist/editor/editor-css-store/index.js?ver=d97797adfb4da999541a HTTP/1.1" 200 1608 "-" "Mozilla/5.0 AppleWebKit/537.36 (KHTML, like Gecko; compatible; bingbot/2.0; +http://www.bing.com/bingbot.htm) Chrome/116.0.1938.76 Safari/537.36"
157.55.39.195 - - [20/Apr/2025:10:23:09 -0500] "GET /wp-content/themes/dt-the7/css/compatibility/elementor/the7-horizontal-menu-widget.min.css?ver=12.2.0 HTTP/1.1" 200 3492 "-" "Mozilla/5.0 AppleWebKit/537.36 (KHTML, like Gecko; compatible; bingbot/2.0; +http://www.bing.com/bingbot.htm) Chrome/116.0.1938.76 Safari/537.36"
157.55.39.195 - - [20/Apr/2025:10:23:09 -0500] "GET /wp-content/themes/dt-the7/css/compatibility/elementor/the7-simple-posts.min.css?ver=12.2.0 HTTP/1.1" 200 1020 "-" "Mozilla/5.0 AppleWebKit/537.36 (KHTML, like Gecko; compatible; bingbot/2.0; +http://www.bing.com/bingbot.htm) Chrome/116.0.1938.76 Safari/537.36"
157.55.39.195 - - [20/Apr/2025:10:23:09 -0500] "GET /wp-content/themes/dt-the7/css/compatibility/elementor/the7-simple-common.min.css?ver=12.2.0 HTTP/1.1" 200 696 "-" "Mozilla/5.0 AppleWebKit/537.36 (KHTML, like Gecko; compatible; bingbot/2.0; +http://www.bing.com/bingbot.htm) Chrome/116.0.1938.76 Safari/537.36"
157.55.39.195 - - [20/Apr/2025:10:23:10 -0500] "GET /wp-content/themes/dt-the7/fonts/icomoon-the7-font/icomoon-the7-font.min.css?ver=12.2.0 HTTP/1.1" 200 3014 "-" "Mozilla/5.0 AppleWebKit/537.36 (KHTML, like Gecko; compatible; bingbot/2.0; +http://www.bing.com/bingbot.htm) Chrome/116.0.1938.76 Safari/537.36"
157.55.39.195 - - [20/Apr/2025:10:23:10 -0500] "GET /wp-content/themes/dt-the7/js/compatibility/elementor/the7-vertical-menu.min.js?ver=12.2.0 HTTP/1.1" 200 1121 "-" "Mozilla/5.0 AppleWebKit/537.36 (KHTML, like Gecko; compatible; bingbot/2.0; +http://www.bing.com/bingbot.htm) Chrome/116.0.1938.76 Safari/537.36"
157.55.39.195 - - [20/Apr/2025:10:23:10 -0500] "GET /wp-content/themes/dt-the7/js/main.min.js?ver=12.2.0 HTTP/1.1" 200 95161 "-" "Mozilla/5.0 AppleWebKit/537.36 (KHTML, like Gecko; compatible; bingbot/2.0; +http://www.bing.com/bingbot.htm) Chrome/116.0.1938.76 Safari/537.36"
157.55.39.195 - - [20/Apr/2025:10:23:10 -0500] "GET /wp-content/uploads/elementor/css/post-6349.css?ver=1744765112 HTTP/1.1" 200 1011 "-" "Mozilla/5.0 AppleWebKit/537.36 (KHTML, like Gecko; compatible; bingbot/2.0; +http://www.bing.com/bingbot.htm) Chrome/116.0.1938.76 Safari/537.36"
157.55.39.195 - - [20/Apr/2025:10:23:11 -0500] "GET /wp-content/uploads/elementor/css/post-6362.css?ver=1744765112 HTTP/1.1" 200 1789 "-" "Mozilla/5.0 AppleWebKit/537.36 (KHTML, like Gecko; compatible; bingbot/2.0; +http://www.bing.com/bingbot.htm) Chrome/116.0.1938.76 Safari/537.36"
157.55.39.195 - - [20/Apr/2025:10:23:11 -0500] "GET /wp-content/uploads/the7-css/the7-elements-albums-portfolio.css?ver=dda58de88feb HTTP/1.1" 200 2663 "-" "Mozilla/5.0 AppleWebKit/537.36 (KHTML, like Gecko; compatible; bingbot/2.0; +http://www.bing.com/bingbot.htm) Chrome/116.0.1938.76 Safari/537.36"
157.55.39.195 - - [20/Apr/2025:10:23:11 -0500] "GET /wp-includes/js/dist/compose.min.js?ver=84bcf832a5c99203f3db HTTP/1.1" 200 12815 "-" "Mozilla/5.0 AppleWebKit/537.36 (KHTML, like Gecko; compatible; bingbot/2.0; +http://www.bing.com/bingbot.htm) Chrome/116.0.1938.76 Safari/537.36"
157.55.39.195 - - [20/Apr/2025:10:23:12 -0500] "GET /wp-includes/js/dist/dom.min.js?ver=f3a673a30f968c8fa314 HTTP/1.1" 200 4711 "-" "Mozilla/5.0 AppleWebKit/537.36 (KHTML, like Gecko; compatible; bingbot/2.0; +http://www.bing.com/bingbot.htm) Chrome/116.0.1938.76 Safari/537.36"
157.55.39.195 - - [20/Apr/2025:10:23:12 -0500] "GET /wp-includes/js/dist/keycodes.min.js?ver=034ff647a54b018581d3 HTTP/1.1" 200 1391 "-" "Mozilla/5.0 AppleWebKit/537.36 (KHTML, like Gecko; compatible; bingbot/2.0; +http://www.bing.com/bingbot.htm) Chrome/116.0.1938.76 Safari/537.36"
157.55.39.195 - - [20/Apr/2025:10:23:12 -0500] "GET /wp-includes/js/dist/vendor/react-jsx-runtime.min.js?ver=18.3.1 HTTP/1.1" 200 554 "-" "Mozilla/5.0 AppleWebKit/537.36 (KHTML, like Gecko; compatible; bingbot/2.0; +http://www.bing.com/bingbot.htm) Chrome/116.0.1938.76 Safari/537.36"
157.55.39.195 - - [20/Apr/2025:10:23:13 -0500] "GET /wp-includes/js/jquery/jquery-migrate.min.js?ver=3.4.1 HTTP/1.1" 200 4872 "-" "Mozilla/5.0 AppleWebKit/537.36 (KHTML, like Gecko; compatible; bingbot/2.0; +http://www.bing.com/bingbot.htm) Chrome/116.0.1938.76 Safari/537.36"
157.55.39.195 - - [20/Apr/2025:10:23:13 -0500] "GET /wp-includes/js/jquery/ui/core.min.js?ver=1.13.3 HTTP/1.1" 200 7106 "-" "Mozilla/5.0 AppleWebKit/537.36 (KHTML, like Gecko; compatible; bingbot/2.0; +http://www.bing.com/bingbot.htm) Chrome/116.0.1938.76 Safari/537.36"
207.46.13.116 - - [20/Apr/2025:10:23:55 -0500] "GET /wp-content/plugins/dt-the7-core/assets/js/post-type.min.js?ver=2.7.10 HTTP/1.1" 200 5044 "-" "Mozilla/5.0 AppleWebKit/537.36 (KHTML, like Gecko; compatible; bingbot/2.0; +http://www.bing.com/bingbot.htm) Chrome/116.0.1938.76 Safari/537.36"
207.46.13.116 - - [20/Apr/2025:10:23:56 -0500] "GET /wp-content/plugins/elementor-pro/assets/js/frontend.min.js?ver=3.25.0 HTTP/1.1" 200 6683 "-" "Mozilla/5.0 AppleWebKit/537.36 (KHTML, like Gecko; compatible; bingbot/2.0; +http://www.bing.com/bingbot.htm) Chrome/116.0.1938.76 Safari/537.36"
207.46.13.116 - - [20/Apr/2025:10:23:57 -0500] "GET /wp-content/plugins/elementor/assets/css/widget-heading.min.css?ver=3.28.3 HTTP/1.1" 200 189 "-" "Mozilla/5.0 AppleWebKit/537.36 (KHTML, like Gecko; compatible; bingbot/2.0; +http://www.bing.com/bingbot.htm) Chrome/116.0.1938.76 Safari/537.36"
207.46.13.116 - - [20/Apr/2025:10:23:58 -0500] "GET /wp-content/plugins/elementor/assets/js/frontend.min.js?ver=3.28.3 HTTP/1.1" 200 13463 "-" "Mozilla/5.0 AppleWebKit/537.36 (KHTML, like Gecko; compatible; bingbot/2.0; +http://www.bing.com/bingbot.htm) Chrome/116.0.1938.76 Safari/537.36"
207.46.13.116 - - [20/Apr/2025:10:24:00 -0500] "GET /wp-content/plugins/the7-block-editor/dist/editor/blocks/navigation/responsiveness/common.css?ver=5bc89c75120ae5159676 HTTP/1.1" 200 194 "-" "Mozilla/5.0 AppleWebKit/537.36 (KHTML, like Gecko; compatible; bingbot/2.0; +http://www.bing.com/bingbot.htm) Chrome/116.0.1938.76 Safari/537.36"
207.46.13.116 - - [20/Apr/2025:10:24:02 -0500] "GET /wp-content/plugins/the7-block-editor/dist/editor/editor-css-store/index.css?ver=d97797adfb4da999541a HTTP/1.1" 200 166 "-" "Mozilla/5.0 AppleWebKit/537.36 (KHTML, like Gecko; compatible; bingbot/2.0; +http://www.bing.com/bingbot.htm) Chrome/116.0.1938.76 Safari/537.36"
207.46.13.116 - - [20/Apr/2025:10:24:03 -0500] "GET /wp-content/plugins/wp-rocket/assets/js/lazyload/17.8.3/lazyload.min.js HTTP/1.1" 200 3053 "-" "Mozilla/5.0 AppleWebKit/537.36 (KHTML, like Gecko; compatible; bingbot/2.0; +http://www.bing.com/bingbot.htm) Chrome/116.0.1938.76 Safari/537.36"
207.46.13.116 - - [20/Apr/2025:10:24:03 -0500] "GET /wp-content/themes/dt-the7/css/compatibility/elementor/the7-icon-widget.min.css?ver=12.2.0 HTTP/1.1" 200 175 "-" "Mozilla/5.0 AppleWebKit/537.36 (KHTML, like Gecko; compatible; bingbot/2.0; +http://www.bing.com/bingbot.htm) Chrome/116.0.1938.76 Safari/537.36"
207.46.13.116 - - [20/Apr/2025:10:24:05 -0500] "GET /wp-content/themes/dt-the7/css/compatibility/elementor/the7-search-form-widget.min.css?ver=12.2.0 HTTP/1.1" 200 986 "-" "Mozilla/5.0 AppleWebKit/537.36 (KHTML, like Gecko; compatible; bingbot/2.0; +http://www.bing.com/bingbot.htm) Chrome/116.0.1938.76 Safari/537.36"
207.46.13.116 - - [20/Apr/2025:10:24:06 -0500] "GET /wp-content/themes/dt-the7/fonts/FontAwesome/css/all.min.css?ver=12.2.0 HTTP/1.1" 200 12843 "-" "Mozilla/5.0 AppleWebKit/537.36 (KHTML, like Gecko; compatible; bingbot/2.0; +http://www.bing.com/bingbot.htm) Chrome/116.0.1938.76 Safari/537.36"
207.46.13.116 - - [20/Apr/2025:10:24:06 -0500] "GET /wp-content/themes/dt-the7/js/above-the-fold.min.js?ver=12.2.0 HTTP/1.1" 200 4778 "-" "Mozilla/5.0 AppleWebKit/537.36 (KHTML, like Gecko; compatible; bingbot/2.0; +http://www.bing.com/bingbot.htm) Chrome/116.0.1938.76 Safari/537.36"
207.46.13.116 - - [20/Apr/2025:10:24:07 -0500] "GET /wp-content/themes/dt-the7/js/compatibility/elementor/frontend-common.min.js?ver=12.2.0 HTTP/1.1" 200 1619 "-" "Mozilla/5.0 AppleWebKit/537.36 (KHTML, like Gecko; compatible; bingbot/2.0; +http://www.bing.com/bingbot.htm) Chrome/116.0.1938.76 Safari/537.36"
207.46.13.116 - - [20/Apr/2025:10:24:08 -0500] "GET /wp-content/themes/dt-the7/js/compatibility/elementor/sticky-effects.min.js?ver=12.2.0 HTTP/1.1" 200 2854 "-" "Mozilla/5.0 AppleWebKit/537.36 (KHTML, like Gecko; compatible; bingbot/2.0; +http://www.bing.com/bingbot.htm) Chrome/116.0.1938.76 Safari/537.36"
207.46.13.116 - - [20/Apr/2025:10:24:09 -0500] "GET /wp-content/themes/dt-the7/lib/custom-scrollbar/custom-scrollbar.min.js?ver=12.2.0 HTTP/1.1" 200 11975 "-" "Mozilla/5.0 AppleWebKit/537.36 (KHTML, like Gecko; compatible; bingbot/2.0; +http://www.bing.com/bingbot.htm) Chrome/116.0.1938.76 Safari/537.36"
207.46.13.116 - - [20/Apr/2025:10:24:12 -0500] "GET /wp-content/uploads/elementor/css/post-6028.css?ver=1744765111 HTTP/1.1" 200 1310 "-" "Mozilla/5.0 AppleWebKit/537.36 (KHTML, like Gecko; compatible; bingbot/2.0; +http://www.bing.com/bingbot.htm) Chrome/116.0.1938.76 Safari/537.36"
207.46.13.116 - - [20/Apr/2025:10:24:14 -0500] "GET /wp-content/uploads/elementor/css/post-7666.css?ver=1744785974 HTTP/1.1" 200 2890 "-" "Mozilla/5.0 AppleWebKit/537.36 (KHTML, like Gecko; compatible; bingbot/2.0; +http://www.bing.com/bingbot.htm) Chrome/116.0.1938.76 Safari/537.36"
34.31.192.120 - - [20/Apr/2025:10:24:15 -0500] "GET / HTTP/1.1" 200 45619 "http://corals.io" "Mozilla/5.0 (Windows NT 10.0; Win64; x64) AppleWebKit/537.36 (KHTML, like Gecko) Chrome/91.0.4472.124 Safari/537.36"
207.46.13.116 - - [20/Apr/2025:10:24:15 -0500] "GET /wp-content/uploads/elementor/google-fonts/css/robotoslab.css?ver=1742258990 HTTP/1.1" 200 954 "-" "Mozilla/5.0 AppleWebKit/537.36 (KHTML, like Gecko; compatible; bingbot/2.0; +http://www.bing.com/bingbot.htm) Chrome/116.0.1938.76 Safari/537.36"
207.46.13.116 - - [20/Apr/2025:10:24:16 -0500] "GET /wp-content/uploads/the7-css/custom.css?ver=dda58de88feb HTTP/1.1" 200 31934 "-" "Mozilla/5.0 AppleWebKit/537.36 (KHTML, like Gecko; compatible; bingbot/2.0; +http://www.bing.com/bingbot.htm) Chrome/116.0.1938.76 Safari/537.36"
207.46.13.116 - - [20/Apr/2025:10:24:18 -0500] "GET /wp-content/uploads/the7-css/media.css?ver=dda58de88feb HTTP/1.1" 200 9474 "-" "Mozilla/5.0 AppleWebKit/537.36 (KHTML, like Gecko; compatible; bingbot/2.0; +http://www.bing.com/bingbot.htm) Chrome/116.0.1938.76 Safari/537.36"
207.46.13.116 - - [20/Apr/2025:10:24:23 -0500] "GET /wp-includes/js/dist/data.min.js?ver=fe6c4835cd00e12493c3 HTTP/1.1" 200 8851 "-" "Mozilla/5.0 AppleWebKit/537.36 (KHTML, like Gecko; compatible; bingbot/2.0; +http://www.bing.com/bingbot.htm) Chrome/116.0.1938.76 Safari/537.36"
207.46.13.116 - - [20/Apr/2025:10:24:24 -0500] "GET /wp-includes/js/dist/escape-html.min.js?ver=6561a406d2d232a6fbd2 HTTP/1.1" 200 532 "-" "Mozilla/5.0 AppleWebKit/537.36 (KHTML, like Gecko; compatible; bingbot/2.0; +http://www.bing.com/bingbot.htm) Chrome/116.0.1938.76 Safari/537.36"
207.46.13.116 - - [20/Apr/2025:10:24:26 -0500] "GET /wp-content/uploads/elementor/google-fonts/css/roboto.css?ver=1742258986 HTTP/1.1" 200 2864 "-" "Mozilla/5.0 AppleWebKit/537.36 (KHTML, like Gecko; compatible; bingbot/2.0; +http://www.bing.com/bingbot.htm) Chrome/116.0.1938.76 Safari/537.36"
207.46.13.116 - - [20/Apr/2025:10:24:29 -0500] "GET /wp-includes/js/dist/vendor/react.min.js?ver=18.3.1.1 HTTP/1.1" 200 4165 "-" "Mozilla/5.0 AppleWebKit/537.36 (KHTML, like Gecko; compatible; bingbot/2.0; +http://www.bing.com/bingbot.htm) Chrome/116.0.1938.76 Safari/537.36"
207.46.13.116 - - [20/Apr/2025:10:24:29 -0500] "GET /wp-includes/js/wp-emoji-release.min.js?ver=6.8 HTTP/1.1" 200 5166 "-" "Mozilla/5.0 AppleWebKit/537.36 (KHTML, like Gecko; compatible; bingbot/2.0; +http://www.bing.com/bingbot.htm) Chrome/116.0.1938.76 Safari/537.36"
209.145.62.177 - - [20/Apr/2025:10:27:26 -0500] "POST /wp-cron.php?doing_wp_cron=1745162846.0321969985961914062500 HTTP/1.1" 200 - "-" "WordPress/6.8; https://www.corals.io"
54.36.148.82 - - [20/Apr/2025:10:27:25 -0500] "GET /sitemap_index.xml HTTP/1.1" 200 415 "-" "Mozilla/5.0 (compatible; AhrefsBot/7.0; +http://ahrefs.com/robot/)"
54.36.148.48 - - [20/Apr/2025:10:27:27 -0500] "GET /post-sitemap.xml HTTP/1.1" 200 626 "-" "Mozilla/5.0 (compatible; AhrefsBot/7.0; +http://ahrefs.com/robot/)"
54.36.148.82 - - [20/Apr/2025:10:27:29 -0500] "GET /page-sitemap.xml HTTP/1.1" 200 712 "-" "Mozilla/5.0 (compatible; AhrefsBot/7.0; +http://ahrefs.com/robot/)"
54.36.148.77 - - [20/Apr/2025:10:27:31 -0500] "GET /technology-sitemap.xml HTTP/1.1" 200 638 "-" "Mozilla/5.0 (compatible; AhrefsBot/7.0; +http://ahrefs.com/robot/)"
54.36.148.6 - - [20/Apr/2025:10:27:32 -0500] "GET /specialists-sitemap.xml HTTP/1.1" 200 486 "-" "Mozilla/5.0 (compatible; AhrefsBot/7.0; +http://ahrefs.com/robot/)"
54.36.148.103 - - [20/Apr/2025:10:27:35 -0500] "GET /services-sitemap.xml HTTP/1.1" 200 605 "-" "Mozilla/5.0 (compatible; AhrefsBot/7.0; +http://ahrefs.com/robot/)"
54.36.148.179 - - [20/Apr/2025:10:27:37 -0500] "GET /dt_portfolio-sitemap.xml HTTP/1.1" 200 1047 "-" "Mozilla/5.0 (compatible; AhrefsBot/7.0; +http://ahrefs.com/robot/)"
54.36.148.172 - - [20/Apr/2025:10:27:39 -0500] "GET /category-sitemap.xml HTTP/1.1" 200 406 "-" "Mozilla/5.0 (compatible; AhrefsBot/7.0; +http://ahrefs.com/robot/)"
54.36.149.90 - - [20/Apr/2025:10:27:41 -0500] "GET /local-sitemap.xml HTTP/1.1" 200 285 "-" "Mozilla/5.0 (compatible; AhrefsBot/7.0; +http://ahrefs.com/robot/)"
209.145.62.177 - - [20/Apr/2025:10:29:25 -0500] "POST /wp-cron.php?doing_wp_cron=1745162965.3828349113464355468750 HTTP/1.1" 200 - "-" "WordPress/6.8; https://www.corals.io"
154.81.156.10 - - [20/Apr/2025:10:29:24 -0500] "PROPFIND / HTTP/1.1" 200 108967 "-" "-"
209.145.62.177 - - [20/Apr/2025:10:33:33 -0500] "POST /wp-cron.php?doing_wp_cron=1745163213.8529460430145263671875 HTTP/1.1" 200 - "-" "WordPress/6.8; https://www.corals.io"
51.89.68.103 - - [20/Apr/2025:10:33:33 -0500] "GET /wp-admin/js/js/cache.php HTTP/1.1" 404 18501 "-" "Mozilla/5.0 (Windows NT 10.0; Win64; x64) AppleWebKit/537.36 (KHTML, like Gecko) Chrome/127.0.0.0 Safari/537.36"
51.89.68.103 - - [20/Apr/2025:10:33:35 -0500] "GET /wp-admin/images/images/cache.php HTTP/1.1" 404 18501 "-" "Mozilla/5.0 (Windows NT 10.0; Win64; x64) AppleWebKit/537.36 (KHTML, like Gecko) Chrome/127.0.0.0 Safari/537.36"
51.89.68.103 - - [20/Apr/2025:10:33:37 -0500] "GET /seo/seo/cache.php HTTP/1.1" 404 18501 "-" "Mozilla/5.0 (Windows NT 10.0; Win64; x64) AppleWebKit/537.36 (KHTML, like Gecko) Chrome/127.0.0.0 Safari/537.36"
51.89.68.103 - - [20/Apr/2025:10:33:37 -0500] "GET /wp-admin/includes/includes/cache.php HTTP/1.1" 404 18501 "-" "Mozilla/5.0 (Windows NT 10.0; Win64; x64) AppleWebKit/537.36 (KHTML, like Gecko) Chrome/127.0.0.0 Safari/537.36"
51.89.68.103 - - [20/Apr/2025:10:33:39 -0500] "GET /assets/images/cache.php HTTP/1.1" 404 18501 "-" "Mozilla/5.0 (Windows NT 10.0; Win64; x64) AppleWebKit/537.36 (KHTML, like Gecko) Chrome/127.0.0.0 Safari/537.36"
51.89.68.103 - - [20/Apr/2025:10:33:40 -0500] "GET /assets/media/media/cache.php HTTP/1.1" 404 18501 "-" "Mozilla/5.0 (Windows NT 10.0; Win64; x64) AppleWebKit/537.36 (KHTML, like Gecko) Chrome/127.0.0.0 Safari/537.36"
51.89.68.103 - - [20/Apr/2025:10:33:41 -0500] "GET /assets/images/images/cache.php HTTP/1.1" 404 18501 "-" "Mozilla/5.0 (Windows NT 10.0; Win64; x64) AppleWebKit/537.36 (KHTML, like Gecko) Chrome/127.0.0.0 Safari/537.36"
51.89.68.103 - - [20/Apr/2025:10:33:43 -0500] "GET /wp-includes/blocks/audio/audio/cache.php HTTP/1.1" 404 18501 "-" "Mozilla/5.0 (Windows NT 10.0; Win64; x64) AppleWebKit/537.36 (KHTML, like Gecko) Chrome/127.0.0.0 Safari/537.36"
209.145.62.177 - - [20/Apr/2025:10:35:40 -0500] "POST /wp-cron.php?doing_wp_cron=1745163340.7969679832458496093750 HTTP/1.1" 200 - "-" "WordPress/6.8; https://www.corals.io"
91.223.227.62 - - [20/Apr/2025:10:35:40 -0500] "GET /.env HTTP/1.1" 301 - "-" "Mozilla/5.0 (X11; Linux x86_64)"
91.223.227.62 - - [20/Apr/2025:10:35:41 -0500] "GET /.env HTTP/1.1" 404 18961 "https://corals.io/.env" "Mozilla/5.0 (X11; Linux x86_64)"
209.145.62.177 - - [20/Apr/2025:10:36:30 -0500] "POST /wp-cron.php?doing_wp_cron=1745163390.7079920768737792968750 HTTP/1.1" 200 - "-" "WordPress/6.8; https://www.corals.io"
185.93.3.203 - - [20/Apr/2025:10:36:29 -0500] "GET /.env HTTP/1.1" 301 - "-" "Mozilla/5.0 (X11; Linux x86_64)"
185.93.3.203 - - [20/Apr/2025:10:36:31 -0500] "GET /.env HTTP/1.1" 404 18961 "https://corals.io/.env" "Mozilla/5.0 (X11; Linux x86_64)"
40.77.189.119 - - [20/Apr/2025:10:39:29 -0500] "GET /wp-content/uploads/elementor/google-fonts/fonts/poppins-pxibyp8kv8jhgfvrlgt9z1xlfq.woff2 HTTP/1.1" 200 7771 "-" "Mozilla/5.0 AppleWebKit/537.36 (KHTML, like Gecko; compatible; bingbot/2.0; +http://www.bing.com/bingbot.htm) Chrome/100.0.4896.127 Safari/537.36"
40.77.188.163 - - [20/Apr/2025:10:39:29 -0500] "GET /wp-content/themes/dt-the7/fonts/icomoon-the7-font/icomoon-the7-font.ttf?wi57p5 HTTP/1.1" 200 23540 "-" "Mozilla/5.0 AppleWebKit/537.36 (KHTML, like Gecko; compatible; bingbot/2.0; +http://www.bing.com/bingbot.htm) Chrome/100.0.4896.127 Safari/537.36"
209.145.62.177 - - [20/Apr/2025:10:39:34 -0500] "POST /wp-cron.php?doing_wp_cron=1745163574.1264901161193847656250 HTTP/1.1" 200 - "-" "WordPress/6.8; https://www.corals.io"
196.251.81.194 - - [20/Apr/2025:10:39:33 -0500] "GET /.env HTTP/1.1" 404 18333 "-" "Mozilla/5.0 (Linux; Android 7.0; LGL84VL Build/NRD90U) AppleWebKit/537.36 (KHTML, like Gecko) Chrome/59.0.3071.125 Mobile Safari/537.36"
209.145.62.177 - - [20/Apr/2025:10:41:02 -0500] "POST /wp-cron.php?doing_wp_cron=1745163662.3923919200897216796875 HTTP/1.1" 200 - "-" "WordPress/6.8; https://www.corals.io"
205.210.31.132 - - [20/Apr/2025:10:41:01 -0500] "GET / HTTP/1.1" 301 - "-" "-"
205.210.31.132 - - [20/Apr/2025:10:41:03 -0500] "GET / HTTP/1.1" 200 45619 "-" "-"
209.145.62.177 - - [20/Apr/2025:10:47:14 -0500] "POST /wp-cron.php?doing_wp_cron=1745164034.4520220756530761718750 HTTP/1.1" 200 - "-" "WordPress/6.3.1; https://store.woobi.io"
209.145.62.177 - - [20/Apr/2025:10:53:37 -0500] "POST /wp-cron.php?doing_wp_cron=1745164417.0050470829010009765625 HTTP/1.1" 200 - "-" "WordPress/6.8; https://www.corals.io"
154.81.156.10 - - [20/Apr/2025:10:53:36 -0500] "PROPFIND / HTTP/1.1" 200 108967 "-" "-"
68.183.71.155 - - [20/Apr/2025:10:56:55 -0500] "GET / HTTP/1.0" 301 - "-" "-"
68.183.71.155 - - [20/Apr/2025:10:56:56 -0500] "GET / HTTP/1.0" 301 - "-" "-"
68.183.71.155 - - [20/Apr/2025:10:56:57 -0500] "GET / HTTP/1.0" 301 - "-" "-"
209.145.62.177 - - [20/Apr/2025:10:58:29 -0500] "POST /wp-cron.php?doing_wp_cron=1745164709.1395370960235595703125 HTTP/1.1" 200 - "-" "WordPress/6.8; https://www.corals.io"
52.167.144.56 - - [20/Apr/2025:10:58:28 -0500] "GET /robots.txt HTTP/1.1" 200 114 "-" "Mozilla/5.0 AppleWebKit/537.36 (KHTML, like Gecko; compatible; bingbot/2.0; +http://www.bing.com/bingbot.htm) Chrome/116.0.1938.76 Safari/537.36"
207.46.13.63 - - [20/Apr/2025:10:58:31 -0500] "GET /sitemap.txt HTTP/1.1" 404 18333 "-" "Mozilla/5.0 AppleWebKit/537.36 (KHTML, like Gecko; compatible; bingbot/2.0; +http://www.bing.com/bingbot.htm) Chrome/116.0.1938.76 Safari/537.36"
209.145.62.177 - - [20/Apr/2025:11:04:51 -0500] "POST /wp-cron.php?doing_wp_cron=1745165091.6348500251770019531250 HTTP/1.1" 200 - "-" "WordPress/6.8; https://www.corals.io"
35.203.211.72 - - [20/Apr/2025:11:04:50 -0500] "GET /wp-login.php HTTP/1.1" 200 6028 "-" "Expanse, a Palo Alto Networks company, searches across the global IPv4 space multiple times per day to identify customers' presences on the Internet. If you would like to be excluded from our scans, please send IP addresses/domains to: [email protected]"
195.191.219.133 - - [20/Apr/2025:11:05:01 -0500] "GET / HTTP/1.1" 301 - "-" "Mozilla/5.0 (compatible; MJ12bot/v2.0.0; http://mj12bot.com/)"
195.191.219.133 - - [20/Apr/2025:11:05:02 -0500] "GET / HTTP/1.1" 200 45619 "-" "Mozilla/5.0 (compatible; MJ12bot/v2.0.0; http://mj12bot.com/)"
209.145.62.177 - - [20/Apr/2025:11:06:15 -0500] "POST /wp-cron.php?doing_wp_cron=1745165175.1191489696502685546875 HTTP/1.1" 200 - "-" "WordPress/6.8; https://www.corals.io"
185.228.194.39 - - [20/Apr/2025:11:06:14 -0500] "GET /.git/config HTTP/1.1" 301 - "-" "Mozilla/5.0 (Windows NT 10.0; Win64; x64) AppleWebKit/537.36 (KHTML, like Gecko) Chrome/123.0.0.0 Safari/537.36"
209.145.62.177 - - [20/Apr/2025:11:08:48 -0500] "POST /wp-cron.php?doing_wp_cron=1745165328.7645030021667480468750 HTTP/1.1" 200 - "-" "WordPress/6.8; https://www.corals.io"
47.128.27.24 - - [20/Apr/2025:11:08:47 -0500] "GET /robots.txt HTTP/1.1" 301 - "-" "Mozilla/5.0 (Linux; Android 5.0) AppleWebKit/537.36 (KHTML, like Gecko) Mobile Safari/537.36 (compatible; Bytespider; [email protected])"
209.145.62.177 - - [20/Apr/2025:11:09:52 -0500] "POST /wp-cron.php?doing_wp_cron=1745165392.8884770870208740234375 HTTP/1.1" 200 - "-" "WordPress/6.8; https://www.corals.io"
54.171.118.22 - - [20/Apr/2025:11:09:51 -0500] "POST /webhooks/securionpay HTTP/1.1" 404 18333 "-" "Shift4/1.0 (+https://dev.shift4.com/docs/webhooks)"
209.145.62.177 - - [20/Apr/2025:11:13:30 -0500] "POST /wp-cron.php?doing_wp_cron=1745165609.9297680854797363281250 HTTP/1.1" 200 - "-" "WordPress/6.8; https://www.corals.io"
143.202.110.80 - - [20/Apr/2025:11:13:29 -0500] "GET / HTTP/1.1" 301 - "-" "Mozilla/5.0 (iPhone; CPU iPhone OS 11_0 like Mac OS X) AppleWebKit/537.36 (KHTML, like Gecko) Chrome/49.0.7984.1007 Mobile Safari/537.36"
155.186.115.107 - - [20/Apr/2025:11:13:32 -0500] "GET / HTTP/1.1" 200 44611 "-" "Mozilla/5.0 (iPhone; CPU iPhone OS 11_0 like Mac OS X) AppleWebKit/537.36 (KHTML, like Gecko) Chrome/49.0.7984.1007 Mobile Safari/537.36"
155.186.115.107 - - [20/Apr/2025:11:13:37 -0500] "GET /wp-content/plugins/elementor-pro/assets/js/webpack-pro.runtime.min.js?ver=3.25.0 HTTP/1.1" 200 2854 "https://www.corals.io/" "Mozilla/5.0 (iPhone; CPU iPhone OS 11_0 like Mac OS X) AppleWebKit/537.36 (KHTML, like Gecko) Chrome/49.0.7984.1007 Mobile Safari/537.36"
209.145.62.177 - - [20/Apr/2025:11:15:04 -0500] "POST /wp-cron.php?doing_wp_cron=1745165704.6273159980773925781250 HTTP/1.1" 200 - "-" "WordPress/6.8; https://www.corals.io"
66.249.66.43 - - [20/Apr/2025:11:15:03 -0500] "GET /wp-content/uploads/2017/12/coaches_dashboard.png HTTP/1.1" 404 18497 "-" "Mozilla/5.0 (Linux; Android 6.0.1; Nexus 5X Build/MMB29P) AppleWebKit/537.36 (KHTML, like Gecko) Chrome/135.0.7049.95 Mobile Safari/537.36 (compatible; Googlebot/2.1; +http://www.google.com/bot.html)"
152.42.243.138 - - [20/Apr/2025:11:16:02 -0500] "GET /wp-content/uploads/2024/11/image_2024_11_04T12_00_35_230Z-1024x607.png HTTP/1.1" 200 266820 "-" "Mozilla/5.0 (iPhone; CPU iPhone OS 17_0_1 like Mac OS X) AppleWebKit/605.1.15 (KHTML, like Gecko) Version/17.0 Mobile/15E148 Safari/604.1"
43.153.7.191 - - [20/Apr/2025:11:16:12 -0500] "GET / HTTP/1.1" 200 44611 "http://corals.io" "Mozilla/5.0 (iPhone; CPU iPhone OS 13_2_3 like Mac OS X) AppleWebKit/605.1.15 (KHTML, like Gecko) Version/13.0.3 Mobile/15E148 Safari/604.1"
209.145.62.177 - - [20/Apr/2025:11:26:34 -0500] "POST /wp-cron.php?doing_wp_cron=1745166394.3971719741821289062500 HTTP/1.1" 200 - "-" "WordPress/6.8; https://www.corals.io"
5.9.94.125 - - [20/Apr/2025:11:26:33 -0500] "GET / HTTP/1.1" 301 - "-" "Mozilla/5.0 (Windows NT 10.0; Win64; x64) AppleWebKit/537.36 (KHTML, like Gecko) Chrome/125.0.0.0 Safari/537.36"
5.9.94.125 - - [20/Apr/2025:11:26:35 -0500] "GET / HTTP/1.1" 200 45619 "-" "Mozilla/5.0 (Windows NT 10.0; Win64; x64) AppleWebKit/537.36 (KHTML, like Gecko) Chrome/125.0.0.0 Safari/537.36"
5.9.94.125 - - [20/Apr/2025:11:26:35 -0500] "GET /wp-content/themes/dt-the7/fonts/icomoon-the7-font/icomoon-the7-font.min.css?ver=12.2.0 HTTP/1.1" 200 3014 "https://www.corals.io/" "Mozilla/5.0 (Windows NT 10.0; Win64; x64) AppleWebKit/537.36 (KHTML, like Gecko) Chrome/125.0.0.0 Safari/537.36"
5.9.94.125 - - [20/Apr/2025:11:26:35 -0500] "GET /wp-content/plugins/elementor/assets/css/frontend.min.css?ver=3.28.3 HTTP/1.1" 200 7084 "https://www.corals.io/" "Mozilla/5.0 (Windows NT 10.0; Win64; x64) AppleWebKit/537.36 (KHTML, like Gecko) Chrome/125.0.0.0 Safari/537.36"
5.9.94.125 - - [20/Apr/2025:11:26:35 -0500] "GET /wp-content/plugins/the7-block-editor/dist/editor/blocks/navigation/responsiveness/common.css?ver=5bc89c75120ae5159676 HTTP/1.1" 200 194 "https://www.corals.io/" "Mozilla/5.0 (Windows NT 10.0; Win64; x64) AppleWebKit/537.36 (KHTML, like Gecko) Chrome/125.0.0.0 Safari/537.36"
5.9.94.125 - - [20/Apr/2025:11:26:35 -0500] "GET /wp-content/uploads/2022/07/wave-art-bg-white-down-1.svg HTTP/1.1" 200 449 "https://www.corals.io/" "Mozilla/5.0 (Windows NT 10.0; Win64; x64) AppleWebKit/537.36 (KHTML, like Gecko) Chrome/125.0.0.0 Safari/537.36"
5.9.94.125 - - [20/Apr/2025:11:26:35 -0500] "GET /wp-content/plugins/elementor/assets/css/widget-image.min.css?ver=3.28.3 HTTP/1.1" 200 164 "https://www.corals.io/" "Mozilla/5.0 (Windows NT 10.0; Win64; x64) AppleWebKit/537.36 (KHTML, like Gecko) Chrome/125.0.0.0 Safari/537.36"
5.9.94.125 - - [20/Apr/2025:11:26:35 -0500] "GET /wp-content/themes/dt-the7/css/compatibility/elementor/the7-icon-widget.min.css?ver=12.2.0 HTTP/1.1" 200 175 "https://www.corals.io/" "Mozilla/5.0 (Windows NT 10.0; Win64; x64) AppleWebKit/537.36 (KHTML, like Gecko) Chrome/125.0.0.0 Safari/537.36"
5.9.94.125 - - [20/Apr/2025:11:26:35 -0500] "GET /wp-content/themes/dt-the7/css/compatibility/elementor/the7-horizontal-menu-widget.min.css?ver=12.2.0 HTTP/1.1" 200 3492 "https://www.corals.io/" "Mozilla/5.0 (Windows NT 10.0; Win64; x64) AppleWebKit/537.36 (KHTML, like Gecko) Chrome/125.0.0.0 Safari/537.36"
5.9.94.125 - - [20/Apr/2025:11:26:35 -0500] "GET /wp-content/themes/dt-the7/fonts/FontAwesome/css/all.min.css?ver=12.2.0 HTTP/1.1" 200 12843 "https://www.corals.io/" "Mozilla/5.0 (Windows NT 10.0; Win64; x64) AppleWebKit/537.36 (KHTML, like Gecko) Chrome/125.0.0.0 Safari/537.36"
5.9.94.125 - - [20/Apr/2025:11:26:35 -0500] "GET /wp-content/uploads/elementor/css/post-6.css?ver=1744765110 HTTP/1.1" 200 3293 "https://www.corals.io/" "Mozilla/5.0 (Windows NT 10.0; Win64; x64) AppleWebKit/537.36 (KHTML, like Gecko) Chrome/125.0.0.0 Safari/537.36"
5.9.94.125 - - [20/Apr/2025:11:26:35 -0500] "GET /wp-content/plugins/elementor/assets/css/widget-heading.min.css?ver=3.28.3 HTTP/1.1" 200 189 "https://www.corals.io/" "Mozilla/5.0 (Windows NT 10.0; Win64; x64) AppleWebKit/537.36 (KHTML, like Gecko) Chrome/125.0.0.0 Safari/537.36"
5.9.94.125 - - [20/Apr/2025:11:26:35 -0500] "GET /wp-includes/js/dist/private-apis.min.js?ver=0f8478f1ba7e0eea562b HTTP/1.1" 200 1011 "https://www.corals.io/" "Mozilla/5.0 (Windows NT 10.0; Win64; x64) AppleWebKit/537.36 (KHTML, like Gecko) Chrome/125.0.0.0 Safari/537.36"
5.9.94.125 - - [20/Apr/2025:11:26:35 -0500] "GET /wp-content/themes/dt-the7/css/compatibility/elementor/the7-sticky-effects.min.css?ver=12.2.0 HTTP/1.1" 200 557 "https://www.corals.io/" "Mozilla/5.0 (Windows NT 10.0; Win64; x64) AppleWebKit/537.36 (KHTML, like Gecko) Chrome/125.0.0.0 Safari/537.36"
5.9.94.125 - - [20/Apr/2025:11:26:35 -0500] "GET /wp-includes/js/dist/is-shallow-equal.min.js?ver=e0f9f1d78d83f5196979 HTTP/1.1" 200 520 "https://www.corals.io/" "Mozilla/5.0 (Windows NT 10.0; Win64; x64) AppleWebKit/537.36 (KHTML, like Gecko) Chrome/125.0.0.0 Safari/537.36"
5.9.94.125 - - [20/Apr/2025:11:26:35 -0500] "GET /wp-content/themes/dt-the7/css/compatibility/elementor/the7-simple-posts-carousel.min.css?ver=12.2.0 HTTP/1.1" 200 640 "https://www.corals.io/" "Mozilla/5.0 (Windows NT 10.0; Win64; x64) AppleWebKit/537.36 (KHTML, like Gecko) Chrome/125.0.0.0 Safari/537.36"
5.9.94.125 - - [20/Apr/2025:11:26:35 -0500] "GET /wp-content/themes/dt-the7/css/compatibility/elementor/the7-filter-decorations-base.min.css?ver=12.2.0 HTTP/1.1" 200 2260 "https://www.corals.io/" "Mozilla/5.0 (Windows NT 10.0; Win64; x64) AppleWebKit/537.36 (KHTML, like Gecko) Chrome/125.0.0.0 Safari/537.36"
5.9.94.125 - - [20/Apr/2025:11:26:35 -0500] "GET /wp-includes/js/dist/compose.min.js?ver=84bcf832a5c99203f3db HTTP/1.1" 200 12815 "https://www.corals.io/" "Mozilla/5.0 (Windows NT 10.0; Win64; x64) AppleWebKit/537.36 (KHTML, like Gecko) Chrome/125.0.0.0 Safari/537.36"
5.9.94.125 - - [20/Apr/2025:11:26:35 -0500] "GET /wp-content/themes/dt-the7/css/compatibility/elementor/the7-carousel-text-and-icon-widget.min.css?ver=12.2.0 HTTP/1.1" 200 1227 "https://www.corals.io/" "Mozilla/5.0 (Windows NT 10.0; Win64; x64) AppleWebKit/537.36 (KHTML, like Gecko) Chrome/125.0.0.0 Safari/537.36"
5.9.94.125 - - [20/Apr/2025:11:26:35 -0500] "GET /wp-content/themes/dt-the7/css/compatibility/elementor/the7-carousel-navigation.min.css?ver=12.2.0 HTTP/1.1" 200 773 "https://www.corals.io/" "Mozilla/5.0 (Windows NT 10.0; Win64; x64) AppleWebKit/537.36 (KHTML, like Gecko) Chrome/125.0.0.0 Safari/537.36"
5.9.94.125 - - [20/Apr/2025:11:26:35 -0500] "GET /wp-content/uploads/elementor/css/post-1481.css?ver=1744766378 HTTP/1.1" 200 9203 "https://www.corals.io/" "Mozilla/5.0 (Windows NT 10.0; Win64; x64) AppleWebKit/537.36 (KHTML, like Gecko) Chrome/125.0.0.0 Safari/537.36"
5.9.94.125 - - [20/Apr/2025:11:26:35 -0500] "GET /wp-includes/js/dist/element.min.js?ver=a4eeeadd23c0d7ab1d2d HTTP/1.1" 200 4937 "https://www.corals.io/" "Mozilla/5.0 (Windows NT 10.0; Win64; x64) AppleWebKit/537.36 (KHTML, like Gecko) Chrome/125.0.0.0 Safari/537.36"
5.9.94.125 - - [20/Apr/2025:11:26:35 -0500] "GET /wp-includes/js/dist/hooks.min.js?ver=4d63a3d491d11ffd8ac6 HTTP/1.1" 200 1648 "https://www.corals.io/" "Mozilla/5.0 (Windows NT 10.0; Win64; x64) AppleWebKit/537.36 (KHTML, like Gecko) Chrome/125.0.0.0 Safari/537.36"
5.9.94.125 - - [20/Apr/2025:11:26:35 -0500] "GET /wp-content/uploads/the7-css/media.css?ver=dda58de88feb HTTP/1.1" 200 9474 "https://www.corals.io/" "Mozilla/5.0 (Windows NT 10.0; Win64; x64) AppleWebKit/537.36 (KHTML, like Gecko) Chrome/125.0.0.0 Safari/537.36"
5.9.94.125 - - [20/Apr/2025:11:26:35 -0500] "GET /wp-content/themes/dt-the7/css/compatibility/elementor/the7-carousel-widget.min.css?ver=12.2.0 HTTP/1.1" 200 3772 "https://www.corals.io/" "Mozilla/5.0 (Windows NT 10.0; Win64; x64) AppleWebKit/537.36 (KHTML, like Gecko) Chrome/125.0.0.0 Safari/537.36"
5.9.94.125 - - [20/Apr/2025:11:26:35 -0500] "GET /wp-content/uploads/the7-css/mega-menu.css?ver=dda58de88feb HTTP/1.1" 200 3219 "https://www.corals.io/" "Mozilla/5.0 (Windows NT 10.0; Win64; x64) AppleWebKit/537.36 (KHTML, like Gecko) Chrome/125.0.0.0 Safari/537.36"
5.9.94.125 - - [20/Apr/2025:11:26:35 -0500] "GET /wp-includes/js/dist/keycodes.min.js?ver=034ff647a54b018581d3 HTTP/1.1" 200 1391 "https://www.corals.io/" "Mozilla/5.0 (Windows NT 10.0; Win64; x64) AppleWebKit/537.36 (KHTML, like Gecko) Chrome/125.0.0.0 Safari/537.36"
5.9.94.125 - - [20/Apr/2025:11:26:35 -0500] "GET /wp-content/plugins/the7-block-editor/dist/editor/editor-css-store/index.js?ver=d97797adfb4da999541a HTTP/1.1" 200 1608 "https://www.corals.io/" "Mozilla/5.0 (Windows NT 10.0; Win64; x64) AppleWebKit/537.36 (KHTML, like Gecko) Chrome/125.0.0.0 Safari/537.36"
5.9.94.125 - - [20/Apr/2025:11:26:35 -0500] "GET /wp-includes/js/dist/i18n.min.js?ver=5e580eb46a90c2b997e6 HTTP/1.1" 200 3667 "https://www.corals.io/" "Mozilla/5.0 (Windows NT 10.0; Win64; x64) AppleWebKit/537.36 (KHTML, like Gecko) Chrome/125.0.0.0 Safari/537.36"
5.9.94.125 - - [20/Apr/2025:11:26:35 -0500] "GET /wp-content/themes/dt-the7-child/style.css?ver=12.2.0 HTTP/1.1" 200 801 "https://www.corals.io/" "Mozilla/5.0 (Windows NT 10.0; Win64; x64) AppleWebKit/537.36 (KHTML, like Gecko) Chrome/125.0.0.0 Safari/537.36"
5.9.94.125 - - [20/Apr/2025:11:26:35 -0500] "GET /wp-content/themes/dt-the7/css/compatibility/elementor/elementor-global.min.css?ver=12.2.0 HTTP/1.1" 200 8637 "https://www.corals.io/" "Mozilla/5.0 (Windows NT 10.0; Win64; x64) AppleWebKit/537.36 (KHTML, like Gecko) Chrome/125.0.0.0 Safari/537.36"
5.9.94.125 - - [20/Apr/2025:11:26:35 -0500] "GET /wp-content/plugins/the7-block-editor/dist/editor/blocks/__all__/visibility/common.js?ver=67b1e492da753da46c86 HTTP/1.1" 200 - "https://www.corals.io/" "Mozilla/5.0 (Windows NT 10.0; Win64; x64) AppleWebKit/537.36 (KHTML, like Gecko) Chrome/125.0.0.0 Safari/537.36"
5.9.94.125 - - [20/Apr/2025:11:26:35 -0500] "GET /wp-includes/js/jquery/jquery-migrate.min.js?ver=3.4.1 HTTP/1.1" 200 4872 "https://www.corals.io/" "Mozilla/5.0 (Windows NT 10.0; Win64; x64) AppleWebKit/537.36 (KHTML, like Gecko) Chrome/125.0.0.0 Safari/537.36"
5.9.94.125 - - [20/Apr/2025:11:26:35 -0500] "GET /wp-content/themes/dt-the7/js/above-the-fold.min.js?ver=12.2.0 HTTP/1.1" 200 4778 "https://www.corals.io/" "Mozilla/5.0 (Windows NT 10.0; Win64; x64) AppleWebKit/537.36 (KHTML, like Gecko) Chrome/125.0.0.0 Safari/537.36"
5.9.94.125 - - [20/Apr/2025:11:26:35 -0500] "GET /wp-includes/js/dist/redux-routine.min.js?ver=8bb92d45458b29590f53 HTTP/1.1" 200 2809 "https://www.corals.io/" "Mozilla/5.0 (Windows NT 10.0; Win64; x64) AppleWebKit/537.36 (KHTML, like Gecko) Chrome/125.0.0.0 Safari/537.36"
5.9.94.125 - - [20/Apr/2025:11:26:35 -0500] "GET /wp-content/plugins/the7-block-editor/dist/editor/blocks/navigation/responsiveness/common.js?ver=5bc89c75120ae5159676 HTTP/1.1" 200 - "https://www.corals.io/" "Mozilla/5.0 (Windows NT 10.0; Win64; x64) AppleWebKit/537.36 (KHTML, like Gecko) Chrome/125.0.0.0 Safari/537.36"
