154.83.103.111 - - [20/Apr/2025:21:17:56 -0500] "GET /keys/sendgrid_keys.json HTTP/1.1" 404 18960 "-" "Mozilla/5.0 (Windows NT 10.0; Win64; x64) AppleWebKit/537.36 (KHTML, like Gecko) Chrome/91.0.4472.124 Safari/537.36"
154.83.103.111 - - [20/Apr/2025:21:17:57 -0500] "GET /api_keys/sendgrid_keys.json HTTP/1.1" 404 18960 "-" "Mozilla/5.0 (Windows NT 10.0; Win64; x64) AppleWebKit/537.36 (KHTML, like Gecko) Chrome/91.0.4472.124 Safari/537.36"
154.83.103.111 - - [20/Apr/2025:21:17:59 -0500] "GET /config/sparkpost_keys.json HTTP/1.1" 404 18960 "-" "Mozilla/5.0 (Windows NT 10.0; Win64; x64) AppleWebKit/537.36 (KHTML, like Gecko) Chrome/91.0.4472.124 Safari/537.36"
154.83.103.111 - - [20/Apr/2025:21:18:01 -0500] "GET /config/sparkpost_config.json HTTP/1.1" 404 18960 "-" "Mozilla/5.0 (Windows NT 10.0; Win64; x64) AppleWebKit/537.36 (KHTML, like Gecko) Chrome/91.0.4472.124 Safari/537.36"
154.83.103.111 - - [20/Apr/2025:21:18:04 -0500] "GET /config/sparkpost.py HTTP/1.1" 404 18960 "-" "Mozilla/5.0 (Windows NT 10.0; Win64; x64) AppleWebKit/537.36 (KHTML, like Gecko) Chrome/91.0.4472.124 Safari/537.36"
154.83.103.111 - - [20/Apr/2025:21:18:06 -0500] "GET /config/settings/sparkpost_keys.js HTTP/1.1" 404 19131 "-" "Mozilla/5.0 (Windows NT 10.0; Win64; x64) AppleWebKit/537.36 (KHTML, like Gecko) Chrome/91.0.4472.124 Safari/537.36"
209.145.62.177 - - [20/Apr/2025:21:18:09 -0500] "POST /wp-cron.php?doing_wp_cron=1745201889.5140659809112548828125 HTTP/1.1" 200 - "-" "WordPress/6.8; https://www.corals.io"
154.83.103.111 - - [20/Apr/2025:21:18:08 -0500] "GET /config/env/sparkpost.env HTTP/1.1" 404 19131 "-" "Mozilla/5.0 (Windows NT 10.0; Win64; x64) AppleWebKit/537.36 (KHTML, like Gecko) Chrome/91.0.4472.124 Safari/537.36"
154.83.103.111 - - [20/Apr/2025:21:18:10 -0500] "GET /config/env/sparkpost_keys.env HTTP/1.1" 404 19131 "-" "Mozilla/5.0 (Windows NT 10.0; Win64; x64) AppleWebKit/537.36 (KHTML, like Gecko) Chrome/91.0.4472.124 Safari/537.36"
154.83.103.111 - - [20/Apr/2025:21:18:12 -0500] "GET /sparkpost_keys.txt HTTP/1.1" 404 18960 "-" "Mozilla/5.0 (Windows NT 10.0; Win64; x64) AppleWebKit/537.36 (KHTML, like Gecko) Chrome/91.0.4472.124 Safari/537.36"
154.83.103.111 - - [20/Apr/2025:21:18:14 -0500] "GET /sparkpost_keys.py HTTP/1.1" 404 18960 "-" "Mozilla/5.0 (Windows NT 10.0; Win64; x64) AppleWebKit/537.36 (KHTML, like Gecko) Chrome/91.0.4472.124 Safari/537.36"
154.83.103.111 - - [20/Apr/2025:21:18:15 -0500] "GET /keys/sparkpost_keys.json HTTP/1.1" 404 18960 "-" "Mozilla/5.0 (Windows NT 10.0; Win64; x64) AppleWebKit/537.36 (KHTML, like Gecko) Chrome/91.0.4472.124 Safari/537.36"
154.83.103.111 - - [20/Apr/2025:21:18:17 -0500] "GET /api_keys/sparkpost_keys.json HTTP/1.1" 404 18960 "-" "Mozilla/5.0 (Windows NT 10.0; Win64; x64) AppleWebKit/537.36 (KHTML, like Gecko) Chrome/91.0.4472.124 Safari/537.36"
154.83.103.111 - - [20/Apr/2025:21:18:19 -0500] "GET /_profiler/phpinfo HTTP/1.1" 404 18960 "-" "Mozilla/5.0 (Windows NT 10.0; Win64; x64) AppleWebKit/537.36 (KHTML, like Gecko) Chrome/91.0.4472.124 Safari/537.36"
154.83.103.111 - - [20/Apr/2025:21:18:21 -0500] "GET /phpinfo HTTP/1.1" 404 18960 "-" "Mozilla/5.0 (Windows NT 10.0; Win64; x64) AppleWebKit/537.36 (KHTML, like Gecko) Chrome/91.0.4472.124 Safari/537.36"
154.83.103.111 - - [20/Apr/2025:21:18:22 -0500] "GET / HTTP/1.1" 200 45619 "-" "Mozilla/5.0 (Windows NT 10.0; Win64; x64) AppleWebKit/537.36 (KHTML, like Gecko) Chrome/91.0.4472.124 Safari/537.36"
154.83.103.111 - - [20/Apr/2025:21:18:23 -0500] "GET /wp-config HTTP/1.1" 404 18960 "-" "Mozilla/5.0 (Windows NT 10.0; Win64; x64) AppleWebKit/537.36 (KHTML, like Gecko) Chrome/91.0.4472.124 Safari/537.36"
154.83.103.111 - - [20/Apr/2025:21:18:24 -0500] "GET /test HTTP/1.1" 404 18960 "-" "Mozilla/5.0 (Windows NT 10.0; Win64; x64) AppleWebKit/537.36 (KHTML, like Gecko) Chrome/91.0.4472.124 Safari/537.36"
154.83.103.111 - - [20/Apr/2025:21:18:26 -0500] "GET /_next/static/chunks/app HTTP/1.1" 404 19131 "-" "Mozilla/5.0 (Windows NT 10.0; Win64; x64) AppleWebKit/537.36 (KHTML, like Gecko) Chrome/91.0.4472.124 Safari/537.36"
154.83.103.111 - - [20/Apr/2025:21:18:27 -0500] "GET /user/libraries HTTP/1.1" 404 18960 "-" "Mozilla/5.0 (Windows NT 10.0; Win64; x64) AppleWebKit/537.36 (KHTML, like Gecko) Chrome/91.0.4472.124 Safari/537.36"
154.83.103.111 - - [20/Apr/2025:21:18:29 -0500] "GET /dist HTTP/1.1" 404 18960 "-" "Mozilla/5.0 (Windows NT 10.0; Win64; x64) AppleWebKit/537.36 (KHTML, like Gecko) Chrome/91.0.4472.124 Safari/537.36"
154.83.103.111 - - [20/Apr/2025:21:18:31 -0500] "GET /backend HTTP/1.1" 404 18960 "-" "Mozilla/5.0 (Windows NT 10.0; Win64; x64) AppleWebKit/537.36 (KHTML, like Gecko) Chrome/91.0.4472.124 Safari/537.36"
154.83.103.111 - - [20/Apr/2025:21:18:33 -0500] "GET /storage/logs HTTP/1.1" 404 18960 "-" "Mozilla/5.0 (Windows NT 10.0; Win64; x64) AppleWebKit/537.36 (KHTML, like Gecko) Chrome/91.0.4472.124 Safari/537.36"
154.83.103.111 - - [20/Apr/2025:21:18:34 -0500] "GET /api HTTP/1.1" 404 18960 "-" "Mozilla/5.0 (Windows NT 10.0; Win64; x64) AppleWebKit/537.36 (KHTML, like Gecko) Chrome/91.0.4472.124 Safari/537.36"
154.83.103.111 - - [20/Apr/2025:21:18:36 -0500] "GET /static/js HTTP/1.1" 404 18960 "-" "Mozilla/5.0 (Windows NT 10.0; Win64; x64) AppleWebKit/537.36 (KHTML, like Gecko) Chrome/91.0.4472.124 Safari/537.36"
154.83.103.111 - - [20/Apr/2025:21:18:38 -0500] "GET /api/account/sendgrid HTTP/1.1" 404 19131 "-" "Mozilla/5.0 (Windows NT 10.0; Win64; x64) AppleWebKit/537.36 (KHTML, like Gecko) Chrome/91.0.4472.124 Safari/537.36"
209.145.62.177 - - [20/Apr/2025:21:19:37 -0500] "POST /wp-cron.php?doing_wp_cron=1745201977.0513660907745361328125 HTTP/1.1" 200 - "-" "WordPress/6.8; https://www.corals.io"
54.36.148.207 - - [20/Apr/2025:21:19:36 -0500] "GET /robots.txt HTTP/1.1" 200 114 "-" "Mozilla/5.0 (compatible; AhrefsBot/7.0; +http://ahrefs.com/robot/)"
51.222.253.6 - - [20/Apr/2025:21:19:38 -0500] "GET /why-outsourcing-to-the-mena-region-is-a-game-changer-for-your-business/ HTTP/1.1" 200 33210 "-" "Mozilla/5.0 (compatible; AhrefsBot/7.0; +http://ahrefs.com/robot/)"
209.145.62.177 - - [20/Apr/2025:21:19:52 -0500] "POST /wp-cron.php?doing_wp_cron=1745201992.1935379505157470703125 HTTP/1.1" 200 - "-" "WordPress/6.8; https://www.corals.io"
154.81.156.10 - - [20/Apr/2025:21:19:51 -0500] "PROPFIND / HTTP/1.1" 200 108967 "-" "-"
43.159.140.236 - - [20/Apr/2025:21:20:01 -0500] "GET /xmlrpc.php?rsd HTTP/1.1" 200 302 "-" "Mozilla/5.0 (iPhone; CPU iPhone OS 13_2_3 like Mac OS X) AppleWebKit/605.1.15 (KHTML, like Gecko) Version/13.0.3 Mobile/15E148 Safari/604.1"
209.145.62.177 - - [20/Apr/2025:21:24:44 -0500] "POST /wp-cron.php?doing_wp_cron=1745202284.2683138847351074218750 HTTP/1.1" 200 - "-" "WordPress/6.8; https://www.corals.io"
2600:1900:0:4005::801 - - [20/Apr/2025:21:24:43 -0500] "GET / HTTP/1.1" 301 - "-" "Mozilla/5.0 (iPhone; CPU iPhone OS 17_2 like Mac OS X) AppleWebKit/605.1.15 (KHTML, like Gecko) EdgiOS/120.0.2210.126 Version/17.0 Mobile/15E148 Safari/604.1"
2600:1900:0:4005::801 - - [20/Apr/2025:21:24:44 -0500] "GET / HTTP/1.1" 200 44610 "-" "Mozilla/5.0 (iPhone; CPU iPhone OS 17_2 like Mac OS X) AppleWebKit/605.1.15 (KHTML, like Gecko) EdgiOS/120.0.2210.126 Version/17.0 Mobile/15E148 Safari/604.1"
2600:1900:0:4005::801 - - [20/Apr/2025:21:24:47 -0500] "GET /wp-content/uploads/2024/10/cropped-logo_square-32x32.png HTTP/1.1" 200 1298 "-" "python-httpx/0.27.2"
209.145.62.177 - - [20/Apr/2025:21:32:09 -0500] "POST /wp-cron.php?doing_wp_cron=1745202728.9101390838623046875000 HTTP/1.1" 200 - "-" "WordPress/6.8; https://www.corals.io"
43.153.49.151 - - [20/Apr/2025:21:32:08 -0500] "GET /wp-json/wp/v2/technology/7666 HTTP/1.1" 200 4534 "-" "Mozilla/5.0 (iPhone; CPU iPhone OS 13_2_3 like Mac OS X) AppleWebKit/605.1.15 (KHTML, like Gecko) Version/13.0.3 Mobile/15E148 Safari/604.1"
198.98.59.202 - - [20/Apr/2025:21:34:31 -0500] "GET / HTTP/1.1" 301 - "http://www.google.com.hk" "Mozilla/5.0 (Windows NT 6.1; WOW64) AppleWebKit/537.36 (KHTML, like Gecko) Chrome/42.0.2311.90 Safari/537.36"
209.145.62.177 - - [20/Apr/2025:21:36:29 -0500] "POST /wp-cron.php?doing_wp_cron=1745202989.3394029140472412109375 HTTP/1.1" 200 - "-" "WordPress/6.8; https://www.corals.io"
47.128.111.127 - - [20/Apr/2025:21:36:28 -0500] "GET /product/ryker-lumatech-tee-crew-neck/ HTTP/1.1" 404 18332 "-" "Mozilla/5.0 (Linux; Android 5.0) AppleWebKit/537.36 (KHTML, like Gecko) Mobile Safari/537.36 (compatible; TikTokSpider; [email protected])"
198.98.59.202 - - [20/Apr/2025:21:36:34 -0500] "GET / HTTP/1.1" 200 45619 "http://www.google.com.hk" "Mozilla/5.0 (Windows NT 6.1; WOW64) AppleWebKit/537.36 (KHTML, like Gecko) Chrome/42.0.2311.90 Safari/537.36"
209.145.62.177 - - [20/Apr/2025:21:38:19 -0500] "POST /?wordfence_syncAttackData=1745203099.7658 HTTP/1.1" 200 - "-" "WordPress/6.8; https://www.corals.io"
209.145.62.177 - - [20/Apr/2025:21:38:21 -0500] "POST /wp-cron.php?doing_wp_cron=1745203101.2986259460449218750000 HTTP/1.1" 200 - "-" "WordPress/6.8; https://www.corals.io"
198.98.59.202 - - [20/Apr/2025:21:38:19 -0500] "POST /wp-json/sure-triggers/v1/automation/action HTTP/1.1" 404 117 "-" "Mozilla/5.0 (Macintosh; Intel Mac OS X 10_15_7) AppleWebKit/537.36 (KHTML, like Gecko) Chrome/113.0.0.0 Safari/537.36"
209.145.62.177 - - [20/Apr/2025:21:40:23 -0500] "POST /wp-cron.php?doing_wp_cron=1745203223.6402409076690673828125 HTTP/1.1" 200 - "-" "WordPress/6.8; https://www.corals.io"
198.98.59.202 - - [20/Apr/2025:21:40:22 -0500] "GET /wp-login.php?wp_lang=e HTTP/1.1" 200 2060 "-" "Mozilla/5.0 (Macintosh; Intel Mac OS X 10_9_4 AppleWebKit/537.36 (KHTML, like Gecko) Chrome/36.0.1985.125 Safari/537.36"
198.98.59.202 - - [20/Apr/2025:21:40:27 -0500] "POST /wp-login.php?wp_lang=e HTTP/1.1" 503 7310 "-" "Mozilla/5.0 (Macintosh; Intel Mac OS X 10_9_4 AppleWebKit/537.36 (KHTML, like Gecko) Chrome/36.0.1985.125 Safari/537.36"
165.231.182.135 - - [20/Apr/2025:21:41:25 -0500] "GET / HTTP/1.1" 200 45619 "https://www.corals.io/" "Mozilla/5.0 (Windows NT 10.0; Win64; x64) AppleWebKit/537.36 (KHTML, like Gecko) Chrome/131.0.0.0 Safari/537.36"
165.231.182.135 - - [20/Apr/2025:21:41:26 -0500] "GET / HTTP/1.1" 200 45619 "https://www.corals.io/" "Mozilla/5.0 (Windows NT 10.0; Win64; x64) AppleWebKit/537.36 (KHTML, like Gecko) Chrome/131.0.0.0 Safari/537.36"
165.231.182.135 - - [20/Apr/2025:21:41:27 -0500] "GET /contact/ HTTP/1.1" 200 31457 "https://www.corals.io/contact/" "Mozilla/5.0 (Windows NT 10.0; Win64; x64) AppleWebKit/537.36 (KHTML, like Gecko) Chrome/131.0.0.0 Safari/537.36"
165.231.182.135 - - [20/Apr/2025:21:41:36 -0500] "POST /wp-admin/admin-ajax.php HTTP/1.1" 200 183 "https://www.corals.io/contact/" "Mozilla/5.0 (Windows NT 10.0; Win64; x64) AppleWebKit/537.36 (KHTML, like Gecko) Chrome/131.0.0.0 Safari/537.36"
198.98.59.202 - - [20/Apr/2025:21:42:31 -0500] "GET /?author=1 HTTP/1.1" 503 7111 "http://www.google.com.hk" "Mozilla/5.0 (Windows NT 6.1; WOW64) AppleWebKit/537.36 (KHTML, like Gecko) Chrome/42.0.2311.90 Safari/537.36"
209.145.62.177 - - [20/Apr/2025:21:42:47 -0500] "POST /?wordfence_syncAttackData=1745203367.2014 HTTP/1.1" 200 - "-" "WordPress/6.8; https://www.corals.io"
209.145.62.177 - - [20/Apr/2025:21:42:48 -0500] "POST /wp-cron.php?doing_wp_cron=1745203368.6944999694824218750000 HTTP/1.1" 200 - "-" "WordPress/6.8; https://www.corals.io"
170.106.65.93 - - [20/Apr/2025:21:42:46 -0500] "GET / HTTP/1.1" 200 44610 "-" "Mozilla/5.0 (iPhone; CPU iPhone OS 13_2_3 like Mac OS X) AppleWebKit/605.1.15 (KHTML, like Gecko) Version/13.0.3 Mobile/15E148 Safari/604.1"
198.98.59.202 - - [20/Apr/2025:21:44:34 -0500] "GET /wp-login.php?wp_lang=e HTTP/1.1" 503 7111 "-" "Mozilla/5.0 (Windows NT 6.1; WOW64) AppleWebKit/537.36 (KHTML, like Gecko) Chrome/36.0.1985.125 Safari/537.36"
209.145.62.177 - - [20/Apr/2025:21:44:54 -0500] "POST /?wordfence_syncAttackData=1745203494.1877 HTTP/1.1" 200 - "-" "WordPress/6.8; https://www.corals.io"
209.145.62.177 - - [20/Apr/2025:21:48:37 -0500] "POST /wp-cron.php?doing_wp_cron=1745203717.9010059833526611328125 HTTP/1.1" 200 - "-" "WordPress/6.8; https://www.corals.io"
156.59.198.136 - - [20/Apr/2025:21:48:37 -0500] "GET /wp-content/uploads/2023/10/msh10-blue_alt1-3-700x869.jpg HTTP/1.1" 404 18499 "-" "Mozilla/5.0 (Linux; Android 5.0) AppleWebKit/537.36 (KHTML, like Gecko) Mobile Safari/537.36 (compatible; Bytespider; [email protected])"
209.145.62.177 - - [20/Apr/2025:21:50:03 -0500] "POST /wp-cron.php?doing_wp_cron=1745203802.9516849517822265625000 HTTP/1.1" 200 - "-" "WordPress/6.8; https://www.corals.io"
45.90.196.68 - - [20/Apr/2025:21:50:01 -0500] "GET /wp-login.php HTTP/1.1" 200 2063 "-" "Mozilla/5.0 (Windows NT 10.0; Win64; x64) AppleWebKit/537.36 (KHTML, like Gecko) Chrome/115.0.0.0 Safari/537.36 Edg/115.0.1901.203"
45.90.196.68 - - [20/Apr/2025:21:50:04 -0500] "POST /wp-login.php HTTP/1.1" 200 2219 "https://www.corals.io/wp-login.php" "Mozilla/5.0 (Windows NT 10.0; Win64; x64) AppleWebKit/537.36 (KHTML, like Gecko) Chrome/115.0.0.0 Safari/537.36 Edg/115.0.1901.203"
43.159.148.221 - - [20/Apr/2025:21:51:27 -0500] "GET /wp-content/uploads/2024/11/wordpress_logo_icon_181263.webp HTTP/1.1" 200 10582 "-" "Mozilla/5.0 (iPhone; CPU iPhone OS 13_2_3 like Mac OS X) AppleWebKit/605.1.15 (KHTML, like Gecko) Version/13.0.3 Mobile/15E148 Safari/604.1"
209.145.62.177 - - [20/Apr/2025:21:52:38 -0500] "POST /wp-cron.php?doing_wp_cron=1745203958.4632759094238281250000 HTTP/1.1" 200 - "-" "WordPress/6.8; https://www.corals.io"
156.59.198.136 - - [20/Apr/2025:21:52:37 -0500] "GET /wp-content/uploads/2021/08/lounge-chair-textiles-3-2.jpg HTTP/1.1" 404 18499 "-" "Mozilla/5.0 (Linux; Android 5.0) AppleWebKit/537.36 (KHTML, like Gecko) Mobile Safari/537.36 (compatible; Bytespider; [email protected])"
209.145.62.177 - - [20/Apr/2025:21:54:23 -0500] "POST /wp-cron.php?doing_wp_cron=1745204062.9184761047363281250000 HTTP/1.1" 200 - "-" "WordPress/6.8; https://www.corals.io"
66.249.66.40 - - [20/Apr/2025:21:54:21 -0500] "GET /2024/12/05/ HTTP/1.1" 301 - "-" "Mozilla/5.0 (Linux; Android 6.0.1; Nexus 5X Build/MMB29P) AppleWebKit/537.36 (KHTML, like Gecko) Chrome/135.0.7049.95 Mobile Safari/537.36 (compatible; Googlebot/2.1; +http://www.google.com/bot.html)"
66.249.66.40 - - [20/Apr/2025:21:54:23 -0500] "GET / HTTP/1.1" 200 44638 "-" "Mozilla/5.0 (Linux; Android 6.0.1; Nexus 5X Build/MMB29P) AppleWebKit/537.36 (KHTML, like Gecko) Chrome/135.0.7049.95 Mobile Safari/537.36 (compatible; Googlebot/2.1; +http://www.google.com/bot.html)"
66.249.66.37 - - [20/Apr/2025:21:54:36 -0500] "GET /wp-content/uploads/elementor/css/post-3912.css?ver=1744416000 HTTP/1.1" 200 2931 "https://www.corals.io/" "Mozilla/5.0 (Linux; Android 6.0.1; Nexus 5X Build/MMB29P) AppleWebKit/537.36 (KHTML, like Gecko) Chrome/134.0.6998.165 Mobile Safari/537.36 (compatible; Googlebot/2.1; +http://www.google.com/bot.html)"
209.145.62.177 - - [20/Apr/2025:21:57:16 -0500] "POST /wp-cron.php?doing_wp_cron=1745204235.9543499946594238281250 HTTP/1.1" 200 - "-" "WordPress/6.8; https://www.corals.io"
51.222.253.12 - - [20/Apr/2025:21:57:15 -0500] "GET /sitemap_index.xml HTTP/1.1" 200 415 "-" "Mozilla/5.0 (compatible; AhrefsBot/7.0; +http://ahrefs.com/robot/)"
51.222.253.7 - - [20/Apr/2025:21:57:17 -0500] "GET /post-sitemap.xml HTTP/1.1" 200 626 "-" "Mozilla/5.0 (compatible; AhrefsBot/7.0; +http://ahrefs.com/robot/)"
51.222.253.17 - - [20/Apr/2025:21:57:18 -0500] "GET /page-sitemap.xml HTTP/1.1" 200 712 "-" "Mozilla/5.0 (compatible; AhrefsBot/7.0; +http://ahrefs.com/robot/)"
51.222.253.6 - - [20/Apr/2025:21:57:20 -0500] "GET /technology-sitemap.xml HTTP/1.1" 200 638 "-" "Mozilla/5.0 (compatible; AhrefsBot/7.0; +http://ahrefs.com/robot/)"
51.222.253.19 - - [20/Apr/2025:21:57:22 -0500] "GET /specialists-sitemap.xml HTTP/1.1" 200 486 "-" "Mozilla/5.0 (compatible; AhrefsBot/7.0; +http://ahrefs.com/robot/)"
51.222.253.15 - - [20/Apr/2025:21:57:24 -0500] "GET /services-sitemap.xml HTTP/1.1" 200 605 "-" "Mozilla/5.0 (compatible; AhrefsBot/7.0; +http://ahrefs.com/robot/)"
51.222.253.3 - - [20/Apr/2025:21:57:25 -0500] "GET /dt_portfolio-sitemap.xml HTTP/1.1" 200 1047 "-" "Mozilla/5.0 (compatible; AhrefsBot/7.0; +http://ahrefs.com/robot/)"
51.222.253.13 - - [20/Apr/2025:21:57:27 -0500] "GET /category-sitemap.xml HTTP/1.1" 200 406 "-" "Mozilla/5.0 (compatible; AhrefsBot/7.0; +http://ahrefs.com/robot/)"
51.222.253.11 - - [20/Apr/2025:21:57:29 -0500] "GET /local-sitemap.xml HTTP/1.1" 200 285 "-" "Mozilla/5.0 (compatible; AhrefsBot/7.0; +http://ahrefs.com/robot/)"
209.145.62.177 - - [20/Apr/2025:22:02:40 -0500] "POST /wp-cron.php?doing_wp_cron=1745204559.8526570796966552734375 HTTP/1.1" 200 - "-" "WordPress/6.8; https://www.corals.io"
195.211.191.127 - - [20/Apr/2025:22:02:38 -0500] "GET /.git/config HTTP/1.1" 404 18332 "-" "Mozilla/5.0 (Debian; Linux x86_64; rv:128.0) Gecko/20100101 Firefox/128.0"
209.145.62.177 - - [20/Apr/2025:22:03:43 -0500] "POST /wp-cron.php?doing_wp_cron=1745204623.8160490989685058593750 HTTP/1.1" 200 - "-" "WordPress/6.8; https://www.corals.io"
66.249.71.5 - - [20/Apr/2025:22:03:42 -0500] "GET /wp-content/uploads/2023/09/screencapture-woobi-reports-test-woocommerce-customers-2023-09-25-13_56_16-1024x618.png HTTP/1.1" 404 18499 "-" "Googlebot-Image/1.0"
185.242.226.14 - - [20/Apr/2025:22:06:27 -0500] "GET / HTTP/1.1" 301 - "-" "Mozilla/5.0 (Windows NT 10.0; Win64; x64) AppleWebKit/537.36 (KHTML, like Gecko) Chrome/88.0.4324.190 Safari/537.36"
185.242.226.14 - - [20/Apr/2025:22:06:29 -0500] "GET / HTTP/1.1" 200 45619 "https://209.145.62.177:443/" "Mozilla/5.0 (Windows NT 10.0; Win64; x64) AppleWebKit/537.36 (KHTML, like Gecko) Chrome/88.0.4324.190 Safari/537.36"
209.145.62.177 - - [20/Apr/2025:22:10:28 -0500] "POST /wp-cron.php?doing_wp_cron=1745205028.6506199836730957031250 HTTP/1.1" 200 - "-" "WordPress/6.8; https://www.corals.io"
54.77.80.232 - - [20/Apr/2025:22:10:27 -0500] "POST /webhooks/securionpay HTTP/1.1" 404 18332 "-" "Shift4/1.0 (+https://dev.shift4.com/docs/webhooks)"
209.145.62.177 - - [20/Apr/2025:22:12:57 -0500] "POST /wp-cron.php?doing_wp_cron=1745205176.9047000408172607421875 HTTP/1.1" 200 - "-" "WordPress/6.8; https://www.corals.io"
2600:1900:0:4003::1c01 - - [20/Apr/2025:22:12:55 -0500] "GET / HTTP/1.1" 301 - "-" "Mozilla/5.0 (iPhone; CPU iPhone OS 17_3 like Mac OS X) AppleWebKit/605.1.15 (KHTML, like Gecko) CriOS/122.0.6261.62 Mobile/15E148 Safari/604.1"
2600:1900:0:4003::1c01 - - [20/Apr/2025:22:12:57 -0500] "GET / HTTP/1.1" 200 44610 "-" "Mozilla/5.0 (iPhone; CPU iPhone OS 17_3 like Mac OS X) AppleWebKit/605.1.15 (KHTML, like Gecko) CriOS/122.0.6261.62 Mobile/15E148 Safari/604.1"
2600:1900:0:4003::1c01 - - [20/Apr/2025:22:13:11 -0500] "GET /wp-content/uploads/2022/05/logo-leaderboard.png HTTP/1.1" 200 23651 "-" "Mozilla/5.0 (X11; Linux x86_64) AppleWebKit/537.11 (KHTML, like Gecko) Chrome/23.0.1271.64 Safari/537.11"
209.145.62.177 - - [20/Apr/2025:22:14:26 -0500] "POST /wp-cron.php?doing_wp_cron=1745205266.0514800548553466796875 HTTP/1.1" 200 - "-" "WordPress/6.8; https://www.corals.io"
198.235.24.133 - - [20/Apr/2025:22:14:25 -0500] "GET / HTTP/1.1" 301 - "-" "-"
198.235.24.133 - - [20/Apr/2025:22:14:26 -0500] "GET / HTTP/1.1" 200 45619 "-" "-"
66.249.66.40 - - [20/Apr/2025:22:14:52 -0500] "GET / HTTP/1.1" 304 - "-" "Mozilla/5.0 (compatible; Googlebot/2.1; +http://www.google.com/bot.html)"
66.249.66.37 - - [20/Apr/2025:22:14:55 -0500] "GET /wp-content/plugins/the7-block-editor/dist/editor/blocks/__all__/visibility/common.js?ver=67b1e492da753da46c86 HTTP/1.1" 200 - "https://www.corals.io/" "Mozilla/5.0 AppleWebKit/537.36 (KHTML, like Gecko; compatible; Googlebot/2.1; +http://www.google.com/bot.html) Chrome/134.0.6998.165 Safari/537.36"
209.145.62.177 - - [20/Apr/2025:22:20:08 -0500] "POST /wp-cron.php?doing_wp_cron=1745205608.8197569847106933593750 HTTP/1.1" 200 - "-" "WordPress/6.8; https://www.corals.io"
66.249.88.196 - - [20/Apr/2025:22:20:07 -0500] "GET /wp-content/uploads/2017/12/logo-leaderboard.png HTTP/1.1" 404 19131 "-" "Mozilla/5.0 (Windows NT 5.1; rv:11.0) Gecko Firefox/11.0 (via ggpht.com GoogleImageProxy)"
66.249.66.43 - - [20/Apr/2025:22:20:45 -0500] "GET /wp-content/uploads/2024/11/image_2024_11_06T10_46_37_611Z.png HTTP/1.1" 200 712647 "-" "Googlebot-Image/1.0"
209.145.62.177 - - [20/Apr/2025:22:22:34 -0500] "POST /wp-cron.php?doing_wp_cron=1745205754.8036620616912841796875 HTTP/1.1" 200 - "-" "WordPress/6.8; https://www.corals.io"
157.55.39.201 - - [20/Apr/2025:22:22:33 -0500] "GET /sitemap_index.xml HTTP/1.1" 200 415 "-" "Mozilla/5.0 AppleWebKit/537.36 (KHTML, like Gecko; compatible; bingbot/2.0; +http://www.bing.com/bingbot.htm) Chrome/116.0.1938.76 Safari/537.36"
209.145.62.177 - - [20/Apr/2025:22:29:17 -0500] "POST /wp-cron.php?doing_wp_cron=1745206157.5510311126708984375000 HTTP/1.1" 200 - "-" "WordPress/6.8; https://www.corals.io"
66.249.88.194 - - [20/Apr/2025:22:29:16 -0500] "GET /wp-content/uploads/2017/12/logo-leaderboard.png HTTP/1.1" 404 19131 "-" "Mozilla/5.0 (Windows NT 5.1; rv:11.0) Gecko Firefox/11.0 (via ggpht.com GoogleImageProxy)"
209.145.62.177 - - [20/Apr/2025:22:32:38 -0500] "POST /wp-cron.php?doing_wp_cron=1745206358.2201669216156005859375 HTTP/1.1" 200 - "-" "WordPress/6.8; https://www.corals.io"
2600:1900:0:4001::1d01 - - [20/Apr/2025:22:32:37 -0500] "GET / HTTP/1.1" 301 - "-" "Mozilla/5.0 (iPhone; CPU iPhone OS 17_0_3 like Mac OS X) AppleWebKit/605.1.15 (KHTML, like Gecko) Version/17.0 Mobile/15E148 Safari/604.1 OPX/2.2.0"
2600:1900:0:4001::1d01 - - [20/Apr/2025:22:32:38 -0500] "GET / HTTP/1.1" 200 44610 "-" "Mozilla/5.0 (iPhone; CPU iPhone OS 17_0_3 like Mac OS X) AppleWebKit/605.1.15 (KHTML, like Gecko) Version/17.0 Mobile/15E148 Safari/604.1 OPX/2.2.0"
2600:1900:0:4001::1d01 - - [20/Apr/2025:22:32:41 -0500] "GET /wp-content/uploads/2024/10/cropped-logo_square-32x32.png HTTP/1.1" 200 1298 "-" "python-httpx/0.27.2"
2600:1900:0:4001::1d01 - - [20/Apr/2025:22:32:42 -0500] "GET /wp-content/uploads/2022/05/logo-leaderboard.png HTTP/1.1" 200 23651 "-" "Mozilla/5.0 (X11; Linux x86_64) AppleWebKit/537.11 (KHTML, like Gecko) Chrome/23.0.1271.64 Safari/537.11"
2600:1900:0:4001::1d01 - - [20/Apr/2025:22:32:42 -0500] "GET /wp-content/uploads/2022/05/logo-leaderboard.png HTTP/1.1" 200 23651 "-" "Mozilla/5.0 (X11; Linux x86_64) AppleWebKit/537.11 (KHTML, like Gecko) Chrome/23.0.1271.64 Safari/537.11"
209.145.62.177 - - [20/Apr/2025:22:35:24 -0500] "POST /wp-cron.php?doing_wp_cron=1745206524.1418840885162353515625 HTTP/1.1" 200 - "-" "WordPress/6.8; https://www.corals.io"
154.81.156.10 - - [20/Apr/2025:22:35:23 -0500] "PROPFIND / HTTP/1.1" 200 108967 "-" "-"
209.145.62.177 - - [20/Apr/2025:22:38:04 -0500] "POST /wp-cron.php?doing_wp_cron=1745206684.7145040035247802734375 HTTP/1.1" 200 - "-" "WordPress/6.8; https://www.corals.io"
66.249.88.196 - - [20/Apr/2025:22:38:03 -0500] "GET /.well-known/traffic-advice HTTP/1.1" 404 18960 "-" "Chrome Privacy Preserving Prefetch Proxy"
2001:4860:7:70e::1 - - [20/Apr/2025:22:38:03 -0500] "GET /services/mobile-development/ HTTP/1.1" 200 28996 "https://www.google.com/" "Mozilla/5.0 (Linux; Android 10; K) AppleWebKit/537.36 (KHTML, like Gecko) Chrome/135.0.0.0 Mobile Safari/537.36"
209.145.62.177 - - [20/Apr/2025:22:41:09 -0500] "POST /wp-cron.php?doing_wp_cron=1745206869.0663700103759765625000 HTTP/1.1" 200 - "-" "WordPress/6.8; https://www.corals.io"
2600:1900:0:4006::a01 - - [20/Apr/2025:22:41:08 -0500] "GET / HTTP/1.1" 301 - "-" "Mozilla/5.0 (Linux; Android 10; K) AppleWebKit/537.36 (KHTML, like Gecko) Chrome/122.0.0.0 Mobile Safari/537.36"
2600:1900:0:4006::a01 - - [20/Apr/2025:22:41:09 -0500] "GET / HTTP/1.1" 200 44610 "-" "Mozilla/5.0 (Linux; Android 10; K) AppleWebKit/537.36 (KHTML, like Gecko) Chrome/122.0.0.0 Mobile Safari/537.36"
2600:1900:0:4006::a01 - - [20/Apr/2025:22:41:12 -0500] "GET /wp-content/uploads/2024/10/cropped-logo_square-32x32.png HTTP/1.1" 200 1298 "-" "python-httpx/0.27.2"
209.145.62.177 - - [20/Apr/2025:22:46:18 -0500] "POST /wp-cron.php?doing_wp_cron=1745207178.5455539226531982421875 HTTP/1.1" 200 - "-" "WordPress/6.8; https://www.corals.io"
47.128.121.95 - - [20/Apr/2025:22:46:17 -0500] "GET /docs/order-items/ HTTP/1.1" 404 18332 "-" "Mozilla/5.0 (Linux; Android 5.0) AppleWebKit/537.36 (KHTML, like Gecko) Mobile Safari/537.36 (compatible; TikTokSpider; [email protected])"
167.94.138.167 - - [20/Apr/2025:22:50:37 -0500] "GET / HTTP/1.1" 200 12459 "-" "Mozilla/5.0 (compatible; CensysInspect/1.1; +https://about.censys.io/)"
2602:80d:1006::47 - - [20/Apr/2025:22:50:46 -0500] "GET /favicon.ico HTTP/1.1" 200 12455 "-" "Mozilla/5.0 (compatible; CensysInspect/1.1; +https://about.censys.io/)"
209.145.62.177 - - [20/Apr/2025:23:04:15 -0500] "POST /wp-cron.php?doing_wp_cron=1745208255.4222040176391601562500 HTTP/1.1" 200 - "-" "WordPress/6.8; https://www.corals.io"
196.251.70.87 - - [20/Apr/2025:23:04:14 -0500] "GET /.git/config HTTP/1.1" 404 18332 "-" "Mozilla/5.0 (Linux; Android 9; Pixel 3 XL) AppleWebKit/537.36 (KHTML, like Gecko) Chrome/76.0.3809.89 Mobile Safari/537.36"
209.145.62.177 - - [20/Apr/2025:23:07:47 -0500] "POST /wp-cron.php?doing_wp_cron=1745208467.6422169208526611328125 HTTP/1.1" 200 - "-" "WordPress/6.8; https://www.corals.io"
198.235.24.14 - - [20/Apr/2025:23:07:46 -0500] "GET / HTTP/1.1" 301 - "-" "-"
198.235.24.14 - - [20/Apr/2025:23:07:48 -0500] "GET / HTTP/1.1" 200 45619 "-" "-"
209.145.62.177 - - [20/Apr/2025:23:08:19 -0500] "POST /wp-cron.php?doing_wp_cron=1745208499.4236629009246826171875 HTTP/1.1" 200 - "-" "WordPress/6.8; https://www.corals.io"
64.62.156.160 - - [20/Apr/2025:23:08:18 -0500] "GET / HTTP/1.1" 301 - "-" "Mozilla/5.0 (Macintosh; Intel Mac OS X 10_15_7) AppleWebKit/537.36 (KHTML, like Gecko) Chrome/124.0.0.0 Safari/537.36"
209.145.62.177 - - [20/Apr/2025:23:10:31 -0500] "POST /wp-cron.php?doing_wp_cron=1745208631.4167380332946777343750 HTTP/1.1" 200 - "-" "WordPress/6.8; https://www.corals.io"
54.171.118.22 - - [20/Apr/2025:23:10:30 -0500] "POST /webhooks/securionpay HTTP/1.1" 404 18332 "-" "Shift4/1.0 (+https://dev.shift4.com/docs/webhooks)"
209.145.62.177 - - [20/Apr/2025:23:12:41 -0500] "POST /wp-cron.php?doing_wp_cron=1745208761.0241489410400390625000 HTTP/1.1" 200 - "-" "WordPress/6.3.1; https://store.woobi.io"
209.145.62.177 - - [20/Apr/2025:23:12:41 -0500] "POST /wp-cron.php?doing_wp_cron=1745208761.0859849452972412109375 HTTP/1.1" 200 - "-" "WordPress/6.3.1; https://store.woobi.io"
66.249.66.38 - - [20/Apr/2025:23:13:06 -0500] "GET / HTTP/1.1" 304 - "-" "Mozilla/5.0 (compatible; Googlebot/2.1; +http://www.google.com/bot.html)"
209.145.62.177 - - [20/Apr/2025:23:16:37 -0500] "POST /wp-cron.php?doing_wp_cron=1745208997.5688529014587402343750 HTTP/1.1" 200 - "-" "WordPress/6.8; https://www.corals.io"
71.6.232.26 - - [20/Apr/2025:23:16:36 -0500] "GET / HTTP/1.1" 301 - "-" "Mozilla/5.0 (Windows NT 10.0; Win64; x64) AppleWebKit/537.36 (KHTML, like Gecko) Chrome/134.0.0.0 Safari/537.36"
209.145.62.177 - - [20/Apr/2025:23:17:25 -0500] "POST /wp-cron.php?doing_wp_cron=1745209045.3462870121002197265625 HTTP/1.1" 200 - "-" "WordPress/6.8; https://www.corals.io"
205.210.31.156 - - [20/Apr/2025:23:17:24 -0500] "GET / HTTP/1.1" 301 - "-" "-"
205.210.31.156 - - [20/Apr/2025:23:17:26 -0500] "GET / HTTP/1.1" 200 45619 "-" "-"
209.145.62.177 - - [20/Apr/2025:23:18:46 -0500] "POST /wp-cron.php?doing_wp_cron=1745209126.9111359119415283203125 HTTP/1.1" 200 - "-" "WordPress/6.8; https://www.corals.io"
13.251.179.232 - - [20/Apr/2025:23:18:46 -0500] "GET /media/D9VKWLp18d/56/RicksCafe_Negril.jpg HTTP/1.1" 404 18499 "-" "python-requests/2.30.0"
209.145.62.177 - - [20/Apr/2025:23:19:00 -0500] "POST /wp-cron.php?doing_wp_cron=1745209140.3340599536895751953125 HTTP/1.1" 200 - "-" "WordPress/6.8; https://www.corals.io"
104.225.142.141 - - [20/Apr/2025:23:18:59 -0500] "GET /.git/config HTTP/1.1" 404 18332 "-" "Mozilla/5.0 (Windows NT 10.0; Win64; x64) AppleWebKit/537.36 (KHTML, like Gecko) Chrome/91.0.4472.124 Safari/537.36"
209.145.62.177 - - [20/Apr/2025:23:21:06 -0500] "POST /wp-cron.php?doing_wp_cron=1745209266.6781420707702636718750 HTTP/1.1" 200 - "-" "WordPress/6.8; https://www.corals.io"
64.62.156.161 - - [20/Apr/2025:23:21:05 -0500] "GET /favicon.ico HTTP/1.1" 302 - "-" "Mozilla/5.0 (X11; Linux x86_64; rv:91.0) Gecko/20100101 Firefox/91.0"
209.145.62.177 - - [20/Apr/2025:23:24:38 -0500] "POST /wp-cron.php?doing_wp_cron=1745209478.2023010253906250000000 HTTP/1.1" 200 - "-" "WordPress/6.8; https://www.corals.io"
64.62.156.159 - - [20/Apr/2025:23:24:37 -0500] "GET / HTTP/1.1" 301 - "-" "Mozilla/5.0 (Macintosh; Intel Mac OS X 10_15_7) AppleWebKit/537.36 (KHTML, like Gecko) Chrome/124.0.0.0 Safari/537.36"
209.145.62.177 - - [20/Apr/2025:23:25:36 -0500] "POST /wp-cron.php?doing_wp_cron=1745209536.1882019042968750000000 HTTP/1.1" 200 - "-" "WordPress/6.8; https://www.corals.io"
205.210.31.10 - - [20/Apr/2025:23:25:35 -0500] "GET / HTTP/1.1" 301 - "-" "-"
205.210.31.10 - - [20/Apr/2025:23:25:36 -0500] "GET / HTTP/1.1" 200 45619 "-" "-"
86.55.195.175 - - [20/Apr/2025:23:26:00 -0500] "GET / HTTP/1.1" 200 45619 "-" "Mozilla/5.0 (Windows NT 10.0; Win64; x64) AppleWebKit/537.36 (KHTML, like Gecko) Chrome/129.0.0.0 Safari/537.36"
209.145.62.177 - - [20/Apr/2025:23:27:46 -0500] "POST /wp-cron.php?doing_wp_cron=1745209665.8875141143798828125000 HTTP/1.1" 200 - "-" "WordPress/6.8; https://www.corals.io"
64.62.156.154 - - [20/Apr/2025:23:27:45 -0500] "GET / HTTP/1.1" 301 - "-" "Mozilla/5.0 (Windows NT 10.0; rv:109.0) Gecko/20100101 Firefox/115.0"
209.145.62.177 - - [20/Apr/2025:23:31:41 -0500] "POST /wp-cron.php?doing_wp_cron=1745209901.5711910724639892578125 HTTP/1.1" 200 - "-" "WordPress/6.8; https://www.corals.io"
207.90.244.24 - - [20/Apr/2025:23:31:40 -0500] "GET / HTTP/1.1" 301 - "-" "Mozilla/5.0 (X11; Linux x86_64) AppleWebKit/537.36 (KHTML, like Gecko) Chrome/98.0.4758.102 Safari/537.36"
209.145.62.177 - - [20/Apr/2025:23:37:18 -0500] "POST /wp-cron.php?doing_wp_cron=1745210238.8656680583953857421875 HTTP/1.1" 200 - "-" "WordPress/6.8; https://www.corals.io"
195.211.191.76 - - [20/Apr/2025:23:37:18 -0500] "GET /.env HTTP/1.1" 404 18332 "-" "Mozilla/5.0 (Macintosh; Intel Mac OS X 10_14_2) AppleWebKit/537.36 (KHTML, like Gecko) Chrome/74.0.3729.157 Safari/537.36"
209.145.62.177 - - [20/Apr/2025:23:39:59 -0500] "POST /wp-cron.php?doing_wp_cron=1745210399.6919250488281250000000 HTTP/1.1" 200 - "-" "WordPress/6.8; https://www.corals.io"
64.62.156.152 - - [20/Apr/2025:23:39:58 -0500] "GET /geoserver/web/ HTTP/1.1" 404 18332 "-" "Mozilla/5.0 (X11; Ubuntu; Linux x86_64; rv:123.0) Gecko/20100101 Firefox/123.0"
66.249.71.4 - - [20/Apr/2025:23:40:36 -0500] "GET /wp-content/uploads/2023/09/image-2.png HTTP/1.1" 404 18499 "-" "Googlebot-Image/1.0"
209.145.62.177 - - [20/Apr/2025:23:43:06 -0500] "POST /wp-cron.php?doing_wp_cron=1745210586.0217330455780029296875 HTTP/1.1" 200 - "-" "WordPress/6.8; https://www.corals.io"
66.249.66.41 - - [20/Apr/2025:23:43:05 -0500] "GET /why-outsourcing-to-the-mena-region-is-a-game-changer-for-your-business/ HTTP/1.1" 200 31545 "-" "Mozilla/5.0 (Linux; Android 6.0.1; Nexus 5X Build/MMB29P) AppleWebKit/537.36 (KHTML, like Gecko) Chrome/135.0.7049.95 Mobile Safari/537.36 (compatible; Googlebot/2.1; +http://www.google.com/bot.html)"
66.249.66.41 - - [20/Apr/2025:23:43:12 -0500] "GET /wp-content/uploads/elementor/css/post-8511.css?ver=1744416000 HTTP/1.1" 200 308 "https://www.corals.io/why-outsourcing-to-the-mena-region-is-a-game-changer-for-your-business/" "Mozilla/5.0 (Linux; Android 6.0.1; Nexus 5X Build/MMB29P) AppleWebKit/537.36 (KHTML, like Gecko) Chrome/134.0.6998.165 Mobile Safari/537.36 (compatible; Googlebot/2.1; +http://www.google.com/bot.html)"
64.62.156.159 - - [20/Apr/2025:23:43:39 -0500] "GET /.git/config HTTP/1.1" 404 18332 "-" "Mozilla/5.0 (Macintosh; Intel Mac OS X 10_15_7) AppleWebKit/537.36 (KHTML, like Gecko) Chrome/124.0.0.0 Safari/537.36 Edg/124.0.0.0"
66.249.66.41 - - [20/Apr/2025:23:43:47 -0500] "GET /wp-content/uploads/2024/10/cropped-logo_square-180x180.png HTTP/1.1" 200 9716 "-" "Googlebot-Image/1.0"
66.249.66.41 - - [20/Apr/2025:23:43:48 -0500] "GET /wp-content/uploads/2024/10/cropped-logo_square-192x192.png HTTP/1.1" 200 10464 "-" "Googlebot-Image/1.0"
209.145.62.177 - - [20/Apr/2025:23:43:50 -0500] "POST /wp-cron.php?doing_wp_cron=1745210630.3733279705047607421875 HTTP/1.1" 200 - "-" "WordPress/6.8; https://www.corals.io"
66.249.66.41 - - [20/Apr/2025:23:43:49 -0500] "GET /favicon.ico HTTP/1.1" 302 - "-" "Googlebot-Image/1.0"
209.145.62.177 - - [20/Apr/2025:23:47:28 -0500] "POST /wp-cron.php?doing_wp_cron=1745210848.3876891136169433593750 HTTP/1.1" 200 - "-" "WordPress/6.8; https://www.corals.io"
205.185.123.102 - - [20/Apr/2025:23:47:24 -0500] "GET // HTTP/1.1" 200 44616 "http://www.google.com.hk" "Mozilla/5.0 (Windows NT 6.1; WOW64) AppleWebKit/537.36 (KHTML, like Gecko) Chrome/42.0.2311.90 Safari/537.36"
209.145.62.177 - - [20/Apr/2025:23:48:00 -0500] "POST /?wordfence_syncAttackData=1745210880.6278 HTTP/1.1" 200 - "-" "WordPress/6.8; https://www.corals.io"
209.145.62.177 - - [20/Apr/2025:23:48:02 -0500] "POST /wp-cron.php?doing_wp_cron=1745210882.4044389724731445312500 HTTP/1.1" 200 - "-" "WordPress/6.8; https://www.corals.io"
205.185.123.102 - - [20/Apr/2025:23:48:00 -0500] "POST /wp-json/sure-triggers/v1/automation/action HTTP/1.1" 404 117 "-" "Mozilla/5.0 (Macintosh; Intel Mac OS X 10_15_7) AppleWebKit/537.36 (KHTML, like Gecko) Chrome/113.0.0.0 Safari/537.36"
205.185.123.102 - - [20/Apr/2025:23:48:32 -0500] "GET /wp-login.php?wp_lang=e HTTP/1.1" 200 2060 "-" "Mozilla/5.0 (Macintosh; Intel Mac OS X 10_9_4 AppleWebKit/537.36 (KHTML, like Gecko) Chrome/36.0.1985.125 Safari/537.36"
205.185.123.102 - - [20/Apr/2025:23:48:33 -0500] "POST /wp-login.php?wp_lang=e HTTP/1.1" 503 7310 "-" "Mozilla/5.0 (Macintosh; Intel Mac OS X 10_9_4 AppleWebKit/537.36 (KHTML, like Gecko) Chrome/36.0.1985.125 Safari/537.36"
66.249.66.40 - - [20/Apr/2025:23:49:01 -0500] "GET /wp-content/uploads/2024/11/image_2024_11_07T12_47_13_995Z.png HTTP/1.1" 200 1445818 "-" "Googlebot-Image/1.0"
205.185.123.102 - - [20/Apr/2025:23:49:08 -0500] "GET //?author=1 HTTP/1.1" 503 7110 "http://www.google.com.hk" "Mozilla/5.0 (Windows NT 6.1; WOW64) AppleWebKit/537.36 (KHTML, like Gecko) Chrome/42.0.2311.90 Safari/537.36"
205.185.123.102 - - [20/Apr/2025:23:49:40 -0500] "GET /wp-login.php?wp_lang=e HTTP/1.1" 503 7110 "-" "Mozilla/5.0 (Windows NT 6.1; WOW64) AppleWebKit/537.36 (KHTML, like Gecko) Chrome/36.0.1985.125 Safari/537.36"
87.250.224.77 - - [20/Apr/2025:23:49:59 -0500] "GET /blog/page/2/ HTTP/1.1" 200 31479 "-" "Mozilla/5.0 (compatible; YandexBot/3.0; +http://yandex.com/bots)"
209.145.62.177 - - [20/Apr/2025:23:50:51 -0500] "POST /?wordfence_syncAttackData=1745211050.8426 HTTP/1.1" 200 - "-" "WordPress/6.8; https://www.corals.io"
209.145.62.177 - - [20/Apr/2025:23:50:52 -0500] "POST /wp-cron.php?doing_wp_cron=1745211052.4563899040222167968750 HTTP/1.1" 200 - "-" "WordPress/6.8; https://www.corals.io"
205.210.31.139 - - [20/Apr/2025:23:50:50 -0500] "GET / HTTP/1.1" 301 - "-" "-"
205.210.31.139 - - [20/Apr/2025:23:50:53 -0500] "GET / HTTP/1.1" 200 45619 "-" "-"
209.145.62.177 - - [20/Apr/2025:23:53:44 -0500] "POST /wp-cron.php?doing_wp_cron=1745211223.9287381172180175781250 HTTP/1.1" 200 - "-" "WordPress/6.8; https://www.corals.io"
154.81.156.10 - - [20/Apr/2025:23:53:43 -0500] "PROPFIND / HTTP/1.1" 200 108967 "-" "-"
209.145.62.177 - - [20/Apr/2025:23:59:18 -0500] "POST /wp-cron.php?doing_wp_cron=1745211557.9780120849609375000000 HTTP/1.1" 200 - "-" "WordPress/6.8; https://www.corals.io"
40.77.167.131 - - [20/Apr/2025:23:59:17 -0500] "GET /sitemap_index.xml HTTP/1.1" 200 415 "-" "Mozilla/5.0 AppleWebKit/537.36 (KHTML, like Gecko; compatible; bingbot/2.0; +http://www.bing.com/bingbot.htm) Chrome/116.0.1938.76 Safari/537.36"
46.245.76.50 - - [21/Apr/2025:00:01:09 -0500] "GET / HTTP/1.1" 200 45619 "http://corals.io" "Mozilla/5.0 (Windows NT 10.0; Win64; x64) AppleWebKit/537.36 (KHTML, like Gecko) Chrome/126.0.0.0 Safari/537.36"
46.245.76.50 - - [21/Apr/2025:00:01:10 -0500] "GET /index.php?rest_route=/wp/v2/users HTTP/1.1" 401 110 "https://www.corals.io" "Mozilla/5.0 (Macintosh; Intel Mac OS X 10_15_7) AppleWebKit/537.36 (KHTML, like Gecko) Chrome/116.0.5845.96 Safari/537.36"
209.145.62.177 - - [21/Apr/2025:00:06:22 -0500] "POST /wp-cron.php?doing_wp_cron=1745211982.5687661170959472656250 HTTP/1.1" 200 - "-" "WordPress/6.8; https://www.corals.io"
51.89.68.103 - - [21/Apr/2025:00:06:21 -0500] "GET /seo/seo/cache.php HTTP/1.1" 301 - "-" "Mozilla/5.0 (Windows NT 10.0; Win64; x64) AppleWebKit/537.36 (KHTML, like Gecko) Chrome/127.0.0.0 Safari/537.36"
51.89.68.103 - - [21/Apr/2025:00:06:23 -0500] "GET /wp-admin/js/js/cache.php HTTP/1.1" 301 - "-" "Mozilla/5.0 (Windows NT 10.0; Win64; x64) AppleWebKit/537.36 (KHTML, like Gecko) Chrome/127.0.0.0 Safari/537.36"
51.89.68.103 - - [21/Apr/2025:00:06:23 -0500] "GET /seo/seo/cache.php HTTP/1.1" 404 18496 "-" "Mozilla/5.0 (Windows NT 10.0; Win64; x64) AppleWebKit/537.36 (KHTML, like Gecko) Chrome/127.0.0.0 Safari/537.36"
51.89.68.103 - - [21/Apr/2025:00:06:24 -0500] "GET /wp-admin/js/js/cache.php HTTP/1.1" 404 18496 "-" "Mozilla/5.0 (Windows NT 10.0; Win64; x64) AppleWebKit/537.36 (KHTML, like Gecko) Chrome/127.0.0.0 Safari/537.36"
51.89.68.103 - - [21/Apr/2025:00:06:25 -0500] "GET /assets/images/cache.php HTTP/1.1" 301 - "-" "Mozilla/5.0 (Windows NT 10.0; Win64; x64) AppleWebKit/537.36 (KHTML, like Gecko) Chrome/127.0.0.0 Safari/537.36"
51.89.68.103 - - [21/Apr/2025:00:06:27 -0500] "GET /wp-admin/images/images/cache.php HTTP/1.1" 301 - "-" "Mozilla/5.0 (Windows NT 10.0; Win64; x64) AppleWebKit/537.36 (KHTML, like Gecko) Chrome/127.0.0.0 Safari/537.36"
51.89.68.103 - - [21/Apr/2025:00:06:27 -0500] "GET /assets/images/cache.php HTTP/1.1" 404 18496 "-" "Mozilla/5.0 (Windows NT 10.0; Win64; x64) AppleWebKit/537.36 (KHTML, like Gecko) Chrome/127.0.0.0 Safari/537.36"
51.89.68.103 - - [21/Apr/2025:00:06:29 -0500] "GET /wp-admin/images/images/cache.php HTTP/1.1" 404 18496 "-" "Mozilla/5.0 (Windows NT 10.0; Win64; x64) AppleWebKit/537.36 (KHTML, like Gecko) Chrome/127.0.0.0 Safari/537.36"
51.89.68.103 - - [21/Apr/2025:00:06:30 -0500] "GET /assets/images/images/cache.php HTTP/1.1" 301 - "-" "Mozilla/5.0 (Windows NT 10.0; Win64; x64) AppleWebKit/537.36 (KHTML, like Gecko) Chrome/127.0.0.0 Safari/537.36"
51.89.68.103 - - [21/Apr/2025:00:06:31 -0500] "GET /wp-admin/includes/includes/cache.php HTTP/1.1" 301 - "-" "Mozilla/5.0 (Windows NT 10.0; Win64; x64) AppleWebKit/537.36 (KHTML, like Gecko) Chrome/127.0.0.0 Safari/537.36"
51.89.68.103 - - [21/Apr/2025:00:06:31 -0500] "GET /assets/images/images/cache.php HTTP/1.1" 404 18496 "-" "Mozilla/5.0 (Windows NT 10.0; Win64; x64) AppleWebKit/537.36 (KHTML, like Gecko) Chrome/127.0.0.0 Safari/537.36"
51.89.68.103 - - [21/Apr/2025:00:06:33 -0500] "GET /wp-admin/includes/includes/cache.php HTTP/1.1" 404 18496 "-" "Mozilla/5.0 (Windows NT 10.0; Win64; x64) AppleWebKit/537.36 (KHTML, like Gecko) Chrome/127.0.0.0 Safari/537.36"
51.89.68.103 - - [21/Apr/2025:00:06:33 -0500] "GET /wp-includes/blocks/audio/audio/cache.php HTTP/1.1" 301 - "-" "Mozilla/5.0 (Windows NT 10.0; Win64; x64) AppleWebKit/537.36 (KHTML, like Gecko) Chrome/127.0.0.0 Safari/537.36"
51.89.68.103 - - [21/Apr/2025:00:06:34 -0500] "GET /wp-includes/blocks/audio/audio/cache.php HTTP/1.1" 404 18496 "-" "Mozilla/5.0 (Windows NT 10.0; Win64; x64) AppleWebKit/537.36 (KHTML, like Gecko) Chrome/127.0.0.0 Safari/537.36"
51.89.68.103 - - [21/Apr/2025:00:06:35 -0500] "GET /assets/media/media/cache.php HTTP/1.1" 301 - "-" "Mozilla/5.0 (Windows NT 10.0; Win64; x64) AppleWebKit/537.36 (KHTML, like Gecko) Chrome/127.0.0.0 Safari/537.36"
51.89.68.103 - - [21/Apr/2025:00:06:36 -0500] "GET /assets/media/media/cache.php HTTP/1.1" 404 18496 "-" "Mozilla/5.0 (Windows NT 10.0; Win64; x64) AppleWebKit/537.36 (KHTML, like Gecko) Chrome/127.0.0.0 Safari/537.36"
5.255.231.10 - - [21/Apr/2025:00:07:44 -0500] "GET /blog/ HTTP/1.1" 200 32819 "-" "Mozilla/5.0 (compatible; YandexBot/3.0; +http://yandex.com/bots)"
209.145.62.177 - - [21/Apr/2025:00:08:23 -0500] "POST /wp-cron.php?doing_wp_cron=1745212103.3079679012298583984375 HTTP/1.1" 200 - "-" "WordPress/6.8; https://www.corals.io"
5.8.18.5 - - [21/Apr/2025:00:08:22 -0500] "GET /wp-login.php HTTP/1.1" 200 2063 "-" "Python/3.11 aiohttp/3.11.16"
209.145.62.177 - - [21/Apr/2025:00:10:33 -0500] "POST /wp-cron.php?doing_wp_cron=1745212233.6467630863189697265625 HTTP/1.1" 200 - "-" "WordPress/6.8; https://www.corals.io"
54.171.118.22 - - [21/Apr/2025:00:10:32 -0500] "POST /webhooks/securionpay HTTP/1.1" 404 18332 "-" "Shift4/1.0 (+https://dev.shift4.com/docs/webhooks)"
209.145.62.177 - - [21/Apr/2025:00:21:30 -0500] "POST /wp-cron.php?doing_wp_cron=1745212890.1373949050903320312500 HTTP/1.1" 200 - "-" "WordPress/6.8; https://www.corals.io"
52.112.238.137 - - [21/Apr/2025:00:21:28 -0500] "GET /autodiscover/autodiscover.json/v1.0/mail%[email protected]?Protocol=REST&RedirectCount=1&ServerLocation=true HTTP/1.1" 404 18499 "-" "Microsoft.Skype.Presence.App/1.0"
209.145.62.177 - - [21/Apr/2025:00:25:10 -0500] "POST /wp-cron.php?doing_wp_cron=1745213110.1231679916381835937500 HTTP/1.1" 200 - "-" "WordPress/6.8; https://www.corals.io"
67.84.70.210 - - [21/Apr/2025:00:25:09 -0500] "GET / HTTP/1.1" 301 - "-" "Python/3.12 aiohttp/3.11.11"
67.84.70.210 - - [21/Apr/2025:00:25:12 -0500] "GET / HTTP/1.1" 200 45619 "-" "Python/3.12 aiohttp/3.11.11"
178.159.242.71 - - [21/Apr/2025:00:34:49 -0500] "GET /wp-admin/ HTTP/1.1" 302 - "http://corals.io/wp-login.php" "Mozilla/5.0 (Windows NT 10.0; Win64; x64; rv:137.0) Gecko/20100101 Firefox/137.0"
178.159.242.71 - - [21/Apr/2025:00:34:51 -0500] "GET /wp-login.php?redirect_to=https3a2f2fwww.corals.io2fwp-admin2f&reauth=1 HTTP/1.1" 200 2076 "https://www.corals.io/wp-admin/" "Mozilla/5.0 (Windows NT 10.0; Win64; x64; rv:137.0) Gecko/20100101 Firefox/137.0"
178.159.242.71 - - [21/Apr/2025:00:34:53 -0500] "GET /wp-json/wp/v2/users HTTP/1.1" 401 110 "https://www.corals.io/wp-admin/" "Mozilla/5.0 (Windows NT 10.0; Win64; x64; rv:137.0) Gecko/20100101 Firefox/137.0"
178.159.242.71 - - [21/Apr/2025:00:34:54 -0500] "POST /wp-login.php?redirect_to=https3a2f2fwww.corals.io2fwp-admin2f&reauth=1 HTTP/1.1" 503 7310 "https://www.corals.io/wp-login.php?redirect_to=https3a2f2fwww.corals.io2fwp-admin2f&reauth=1?redirect_to=https%3A%2F%2Fwww.corals.io%2Fwp-admin%2F" "Mozilla/5.0 (Windows NT 10.0; Win64; x64; rv:137.0) Gecko/20100101 Firefox/137.0"
209.145.62.177 - - [21/Apr/2025:00:38:20 -0500] "POST /wp-cron.php?doing_wp_cron=1745213900.3385360240936279296875 HTTP/1.1" 200 - "-" "WordPress/6.8; https://www.corals.io"
45.76.83.70 - - [21/Apr/2025:00:38:19 -0500] "GET / HTTP/1.1" 301 - "-" "Mozilla/5.0 (Windows NT 10.0; Win64; x64; rv:103.0) Gecko/20100101 Firefox/103.0"
45.76.83.70 - - [21/Apr/2025:00:38:19 -0500] "GET / HTTP/1.1" 301 - "-" "Mozilla/5.0 (X11; Ubuntu; Linux aarch64; rv:90.0) Gecko/20100101 Firefox/90.0"
45.76.83.70 - - [21/Apr/2025:00:38:21 -0500] "GET / HTTP/1.1" 200 45619 "https://vivastate.corals.io" "Mozilla/5.0 (X11; Ubuntu; Linux aarch64; rv:90.0) Gecko/20100101 Firefox/90.0"
45.76.83.70 - - [21/Apr/2025:00:38:20 -0500] "GET / HTTP/1.1" 301 - "-" "Mozilla/5.0 (Debian; Linux i686; rv:125.0) Gecko/20100101 Firefox/125.0"
45.76.83.70 - - [21/Apr/2025:00:38:21 -0500] "GET / HTTP/1.1" 200 45619 "https://vivastate.corals.io" "Mozilla/5.0 (Debian; Linux i686; rv:125.0) Gecko/20100101 Firefox/125.0"
4.227.36.42 - - [21/Apr/2025:00:44:07 -0500] "GET /robots.txt HTTP/1.1" 200 114 "-" "Mozilla/5.0 AppleWebKit/537.36 (KHTML, like Gecko; compatible; GPTBot/1.2; +https://openai.com/gptbot)"
124.223.193.173 - - [21/Apr/2025:00:47:00 -0500] "GET / HTTP/1.1" 200 12455 "-" "Mozilla/5.0 (Linux; Android 10; LIO-AN00 Build/HUAWEILIO-AN00; wv) MicroMessenger Weixin QQ AppleWebKit/537.36 (KHTML, like Gecko) Version/4.0 Chrome/78.0.3904.62 XWEB/2692 MMWEBSDK/200901 Mobile Safari/537.36"
124.223.193.173 - - [21/Apr/2025:00:47:00 -0500] "GET / HTTP/1.1" 401 53 "-" "Mozilla/5.0 (Linux; Android 10; LIO-AN00 Build/HUAWEILIO-AN00; wv) MicroMessenger Weixin QQ AppleWebKit/537.36 (KHTML, like Gecko) Version/4.0 Chrome/78.0.3904.62 XWEB/2692 MMWEBSDK/200901 Mobile Safari/537.36"
124.223.193.173 - - [21/Apr/2025:00:47:00 -0500] "GET / HTTP/1.1" 401 53 "-" "Mozilla/5.0 (Linux; Android 10; LIO-AN00 Build/HUAWEILIO-AN00; wv) MicroMessenger Weixin QQ AppleWebKit/537.36 (KHTML, like Gecko) Version/4.0 Chrome/78.0.3904.62 XWEB/2692 MMWEBSDK/200901 Mobile Safari/537.36"
209.145.62.177 - - [21/Apr/2025:00:47:01 -0500] "POST /wp-cron.php?doing_wp_cron=1745214420.9204900264739990234375 HTTP/1.1" 200 - "-" "WordPress/6.8; https://www.corals.io"
124.223.193.173 - - [21/Apr/2025:00:46:59 -0500] "GET / HTTP/1.1" 301 - "-" "Mozilla/5.0 (Linux; Android 10; LIO-AN00 Build/HUAWEILIO-AN00; wv) MicroMessenger Weixin QQ AppleWebKit/537.36 (KHTML, like Gecko) Version/4.0 Chrome/78.0.3904.62 XWEB/2692 MMWEBSDK/200901 Mobile Safari/537.36"
124.223.193.173 - - [21/Apr/2025:00:47:07 -0500] "GET / HTTP/1.1" 200 44610 "https://corals.io" "Mozilla/5.0 (Linux; Android 10; LIO-AN00 Build/HUAWEILIO-AN00; wv) MicroMessenger Weixin QQ AppleWebKit/537.36 (KHTML, like Gecko) Version/4.0 Chrome/78.0.3904.62 XWEB/2692 MMWEBSDK/200901 Mobile Safari/537.36"
172.202.118.72 - - [21/Apr/2025:00:48:46 -0500] "GET /autodiscover/autodiscover.json?@zdi/Powershell HTTP/1.1" 403 6629 "-" "Mozilla/5.0 zgrab/0.x"
209.145.62.177 - - [21/Apr/2025:00:52:08 -0500] "POST /wp-cron.php?doing_wp_cron=1745214728.4635360240936279296875 HTTP/1.1" 200 - "-" "WordPress/6.8; https://www.corals.io"
209.145.62.177 - - [21/Apr/2025:00:52:06 -0500] "POST /?wordfence_syncAttackData=1745214726.5742 HTTP/1.1" 200 - "-" "WordPress/6.8; https://www.corals.io"
196.251.80.2 - - [21/Apr/2025:00:52:06 -0500] "GET /.env HTTP/1.1" 404 18332 "-" "EmailWolf 1.00"
102.90.100.30 - - [21/Apr/2025:00:52:38 -0500] "GET / HTTP/1.1" 200 45619 "-" "Mozilla/5.0 (Windows NT 10.0; Win64; x64; rv:109.0) Gecko/20100101 Firefox/111.0"
102.90.100.30 - - [21/Apr/2025:00:52:39 -0500] "GET /about HTTP/1.1" 200 38717 "-" "Mozilla/5.0 (Windows NT 10.0; Win64; x64; rv:109.0) Gecko/20100101 Firefox/111.0"
102.90.100.30 - - [21/Apr/2025:00:52:39 -0500] "GET /contact HTTP/1.1" 200 31457 "-" "Mozilla/5.0 (Windows NT 10.0; Win64; x64; rv:109.0) Gecko/20100101 Firefox/111.0"
102.90.100.30 - - [21/Apr/2025:00:52:39 -0500] "GET /14-ways-laravel-can-help-you-reach-your-development-goals HTTP/1.1" 200 35937 "-" "Mozilla/5.0 (Windows NT 10.0; Win64; x64; rv:109.0) Gecko/20100101 Firefox/111.0"
156.242.41.218 - - [21/Apr/2025:00:54:21 -0500] "GET /contact HTTP/1.1" 200 31457 "-" "Mozilla/5.0 (X11; Linux i686) AppleWebKit/537.36 (KHTML, like Gecko) Chrome/114.0.0.0 Safari/537.36 Vivaldi/5.3.2679.68"
209.145.62.177 - - [21/Apr/2025:00:54:43 -0500] "POST /wp-cron.php?doing_wp_cron=1745214883.0585539340972900390625 HTTP/1.1" 200 - "-" "WordPress/6.8; https://www.corals.io"
51.222.253.18 - - [21/Apr/2025:00:54:42 -0500] "GET /specialists/person003/ HTTP/1.1" 301 - "-" "Mozilla/5.0 (compatible; AhrefsBot/7.0; +http://ahrefs.com/robot/)"