209.145.62.177 - - [20/Apr/2025:16:59:43 -0500] "POST /wp-cron.php?doing_wp_cron=1745186383.5036621093750000000000 HTTP/1.1" 200 - "-" "WordPress/6.3.1; https://store.woobi.io"
209.145.62.177 - - [20/Apr/2025:17:00:43 -0500] "POST /wp-cron.php?doing_wp_cron=1745186443.5251090526580810546875 HTTP/1.1" 200 - "-" "WordPress/6.3.1; https://store.woobi.io"
209.145.62.177 - - [20/Apr/2025:17:00:43 -0500] "POST /wp-cron.php?doing_wp_cron=1745186443.7779819965362548828125 HTTP/1.1" 200 - "-" "WordPress/6.3.1; https://store.woobi.io"
209.145.62.177 - - [20/Apr/2025:17:00:44 -0500] "POST /wp-cron.php?doing_wp_cron=1745186444.1793990135192871093750 HTTP/1.1" 200 - "-" "WordPress/6.3.1; https://store.woobi.io"
209.145.62.177 - - [20/Apr/2025:17:00:44 -0500] "POST /wp-cron.php?doing_wp_cron=1745186444.2339160442352294921875 HTTP/1.1" 200 - "-" "WordPress/6.3.1; https://store.woobi.io"
209.145.62.177 - - [20/Apr/2025:17:00:44 -0500] "POST /wp-cron.php?doing_wp_cron=1745186444.4285800457000732421875 HTTP/1.1" 200 - "-" "WordPress/6.3.1; https://store.woobi.io"
209.145.62.177 - - [20/Apr/2025:17:00:44 -0500] "POST /wp-cron.php?doing_wp_cron=1745186444.9192559719085693359375 HTTP/1.1" 200 - "-" "WordPress/6.3.1; https://store.woobi.io"
209.145.62.177 - - [20/Apr/2025:17:00:45 -0500] "POST /wp-cron.php?doing_wp_cron=1745186444.9842989444732666015625 HTTP/1.1" 200 - "-" "WordPress/6.3.1; https://store.woobi.io"
209.145.62.177 - - [20/Apr/2025:17:10:11 -0500] "POST /wp-cron.php?doing_wp_cron=1745187010.9797880649566650390625 HTTP/1.1" 200 - "-" "WordPress/6.8; https://www.corals.io"
54.171.118.22 - - [20/Apr/2025:17:10:09 -0500] "POST /webhooks/securionpay HTTP/1.1" 404 18333 "-" "Shift4/1.0 (+https://dev.shift4.com/docs/webhooks)"
154.81.156.10 - - [20/Apr/2025:17:10:40 -0500] "PROPFIND / HTTP/1.1" 200 108967 "-" "-"
66.249.66.37 - - [20/Apr/2025:17:21:51 -0500] "GET / HTTP/1.1" 304 - "-" "Mozilla/5.0 (compatible; Googlebot/2.1; +http://www.google.com/bot.html)"
43.128.88.143 - - [20/Apr/2025:17:26:56 -0500] "GET / HTTP/1.1" 200 45619 "-" "Mozilla/5.0 (Windows NT 10.0; Win64; x64) AppleWebKit/537.36 (KHTML, like Gecko) Chrome/101.0.4951.67 Safari/537.36"
209.145.62.177 - - [20/Apr/2025:17:35:02 -0500] "POST /?wordfence_syncAttackData=1745188502.594 HTTP/1.1" 200 - "-" "WordPress/6.8; https://www.corals.io"
209.145.62.177 - - [20/Apr/2025:17:35:04 -0500] "POST /wp-cron.php?doing_wp_cron=1745188504.2688040733337402343750 HTTP/1.1" 200 - "-" "WordPress/6.8; https://www.corals.io"
198.98.60.186 - - [20/Apr/2025:17:35:01 -0500] "GET /wp-content/plugins/suretriggers/readme.txt HTTP/1.1" 404 18501 "-" "python-requests/2.27.1"
20.150.202.16 - - [20/Apr/2025:17:47:07 -0500] "GET / HTTP/1.0" 301 - "-" "-"
13.37.108.181 - - [20/Apr/2025:17:47:20 -0500] "GET / HTTP/1.1" 200 44611 "www.google.com" "Mozilla/5.0 (Linux; Android 7.0; SM-G892A Build/NRD90M; wv) AppleWebKit/537.36 (KHTML, like Gecko) Version/4.0 Chrome/60.0.3112.107 Mobile Safari/537.36"
66.249.66.41 - - [20/Apr/2025:17:48:05 -0500] "GET /ads.txt HTTP/1.1" 404 18961 "-" "Mozilla/5.0 (compatible; Googlebot/2.1; +http://www.google.com/bot.html)"
209.145.62.177 - - [20/Apr/2025:17:58:12 -0500] "POST /wp-cron.php?doing_wp_cron=1745189892.1819620132446289062500 HTTP/1.1" 200 - "-" "WordPress/6.8; https://www.corals.io"
154.81.156.10 - - [20/Apr/2025:17:58:11 -0500] "PROPFIND / HTTP/1.1" 200 108967 "-" "-"
209.145.62.177 - - [20/Apr/2025:18:00:03 -0500] "POST /?wordfence_syncAttackData=1745190003.0496 HTTP/1.1" 200 - "-" "WordPress/6.8; https://www.corals.io"
198.98.60.186 - - [20/Apr/2025:18:00:02 -0500] "POST /wp-json/sure-triggers/v1/automation/action HTTP/1.1" 404 117 "-" "Mozilla/5.0 (Macintosh; Intel Mac OS X 10_15_7) AppleWebKit/537.36 (KHTML, like Gecko) Chrome/113.0.0.0 Safari/537.36"
209.145.62.177 - - [20/Apr/2025:18:06:06 -0500] "POST /wp-cron.php?doing_wp_cron=1745190366.7902660369873046875000 HTTP/1.1" 200 - "-" "WordPress/6.8; https://www.corals.io"
66.249.66.43 - - [20/Apr/2025:18:06:05 -0500] "GET /services/e-commerce/ HTTP/1.1" 200 30079 "-" "Mozilla/5.0 (Linux; Android 6.0.1; Nexus 5X Build/MMB29P) AppleWebKit/537.36 (KHTML, like Gecko) Chrome/135.0.7049.95 Mobile Safari/537.36 (compatible; Googlebot/2.1; +http://www.google.com/bot.html)"
66.249.66.41 - - [20/Apr/2025:18:06:31 -0500] "GET /wp-content/uploads/elementor/css/post-7527.css?ver=1744416000 HTTP/1.1" 200 2890 "https://www.corals.io/services/e-commerce/" "Mozilla/5.0 (Linux; Android 6.0.1; Nexus 5X Build/MMB29P) AppleWebKit/537.36 (KHTML, like Gecko) Chrome/135.0.7049.84 Mobile Safari/537.36 (compatible; Googlebot/2.1; +http://www.google.com/bot.html)"
66.249.66.41 - - [20/Apr/2025:18:06:35 -0500] "GET /wp-content/uploads/elementor/google-fonts/css/roboto.css?ver=1742258986 HTTP/1.1" 200 2864 "https://www.corals.io/services/e-commerce/" "Mozilla/5.0 (Linux; Android 6.0.1; Nexus 5X Build/MMB29P) AppleWebKit/537.36 (KHTML, like Gecko) Chrome/135.0.7049.84 Mobile Safari/537.36 (compatible; Googlebot/2.1; +http://www.google.com/bot.html)"
209.145.62.177 - - [20/Apr/2025:18:10:13 -0500] "POST /wp-cron.php?doing_wp_cron=1745190613.6645910739898681640625 HTTP/1.1" 200 - "-" "WordPress/6.8; https://www.corals.io"
54.171.118.22 - - [20/Apr/2025:18:10:12 -0500] "POST /webhooks/securionpay HTTP/1.1" 404 18333 "-" "Shift4/1.0 (+https://dev.shift4.com/docs/webhooks)"
66.249.66.37 - - [20/Apr/2025:18:21:46 -0500] "GET / HTTP/1.1" 304 - "-" "Mozilla/5.0 (compatible; Googlebot/2.1; +http://www.google.com/bot.html)"
66.249.66.40 - - [20/Apr/2025:18:21:48 -0500] "GET /wp-content/themes/dt-the7/css/compatibility/elementor/the7-carousel-text-and-icon-widget.min.css?ver=12.2.0 HTTP/1.1" 200 1227 "https://www.corals.io/" "Mozilla/5.0 AppleWebKit/537.36 (KHTML, like Gecko; compatible; Googlebot/2.1; +http://www.google.com/bot.html) Chrome/134.0.6998.165 Safari/537.36"
123.160.223.73 - - [20/Apr/2025:18:22:54 -0500] "GET / HTTP/1.1" 200 45619 "http://corals.io" "Mozilla/5.0 (Macintosh; Intel Mac OS X 10_15_7) AppleWebKit/537.36 (KHTML, like Gecko) Chrome/96.0.4664.110 Safari/537.36"
209.145.62.177 - - [20/Apr/2025:18:23:38 -0500] "POST /wp-cron.php?doing_wp_cron=1745191418.4410119056701660156250 HTTP/1.1" 200 - "-" "WordPress/6.8; https://www.corals.io"
170.39.218.52 - - [20/Apr/2025:18:23:37 -0500] "GET /.env HTTP/1.1" 404 18333 "-" "Mozilla/5.0 (X11; Linux x86_64) AppleWebKit/537.36 (KHTML, like Gecko) Chrome/81.0.4044.129 Safari/537.36"
170.39.218.52 - - [20/Apr/2025:18:23:39 -0500] "GET /api/.env HTTP/1.1" 404 18333 "-" "Mozilla/5.0 (X11; Linux x86_64) AppleWebKit/537.36 (KHTML, like Gecko) Chrome/81.0.4044.129 Safari/537.36"
170.39.218.52 - - [20/Apr/2025:18:23:41 -0500] "GET /.env.save HTTP/1.1" 404 18333 "-" "Mozilla/5.0 (X11; Linux x86_64) AppleWebKit/537.36 (KHTML, like Gecko) Chrome/81.0.4044.129 Safari/537.36"
170.39.218.52 - - [20/Apr/2025:18:23:43 -0500] "GET /.env.prod HTTP/1.1" 404 18333 "-" "Mozilla/5.0 (X11; Linux x86_64) AppleWebKit/537.36 (KHTML, like Gecko) Chrome/81.0.4044.129 Safari/537.36"
170.39.218.52 - - [20/Apr/2025:18:23:44 -0500] "GET /env.js HTTP/1.1" 404 18333 "-" "Mozilla/5.0 (X11; Linux x86_64) AppleWebKit/537.36 (KHTML, like Gecko) Chrome/81.0.4044.129 Safari/537.36"
170.39.218.52 - - [20/Apr/2025:18:23:46 -0500] "GET /api/config.js HTTP/1.1" 404 18333 "-" "Mozilla/5.0 (X11; Linux x86_64) AppleWebKit/537.36 (KHTML, like Gecko) Chrome/81.0.4044.129 Safari/537.36"
170.39.218.52 - - [20/Apr/2025:18:23:48 -0500] "GET /assets/env.js HTTP/1.1" 404 18333 "-" "Mozilla/5.0 (X11; Linux x86_64) AppleWebKit/537.36 (KHTML, like Gecko) Chrome/81.0.4044.129 Safari/537.36"
170.39.218.52 - - [20/Apr/2025:18:23:50 -0500] "GET /js/config.js HTTP/1.1" 404 18333 "-" "Mozilla/5.0 (X11; Linux x86_64) AppleWebKit/537.36 (KHTML, like Gecko) Chrome/81.0.4044.129 Safari/537.36"
170.39.218.52 - - [20/Apr/2025:18:23:52 -0500] "GET /js/app.js HTTP/1.1" 404 18333 "-" "Mozilla/5.0 (X11; Linux x86_64) AppleWebKit/537.36 (KHTML, like Gecko) Chrome/81.0.4044.129 Safari/537.36"
170.39.218.52 - - [20/Apr/2025:18:23:53 -0500] "GET /config.json HTTP/1.1" 404 18333 "-" "Mozilla/5.0 (X11; Linux x86_64) AppleWebKit/537.36 (KHTML, like Gecko) Chrome/81.0.4044.129 Safari/537.36"
209.145.62.177 - - [20/Apr/2025:18:23:56 -0500] "POST /wp-cron.php?doing_wp_cron=1745191436.0215699672698974609375 HTTP/1.1" 200 - "-" "WordPress/6.8; https://www.corals.io"
170.39.218.52 - - [20/Apr/2025:18:23:55 -0500] "GET /phpinfo.php HTTP/1.1" 404 18333 "-" "Mozilla/5.0 (X11; Linux x86_64) AppleWebKit/537.36 (KHTML, like Gecko) Chrome/81.0.4044.129 Safari/537.36"
170.39.218.52 - - [20/Apr/2025:18:23:57 -0500] "GET /phpinfo HTTP/1.1" 404 18333 "-" "Mozilla/5.0 (X11; Linux x86_64) AppleWebKit/537.36 (KHTML, like Gecko) Chrome/81.0.4044.129 Safari/537.36"
170.39.218.52 - - [20/Apr/2025:18:23:59 -0500] "GET /dev/.env HTTP/1.1" 404 18333 "-" "Mozilla/5.0 (X11; Linux x86_64) AppleWebKit/537.36 (KHTML, like Gecko) Chrome/81.0.4044.129 Safari/537.36"
170.39.218.52 - - [20/Apr/2025:18:24:01 -0500] "GET /application/.env HTTP/1.1" 404 18333 "-" "Mozilla/5.0 (X11; Linux x86_64) AppleWebKit/537.36 (KHTML, like Gecko) Chrome/81.0.4044.129 Safari/537.36"
170.39.218.52 - - [20/Apr/2025:18:24:03 -0500] "GET /php_info.php HTTP/1.1" 404 18333 "-" "Mozilla/5.0 (X11; Linux x86_64) AppleWebKit/537.36 (KHTML, like Gecko) Chrome/81.0.4044.129 Safari/537.36"
170.39.218.52 - - [20/Apr/2025:18:24:05 -0500] "GET /_profiler/phpinfo HTTP/1.1" 404 18333 "-" "Mozilla/5.0 (X11; Linux x86_64) AppleWebKit/537.36 (KHTML, like Gecko) Chrome/81.0.4044.129 Safari/537.36"
170.39.218.52 - - [20/Apr/2025:18:24:17 -0500] "POST / HTTP/1.1" 200 44616 "-" "Mozilla/5.0 (X11; Linux x86_64) AppleWebKit/537.36 (KHTML, like Gecko) Chrome/81.0.4044.129 Safari/537.36"
207.46.13.157 - - [20/Apr/2025:18:25:54 -0500] "GET / HTTP/1.1" 200 45619 "-" "Mozilla/5.0 AppleWebKit/537.36 (KHTML, like Gecko; compatible; bingbot/2.0; +http://www.bing.com/bingbot.htm) Chrome/116.0.1938.76 Safari/537.36"
207.46.13.107 - - [20/Apr/2025:18:26:10 -0500] "GET /wp-content/plugins/elementor/assets/css/conditionals/e-swiper.min.css?ver=3.28.3 HTTP/1.1" 200 799 "-" "Mozilla/5.0 AppleWebKit/537.36 (KHTML, like Gecko; compatible; bingbot/2.0; +http://www.bing.com/bingbot.htm) Chrome/116.0.1938.76 Safari/537.36"
207.46.13.107 - - [20/Apr/2025:18:26:11 -0500] "GET /wp-content/themes/dt-the7/js/compatibility/elementor/the7-slider.min.js?ver=12.2.0 HTTP/1.1" 200 5616 "-" "Mozilla/5.0 AppleWebKit/537.36 (KHTML, like Gecko; compatible; bingbot/2.0; +http://www.bing.com/bingbot.htm) Chrome/116.0.1938.76 Safari/537.36"
207.46.13.107 - - [20/Apr/2025:18:26:11 -0500] "GET /wp-content/themes/dt-the7/css/compatibility/elementor/the7-slider.min.css?ver=12.2.0 HTTP/1.1" 200 1725 "-" "Mozilla/5.0 AppleWebKit/537.36 (KHTML, like Gecko; compatible; bingbot/2.0; +http://www.bing.com/bingbot.htm) Chrome/116.0.1938.76 Safari/537.36"
207.46.13.107 - - [20/Apr/2025:18:26:11 -0500] "GET /wp-content/uploads/elementor/css/post-1481.css?ver=1744766378 HTTP/1.1" 200 9203 "-" "Mozilla/5.0 AppleWebKit/537.36 (KHTML, like Gecko; compatible; bingbot/2.0; +http://www.bing.com/bingbot.htm) Chrome/116.0.1938.76 Safari/537.36"
207.46.13.107 - - [20/Apr/2025:18:26:12 -0500] "GET /wp-includes/js/jquery/jquery.min.js?ver=3.7.1 HTTP/1.1" 200 30368 "-" "Mozilla/5.0 AppleWebKit/537.36 (KHTML, like Gecko; compatible; bingbot/2.0; +http://www.bing.com/bingbot.htm) Chrome/116.0.1938.76 Safari/537.36"
207.46.13.157 - - [20/Apr/2025:18:26:24 -0500] "GET /wp-content/themes/dt-the7/css/compatibility/elementor/the7-carousel-text-and-icon-widget.min.css?ver=12.2.0 HTTP/1.1" 200 1227 "-" "Mozilla/5.0 AppleWebKit/537.36 (KHTML, like Gecko; compatible; bingbot/2.0; +http://www.bing.com/bingbot.htm) Chrome/116.0.1938.76 Safari/537.36"
207.46.13.157 - - [20/Apr/2025:18:26:24 -0500] "GET /wp-content/themes/dt-the7/css/compatibility/elementor/the7-carousel-navigation.min.css?ver=12.2.0 HTTP/1.1" 200 773 "-" "Mozilla/5.0 AppleWebKit/537.36 (KHTML, like Gecko; compatible; bingbot/2.0; +http://www.bing.com/bingbot.htm) Chrome/116.0.1938.76 Safari/537.36"
207.46.13.157 - - [20/Apr/2025:18:26:24 -0500] "GET /wp-content/themes/dt-the7/css/compatibility/elementor/the7-carousel-widget.min.css?ver=12.2.0 HTTP/1.1" 200 3772 "-" "Mozilla/5.0 AppleWebKit/537.36 (KHTML, like Gecko; compatible; bingbot/2.0; +http://www.bing.com/bingbot.htm) Chrome/116.0.1938.76 Safari/537.36"
207.46.13.157 - - [20/Apr/2025:18:26:25 -0500] "GET /wp-content/themes/dt-the7/css/compatibility/elementor/the7-simple-posts-carousel.min.css?ver=12.2.0 HTTP/1.1" 200 640 "-" "Mozilla/5.0 AppleWebKit/537.36 (KHTML, like Gecko; compatible; bingbot/2.0; +http://www.bing.com/bingbot.htm) Chrome/116.0.1938.76 Safari/537.36"
207.46.13.157 - - [20/Apr/2025:18:26:25 -0500] "GET /wp-content/themes/dt-the7/js/compatibility/elementor/the7-simple-posts-carousel.min.js?ver=12.2.0 HTTP/1.1" 200 179 "-" "Mozilla/5.0 AppleWebKit/537.36 (KHTML, like Gecko; compatible; bingbot/2.0; +http://www.bing.com/bingbot.htm) Chrome/116.0.1938.76 Safari/537.36"
207.46.13.157 - - [20/Apr/2025:18:26:26 -0500] "GET /wp-content/uploads/elementor/css/post-7301.css?ver=1744766378 HTTP/1.1" 200 1279 "-" "Mozilla/5.0 AppleWebKit/537.36 (KHTML, like Gecko; compatible; bingbot/2.0; +http://www.bing.com/bingbot.htm) Chrome/116.0.1938.76 Safari/537.36"
209.145.62.177 - - [20/Apr/2025:18:30:25 -0500] "POST /wp-cron.php?doing_wp_cron=1745191825.7501900196075439453125 HTTP/1.1" 200 - "-" "WordPress/6.8; https://www.corals.io"
35.203.210.213 - - [20/Apr/2025:18:30:24 -0500] "GET / HTTP/1.1" 200 44616 "-" "Expanse, a Palo Alto Networks company, searches across the global IPv4 space multiple times per day to identify customers' presences on the Internet. If you would like to be excluded from our scans, please send IP addresses/domains to: [email protected]"
43.157.147.3 - - [20/Apr/2025:18:34:16 -0500] "GET / HTTP/1.1" 200 44611 "http://www.corals.io" "Mozilla/5.0 (iPhone; CPU iPhone OS 13_2_3 like Mac OS X) AppleWebKit/605.1.15 (KHTML, like Gecko) Version/13.0.3 Mobile/15E148 Safari/604.1"
209.145.62.177 - - [20/Apr/2025:18:35:03 -0500] "POST /wp-cron.php?doing_wp_cron=1745192103.2916660308837890625000 HTTP/1.1" 200 - "-" "WordPress/6.8; https://www.corals.io"
185.220.100.242 - - [20/Apr/2025:18:35:02 -0500] "GET /.DS_Store HTTP/1.1" 404 18961 "-" "Go-http-client/1.1"
195.47.238.93 - - [20/Apr/2025:18:35:04 -0500] "GET /.git/config HTTP/1.1" 404 18961 "-" "Go-http-client/1.1"
192.42.116.183 - - [20/Apr/2025:18:35:06 -0500] "GET /.DS_Store HTTP/1.1" 404 18961 "-" "Go-http-client/1.1"
86.41.229.1 - - [20/Apr/2025:18:38:06 -0500] "GET /wp-content/uploads/2022/05/logo-leaderboard.png HTTP/1.1" 200 23651 "-" "Mozilla/5.0 (Linux; Android 14; SM-S928B Build/UP1A.231005.007; wv) AppleWebKit/537.36 (KHTML, like Gecko) Version/4.0 Chrome/135.0.7049.99 Mobile Safari/537.36"
40.77.188.205 - - [20/Apr/2025:18:42:07 -0500] "GET /wp-content/plugins/elementor/assets/lib/swiper/v8/swiper.min.js?ver=8.4.5 HTTP/1.1" 200 39695 "https://www.corals.io/" "Mozilla/5.0 AppleWebKit/537.36 (KHTML, like Gecko; compatible; bingbot/2.0; +http://www.bing.com/bingbot.htm) Chrome/112.0.0.0 Safari/537.36"
209.145.62.177 - - [20/Apr/2025:18:51:34 -0500] "POST /wp-cron.php?doing_wp_cron=1745193094.5704619884490966796875 HTTP/1.1" 200 - "-" "WordPress/6.8; https://www.corals.io"
43.157.38.131 - - [20/Apr/2025:18:51:33 -0500] "GET /services/ui-ux-design/ HTTP/1.1" 200 30671 "-" "Mozilla/5.0 (iPhone; CPU iPhone OS 13_2_3 like Mac OS X) AppleWebKit/605.1.15 (KHTML, like Gecko) Version/13.0.3 Mobile/15E148 Safari/604.1"
209.145.62.177 - - [20/Apr/2025:18:55:20 -0500] "POST /wp-cron.php?doing_wp_cron=1745193320.1346490383148193359375 HTTP/1.1" 200 - "-" "WordPress/6.8; https://www.corals.io"
47.128.96.147 - - [20/Apr/2025:18:55:19 -0500] "GET /product/selene-yoga-hoodie/ HTTP/1.1" 404 18333 "-" "Mozilla/5.0 (Linux; Android 5.0) AppleWebKit/537.36 (KHTML, like Gecko) Mobile Safari/537.36 (compatible; TikTokSpider; [email protected])"
209.145.62.177 - - [20/Apr/2025:18:56:07 -0500] "POST /wp-cron.php?doing_wp_cron=1745193367.0300350189208984375000 HTTP/1.1" 200 - "-" "WordPress/6.8; https://www.corals.io"
51.14.215.27 - - [20/Apr/2025:18:56:06 -0500] "GET / HTTP/1.1" 301 - "-" "Mozilla/5.0 (Linux; Android 5.0; SM-G900P Build/LRX21T) AppleWebKit/537.36 (KHTML, like Gecko) Chrome/51.0.9955.1559 Mobile Safari/537.36"
86.165.94.254 - - [20/Apr/2025:18:56:09 -0500] "GET / HTTP/1.1" 200 44611 "-" "Mozilla/5.0 (Linux; Android 5.0; SM-G900P Build/LRX21T) AppleWebKit/537.36 (KHTML, like Gecko) Chrome/51.0.9955.1559 Mobile Safari/537.36"
86.165.94.254 - - [20/Apr/2025:18:56:12 -0500] "GET /wp-content/plugins/elementor/assets/css/widget-heading.min.css?ver=3.28.3 HTTP/1.1" 200 189 "https://www.corals.io/" "Mozilla/5.0 (Linux; Android 5.0; SM-G900P Build/LRX21T) AppleWebKit/537.36 (KHTML, like Gecko) Chrome/51.0.9955.1559 Mobile Safari/537.36"
86.165.94.254 - - [20/Apr/2025:18:56:12 -0500] "GET /wp-content/uploads/elementor/css/post-3912.css?ver=1744765111 HTTP/1.1" 200 2931 "https://www.corals.io/" "Mozilla/5.0 (Linux; Android 5.0; SM-G900P Build/LRX21T) AppleWebKit/537.36 (KHTML, like Gecko) Chrome/51.0.9955.1559 Mobile Safari/537.36"
86.165.94.254 - - [20/Apr/2025:18:56:12 -0500] "GET /wp-content/themes/dt-the7/css/compatibility/elementor/the7-carousel-navigation.min.css?ver=12.2.0 HTTP/1.1" 200 773 "https://www.corals.io/" "Mozilla/5.0 (Linux; Android 5.0; SM-G900P Build/LRX21T) AppleWebKit/537.36 (KHTML, like Gecko) Chrome/51.0.9955.1559 Mobile Safari/537.36"
86.165.94.254 - - [20/Apr/2025:18:56:12 -0500] "GET /wp-content/uploads/elementor/css/post-4476.css?ver=1744765111 HTTP/1.1" 200 2827 "https://www.corals.io/" "Mozilla/5.0 (Linux; Android 5.0; SM-G900P Build/LRX21T) AppleWebKit/537.36 (KHTML, like Gecko) Chrome/51.0.9955.1559 Mobile Safari/537.36"
86.165.94.254 - - [20/Apr/2025:18:56:12 -0500] "GET /wp-includes/js/jquery/jquery.min.js?ver=3.7.1 HTTP/1.1" 200 30368 "https://www.corals.io/" "Mozilla/5.0 (Linux; Android 5.0; SM-G900P Build/LRX21T) AppleWebKit/537.36 (KHTML, like Gecko) Chrome/51.0.9955.1559 Mobile Safari/537.36"
86.165.94.254 - - [20/Apr/2025:18:56:12 -0500] "GET /wp-includes/js/dist/element.min.js?ver=a4eeeadd23c0d7ab1d2d HTTP/1.1" 200 4937 "https://www.corals.io/" "Mozilla/5.0 (Linux; Android 5.0; SM-G900P Build/LRX21T) AppleWebKit/537.36 (KHTML, like Gecko) Chrome/51.0.9955.1559 Mobile Safari/537.36"
86.165.94.254 - - [20/Apr/2025:18:56:13 -0500] "GET /wp-includes/js/dist/compose.min.js?ver=84bcf832a5c99203f3db HTTP/1.1" 200 12815 "https://www.corals.io/" "Mozilla/5.0 (Linux; Android 5.0; SM-G900P Build/LRX21T) AppleWebKit/537.36 (KHTML, like Gecko) Chrome/51.0.9955.1559 Mobile Safari/537.36"
86.165.94.254 - - [20/Apr/2025:18:56:13 -0500] "GET /wp-content/plugins/the7-block-editor/dist/editor/blocks/navigation/responsiveness/common.js?ver=5bc89c75120ae5159676 HTTP/1.1" 200 - "https://www.corals.io/" "Mozilla/5.0 (Linux; Android 5.0; SM-G900P Build/LRX21T) AppleWebKit/537.36 (KHTML, like Gecko) Chrome/51.0.9955.1559 Mobile Safari/537.36"
86.165.94.254 - - [20/Apr/2025:18:56:13 -0500] "GET /wp-content/plugins/the7-block-editor/dist/editor/blocks/__all__/visibility/common.js?ver=67b1e492da753da46c86 HTTP/1.1" 200 - "https://www.corals.io/" "Mozilla/5.0 (Linux; Android 5.0; SM-G900P Build/LRX21T) AppleWebKit/537.36 (KHTML, like Gecko) Chrome/51.0.9955.1559 Mobile Safari/537.36"
86.165.94.254 - - [20/Apr/2025:18:56:14 -0500] "GET /wp-content/themes/dt-the7/js/main.min.js?ver=12.2.0 HTTP/1.1" 200 95161 "https://www.corals.io/" "Mozilla/5.0 (Linux; Android 5.0; SM-G900P Build/LRX21T) AppleWebKit/537.36 (KHTML, like Gecko) Chrome/51.0.9955.1559 Mobile Safari/537.36"
86.165.94.254 - - [20/Apr/2025:18:56:15 -0500] "GET /wp-content/themes/dt-the7/lib/jquery-sticky/jquery-sticky.min.js?ver=12.2.0 HTTP/1.1" 200 1855 "https://www.corals.io/" "Mozilla/5.0 (Linux; Android 5.0; SM-G900P Build/LRX21T) AppleWebKit/537.36 (KHTML, like Gecko) Chrome/51.0.9955.1559 Mobile Safari/537.36"
86.165.94.254 - - [20/Apr/2025:18:56:15 -0500] "GET /wp-content/plugins/revslider/public/js/libs/tptools.js?ver=6.7.23 HTTP/1.1" 200 74536 "https://www.corals.io/" "Mozilla/5.0 (Linux; Android 5.0; SM-G900P Build/LRX21T) AppleWebKit/537.36 (KHTML, like Gecko) Chrome/51.0.9955.1559 Mobile Safari/537.36"
86.165.94.254 - - [20/Apr/2025:18:56:16 -0500] "GET /wp-content/uploads/2024/11/image_2024_11_04T12_00_35_230Z-768x456.png HTTP/1.1" 200 150928 "https://www.corals.io/" "Mozilla/5.0 (Linux; Android 5.0; SM-G900P Build/LRX21T) AppleWebKit/537.36 (KHTML, like Gecko) Chrome/51.0.9955.1559 Mobile Safari/537.36"
86.165.94.254 - - [20/Apr/2025:18:56:16 -0500] "GET /wp-content/uploads/2024/11/site_logo-768x129.png HTTP/1.1" 200 36823 "https://www.corals.io/" "Mozilla/5.0 (Linux; Android 5.0; SM-G900P Build/LRX21T) AppleWebKit/537.36 (KHTML, like Gecko) Chrome/51.0.9955.1559 Mobile Safari/537.36"
86.165.94.254 - - [20/Apr/2025:18:56:16 -0500] "GET /wp-content/uploads/2024/11/image_2024_11_04T10_48_53_215Z-768x612.png HTTP/1.1" 200 338834 "https://www.corals.io/" "Mozilla/5.0 (Linux; Android 5.0; SM-G900P Build/LRX21T) AppleWebKit/537.36 (KHTML, like Gecko) Chrome/51.0.9955.1559 Mobile Safari/537.36"
86.165.94.254 - - [20/Apr/2025:18:56:16 -0500] "GET /wp-content/uploads/2024/11/image_2024_11_07T12_53_12_190Z-768x543.png HTTP/1.1" 200 22585 "https://www.corals.io/" "Mozilla/5.0 (Linux; Android 5.0; SM-G900P Build/LRX21T) AppleWebKit/537.36 (KHTML, like Gecko) Chrome/51.0.9955.1559 Mobile Safari/537.36"
86.165.94.254 - - [20/Apr/2025:18:56:16 -0500] "GET /wp-content/uploads/2024/11/image_2024_11_04T12_02_15_899Z-768x423.png HTTP/1.1" 200 59761 "https://www.corals.io/" "Mozilla/5.0 (Linux; Android 5.0; SM-G900P Build/LRX21T) AppleWebKit/537.36 (KHTML, like Gecko) Chrome/51.0.9955.1559 Mobile Safari/537.36"
40.77.167.33 - - [20/Apr/2025:18:56:15 -0500] "GET /?s=2026 HTTP/1.1" 200 26487 "-" "Mozilla/5.0 AppleWebKit/537.36 (KHTML, like Gecko; compatible; bingbot/2.0; +http://www.bing.com/bingbot.htm) Chrome/116.0.1938.76 Safari/537.36"
86.165.94.254 - - [20/Apr/2025:18:56:17 -0500] "GET /wp-content/uploads/2024/11/image_2024_11_04T12_24_15_412Z.png HTTP/1.1" 200 95441 "https://www.corals.io/" "Mozilla/5.0 (Linux; Android 5.0; SM-G900P Build/LRX21T) AppleWebKit/537.36 (KHTML, like Gecko) Chrome/51.0.9955.1559 Mobile Safari/537.36"
209.145.62.177 - - [20/Apr/2025:18:59:00 -0500] "POST /wp-cron.php?doing_wp_cron=1745193540.1323790550231933593750 HTTP/1.1" 200 - "-" "WordPress/6.8; https://www.corals.io"
43.157.251.48 - - [20/Apr/2025:18:58:59 -0500] "GET /showcase/ HTTP/1.1" 200 29428 "-" "Mozilla/5.0 (iPhone; CPU iPhone OS 13_2_3 like Mac OS X) AppleWebKit/605.1.15 (KHTML, like Gecko) Version/13.0.3 Mobile/15E148 Safari/604.1"
209.145.62.177 - - [20/Apr/2025:19:10:21 -0500] "POST /wp-cron.php?doing_wp_cron=1745194221.2744328975677490234375 HTTP/1.1" 200 - "-" "WordPress/6.8; https://www.corals.io"
54.77.80.232 - - [20/Apr/2025:19:10:14 -0500] "POST /webhooks/securionpay HTTP/1.1" 404 18332 "-" "Shift4/1.0 (+https://dev.shift4.com/docs/webhooks)"
170.106.15.3 - - [20/Apr/2025:19:19:32 -0500] "GET / HTTP/1.1" 200 44610 "-" "Mozilla/5.0 (iPhone; CPU iPhone OS 13_2_3 like Mac OS X) AppleWebKit/605.1.15 (KHTML, like Gecko) Version/13.0.3 Mobile/15E148 Safari/604.1"
66.249.66.38 - - [20/Apr/2025:19:20:02 -0500] "GET / HTTP/1.1" 200 45619 "-" "Mozilla/5.0 (compatible; Googlebot/2.1; +http://www.google.com/bot.html)"
209.145.62.177 - - [20/Apr/2025:19:22:56 -0500] "POST /wp-cron.php?doing_wp_cron=1745194976.1527419090270996093750 HTTP/1.1" 200 - "-" "WordPress/6.8; https://www.corals.io"
54.36.148.231 - - [20/Apr/2025:19:22:55 -0500] "GET /sitemap_index.xml HTTP/1.1" 200 415 "-" "Mozilla/5.0 (compatible; AhrefsBot/7.0; +http://ahrefs.com/robot/)"
54.36.149.2 - - [20/Apr/2025:19:22:57 -0500] "GET /post-sitemap.xml HTTP/1.1" 200 626 "-" "Mozilla/5.0 (compatible; AhrefsBot/7.0; +http://ahrefs.com/robot/)"
54.36.148.179 - - [20/Apr/2025:19:22:59 -0500] "GET /page-sitemap.xml HTTP/1.1" 200 712 "-" "Mozilla/5.0 (compatible; AhrefsBot/7.0; +http://ahrefs.com/robot/)"
54.36.149.24 - - [20/Apr/2025:19:23:01 -0500] "GET /technology-sitemap.xml HTTP/1.1" 200 638 "-" "Mozilla/5.0 (compatible; AhrefsBot/7.0; +http://ahrefs.com/robot/)"
54.36.148.225 - - [20/Apr/2025:19:23:03 -0500] "GET /specialists-sitemap.xml HTTP/1.1" 200 486 "-" "Mozilla/5.0 (compatible; AhrefsBot/7.0; +http://ahrefs.com/robot/)"
54.36.148.78 - - [20/Apr/2025:19:23:05 -0500] "GET /services-sitemap.xml HTTP/1.1" 200 605 "-" "Mozilla/5.0 (compatible; AhrefsBot/7.0; +http://ahrefs.com/robot/)"
54.36.148.172 - - [20/Apr/2025:19:23:07 -0500] "GET /dt_portfolio-sitemap.xml HTTP/1.1" 200 1047 "-" "Mozilla/5.0 (compatible; AhrefsBot/7.0; +http://ahrefs.com/robot/)"
54.36.148.53 - - [20/Apr/2025:19:23:09 -0500] "GET /category-sitemap.xml HTTP/1.1" 200 406 "-" "Mozilla/5.0 (compatible; AhrefsBot/7.0; +http://ahrefs.com/robot/)"
54.36.148.255 - - [20/Apr/2025:19:23:13 -0500] "GET /local-sitemap.xml HTTP/1.1" 200 285 "-" "Mozilla/5.0 (compatible; AhrefsBot/7.0; +http://ahrefs.com/robot/)"
209.145.62.177 - - [20/Apr/2025:19:28:38 -0500] "POST /wp-cron.php?doing_wp_cron=1745195318.7355079650878906250000 HTTP/1.1" 200 - "-" "WordPress/6.8; https://www.corals.io"
66.249.66.42 - - [20/Apr/2025:19:28:37 -0500] "GET /services-sitemap.xml HTTP/1.1" 200 605 "-" "Mozilla/5.0 (compatible; Googlebot/2.1; +http://www.google.com/bot.html)"
43.159.128.237 - - [20/Apr/2025:19:28:42 -0500] "GET / HTTP/1.1" 200 44610 "-" "Mozilla/5.0 (iPhone; CPU iPhone OS 13_2_3 like Mac OS X) AppleWebKit/605.1.15 (KHTML, like Gecko) Version/13.0.3 Mobile/15E148 Safari/604.1"
209.145.62.177 - - [20/Apr/2025:19:34:11 -0500] "POST /wp-cron.php?doing_wp_cron=1745195651.8085689544677734375000 HTTP/1.1" 200 - "-" "WordPress/6.8; https://www.corals.io"
154.81.156.10 - - [20/Apr/2025:19:34:11 -0500] "PROPFIND / HTTP/1.1" 200 108967 "-" "-"
102.90.98.67 - - [20/Apr/2025:19:35:01 -0500] "GET / HTTP/1.1" 200 45619 "-" "Mozilla/5.0 (Windows NT 10.0; Win64; x64; rv:109.0) Gecko/20100101 Firefox/111.0"
102.90.98.67 - - [20/Apr/2025:19:35:02 -0500] "GET /contact HTTP/1.1" 200 31457 "-" "Mozilla/5.0 (Windows NT 10.0; Win64; x64; rv:109.0) Gecko/20100101 Firefox/111.0"
102.90.98.67 - - [20/Apr/2025:19:35:02 -0500] "GET /about HTTP/1.1" 200 38717 "-" "Mozilla/5.0 (Windows NT 10.0; Win64; x64; rv:109.0) Gecko/20100101 Firefox/111.0"
102.90.98.67 - - [20/Apr/2025:19:35:02 -0500] "GET /14-ways-laravel-can-help-you-reach-your-development-goals HTTP/1.1" 200 35937 "-" "Mozilla/5.0 (Windows NT 10.0; Win64; x64; rv:109.0) Gecko/20100101 Firefox/111.0"
209.145.62.177 - - [20/Apr/2025:19:36:21 -0500] "POST /wp-cron.php?doing_wp_cron=1745195781.6224429607391357421875 HTTP/1.1" 200 - "-" "WordPress/6.8; https://www.corals.io"
43.166.240.231 - - [20/Apr/2025:19:36:20 -0500] "GET /wp-json/oembed/1.0/embed?url=https%3A%2F%2Fwww.corals.io%2F&format=xml HTTP/1.1" 200 1038 "-" "Mozilla/5.0 (iPhone; CPU iPhone OS 13_2_3 like Mac OS X) AppleWebKit/605.1.15 (KHTML, like Gecko) Version/13.0.3 Mobile/15E148 Safari/604.1"
43.156.168.214 - - [20/Apr/2025:19:40:08 -0500] "GET /wp-content/plugins/ HTTP/1.1" 200 - "-" "Mozilla/5.0 (iPhone; CPU iPhone OS 13_2_3 like Mac OS X) AppleWebKit/605.1.15 (KHTML, like Gecko) Version/13.0.3 Mobile/15E148 Safari/604.1"
209.145.62.177 - - [20/Apr/2025:19:41:21 -0500] "POST /wp-cron.php?doing_wp_cron=1745196080.9154789447784423828125 HTTP/1.1" 200 - "-" "WordPress/6.8; https://www.corals.io"
207.90.244.27 - - [20/Apr/2025:19:41:19 -0500] "GET / HTTP/1.1" 301 - "-" "Mozilla/5.0 (X11; Linux x86_64) AppleWebKit/537.36 (KHTML, like Gecko) Chrome/98.0.4758.102 Safari/537.36"
207.90.244.27 - - [20/Apr/2025:19:41:23 -0500] "\n" 400 - "-" "-"
207.90.244.27 - - [20/Apr/2025:19:41:23 -0500] "\n" 400 - "-" "-"
207.90.244.27 - - [20/Apr/2025:19:41:23 -0500] "\n" 400 - "-" "-"
207.90.244.27 - - [20/Apr/2025:19:41:24 -0500] "\n" 400 - "-" "-"
207.90.244.27 - - [20/Apr/2025:19:41:27 -0500] "GET /robots.txt HTTP/1.1" 200 117 "-" "-"
207.90.244.27 - - [20/Apr/2025:19:41:28 -0500] "GET /sitemap.xml HTTP/1.1" 404 66810 "-" "-"
207.90.244.27 - - [20/Apr/2025:19:41:30 -0500] "GET /.well-known/security.txt HTTP/1.1" 404 67861 "-" "-"
207.90.244.27 - - [20/Apr/2025:19:41:31 -0500] "GET /favicon.ico HTTP/1.1" 302 - "-" "Mozilla/5.0 (Windows NT 10.0; Win64; x64) AppleWebKit/537.36 (KHTML, like Gecko) Chrome/102.0.5005.63 Safari/537.36"
209.145.62.177 - - [20/Apr/2025:19:46:50 -0500] "POST /wp-cron.php?doing_wp_cron=1745196410.2374169826507568359375 HTTP/1.1" 200 - "-" "WordPress/6.8; https://www.corals.io"
156.59.198.135 - - [20/Apr/2025:19:46:49 -0500] "GET /wp-content/uploads/2023/10/msh01-blue_back-3-700x869.jpg HTTP/1.1" 404 18499 "-" "Mozilla/5.0 (Linux; Android 5.0) AppleWebKit/537.36 (KHTML, like Gecko) Mobile Safari/537.36 (compatible; Bytespider; [email protected])"
209.145.62.177 - - [20/Apr/2025:19:50:51 -0500] "POST /wp-cron.php?doing_wp_cron=1745196651.3035719394683837890625 HTTP/1.1" 200 - "-" "WordPress/6.8; https://www.corals.io"
47.128.47.237 - - [20/Apr/2025:19:50:49 -0500] "GET /robots.txt HTTP/1.1" 200 114 "-" "Mozilla/5.0 (Linux; Android 5.0) AppleWebKit/537.36 (KHTML, like Gecko) Mobile Safari/537.36 (compatible; Bytespider; [email protected])"
43.167.236.228 - - [20/Apr/2025:19:50:56 -0500] "GET /services/ui-ux-design/ HTTP/1.1" 200 30668 "-" "Mozilla/5.0 (iPhone; CPU iPhone OS 13_2_3 like Mac OS X) AppleWebKit/605.1.15 (KHTML, like Gecko) Version/13.0.3 Mobile/15E148 Safari/604.1"
209.145.62.177 - - [20/Apr/2025:20:00:07 -0500] "POST /wp-cron.php?doing_wp_cron=1745197207.1269009113311767578125 HTTP/1.1" 200 - "-" "WordPress/6.8; https://www.corals.io"
49.51.36.179 - - [20/Apr/2025:20:00:05 -0500] "GET /services/mobile-development/ HTTP/1.1" 200 28996 "-" "Mozilla/5.0 (iPhone; CPU iPhone OS 13_2_3 like Mac OS X) AppleWebKit/605.1.15 (KHTML, like Gecko) Version/13.0.3 Mobile/15E148 Safari/604.1"
198.235.24.179 - - [20/Apr/2025:20:00:16 -0500] "GET / HTTP/1.1" 301 - "-" "-"
198.235.24.179 - - [20/Apr/2025:20:00:17 -0500] "GET / HTTP/1.1" 200 45619 "-" "-"
13.235.114.194 - - [20/Apr/2025:20:05:32 -0500] "GET / HTTP/1.1" 200 45619 "-" "Mozilla/5.0 (Windows NT 10.0; Win64; x64) AppleWebKit/537.36 (KHTML, like Gecko) Chrome/80.0.3987.149 Safari/537.36"
13.235.114.194 - - [20/Apr/2025:20:05:35 -0500] "GET //wp-includes/wlwmanifest.xml HTTP/1.1" 301 - "-" "Mozilla/5.0 (Windows NT 10.0; Win64; x64) AppleWebKit/537.36 (KHTML, like Gecko) Chrome/80.0.3987.149 Safari/537.36"
13.235.114.194 - - [20/Apr/2025:20:05:36 -0500] "GET //xmlrpc.php?rsd HTTP/1.1" 200 302 "-" "Mozilla/5.0 (Windows NT 10.0; Win64; x64) AppleWebKit/537.36 (KHTML, like Gecko) Chrome/80.0.3987.149 Safari/537.36"
13.235.114.194 - - [20/Apr/2025:20:05:37 -0500] "GET //?author=1 HTTP/1.1" 404 18950 "-" "Mozilla/5.0 (Windows NT 10.0; Win64; x64) AppleWebKit/537.36 (KHTML, like Gecko) Chrome/80.0.3987.149 Safari/537.36"
13.235.114.194 - - [20/Apr/2025:20:05:39 -0500] "GET //?author=2 HTTP/1.1" 404 18950 "-" "Mozilla/5.0 (Windows NT 10.0; Win64; x64) AppleWebKit/537.36 (KHTML, like Gecko) Chrome/80.0.3987.149 Safari/537.36"
13.235.114.194 - - [20/Apr/2025:20:05:41 -0500] "GET //wp-json/wp/v2/users/ HTTP/1.1" 401 110 "-" "Mozilla/5.0 (Windows NT 10.0; Win64; x64) AppleWebKit/537.36 (KHTML, like Gecko) Chrome/80.0.3987.149 Safari/537.36"
13.235.114.194 - - [20/Apr/2025:20:05:42 -0500] "GET //wp-json/oembed/1.0/embed?url=https://www.corals.io/ HTTP/1.1" 200 1006 "-" "Mozilla/5.0 (Windows NT 10.0; Win64; x64) AppleWebKit/537.36 (KHTML, like Gecko) Chrome/80.0.3987.149 Safari/537.36"
13.235.114.194 - - [20/Apr/2025:20:05:44 -0500] "POST //xmlrpc.php HTTP/1.1" 200 206 "-" "Mozilla/5.0 (Windows NT 10.0; Win64; x64) AppleWebKit/537.36 (KHTML, like Gecko) Chrome/80.0.3987.149 Safari/537.36"
13.235.114.194 - - [20/Apr/2025:20:05:45 -0500] "POST //xmlrpc.php HTTP/1.1" 503 7309 "-" "Mozilla/5.0 (Windows NT 10.0; Win64; x64) AppleWebKit/537.36 (KHTML, like Gecko) Chrome/80.0.3987.149 Safari/537.36"
156.59.198.136 - - [20/Apr/2025:20:09:13 -0500] "GET /wp-content/uploads/2023/10/ws03-red_back-3-700x868.jpg HTTP/1.1" 404 18499 "-" "Mozilla/5.0 (Linux; Android 5.0) AppleWebKit/537.36 (KHTML, like Gecko) Mobile Safari/537.36 (compatible; Bytespider; [email protected])"
209.145.62.177 - - [20/Apr/2025:20:10:18 -0500] "POST /wp-cron.php?doing_wp_cron=1745197818.7114069461822509765625 HTTP/1.1" 200 - "-" "WordPress/6.8; https://www.corals.io"
43.157.179.227 - - [20/Apr/2025:20:10:17 -0500] "GET /our_services/ HTTP/1.1" 200 31727 "-" "Mozilla/5.0 (iPhone; CPU iPhone OS 13_2_3 like Mac OS X) AppleWebKit/605.1.15 (KHTML, like Gecko) Version/13.0.3 Mobile/15E148 Safari/604.1"
54.77.177.28 - - [20/Apr/2025:20:10:22 -0500] "POST /webhooks/securionpay HTTP/1.1" 404 18332 "-" "Shift4/1.0 (+https://dev.shift4.com/docs/webhooks)"
5.8.18.5 - - [20/Apr/2025:20:10:32 -0500] "GET /wp-login.php HTTP/1.1" 200 2063 "-" "Python/3.11 aiohttp/3.11.16"
114.119.149.171 - - [20/Apr/2025:20:11:19 -0500] "GET /wp-content/uploads/elementor/thumbs/com010-1-qwcd3zhlrc97f4du3d9ebko5eqgklnany417aqjz9c.jpg HTTP/1.1" 200 118325 "https://www.corals.io/project/tadawulkom/" "Mozilla/5.0 (Linux; Android 7.0;) AppleWebKit/537.36 (KHTML, like Gecko) Mobile Safari/537.36 (compatible; PetalBot;+https://webmaster.petalsearch.com/site/petalbot)"
209.145.62.177 - - [20/Apr/2025:20:13:14 -0500] "POST /wp-cron.php?doing_wp_cron=1745197994.8252189159393310546875 HTTP/1.1" 200 - "-" "WordPress/6.8; https://www.corals.io"
156.59.198.135 - - [20/Apr/2025:20:13:13 -0500] "GET /wp-content/uploads/2021/10/post-example-2-image-6-2.jpg HTTP/1.1" 404 18499 "-" "Mozilla/5.0 (Linux; Android 5.0) AppleWebKit/537.36 (KHTML, like Gecko) Mobile Safari/537.36 (compatible; Bytespider; [email protected])"
209.145.62.177 - - [20/Apr/2025:20:15:59 -0500] "POST /wp-cron.php?doing_wp_cron=1745198159.2200450897216796875000 HTTP/1.1" 200 - "-" "WordPress/6.8; https://www.corals.io"
45.76.83.70 - - [20/Apr/2025:20:15:58 -0500] "GET / HTTP/1.1" 301 - "-" "Mozilla/5.0 (Windows NT 10.0; Win64; x64) Gecko/20100101 Firefox/128.0 (x64 de)"
45.76.83.70 - - [20/Apr/2025:20:15:59 -0500] "GET / HTTP/1.1" 301 - "-" "Mozilla/5.0 (ZZ; Linux x86_64; rv:126.0) Gecko/20100101 Firefox/126.0"
45.76.83.70 - - [20/Apr/2025:20:15:59 -0500] "GET / HTTP/1.1" 301 - "-" "Mozilla/5.0 (Windows NT 10.0; Win64; x64; rv:92.0) Gecko/20100101 Firefox/92.0"
45.76.83.70 - - [20/Apr/2025:20:16:00 -0500] "GET / HTTP/1.1" 200 45619 "https://theit.corals.io" "Mozilla/5.0 (ZZ; Linux x86_64; rv:126.0) Gecko/20100101 Firefox/126.0"
45.76.83.70 - - [20/Apr/2025:20:16:01 -0500] "GET / HTTP/1.1" 200 45619 "https://theit.corals.io" "Mozilla/5.0 (Windows NT 10.0; Win64; x64; rv:92.0) Gecko/20100101 Firefox/92.0"
209.145.62.177 - - [20/Apr/2025:20:17:17 -0500] "POST /wp-cron.php?doing_wp_cron=1745198237.5047910213470458984375 HTTP/1.1" 200 - "-" "WordPress/6.8; https://www.corals.io"
205.210.31.186 - - [20/Apr/2025:20:17:16 -0500] "GET / HTTP/1.1" 301 - "-" "-"
205.210.31.186 - - [20/Apr/2025:20:17:18 -0500] "GET / HTTP/1.1" 200 45619 "-" "-"
66.249.66.42 - - [20/Apr/2025:20:18:07 -0500] "GET / HTTP/1.1" 304 - "-" "Mozilla/5.0 (compatible; Googlebot/2.1; +http://www.google.com/bot.html)"
49.51.196.42 - - [20/Apr/2025:20:20:58 -0500] "GET /technology/vue-js-nuxt/ HTTP/1.1" 200 29869 "-" "Mozilla/5.0 (iPhone; CPU iPhone OS 13_2_3 like Mac OS X) AppleWebKit/605.1.15 (KHTML, like Gecko) Version/13.0.3 Mobile/15E148 Safari/604.1"
20.65.193.155 - - [20/Apr/2025:20:21:38 -0500] "GET / HTTP/1.1" 301 - "-" "Mozilla/5.0 zgrab/0.x"
198.235.24.149 - - [20/Apr/2025:20:29:25 -0500] "GET / HTTP/1.1" 301 - "-" "-"
198.235.24.149 - - [20/Apr/2025:20:29:26 -0500] "GET / HTTP/1.1" 200 45619 "-" "-"
114.119.149.171 - - [20/Apr/2025:20:29:30 -0500] "GET /wp-sitemap-posts-page-1.xml HTTP/1.1" 301 - "-" "Mozilla/5.0 (Linux; Android 7.0;) AppleWebKit/537.36 (KHTML, like Gecko) Mobile Safari/537.36 (compatible; PetalBot;+https://webmaster.petalsearch.com/site/petalbot)"
114.119.149.171 - - [20/Apr/2025:20:29:31 -0500] "GET /page-sitemap.xml HTTP/1.1" 200 712 "-" "Mozilla/5.0 (Linux; Android 7.0;) AppleWebKit/537.36 (KHTML, like Gecko) Mobile Safari/537.36 (compatible; PetalBot;+https://webmaster.petalsearch.com/site/petalbot)"
209.145.62.177 - - [20/Apr/2025:20:30:45 -0500] "POST /wp-cron.php?doing_wp_cron=1745199045.1692728996276855468750 HTTP/1.1" 200 - "-" "WordPress/6.8; https://www.corals.io"
43.166.244.192 - - [20/Apr/2025:20:30:44 -0500] "GET /technology/php/ HTTP/1.1" 200 29276 "-" "Mozilla/5.0 (iPhone; CPU iPhone OS 13_2_3 like Mac OS X) AppleWebKit/605.1.15 (KHTML, like Gecko) Version/13.0.3 Mobile/15E148 Safari/604.1"
114.119.149.171 - - [20/Apr/2025:20:30:53 -0500] "GET /team/ HTTP/1.1" 200 32225 "https://www.corals.io/2024/11/11/" "Mozilla/5.0 (Linux; Android 7.0;) AppleWebKit/537.36 (KHTML, like Gecko) Mobile Safari/537.36 (compatible; PetalBot;+https://webmaster.petalsearch.com/site/petalbot)"
209.145.62.177 - - [20/Apr/2025:20:31:25 -0500] "POST /wp-cron.php?doing_wp_cron=1745199085.1101551055908203125000 HTTP/1.1" 200 - "-" "WordPress/6.8; https://www.corals.io"
5.102.173.71 - - [20/Apr/2025:20:31:24 -0500] "GET /under-maintenance/ HTTP/1.1" 404 18960 "-" "Mozilla/5.0 (compatible; MojeekBot/0.11; +https://www.mojeek.com/bot.html)"
45.76.83.70 - - [20/Apr/2025:20:39:04 -0500] "GET / HTTP/1.1" 301 - "-" "Mozilla/5.0 (ZZ; Linux i686) AppleWebKit/537.36 (KHTML, like Gecko) Chrome/123.0.0.0 Safari/537.36"
45.76.83.70 - - [20/Apr/2025:20:39:04 -0500] "GET / HTTP/1.1" 301 - "-" "Mozilla/5.0 (X11; CrOS x86_64 14541.0.0) AppleWebKit/537.36 (KHTML, like Gecko) Chrome/125.0.0.0 Safari/537.36"
209.145.62.177 - - [20/Apr/2025:20:39:06 -0500] "POST /wp-cron.php?doing_wp_cron=1745199545.9484050273895263671875 HTTP/1.1" 200 - "-" "WordPress/6.8; https://www.corals.io"
45.76.83.70 - - [20/Apr/2025:20:39:04 -0500] "GET / HTTP/1.1" 301 - "-" "Mozilla/5.0 (Kubuntu; Linux i686; rv:128.0) Gecko/20100101 Firefox/128.0"
45.76.83.70 - - [20/Apr/2025:20:39:06 -0500] "GET / HTTP/1.1" 200 45619 "https://timesheet.corals.io" "Mozilla/5.0 (X11; CrOS x86_64 14541.0.0) AppleWebKit/537.36 (KHTML, like Gecko) Chrome/125.0.0.0 Safari/537.36"
45.76.83.70 - - [20/Apr/2025:20:39:06 -0500] "GET / HTTP/1.1" 200 45619 "https://timesheet.corals.io" "Mozilla/5.0 (Kubuntu; Linux i686; rv:128.0) Gecko/20100101 Firefox/128.0"
209.145.62.177 - - [20/Apr/2025:20:40:05 -0500] "POST /wp-cron.php?doing_wp_cron=1745199605.5987730026245117187500 HTTP/1.1" 200 - "-" "WordPress/6.8; https://www.corals.io"
154.81.156.10 - - [20/Apr/2025:20:40:04 -0500] "PROPFIND / HTTP/1.1" 200 108967 "-" "-"
209.145.62.177 - - [20/Apr/2025:20:43:39 -0500] "POST /wp-cron.php?doing_wp_cron=1745199819.8365468978881835937500 HTTP/1.1" 200 - "-" "WordPress/6.8; https://www.corals.io"
159.223.152.252 - - [20/Apr/2025:20:43:38 -0500] "POST / HTTP/1.1" 200 44616 "-" "Mozilla/5.0 (X11; Linux x86_64) AppleWebKit/537.36 (KHTML, like Gecko) Chrome/81.0.4044.129 Safari/537.36"
209.145.62.177 - - [20/Apr/2025:20:46:14 -0500] "POST /wp-cron.php?doing_wp_cron=1745199974.6510150432586669921875 HTTP/1.1" 200 - "-" "WordPress/6.8; https://www.corals.io"
43.153.35.128 - - [20/Apr/2025:20:46:13 -0500] "GET /embed/ HTTP/1.1" 301 - "-" "Mozilla/5.0 (iPhone; CPU iPhone OS 13_2_3 like Mac OS X) AppleWebKit/605.1.15 (KHTML, like Gecko) Version/13.0.3 Mobile/15E148 Safari/604.1"
43.153.35.128 - - [20/Apr/2025:20:46:19 -0500] "GET / HTTP/1.1" 200 44610 "https://www.corals.io/embed/" "Mozilla/5.0 (iPhone; CPU iPhone OS 13_2_3 like Mac OS X) AppleWebKit/605.1.15 (KHTML, like Gecko) Version/13.0.3 Mobile/15E148 Safari/604.1"
209.145.62.177 - - [20/Apr/2025:20:48:18 -0500] "POST /wp-cron.php?doing_wp_cron=1745200098.5914869308471679687500 HTTP/1.1" 200 - "-" "WordPress/6.8; https://www.corals.io"
66.249.66.38 - - [20/Apr/2025:20:48:17 -0500] "GET /ads.txt HTTP/1.1" 301 - "-" "Mozilla/5.0 (compatible; Googlebot/2.1; +http://www.google.com/bot.html)"
209.145.62.177 - - [20/Apr/2025:20:49:06 -0500] "POST /wp-cron.php?doing_wp_cron=1745200146.7528560161590576171875 HTTP/1.1" 200 - "-" "WordPress/6.8; https://www.corals.io"
43.166.247.82 - - [20/Apr/2025:20:49:05 -0500] "GET /services/ui-ux-design/ HTTP/1.1" 200 30668 "-" "Mozilla/5.0 (iPhone; CPU iPhone OS 13_2_3 like Mac OS X) AppleWebKit/605.1.15 (KHTML, like Gecko) Version/13.0.3 Mobile/15E148 Safari/604.1"
49.51.248.70 - - [20/Apr/2025:20:51:01 -0500] "GET / HTTP/1.1" 200 45619 "-" "Mozilla/5.0 (Windows NT 10.0; WOW64; rv:47.0) Gecko/20100101 Firefox/47.0"
209.145.62.177 - - [20/Apr/2025:20:53:06 -0500] "POST /wp-cron.php?doing_wp_cron=1745200386.4576649665832519531250 HTTP/1.1" 200 - "-" "WordPress/6.8; https://www.corals.io"
114.119.146.252 - - [20/Apr/2025:20:53:05 -0500] "GET /project/edubook/ HTTP/1.1" 200 31150 "https://www.corals.io/2024/11/11/" "Mozilla/5.0 (Linux; Android 7.0;) AppleWebKit/537.36 (KHTML, like Gecko) Mobile Safari/537.36 (compatible; PetalBot;+https://webmaster.petalsearch.com/site/petalbot)"
66.249.66.41 - - [20/Apr/2025:20:54:14 -0500] "GET /wp-content/uploads/2024/11/image_2024_11_06T10_44_53_281Z.png HTTP/1.1" 200 1729018 "-" "Googlebot-Image/1.0"
209.145.62.177 - - [20/Apr/2025:20:54:31 -0500] "POST /wp-cron.php?doing_wp_cron=1745200471.6678309440612792968750 HTTP/1.1" 200 - "-" "WordPress/6.8; https://www.corals.io"
205.210.31.145 - - [20/Apr/2025:20:54:30 -0500] "GET / HTTP/1.1" 301 - "-" "-"
205.210.31.145 - - [20/Apr/2025:20:54:32 -0500] "GET / HTTP/1.1" 200 45619 "-" "-"
209.145.62.177 - - [20/Apr/2025:20:59:19 -0500] "POST /wp-cron.php?doing_wp_cron=1745200759.4473280906677246093750 HTTP/1.1" 200 - "-" "WordPress/6.8; https://www.corals.io"
66.249.66.168 - - [20/Apr/2025:20:59:18 -0500] "GET /tours/montego_bay/ys-falls-floyds-pelican-bar-appleton-rum-estate-tour-tour HTTP/1.1" 404 18499 "-" "Mozilla/5.0 (Linux; Android 6.0.1; Nexus 5X Build/MMB29P) AppleWebKit/537.36 (KHTML, like Gecko) Chrome/135.0.7049.95 Mobile Safari/537.36 (compatible; Googlebot/2.1; +http://www.google.com/bot.html)"
196.251.85.246 - - [20/Apr/2025:21:01:45 -0500] "GET / HTTP/1.1" 301 - "-" "Mozilla/5.0 (Android 15; Mobile; LG-M255; rv:132.0) Gecko/132.0 Firefox/132.0"
196.251.85.246 - - [20/Apr/2025:21:01:46 -0500] "GET / HTTP/1.1" 200 44610 "-" "Mozilla/5.0 (Android 15; Mobile; LG-M255; rv:132.0) Gecko/132.0 Firefox/132.0"
209.145.62.177 - - [20/Apr/2025:21:01:49 -0500] "POST /wp-cron.php?doing_wp_cron=1745200909.9025440216064453125000 HTTP/1.1" 200 - "-" "WordPress/6.8; https://www.corals.io"
196.251.85.246 - - [20/Apr/2025:21:01:49 -0500] "GET /about/ HTTP/1.1" 200 37597 "-" "Mozilla/5.0 (Android 15; Mobile; LG-M255; rv:132.0) Gecko/132.0 Firefox/132.0"
196.251.85.246 - - [20/Apr/2025:21:01:51 -0500] "GET /contact/ HTTP/1.1" 200 29878 "-" "Mozilla/5.0 (Android 15; Mobile; LG-M255; rv:132.0) Gecko/132.0 Firefox/132.0"
196.251.85.246 - - [20/Apr/2025:21:01:53 -0500] "GET /corals-and-blacksmith-agency-join-forces-to-deliver-cutting-edge-web-solutions/ HTTP/1.1" 200 31864 "-" "Mozilla/5.0 (Android 15; Mobile; LG-M255; rv:132.0) Gecko/132.0 Firefox/132.0"
196.251.85.246 - - [20/Apr/2025:21:01:55 -0500] "GET /why-outsourcing-to-the-mena-region-is-a-game-changer-for-your-business/ HTTP/1.1" 200 31545 "-" "Mozilla/5.0 (Android 15; Mobile; LG-M255; rv:132.0) Gecko/132.0 Firefox/132.0"
196.251.85.246 - - [20/Apr/2025:21:01:57 -0500] "GET /14-ways-laravel-can-help-you-reach-your-development-goals/ HTTP/1.1" 200 34258 "-" "Mozilla/5.0 (Android 15; Mobile; LG-M255; rv:132.0) Gecko/132.0 Firefox/132.0"
196.251.85.246 - - [20/Apr/2025:21:01:59 -0500] "GET /getting-the-fast-website-load-times-a-web-performance-overview/ HTTP/1.1" 200 37169 "-" "Mozilla/5.0 (Android 15; Mobile; LG-M255; rv:132.0) Gecko/132.0 Firefox/132.0"
121.127.34.124 - - [20/Apr/2025:21:02:23 -0500] "GET / HTTP/1.0" 301 - "-" "-"
209.145.62.177 - - [20/Apr/2025:21:04:35 -0500] "POST /wp-cron.php?doing_wp_cron=1745201075.6635770797729492187500 HTTP/1.1" 200 - "-" "WordPress/6.8; https://www.corals.io"
147.185.133.109 - - [20/Apr/2025:21:04:34 -0500] "GET /wp-login.php HTTP/1.1" 200 6028 "-" "Expanse, a Palo Alto Networks company, searches across the global IPv4 space multiple times per day to identify customers' presences on the Internet. If you would like to be excluded from our scans, please send IP addresses/domains to: [email protected]"
209.145.62.177 - - [20/Apr/2025:21:06:26 -0500] "POST /wp-cron.php?doing_wp_cron=1745201186.4373750686645507812500 HTTP/1.1" 200 - "-" "WordPress/6.8; https://www.corals.io"
43.130.67.33 - - [20/Apr/2025:21:06:25 -0500] "GET /services/mobile-development/ HTTP/1.1" 200 28996 "-" "Mozilla/5.0 (iPhone; CPU iPhone OS 13_2_3 like Mac OS X) AppleWebKit/605.1.15 (KHTML, like Gecko) Version/13.0.3 Mobile/15E148 Safari/604.1"
195.191.219.133 - - [20/Apr/2025:21:07:02 -0500] "GET /category/outsourcing/ HTTP/1.1" 200 28863 "-" "Mozilla/5.0 (compatible; MJ12bot/v2.0.0; http://mj12bot.com/)"
209.145.62.177 - - [20/Apr/2025:21:07:16 -0500] "POST /wp-cron.php?doing_wp_cron=1745201236.6077139377593994140625 HTTP/1.1" 200 - "-" "WordPress/6.8; https://www.corals.io"
114.119.149.171 - - [20/Apr/2025:21:07:15 -0500] "GET /services/mobile-development/ HTTP/1.1" 200 28996 "https://www.corals.io/2024/11/11/" "Mozilla/5.0 (Linux; Android 7.0;) AppleWebKit/537.36 (KHTML, like Gecko) Mobile Safari/537.36 (compatible; PetalBot;+https://webmaster.petalsearch.com/site/petalbot)"
209.145.62.177 - - [20/Apr/2025:21:10:26 -0500] "POST /wp-cron.php?doing_wp_cron=1745201426.4442770481109619140625 HTTP/1.1" 200 - "-" "WordPress/6.8; https://www.corals.io"
54.171.118.22 - - [20/Apr/2025:21:10:25 -0500] "POST /webhooks/securionpay HTTP/1.1" 404 18332 "-" "Shift4/1.0 (+https://dev.shift4.com/docs/webhooks)"
209.145.62.177 - - [20/Apr/2025:21:11:28 -0500] "POST /wp-cron.php?doing_wp_cron=1745201488.8794929981231689453125 HTTP/1.1" 200 - "-" "WordPress/6.8; https://www.corals.io"
124.156.226.179 - - [20/Apr/2025:21:11:28 -0500] "GET /our_services/ HTTP/1.1" 200 31727 "-" "Mozilla/5.0 (iPhone; CPU iPhone OS 13_2_3 like Mac OS X) AppleWebKit/605.1.15 (KHTML, like Gecko) Version/13.0.3 Mobile/15E148 Safari/604.1"
209.145.62.177 - - [20/Apr/2025:21:11:38 -0500] "POST /wp-cron.php?doing_wp_cron=1745201498.3798029422760009765625 HTTP/1.1" 200 - "-" "WordPress/6.3.1; https://store.woobi.io"
198.235.24.154 - - [20/Apr/2025:21:11:38 -0500] "GET / HTTP/1.1" 301 - "http://172.67.142.109:80/" "-"
198.235.24.154 - - [20/Apr/2025:21:11:40 -0500] "GET / HTTP/1.1" 200 45619 "-" "-"
52.167.144.199 - - [20/Apr/2025:21:16:02 -0500] "GET /wp-content/uploads/2023/09/blog-hero-Accounting-scaled.webp HTTP/1.1" 404 18499 "-" "Mozilla/5.0 AppleWebKit/537.36 (KHTML, like Gecko; compatible; bingbot/2.0; +http://www.bing.com/bingbot.htm) Chrome/116.0.1938.76 Safari/537.36"
196.251.81.58 - - [20/Apr/2025:21:16:40 -0500] "POST /contact/ HTTP/1.1" 200 29878 "https://www.corals.io/contact/" "Mozilla/5.0 (Android 15; Mobile; LG-M255; rv:132.0) Gecko/132.0 Firefox/132.0"
66.249.66.43 - - [20/Apr/2025:21:16:47 -0500] "GET / HTTP/1.1" 304 - "-" "Mozilla/5.0 (compatible; Googlebot/2.1; +http://www.google.com/bot.html)"
66.249.66.41 - - [20/Apr/2025:21:16:48 -0500] "GET /wp-content/uploads/elementor/css/post-4476.css?ver=1744765111 HTTP/1.1" 200 2827 "https://www.corals.io/" "Mozilla/5.0 AppleWebKit/537.36 (KHTML, like Gecko; compatible; Googlebot/2.1; +http://www.google.com/bot.html) Chrome/134.0.6998.165 Safari/537.36"
154.83.103.111 - - [20/Apr/2025:21:17:36 -0500] "GET / HTTP/1.1" 200 45619 "-" "Mozilla/5.0 (Windows NT 10.0; Win64; x64) AppleWebKit/537.36 (KHTML, like Gecko) Chrome/91.0.4472.124 Safari/537.36"
154.83.103.111 - - [20/Apr/2025:21:17:37 -0500] "GET /scripts/twilio-chat/chat.js HTTP/1.1" 404 19131 "-" "Mozilla/5.0 (Windows NT 10.0; Win64; x64) AppleWebKit/537.36 (KHTML, like Gecko) Chrome/91.0.4472.124 Safari/537.36"
154.83.103.111 - - [20/Apr/2025:21:17:38 -0500] "GET /.remote HTTP/1.1" 404 18960 "-" "Mozilla/5.0 (Windows NT 10.0; Win64; x64) AppleWebKit/537.36 (KHTML, like Gecko) Chrome/91.0.4472.124 Safari/537.36"
154.83.103.111 - - [20/Apr/2025:21:17:40 -0500] "GET /server.js HTTP/1.1" 404 18960 "-" "Mozilla/5.0 (Windows NT 10.0; Win64; x64) AppleWebKit/537.36 (KHTML, like Gecko) Chrome/91.0.4472.124 Safari/537.36"
154.83.103.111 - - [20/Apr/2025:21:17:42 -0500] "GET /application/config/email.php HTTP/1.1" 404 18496 "-" "Mozilla/5.0 (Windows NT 10.0; Win64; x64) AppleWebKit/537.36 (KHTML, like Gecko) Chrome/91.0.4472.124 Safari/537.36"
154.83.103.111 - - [20/Apr/2025:21:17:44 -0500] "GET /config/env/sendgrid.env HTTP/1.1" 404 19131 "-" "Mozilla/5.0 (Windows NT 10.0; Win64; x64) AppleWebKit/537.36 (KHTML, like Gecko) Chrome/91.0.4472.124 Safari/537.36"
154.83.103.111 - - [20/Apr/2025:21:17:46 -0500] "GET /config/env/sendgrid_keys.env HTTP/1.1" 404 19131 "-" "Mozilla/5.0 (Windows NT 10.0; Win64; x64) AppleWebKit/537.36 (KHTML, like Gecko) Chrome/91.0.4472.124 Safari/537.36"
209.145.62.177 - - [20/Apr/2025:21:17:49 -0500] "POST /wp-cron.php?doing_wp_cron=1745201869.5220921039581298828125 HTTP/1.1" 200 - "-" "WordPress/6.8; https://www.corals.io"
154.83.103.111 - - [20/Apr/2025:21:17:48 -0500] "GET /instance/sendgrid_keys.py HTTP/1.1" 404 18960 "-" "Mozilla/5.0 (Windows NT 10.0; Win64; x64) AppleWebKit/537.36 (KHTML, like Gecko) Chrome/91.0.4472.124 Safari/537.36"
154.83.103.111 - - [20/Apr/2025:21:17:50 -0500] "GET /sendgrid_keys.txt HTTP/1.1" 404 18960 "-" "Mozilla/5.0 (Windows NT 10.0; Win64; x64) AppleWebKit/537.36 (KHTML, like Gecko) Chrome/91.0.4472.124 Safari/537.36"
154.83.103.111 - - [20/Apr/2025:21:17:52 -0500] "GET /sendgrid_keys.py HTTP/1.1" 404 18960 "-" "Mozilla/5.0 (Windows NT 10.0; Win64; x64) AppleWebKit/537.36 (KHTML, like Gecko) Chrome/91.0.4472.124 Safari/537.36"
