Spamworldpro Mini Shell
Spamworldpro


Server : Apache
System : Linux server2.corals.io 4.18.0-348.2.1.el8_5.x86_64 #1 SMP Mon Nov 15 09:17:08 EST 2021 x86_64
User : corals ( 1002)
PHP Version : 7.4.33
Disable Function : exec,passthru,shell_exec,system
Directory :  /home/corals/access-logs/

Upload File :
current_dir [ Writeable ] document_root [ Writeable ]

 

Current File : /home/corals/access-logs/gg.corals.io-ssl_log
209.145.62.177 - - [20/Apr/2025:07:21:50 -0500] "POST /wp-cron.php?doing_wp_cron=1745151710.2425038814544677734375 HTTP/1.1" 200 - "-" "WordPress/6.8; https://gg.corals.io"
2a03:2880:13ff:2:: - - [20/Apr/2025:07:21:47 -0500] "GET /robots.txt HTTP/1.1" 200 113 "-" "facebookexternalhit/1.1 (+http://www.facebook.com/externalhit_uatext.php)"
209.145.62.177 - - [20/Apr/2025:07:26:10 -0500] "POST /wp-cron.php?doing_wp_cron=1745151969.9372971057891845703125 HTTP/1.1" 200 - "-" "WordPress/6.8; https://gg.corals.io"
54.36.148.198 - - [20/Apr/2025:07:26:07 -0500] "GET /product-tag/pests/?add-to-cart=1803 HTTP/1.1" 200 146430 "-" "Mozilla/5.0 (compatible; AhrefsBot/7.0; +http://ahrefs.com/robot/)"
209.145.62.177 - - [20/Apr/2025:07:51:53 -0500] "POST /wp-cron.php?doing_wp_cron=1745153513.1413910388946533203125 HTTP/1.1" 200 - "-" "WordPress/6.8; https://gg.corals.io"
66.249.66.46 - - [20/Apr/2025:07:51:51 -0500] "GET /robots.txt HTTP/1.1" 200 113 "-" "Mozilla/5.0 (compatible; Googlebot/2.1; +http://www.google.com/bot.html)"
66.249.66.46 - - [20/Apr/2025:07:51:53 -0500] "GET /type/audio/feed/ HTTP/1.1" 200 25586 "-" "Mozilla/5.0 (compatible; Googlebot/2.1; +http://www.google.com/bot.html)"
66.249.66.46 - - [20/Apr/2025:07:51:58 -0500] "GET /health-inspectors-podcast/ HTTP/1.1" 200 129237 "-" "Mozilla/5.0 (Linux; Android 6.0.1; Nexus 5X Build/MMB29P) AppleWebKit/537.36 (KHTML, like Gecko) Chrome/135.0.7049.95 Mobile Safari/537.36 (compatible; Googlebot/2.1; +http://www.google.com/bot.html)"
66.249.66.46 - - [20/Apr/2025:07:52:03 -0500] "GET /wp-content/plugins/contact-form-7/includes/swv/js/index.js?ver=5.9.3 HTTP/1.1" 200 11513 "https://gg.corals.io/health-inspectors-podcast/" "Mozilla/5.0 (Linux; Android 6.0.1; Nexus 5X Build/MMB29P) AppleWebKit/537.36 (KHTML, like Gecko) Chrome/134.0.6998.165 Mobile Safari/537.36 (compatible; Googlebot/2.1; +http://www.google.com/bot.html)"
66.249.66.46 - - [20/Apr/2025:07:52:04 -0500] "GET /wp-content/themes/bugster/plugins/strong-testimonials/strong-testimonials-responsive.css HTTP/1.1" 200 2524 "https://gg.corals.io/health-inspectors-podcast/" "Mozilla/5.0 (Linux; Android 6.0.1; Nexus 5X Build/MMB29P) AppleWebKit/537.36 (KHTML, like Gecko) Chrome/134.0.6998.165 Mobile Safari/537.36 (compatible; Googlebot/2.1; +http://www.google.com/bot.html)"
66.249.66.46 - - [20/Apr/2025:07:52:05 -0500] "GET /wp-includes/js/comment-reply.min.js?ver=6.8 HTTP/1.1" 304 - "https://gg.corals.io/health-inspectors-podcast/" "Mozilla/5.0 (Linux; Android 6.0.1; Nexus 5X Build/MMB29P) AppleWebKit/537.36 (KHTML, like Gecko) Chrome/134.0.6998.165 Mobile Safari/537.36 (compatible; Googlebot/2.1; +http://www.google.com/bot.html)"
66.249.66.46 - - [20/Apr/2025:07:52:05 -0500] "GET /wp-content/plugins/contact-form-7/includes/js/index.js?ver=5.9.3 HTTP/1.1" 200 13054 "https://gg.corals.io/health-inspectors-podcast/" "Mozilla/5.0 (Linux; Android 6.0.1; Nexus 5X Build/MMB29P) AppleWebKit/537.36 (KHTML, like Gecko) Chrome/134.0.6998.165 Mobile Safari/537.36 (compatible; Googlebot/2.1; +http://www.google.com/bot.html)"
66.249.66.46 - - [20/Apr/2025:07:52:06 -0500] "GET /wp-content/plugins/elementor/assets/js/text-editor.2c35aafbe5bf0e127950.bundle.min.js HTTP/1.1" 200 1360 "https://gg.corals.io/health-inspectors-podcast/" "Mozilla/5.0 (Linux; Android 6.0.1; Nexus 5X Build/MMB29P) AppleWebKit/537.36 (KHTML, like Gecko) Chrome/134.0.6998.165 Mobile Safari/537.36 (compatible; Googlebot/2.1; +http://www.google.com/bot.html)"
66.249.66.46 - - [20/Apr/2025:07:52:07 -0500] "GET /wp-content/plugins/elementor/assets/js/video.fea4f8dfdf17262f23e8.bundle.min.js HTTP/1.1" 200 3324 "https://gg.corals.io/health-inspectors-podcast/" "Mozilla/5.0 (Linux; Android 6.0.1; Nexus 5X Build/MMB29P) AppleWebKit/537.36 (KHTML, like Gecko) Chrome/134.0.6998.165 Mobile Safari/537.36 (compatible; Googlebot/2.1; +http://www.google.com/bot.html)"
66.249.66.46 - - [20/Apr/2025:07:52:11 -0500] "GET / HTTP/1.1" 200 192006 "-" "Mozilla/5.0 (Linux; Android 6.0.1; Nexus 5X Build/MMB29P) AppleWebKit/537.36 (KHTML, like Gecko) Chrome/135.0.7049.95 Mobile Safari/537.36 (compatible; Googlebot/2.1; +http://www.google.com/bot.html)"
66.249.66.33 - - [20/Apr/2025:07:53:27 -0500] "GET /wp-content/plugins/woocommerce/assets/css/woocommerce-layout.css?ver=8.7.0 HTTP/1.1" 200 17688 "https://gg.corals.io/" "Mozilla/5.0 (Linux; Android 6.0.1; Nexus 5X Build/MMB29P) AppleWebKit/537.36 (KHTML, like Gecko) Chrome/134.0.6998.165 Mobile Safari/537.36 (compatible; Googlebot/2.1; +http://www.google.com/bot.html)"
66.249.66.32 - - [20/Apr/2025:07:53:28 -0500] "GET /wp-content/plugins/custom-facebook-feed/assets/css/cff-style.min.css?ver=4.2.3 HTTP/1.1" 200 17495 "https://gg.corals.io/" "Mozilla/5.0 (Linux; Android 6.0.1; Nexus 5X Build/MMB29P) AppleWebKit/537.36 (KHTML, like Gecko) Chrome/134.0.6998.165 Mobile Safari/537.36 (compatible; Googlebot/2.1; +http://www.google.com/bot.html)"
66.249.66.33 - - [20/Apr/2025:07:53:28 -0500] "GET /wp-content/plugins/contact-form-7/includes/css/styles.css?ver=5.9.3 HTTP/1.1" 200 2894 "https://gg.corals.io/" "Mozilla/5.0 (Linux; Android 6.0.1; Nexus 5X Build/MMB29P) AppleWebKit/537.36 (KHTML, like Gecko) Chrome/134.0.6998.165 Mobile Safari/537.36 (compatible; Googlebot/2.1; +http://www.google.com/bot.html)"
66.249.66.46 - - [20/Apr/2025:07:53:29 -0500] "GET /wp-content/plugins/quickcal/assets/js/spin.jquery.js?ver=2.0.1 HTTP/1.1" 200 1756 "https://gg.corals.io/" "Mozilla/5.0 (Linux; Android 6.0.1; Nexus 5X Build/MMB29P) AppleWebKit/537.36 (KHTML, like Gecko) Chrome/134.0.6998.165 Mobile Safari/537.36 (compatible; Googlebot/2.1; +http://www.google.com/bot.html)"
66.249.66.32 - - [20/Apr/2025:07:53:30 -0500] "GET /wp-content/plugins/revslider/public/assets/css/rs6.css?ver=6.6.20 HTTP/1.1" 200 58327 "https://gg.corals.io/" "Mozilla/5.0 (Linux; Android 6.0.1; Nexus 5X Build/MMB29P) AppleWebKit/537.36 (KHTML, like Gecko) Chrome/134.0.6998.165 Mobile Safari/537.36 (compatible; Googlebot/2.1; +http://www.google.com/bot.html)"
66.249.66.46 - - [20/Apr/2025:07:53:31 -0500] "GET /wp-content/plugins/quickcal/assets/js/functions.js?ver=1.0.12 HTTP/1.1" 200 49142 "https://gg.corals.io/" "Mozilla/5.0 (Linux; Android 6.0.1; Nexus 5X Build/MMB29P) AppleWebKit/537.36 (KHTML, like Gecko) Chrome/134.0.6998.165 Mobile Safari/537.36 (compatible; Googlebot/2.1; +http://www.google.com/bot.html)"
66.249.66.46 - - [20/Apr/2025:07:53:32 -0500] "GET /wp-content/plugins/woocommerce/assets/js/jquery-blockui/jquery.blockUI.min.js?ver=2.7.0-wc.8.7.0 HTTP/1.1" 200 9636 "https://gg.corals.io/" "Mozilla/5.0 (Linux; Android 6.0.1; Nexus 5X Build/MMB29P) AppleWebKit/537.36 (KHTML, like Gecko) Chrome/134.0.6998.165 Mobile Safari/537.36 (compatible; Googlebot/2.1; +http://www.google.com/bot.html)"
66.249.66.46 - - [20/Apr/2025:07:53:33 -0500] "GET /wp-content/plugins/revslider/public/assets/js/rbtools.min.js?ver=6.6.20 HTTP/1.1" 200 165339 "https://gg.corals.io/" "Mozilla/5.0 (Linux; Android 6.0.1; Nexus 5X Build/MMB29P) AppleWebKit/537.36 (KHTML, like Gecko) Chrome/134.0.6998.165 Mobile Safari/537.36 (compatible; Googlebot/2.1; +http://www.google.com/bot.html)"
66.249.66.46 - - [20/Apr/2025:07:53:33 -0500] "GET /wp-content/plugins/elementor/assets/js/frontend.min.js?ver=3.20.4 HTTP/1.1" 200 40306 "https://gg.corals.io/" "Mozilla/5.0 (Linux; Android 6.0.1; Nexus 5X Build/MMB29P) AppleWebKit/537.36 (KHTML, like Gecko) Chrome/134.0.6998.165 Mobile Safari/537.36 (compatible; Googlebot/2.1; +http://www.google.com/bot.html)"
66.249.66.32 - - [20/Apr/2025:07:53:34 -0500] "GET /wp-content/plugins/elementor/assets/js/webpack.runtime.min.js?ver=3.20.4 HTTP/1.1" 200 4997 "https://gg.corals.io/" "Mozilla/5.0 (Linux; Android 6.0.1; Nexus 5X Build/MMB29P) AppleWebKit/537.36 (KHTML, like Gecko) Chrome/134.0.6998.165 Mobile Safari/537.36 (compatible; Googlebot/2.1; +http://www.google.com/bot.html)"
209.145.62.177 - - [20/Apr/2025:07:54:26 -0500] "POST /wp-cron.php?doing_wp_cron=1745153666.1455380916595458984375 HTTP/1.1" 200 - "-" "WordPress/6.8; https://gg.corals.io"
66.249.66.46 - - [20/Apr/2025:07:54:24 -0500] "GET / HTTP/1.1" 200 192005 "-" "Mozilla/5.0 (compatible; Googlebot/2.1; +http://www.google.com/bot.html)"
66.249.66.46 - - [20/Apr/2025:07:54:27 -0500] "GET / HTTP/1.1" 200 192008 "-" "Mozilla/5.0 (Linux; Android 6.0.1; Nexus 5X Build/MMB29P) AppleWebKit/537.36 (KHTML, like Gecko) Chrome/99.0.4844.84 Mobile Safari/537.36 (compatible; Googlebot/2.1; +http://www.google.com/bot.html)"
66.249.66.32 - - [20/Apr/2025:07:54:29 -0500] "GET /wp-content/plugins/trx_addons/css/trx_addons.animation.css HTTP/1.1" 200 82025 "https://gg.corals.io/" "Mozilla/5.0 AppleWebKit/537.36 (KHTML, like Gecko; compatible; Googlebot/2.1; +http://www.google.com/bot.html) Chrome/134.0.6998.165 Safari/537.36"
66.249.66.32 - - [20/Apr/2025:07:54:29 -0500] "GET /wp-content/plugins/strong-testimonials/templates/modern/content.css?ver=3.1.12 HTTP/1.1" 200 8624 "https://gg.corals.io/" "Mozilla/5.0 AppleWebKit/537.36 (KHTML, like Gecko; compatible; Googlebot/2.1; +http://www.google.com/bot.html) Chrome/134.0.6998.165 Safari/537.36"
66.249.66.46 - - [20/Apr/2025:07:54:30 -0500] "GET /wp-content/plugins/strong-testimonials/public/css/rating-display.css?ver=3.1.12 HTTP/1.1" 200 3128 "https://gg.corals.io/" "Mozilla/5.0 AppleWebKit/537.36 (KHTML, like Gecko; compatible; Googlebot/2.1; +http://www.google.com/bot.html) Chrome/134.0.6998.165 Safari/537.36"
66.249.66.46 - - [20/Apr/2025:07:54:31 -0500] "GET /wp-content/plugins/strong-testimonials/public/css/columns.css?ver=3.1.12 HTTP/1.1" 200 1009 "https://gg.corals.io/" "Mozilla/5.0 AppleWebKit/537.36 (KHTML, like Gecko; compatible; Googlebot/2.1; +http://www.google.com/bot.html) Chrome/134.0.6998.165 Safari/537.36"
66.249.66.46 - - [20/Apr/2025:07:54:31 -0500] "GET /wp-content/plugins/strong-testimonials/public/js/controller.min.js?ver=3.1.12 HTTP/1.1" 200 5154 "https://gg.corals.io/" "Mozilla/5.0 (Linux; Android 6.0.1; Nexus 5X Build/MMB29P) AppleWebKit/537.36 (KHTML, like Gecko) Chrome/134.0.6998.165 Mobile Safari/537.36 (compatible; Googlebot/2.1; +http://www.google.com/bot.html)"
66.249.66.46 - - [20/Apr/2025:07:54:36 -0500] "GET /wp-content/plugins/elementor/assets/lib/animations/animations.min.css?ver=3.20.4 HTTP/1.1" 200 18468 "https://gg.corals.io/" "Mozilla/5.0 (Linux; Android 6.0.1; Nexus 5X Build/MMB29P) AppleWebKit/537.36 (KHTML, like Gecko) Chrome/134.0.6998.165 Mobile Safari/537.36 (compatible; Googlebot/2.1; +http://www.google.com/bot.html)"
209.145.62.177 - - [20/Apr/2025:09:27:51 -0500] "POST /wp-cron.php?doing_wp_cron=1745159271.0491030216217041015625 HTTP/1.1" 200 - "-" "WordPress/6.8; https://gg.corals.io"
66.249.66.44 - - [20/Apr/2025:09:27:45 -0500] "GET /robots.txt HTTP/1.1" 200 113 "-" "Mozilla/5.0 (compatible; Googlebot/2.1; +http://www.google.com/bot.html)"
66.249.66.44 - - [20/Apr/2025:09:27:52 -0500] "GET /tag/control/ HTTP/1.1" 200 106135 "-" "Mozilla/5.0 (Linux; Android 6.0.1; Nexus 5X Build/MMB29P) AppleWebKit/537.36 (KHTML, like Gecko) Chrome/135.0.7049.95 Mobile Safari/537.36 (compatible; Googlebot/2.1; +http://www.google.com/bot.html)"
66.249.66.46 - - [20/Apr/2025:09:28:08 -0500] "GET /wp-content/plugins/essential-grid/public/assets/css/settings.css?ver=3.1.1 HTTP/1.1" 200 32208 "https://gg.corals.io/tag/control/" "Mozilla/5.0 (Linux; Android 6.0.1; Nexus 5X Build/MMB29P) AppleWebKit/537.36 (KHTML, like Gecko) Chrome/134.0.6998.165 Mobile Safari/537.36 (compatible; Googlebot/2.1; +http://www.google.com/bot.html)"
66.249.66.44 - - [20/Apr/2025:09:28:11 -0500] "GET /wp-content/plugins/woocommerce/assets/css/woocommerce.css?ver=8.7.0 HTTP/1.1" 200 77339 "https://gg.corals.io/tag/control/" "Mozilla/5.0 (Linux; Android 6.0.1; Nexus 5X Build/MMB29P) AppleWebKit/537.36 (KHTML, like Gecko) Chrome/134.0.6998.165 Mobile Safari/537.36 (compatible; Googlebot/2.1; +http://www.google.com/bot.html)"
66.249.66.45 - - [20/Apr/2025:09:28:14 -0500] "GET /wp-content/plugins/elementor/assets/lib/font-awesome/css/v4-shims.min.css?ver=3.20.4 HTTP/1.1" 200 26702 "https://gg.corals.io/tag/control/" "Mozilla/5.0 (Linux; Android 6.0.1; Nexus 5X Build/MMB29P) AppleWebKit/537.36 (KHTML, like Gecko) Chrome/134.0.6998.165 Mobile Safari/537.36 (compatible; Googlebot/2.1; +http://www.google.com/bot.html)"
66.249.66.44 - - [20/Apr/2025:09:28:17 -0500] "GET /wp-content/themes/bugster/plugins/strong-testimonials/strong-testimonials.css HTTP/1.1" 200 2276 "https://gg.corals.io/tag/control/" "Mozilla/5.0 (Linux; Android 6.0.1; Nexus 5X Build/MMB29P) AppleWebKit/537.36 (KHTML, like Gecko) Chrome/134.0.6998.165 Mobile Safari/537.36 (compatible; Googlebot/2.1; +http://www.google.com/bot.html)"
66.249.66.44 - - [20/Apr/2025:09:28:20 -0500] "GET /wp-content/themes/bugster/css/__plugins.css HTTP/1.1" 200 176587 "https://gg.corals.io/tag/control/" "Mozilla/5.0 (Linux; Android 6.0.1; Nexus 5X Build/MMB29P) AppleWebKit/537.36 (KHTML, like Gecko) Chrome/134.0.6998.165 Mobile Safari/537.36 (compatible; Googlebot/2.1; +http://www.google.com/bot.html)"
209.145.62.177 - - [20/Apr/2025:09:55:52 -0500] "POST /wp-cron.php?doing_wp_cron=1745160952.0024240016937255859375 HTTP/1.1" 200 - "-" "WordPress/6.8; https://gg.corals.io"
51.222.253.19 - - [20/Apr/2025:09:55:50 -0500] "GET /robots.txt HTTP/1.1" 200 113 "-" "Mozilla/5.0 (compatible; AhrefsBot/7.0; +http://ahrefs.com/robot/)"
54.36.148.70 - - [20/Apr/2025:09:55:53 -0500] "GET /testimonial/great-guys/ HTTP/1.1" 200 139052 "-" "Mozilla/5.0 (compatible; AhrefsBot/7.0; +http://ahrefs.com/robot/)"
66.249.66.32 - - [20/Apr/2025:10:21:43 -0500] "GET /wp-content/uploads/2019/09/7-copyright-300x300.png HTTP/1.1" 200 42359 "-" "Googlebot-Image/1.0"
209.145.62.177 - - [20/Apr/2025:10:22:05 -0500] "POST /wp-cron.php?doing_wp_cron=1745162525.1707389354705810546875 HTTP/1.1" 200 - "-" "WordPress/6.8; https://gg.corals.io"
169.197.85.229 - - [20/Apr/2025:10:22:03 -0500] "GET / HTTP/1.1" 200 192013 "-" "Mozilla/5.0 (Windows NT 10.0; Win64; x64) AppleWebKit/537.36 (KHTML, like Gecko) Chrome/123.0.0.0 Safari/537.36"
169.197.85.229 - - [20/Apr/2025:10:24:03 -0500] "GET /wp-content/uploads/2024/04/Biting-Midges-250x216.jpeg HTTP/1.1" 200 7452 "https://gg.corals.io/" "AngleSharp/1.2.0.0"
169.197.85.229 - - [20/Apr/2025:10:24:03 -0500] "GET /wp-content/uploads/2019/02/bbb-1-52x52.png HTTP/1.1" 200 2162 "https://gg.corals.io/" "AngleSharp/1.2.0.0"
169.197.85.229 - - [20/Apr/2025:10:24:03 -0500] "GET /wp-content/uploads/2019/01/post-13-copyright-570x570.jpg HTTP/1.1" 200 37811 "https://gg.corals.io/" "AngleSharp/1.2.0.0"
169.197.85.229 - - [20/Apr/2025:10:24:03 -0500] "GET /wp-content/uploads/2024/04/No-See-Ums-250x250.jpeg HTTP/1.1" 200 4991 "https://gg.corals.io/" "AngleSharp/1.2.0.0"
169.197.85.229 - - [20/Apr/2025:10:24:03 -0500] "GET /wp-content/uploads/2024/04/e5b6ada5-374f-4dd5-93a3-61cc82fd63b5.jpeg HTTP/1.1" 200 291303 "https://gg.corals.io/" "AngleSharp/1.2.0.0"
169.197.85.229 - - [20/Apr/2025:10:25:31 -0500] "GET /wp-includes/js/jquery/ui/core.min.js?ver=1.13.3 HTTP/1.1" 200 21464 "-" "Mozilla/5.0 (Windows NT 10.0; Win64; x64) AppleWebKit/537.36 (KHTML, like Gecko) Chrome/123.0.0.0 Safari/537.36"
169.197.85.229 - - [20/Apr/2025:10:25:35 -0500] "GET /wp-includes/js/jquery/ui/datepicker.min.js?ver=1.13.3 HTTP/1.1" 200 36748 "-" "Mozilla/5.0 (Windows NT 10.0; Win64; x64) AppleWebKit/537.36 (KHTML, like Gecko) Chrome/123.0.0.0 Safari/537.36"
169.197.85.229 - - [20/Apr/2025:10:25:41 -0500] "GET /wp-content/plugins/quickcal/assets/js/spin.min.js?ver=2.0.1 HTTP/1.1" 200 4277 "-" "Mozilla/5.0 (Windows NT 10.0; Win64; x64) AppleWebKit/537.36 (KHTML, like Gecko) Chrome/123.0.0.0 Safari/537.36"
169.197.85.229 - - [20/Apr/2025:10:25:41 -0500] "GET /wp-content/plugins/quickcal/assets/js/spin.jquery.js?ver=2.0.1 HTTP/1.1" 200 1756 "-" "Mozilla/5.0 (Windows NT 10.0; Win64; x64) AppleWebKit/537.36 (KHTML, like Gecko) Chrome/123.0.0.0 Safari/537.36"
209.145.62.177 - - [20/Apr/2025:10:25:43 -0500] "POST /wp-cron.php?doing_wp_cron=1745162743.5354840755462646484375 HTTP/1.1" 200 - "-" "WordPress/6.8; https://gg.corals.io"
169.197.85.229 - - [20/Apr/2025:10:25:42 -0500] "GET /wp-content/plugins/quickcal/assets/js/jquery HTTP/1.1" 404 132315 "-" "Mozilla/5.0 (Windows NT 10.0; Win64; x64) AppleWebKit/537.36 (KHTML, like Gecko) Chrome/123.0.0.0 Safari/537.36"
169.197.85.229 - - [20/Apr/2025:10:25:44 -0500] "GET /wp-content/plugins/quickcal/assets/js/spin HTTP/1.1" 404 132322 "-" "Mozilla/5.0 (Windows NT 10.0; Win64; x64) AppleWebKit/537.36 (KHTML, like Gecko) Chrome/123.0.0.0 Safari/537.36"
169.197.85.229 - - [20/Apr/2025:10:34:29 -0500] "GET /wp-content/plugins/devvn-image-hotspot/frontend/js/jquery.powertip.min.js?ver=1.2.0 HTTP/1.1" 200 10981 "-" "Mozilla/5.0 (Windows NT 10.0; Win64; x64) AppleWebKit/537.36 (KHTML, like Gecko) Chrome/123.0.0.0 Safari/537.36"
209.145.62.177 - - [20/Apr/2025:10:34:34 -0500] "POST /wp-cron.php?doing_wp_cron=1745163274.8629300594329833984375 HTTP/1.1" 200 - "-" "WordPress/6.8; https://gg.corals.io"
169.197.85.229 - - [20/Apr/2025:10:34:33 -0500] "GET /wp-content/plugins/devvn-image-hotspot/frontend/js/jquery HTTP/1.1" 404 132313 "-" "Mozilla/5.0 (Windows NT 10.0; Win64; x64) AppleWebKit/537.36 (KHTML, like Gecko) Chrome/123.0.0.0 Safari/537.36"
169.197.85.229 - - [20/Apr/2025:10:34:36 -0500] "GET /wp-content/plugins/devvn-image-hotspot/frontend/js/maps_points.js?ver=1.2.3 HTTP/1.1" 304 - "-" "Mozilla/5.0 (Windows NT 10.0; Win64; x64) AppleWebKit/537.36 (KHTML, like Gecko) Chrome/123.0.0.0 Safari/537.36"
169.197.85.229 - - [20/Apr/2025:10:34:37 -0500] "GET /wp-content/plugins/revslider/public/assets/js/rbtools.min.js?ver=6.6.20 HTTP/1.1" 200 165339 "-" "Mozilla/5.0 (Windows NT 10.0; Win64; x64) AppleWebKit/537.36 (KHTML, like Gecko) Chrome/123.0.0.0 Safari/537.36"
169.197.85.229 - - [20/Apr/2025:10:34:39 -0500] "GET /wp-content/plugins/revslider/public/assets/js/rs6.min.js?ver=6.6.20 HTTP/1.1" 200 410361 "-" "Mozilla/5.0 (Windows NT 10.0; Win64; x64) AppleWebKit/537.36 (KHTML, like Gecko) Chrome/123.0.0.0 Safari/537.36"
169.197.85.229 - - [20/Apr/2025:10:34:42 -0500] "GET /wp-content/plugins/trx_addons/js/swiper/v8/swiper.min.js HTTP/1.1" 200 143709 "-" "Mozilla/5.0 (Windows NT 10.0; Win64; x64) AppleWebKit/537.36 (KHTML, like Gecko) Chrome/123.0.0.0 Safari/537.36"
169.197.85.229 - - [20/Apr/2025:10:34:43 -0500] "GET /wp-content/plugins/trx_addons/js/magnific/jquery.magnific-popup.min.js HTTP/1.1" 200 20216 "-" "Mozilla/5.0 (Windows NT 10.0; Win64; x64) AppleWebKit/537.36 (KHTML, like Gecko) Chrome/123.0.0.0 Safari/537.36"
169.197.85.229 - - [20/Apr/2025:10:34:45 -0500] "GET /wp-content/plugins/trx_addons/js/magnific/jquery HTTP/1.1" 404 132307 "-" "Mozilla/5.0 (Windows NT 10.0; Win64; x64) AppleWebKit/537.36 (KHTML, like Gecko) Chrome/123.0.0.0 Safari/537.36"
169.197.85.229 - - [20/Apr/2025:10:34:47 -0500] "GET /wp-content/plugins/trx_addons/js/__scripts.js HTTP/1.1" 200 212014 "-" "Mozilla/5.0 (Windows NT 10.0; Win64; x64) AppleWebKit/537.36 (KHTML, like Gecko) Chrome/123.0.0.0 Safari/537.36"
169.197.85.229 - - [20/Apr/2025:10:34:48 -0500] "GET /wp-content/plugins/woocommerce/assets/js/jquery-blockui/jquery.blockUI.min.js?ver=2.7.0-wc.8.7.0 HTTP/1.1" 200 9636 "-" "Mozilla/5.0 (Windows NT 10.0; Win64; x64) AppleWebKit/537.36 (KHTML, like Gecko) Chrome/123.0.0.0 Safari/537.36"
169.197.85.229 - - [20/Apr/2025:10:34:49 -0500] "GET /wp-content/plugins/woocommerce/assets/js/frontend/add-to-cart.min.js?ver=8.7.0 HTTP/1.1" 200 3058 "-" "Mozilla/5.0 (Windows NT 10.0; Win64; x64) AppleWebKit/537.36 (KHTML, like Gecko) Chrome/123.0.0.0 Safari/537.36"
169.197.85.229 - - [20/Apr/2025:10:34:49 -0500] "GET /wp-content/plugins/woocommerce/assets/js/js-cookie/js.cookie.min.js?ver=2.1.4-wc.8.7.0 HTTP/1.1" 304 - "-" "Mozilla/5.0 (Windows NT 10.0; Win64; x64) AppleWebKit/537.36 (KHTML, like Gecko) Chrome/123.0.0.0 Safari/537.36"
169.197.85.229 - - [20/Apr/2025:10:34:53 -0500] "GET /wp-content/plugins/woocommerce/assets/js/frontend/woocommerce.min.js?ver=8.7.0 HTTP/1.1" 200 2139 "-" "Mozilla/5.0 (Windows NT 10.0; Win64; x64) AppleWebKit/537.36 (KHTML, like Gecko) Chrome/123.0.0.0 Safari/537.36"
169.197.85.229 - - [20/Apr/2025:10:34:54 -0500] "GET /wp-content/plugins/woocommerce/assets/js/sourcebuster/sourcebuster.min.js?ver=8.7.0 HTTP/1.1" 200 14500 "-" "Mozilla/5.0 (Windows NT 10.0; Win64; x64) AppleWebKit/537.36 (KHTML, like Gecko) Chrome/123.0.0.0 Safari/537.36"
169.197.85.229 - - [20/Apr/2025:10:34:54 -0500] "GET /wp-content/plugins/woocommerce/assets/js/frontend/order-attribution.min.js?ver=8.7.0 HTTP/1.1" 200 1509 "-" "Mozilla/5.0 (Windows NT 10.0; Win64; x64) AppleWebKit/537.36 (KHTML, like Gecko) Chrome/123.0.0.0 Safari/537.36"
169.197.85.229 - - [20/Apr/2025:10:34:56 -0500] "GET /wp-content/plugins/quickcal/includes/add-ons/frontend-agents/js/functions.js?ver=1.0.12 HTTP/1.1" 200 4694 "-" "Mozilla/5.0 (Windows NT 10.0; Win64; x64) AppleWebKit/537.36 (KHTML, like Gecko) Chrome/123.0.0.0 Safari/537.36"
169.197.85.229 - - [20/Apr/2025:10:34:57 -0500] "GET /wp-content/plugins/trx_addons/components/shortcodes/anchor/anchor.js HTTP/1.1" 200 7504 "-" "Mozilla/5.0 (Windows NT 10.0; Win64; x64) AppleWebKit/537.36 (KHTML, like Gecko) Chrome/123.0.0.0 Safari/537.36"
169.197.85.229 - - [20/Apr/2025:10:34:58 -0500] "GET /wp-content/plugins/trx_addons/components/cpt/layouts/shortcodes/menu/superfish.min.js HTTP/1.1" 200 4474 "-" "Mozilla/5.0 (Windows NT 10.0; Win64; x64) AppleWebKit/537.36 (KHTML, like Gecko) Chrome/123.0.0.0 Safari/537.36"
169.197.85.229 - - [20/Apr/2025:10:34:58 -0500] "GET /wp-content/plugins/custom-facebook-feed/assets/js/cff-scripts.js?ver=4.2.3 HTTP/1.1" 200 54897 "-" "Mozilla/5.0 (Windows NT 10.0; Win64; x64) AppleWebKit/537.36 (KHTML, like Gecko) Chrome/123.0.0.0 Safari/537.36"
169.197.85.229 - - [20/Apr/2025:10:34:58 -0500] "GET /wp-content/plugins/custom-facebook-feed/assets/js/jquery HTTP/1.1" 404 132313 "-" "Mozilla/5.0 (Windows NT 10.0; Win64; x64) AppleWebKit/537.36 (KHTML, like Gecko) Chrome/123.0.0.0 Safari/537.36"
169.197.85.229 - - [20/Apr/2025:10:35:06 -0500] "GET /wp-content/plugins/custom-facebook-feed/assets/js/desandro-get-style-property HTTP/1.1" 404 132309 "-" "Mozilla/5.0 (Windows NT 10.0; Win64; x64) AppleWebKit/537.36 (KHTML, like Gecko) Chrome/123.0.0.0 Safari/537.36"
209.145.62.177 - - [20/Apr/2025:10:35:18 -0500] "POST /wp-cron.php?doing_wp_cron=1745163318.0906720161437988281250 HTTP/1.1" 200 - "-" "WordPress/6.8; https://gg.corals.io"
169.197.85.229 - - [20/Apr/2025:10:35:16 -0500] "GET /wp-content/plugins/custom-facebook-feed/assets/js/eventie HTTP/1.1" 404 132316 "-" "Mozilla/5.0 (Windows NT 10.0; Win64; x64) AppleWebKit/537.36 (KHTML, like Gecko) Chrome/123.0.0.0 Safari/537.36"
169.197.85.229 - - [20/Apr/2025:10:35:22 -0500] "GET /wp-content/plugins/custom-facebook-feed/assets/js/doc-ready HTTP/1.1" 404 132311 "-" "Mozilla/5.0 (Windows NT 10.0; Win64; x64) AppleWebKit/537.36 (KHTML, like Gecko) Chrome/123.0.0.0 Safari/537.36"
169.197.85.229 - - [20/Apr/2025:10:35:24 -0500] "GET /wp-content/plugins/custom-facebook-feed/assets/js/desandro-matches-selector HTTP/1.1" 404 132308 "-" "Mozilla/5.0 (Windows NT 10.0; Win64; x64) AppleWebKit/537.36 (KHTML, like Gecko) Chrome/123.0.0.0 Safari/537.36"
169.197.85.229 - - [20/Apr/2025:10:35:27 -0500] "GET /wp-content/plugins/custom-facebook-feed/assets/js/wolfy87-eventemitter HTTP/1.1" 404 132320 "-" "Mozilla/5.0 (Windows NT 10.0; Win64; x64) AppleWebKit/537.36 (KHTML, like Gecko) Chrome/123.0.0.0 Safari/537.36"
169.197.85.229 - - [20/Apr/2025:10:35:29 -0500] "GET /wp-content/plugins/custom-facebook-feed/assets/js/get-size HTTP/1.1" 404 132312 "-" "Mozilla/5.0 (Windows NT 10.0; Win64; x64) AppleWebKit/537.36 (KHTML, like Gecko) Chrome/123.0.0.0 Safari/537.36"
169.197.85.229 - - [20/Apr/2025:10:35:33 -0500] "GET /wp-content/plugins/custom-facebook-feed/assets/js/fizzy-ui-utils HTTP/1.1" 404 132309 "-" "Mozilla/5.0 (Windows NT 10.0; Win64; x64) AppleWebKit/537.36 (KHTML, like Gecko) Chrome/123.0.0.0 Safari/537.36"
169.197.85.229 - - [20/Apr/2025:10:35:36 -0500] "GET /wp-content/plugins/custom-facebook-feed/assets/js/item HTTP/1.1" 404 132312 "-" "Mozilla/5.0 (Windows NT 10.0; Win64; x64) AppleWebKit/537.36 (KHTML, like Gecko) Chrome/123.0.0.0 Safari/537.36"
169.197.85.229 - - [20/Apr/2025:10:35:38 -0500] "GET /wp-content/plugins/custom-facebook-feed/assets/js/outlayer HTTP/1.1" 404 132317 "-" "Mozilla/5.0 (Windows NT 10.0; Win64; x64) AppleWebKit/537.36 (KHTML, like Gecko) Chrome/123.0.0.0 Safari/537.36"
169.197.85.229 - - [20/Apr/2025:10:35:42 -0500] "GET /wp-content/plugins/quickcal/includes/add-ons/woocommerce-payments//js/frontend-functions.js?ver=6.8 HTTP/1.1" 200 6712 "-" "Mozilla/5.0 (Windows NT 10.0; Win64; x64) AppleWebKit/537.36 (KHTML, like Gecko) Chrome/123.0.0.0 Safari/537.36"
169.197.85.229 - - [20/Apr/2025:10:35:43 -0500] "GET /wp-content/themes/bugster/js/__scripts.js HTTP/1.1" 304 - "-" "Mozilla/5.0 (Windows NT 10.0; Win64; x64) AppleWebKit/537.36 (KHTML, like Gecko) Chrome/123.0.0.0 Safari/537.36"
169.197.85.229 - - [20/Apr/2025:10:35:43 -0500] "GET /wp-includes/js/mediaelement/mediaelement-and-player.min.js?ver=4.2.17 HTTP/1.1" 200 158005 "-" "Mozilla/5.0 (Windows NT 10.0; Win64; x64) AppleWebKit/537.36 (KHTML, like Gecko) Chrome/123.0.0.0 Safari/537.36"
169.197.85.229 - - [20/Apr/2025:10:35:44 -0500] "GET /wp-includes/js/mediaelement/mediaelement-migrate.min.js?ver=6.8 HTTP/1.1" 200 1191 "-" "Mozilla/5.0 (Windows NT 10.0; Win64; x64) AppleWebKit/537.36 (KHTML, like Gecko) Chrome/123.0.0.0 Safari/537.36"
169.197.85.229 - - [20/Apr/2025:10:35:45 -0500] "GET /wp-includes/js/mediaelement/wp-mediaelement.min.js?ver=6.8 HTTP/1.1" 200 1107 "-" "Mozilla/5.0 (Windows NT 10.0; Win64; x64) AppleWebKit/537.36 (KHTML, like Gecko) Chrome/123.0.0.0 Safari/537.36"
169.197.85.229 - - [20/Apr/2025:10:35:45 -0500] "GET /wp-content/plugins/strong-testimonials/public/js/controller.min.js?ver=3.1.12 HTTP/1.1" 200 5154 "-" "Mozilla/5.0 (Windows NT 10.0; Win64; x64) AppleWebKit/537.36 (KHTML, like Gecko) Chrome/123.0.0.0 Safari/537.36"
169.197.85.229 - - [20/Apr/2025:10:35:45 -0500] "GET /wp-content/plugins/elementor/assets/js/webpack.runtime.min.js?ver=3.20.4 HTTP/1.1" 200 4997 "-" "Mozilla/5.0 (Windows NT 10.0; Win64; x64) AppleWebKit/537.36 (KHTML, like Gecko) Chrome/123.0.0.0 Safari/537.36"
209.145.62.177 - - [20/Apr/2025:12:08:17 -0500] "POST /wp-cron.php?doing_wp_cron=1745168897.0700349807739257812500 HTTP/1.1" 200 - "-" "WordPress/6.8; https://gg.corals.io"
54.36.148.56 - - [20/Apr/2025:12:08:12 -0500] "GET /review-of-pests-that-bite/ HTTP/1.1" 200 171350 "-" "Mozilla/5.0 (compatible; AhrefsBot/7.0; +http://ahrefs.com/robot/)"
209.145.62.177 - - [20/Apr/2025:12:09:58 -0500] "POST /wp-cron.php?doing_wp_cron=1745168998.7776949405670166015625 HTTP/1.1" 200 - "-" "WordPress/6.8; https://gg.corals.io"
66.249.66.46 - - [20/Apr/2025:12:09:57 -0500] "GET /robots.txt HTTP/1.1" 200 113 "-" "Mozilla/5.0 (compatible; Googlebot/2.1; +http://www.google.com/bot.html)"
66.249.66.46 - - [20/Apr/2025:12:09:59 -0500] "GET /2024/04/29/ HTTP/1.1" 200 96150 "-" "Mozilla/5.0 (Linux; Android 6.0.1; Nexus 5X Build/MMB29P) AppleWebKit/537.36 (KHTML, like Gecko) Chrome/135.0.7049.95 Mobile Safari/537.36 (compatible; Googlebot/2.1; +http://www.google.com/bot.html)"
66.249.66.46 - - [20/Apr/2025:12:10:04 -0500] "GET /wp-content/plugins/elementor/assets/lib/eicons/css/elementor-icons.min.css?ver=5.29.0 HTTP/1.1" 200 19778 "https://gg.corals.io/2024/04/29/" "Mozilla/5.0 (Linux; Android 6.0.1; Nexus 5X Build/MMB29P) AppleWebKit/537.36 (KHTML, like Gecko) Chrome/134.0.6998.165 Mobile Safari/537.36 (compatible; Googlebot/2.1; +http://www.google.com/bot.html)"
66.249.66.46 - - [20/Apr/2025:12:10:05 -0500] "GET /wp-content/themes/bugster/css/__colors-dark.css HTTP/1.1" 200 241948 "https://gg.corals.io/2024/04/29/" "Mozilla/5.0 (Linux; Android 6.0.1; Nexus 5X Build/MMB29P) AppleWebKit/537.36 (KHTML, like Gecko) Chrome/134.0.6998.165 Mobile Safari/537.36 (compatible; Googlebot/2.1; +http://www.google.com/bot.html)"
66.249.66.46 - - [20/Apr/2025:12:10:07 -0500] "GET /wp-content/plugins/quickcal/assets/css/animations.css?ver=1.0.12 HTTP/1.1" 200 3778 "https://gg.corals.io/2024/04/29/" "Mozilla/5.0 (Linux; Android 6.0.1; Nexus 5X Build/MMB29P) AppleWebKit/537.36 (KHTML, like Gecko) Chrome/134.0.6998.165 Mobile Safari/537.36 (compatible; Googlebot/2.1; +http://www.google.com/bot.html)"
66.249.66.46 - - [20/Apr/2025:12:10:08 -0500] "GET /wp-content/plugins/elementor/assets/lib/font-awesome/css/v4-shims.min.css?ver=3.20.4 HTTP/1.1" 304 - "https://gg.corals.io/2024/04/29/" "Mozilla/5.0 (Linux; Android 6.0.1; Nexus 5X Build/MMB29P) AppleWebKit/537.36 (KHTML, like Gecko) Chrome/134.0.6998.165 Mobile Safari/537.36 (compatible; Googlebot/2.1; +http://www.google.com/bot.html)"
66.249.66.46 - - [20/Apr/2025:12:10:09 -0500] "GET /wp-content/plugins/quickcal/assets/js/tooltipster/css/themes/tooltipster-light.css?ver=3.3.0 HTTP/1.1" 200 365 "https://gg.corals.io/2024/04/29/" "Mozilla/5.0 (Linux; Android 6.0.1; Nexus 5X Build/MMB29P) AppleWebKit/537.36 (KHTML, like Gecko) Chrome/134.0.6998.165 Mobile Safari/537.36 (compatible; Googlebot/2.1; +http://www.google.com/bot.html)"
66.249.66.46 - - [20/Apr/2025:12:10:11 -0500] "GET /wp-content/plugins/quickcal/assets/js/spin.jquery.js?ver=2.0.1 HTTP/1.1" 304 - "https://gg.corals.io/2024/04/29/" "Mozilla/5.0 (Linux; Android 6.0.1; Nexus 5X Build/MMB29P) AppleWebKit/537.36 (KHTML, like Gecko) Chrome/134.0.6998.165 Mobile Safari/537.36 (compatible; Googlebot/2.1; +http://www.google.com/bot.html)"
66.249.66.46 - - [20/Apr/2025:12:10:13 -0500] "GET /wp-content/plugins/quickcal/assets/js/tooltipster/js/jquery.tooltipster.min.js?ver=3.3.0 HTTP/1.1" 304 - "https://gg.corals.io/2024/04/29/" "Mozilla/5.0 (Linux; Android 6.0.1; Nexus 5X Build/MMB29P) AppleWebKit/537.36 (KHTML, like Gecko) Chrome/134.0.6998.165 Mobile Safari/537.36 (compatible; Googlebot/2.1; +http://www.google.com/bot.html)"
66.249.66.46 - - [20/Apr/2025:12:10:15 -0500] "GET /wp-content/plugins/trx_addons/js/tweenmax/tweenmax.min.js HTTP/1.1" 200 116074 "https://gg.corals.io/2024/04/29/" "Mozilla/5.0 (Linux; Android 6.0.1; Nexus 5X Build/MMB29P) AppleWebKit/537.36 (KHTML, like Gecko) Chrome/134.0.6998.165 Mobile Safari/537.36 (compatible; Googlebot/2.1; +http://www.google.com/bot.html)"
209.145.62.177 - - [20/Apr/2025:12:15:53 -0500] "POST /wp-cron.php?doing_wp_cron=1745169352.9942600727081298828125 HTTP/1.1" 200 - "-" "WordPress/6.8; https://gg.corals.io"
64.227.70.2 - - [20/Apr/2025:12:15:51 -0500] "GET / HTTP/1.1" 200 8192 "-" "-"
64.227.70.2 - - [20/Apr/2025:12:15:52 -0500] "GET / HTTP/1.1" 200 192000 "-" "Mozilla/5.0 (Linux; Android 6.0; HTC One M9 Build/MRA960347) AppleWebKit/537.36 (KHTML, like Gecko) Chrome/52.0.3515.98 Mobile Safari/537.3"
64.227.70.2 - - [20/Apr/2025:12:15:55 -0500] "GET /@vite/env HTTP/1.1" 404 132218 "-" "Go-http-client/1.1"
64.227.70.2 - - [20/Apr/2025:12:15:57 -0500] "GET /actuator/env HTTP/1.1" 404 132217 "-" "Go-http-client/1.1"
64.227.70.2 - - [20/Apr/2025:12:15:59 -0500] "GET /server HTTP/1.1" 404 132207 "-" "Go-http-client/1.1"
64.227.70.2 - - [20/Apr/2025:12:16:01 -0500] "GET /.vscode/sftp.json HTTP/1.1" 404 132205 "-" "Go-http-client/1.1"
64.227.70.2 - - [20/Apr/2025:12:16:03 -0500] "GET /about HTTP/1.1" 404 132218 "-" "Go-http-client/1.1"
64.227.70.2 - - [20/Apr/2025:12:16:06 -0500] "GET /debug/default/view?panel=config HTTP/1.1" 404 132296 "-" "Go-http-client/1.1"
64.227.70.2 - - [20/Apr/2025:12:16:09 -0500] "GET /v2/_catalog HTTP/1.1" 404 132642 "-" "Go-http-client/1.1"
64.227.70.2 - - [20/Apr/2025:12:16:11 -0500] "GET /ecp/Current/exporttool/microsoft.exchange.ediscovery.exporttool.application HTTP/1.1" 404 132298 "-" "Go-http-client/1.1"
64.227.70.2 - - [20/Apr/2025:12:16:13 -0500] "GET /server-status HTTP/1.1" 404 132212 "-" "Go-http-client/1.1"
64.227.70.2 - - [20/Apr/2025:12:16:15 -0500] "GET /login.action HTTP/1.1" 404 132211 "-" "Go-http-client/1.1"
209.145.62.177 - - [20/Apr/2025:12:16:18 -0500] "POST /wp-cron.php?doing_wp_cron=1745169378.8844149112701416015625 HTTP/1.1" 200 - "-" "WordPress/6.8; https://gg.corals.io"
64.227.70.2 - - [20/Apr/2025:12:16:17 -0500] "GET /_all_dbs HTTP/1.1" 404 132635 "-" "Mozilla/5.0 (l9scan/2.0.737313e22363e2534313e2930323; +https://leakix.net)"
64.227.70.2 - - [20/Apr/2025:12:16:19 -0500] "GET /.DS_Store HTTP/1.1" 404 132208 "-" "Go-http-client/1.1"
64.227.70.2 - - [20/Apr/2025:12:16:22 -0500] "GET /.env HTTP/1.1" 404 132214 "-" "Go-http-client/1.1"
64.227.70.2 - - [20/Apr/2025:12:16:24 -0500] "GET /.git/config HTTP/1.1" 404 132207 "-" "Go-http-client/1.1"
64.227.70.2 - - [20/Apr/2025:12:16:26 -0500] "GET /s/737313e22363e2534313e2930323/_/;/META-INF/maven/com.atlassian.jira/jira-webapp-dist/pom.properties HTTP/1.1" 404 132306 "-" "Go-http-client/1.1"
64.227.70.2 - - [20/Apr/2025:12:16:28 -0500] "GET /config.json HTTP/1.1" 404 132213 "-" "Go-http-client/1.1"
64.227.70.2 - - [20/Apr/2025:12:16:30 -0500] "GET /telescope/requests HTTP/1.1" 404 132215 "-" "Go-http-client/1.1"
64.227.70.2 - - [20/Apr/2025:12:16:32 -0500] "GET /info.php HTTP/1.1" 404 132211 "-" "Go-http-client/1.1"
64.227.70.2 - - [20/Apr/2025:12:16:34 -0500] "GET /?rest_route=/wp/v2/users/ HTTP/1.1" 200 1378 "-" "Go-http-client/1.1"
209.145.62.177 - - [20/Apr/2025:12:36:44 -0500] "POST /wp-cron.php?doing_wp_cron=1745170604.0847361087799072265625 HTTP/1.1" 200 - "-" "WordPress/6.8; https://gg.corals.io"
54.36.148.44 - - [20/Apr/2025:12:36:42 -0500] "GET /pest-library/nsu/ HTTP/1.1" 200 122386 "-" "Mozilla/5.0 (compatible; AhrefsBot/7.0; +http://ahrefs.com/robot/)"
209.145.62.177 - - [20/Apr/2025:12:39:37 -0500] "POST /wp-cron.php?doing_wp_cron=1745170777.3734579086303710937500 HTTP/1.1" 200 - "-" "WordPress/6.8; https://gg.corals.io"
95.108.213.208 - - [20/Apr/2025:12:39:36 -0500] "GET /robots.txt HTTP/1.1" 200 113 "-" "Mozilla/5.0 (compatible; YandexBot/3.0; +http://yandex.com/bots)"
54.36.149.66 - - [20/Apr/2025:12:39:37 -0500] "GET /how-to-keep-ants-roaches-away-naturally/ HTTP/1.1" 200 171736 "-" "Mozilla/5.0 (compatible; AhrefsBot/7.0; +http://ahrefs.com/robot/)"
5.255.231.79 - - [20/Apr/2025:12:39:38 -0500] "GET /tag/pests/ HTTP/1.1" 200 149910 "-" "Mozilla/5.0 (compatible; YandexBot/3.0; +http://yandex.com/bots)"
209.145.62.177 - - [20/Apr/2025:12:49:00 -0500] "POST /wp-cron.php?doing_wp_cron=1745171340.1856610774993896484375 HTTP/1.1" 200 - "-" "WordPress/6.8; https://gg.corals.io"
54.36.148.229 - - [20/Apr/2025:12:48:54 -0500] "GET /pest-library/pb/ HTTP/1.1" 200 122352 "-" "Mozilla/5.0 (compatible; AhrefsBot/7.0; +http://ahrefs.com/robot/)"
209.145.62.177 - - [20/Apr/2025:12:50:49 -0500] "POST /wp-cron.php?doing_wp_cron=1745171448.9650321006774902343750 HTTP/1.1" 200 - "-" "WordPress/6.8; https://gg.corals.io"
54.36.148.151 - - [20/Apr/2025:12:50:47 -0500] "GET /home-1/ HTTP/1.1" 200 269760 "-" "Mozilla/5.0 (compatible; AhrefsBot/7.0; +http://ahrefs.com/robot/)"
209.145.62.177 - - [20/Apr/2025:12:58:22 -0500] "POST /wp-cron.php?doing_wp_cron=1745171901.9411120414733886718750 HTTP/1.1" 200 - "-" "WordPress/6.8; https://gg.corals.io"
54.36.148.31 - - [20/Apr/2025:12:58:20 -0500] "GET /product/anti-cockroach-gel/?add-to-cart=1807 HTTP/1.1" 200 158276 "-" "Mozilla/5.0 (compatible; AhrefsBot/7.0; +http://ahrefs.com/robot/)"
209.145.62.177 - - [20/Apr/2025:13:09:04 -0500] "POST /wp-cron.php?doing_wp_cron=1745172544.7214779853820800781250 HTTP/1.1" 200 - "-" "WordPress/6.8; https://gg.corals.io"
54.36.148.178 - - [20/Apr/2025:13:09:02 -0500] "GET /2019/01/01/ HTTP/1.1" 200 141398 "-" "Mozilla/5.0 (compatible; AhrefsBot/7.0; +http://ahrefs.com/robot/)"
209.145.62.177 - - [20/Apr/2025:13:13:25 -0500] "POST /wp-cron.php?doing_wp_cron=1745172805.2889339923858642578125 HTTP/1.1" 200 - "-" "WordPress/6.8; https://gg.corals.io"
54.36.148.184 - - [20/Apr/2025:13:13:23 -0500] "GET /product/boric-acid-powder/?add-to-cart=1804 HTTP/1.1" 200 158106 "-" "Mozilla/5.0 (compatible; AhrefsBot/7.0; +http://ahrefs.com/robot/)"
209.145.62.177 - - [20/Apr/2025:13:18:56 -0500] "POST /wp-cron.php?doing_wp_cron=1745173136.6562020778656005859375 HTTP/1.1" 200 - "-" "WordPress/6.8; https://gg.corals.io"
205.210.31.137 - - [20/Apr/2025:13:18:55 -0500] "GET / HTTP/1.1" 200 192015 "-" "-"
209.145.62.177 - - [20/Apr/2025:13:18:59 -0500] "POST /wp-admin/admin-ajax.php?action=wp_1_wc_privacy_cleanup&nonce=27b3c96357 HTTP/1.1" 200 - "-" "WordPress/6.8; https://gg.corals.io"
209.145.62.177 - - [20/Apr/2025:13:24:55 -0500] "POST /wp-cron.php?doing_wp_cron=1745173495.5996530055999755859375 HTTP/1.1" 200 - "-" "WordPress/6.8; https://gg.corals.io"
54.36.148.80 - - [20/Apr/2025:13:24:54 -0500] "GET /product/roach-killer-gel/?add-to-cart=1787 HTTP/1.1" 200 158201 "-" "Mozilla/5.0 (compatible; AhrefsBot/7.0; +http://ahrefs.com/robot/)"
209.145.62.177 - - [20/Apr/2025:13:30:16 -0500] "POST /wp-cron.php?doing_wp_cron=1745173816.2910490036010742187500 HTTP/1.1" 200 - "-" "WordPress/6.8; https://gg.corals.io"
54.36.149.69 - - [20/Apr/2025:13:30:14 -0500] "GET /2019/01/04/ HTTP/1.1" 200 141464 "-" "Mozilla/5.0 (compatible; AhrefsBot/7.0; +http://ahrefs.com/robot/)"
209.145.62.177 - - [20/Apr/2025:13:50:58 -0500] "POST /wp-cron.php?doing_wp_cron=1745175058.0195820331573486328125 HTTP/1.1" 200 - "-" "WordPress/6.8; https://gg.corals.io"
66.249.66.33 - - [20/Apr/2025:13:50:52 -0500] "GET /robots.txt HTTP/1.1" 200 113 "-" "Mozilla/5.0 (compatible; Googlebot/2.1; +http://www.google.com/bot.html)"
66.249.66.46 - - [20/Apr/2025:13:50:58 -0500] "GET /health-inspectors-podcast/ HTTP/1.1" 200 129239 "-" "Mozilla/5.0 (Linux; Android 6.0.1; Nexus 5X Build/MMB29P) AppleWebKit/537.36 (KHTML, like Gecko) Chrome/135.0.7049.95 Mobile Safari/537.36 (compatible; Googlebot/2.1; +http://www.google.com/bot.html)"
209.145.62.177 - - [20/Apr/2025:14:49:05 -0500] "POST /wp-cron.php?doing_wp_cron=1745178544.7938399314880371093750 HTTP/1.1" 200 - "-" "WordPress/6.8; https://gg.corals.io"
54.36.148.30 - - [20/Apr/2025:14:48:57 -0500] "GET /top-5-methods-to-avoid-the-summer-flies/ HTTP/1.1" 200 171566 "-" "Mozilla/5.0 (compatible; AhrefsBot/7.0; +http://ahrefs.com/robot/)"
209.145.62.177 - - [20/Apr/2025:16:02:07 -0500] "POST /wp-cron.php?doing_wp_cron=1745182927.8375570774078369140625 HTTP/1.1" 200 - "-" "WordPress/6.8; https://gg.corals.io"
54.36.148.121 - - [20/Apr/2025:16:01:46 -0500] "GET /product/handy-fly-swatter/?add-to-cart=1787 HTTP/1.1" 200 157010 "-" "Mozilla/5.0 (compatible; AhrefsBot/7.0; +http://ahrefs.com/robot/)"
209.145.62.177 - - [20/Apr/2025:16:40:57 -0500] "POST /wp-cron.php?doing_wp_cron=1745185257.6046850681304931640625 HTTP/1.1" 200 - "-" "WordPress/6.8; https://gg.corals.io"
54.36.148.50 - - [20/Apr/2025:16:40:55 -0500] "GET /product/maleria-killer-spray/?add-to-cart=1805 HTTP/1.1" 200 158300 "-" "Mozilla/5.0 (compatible; AhrefsBot/7.0; +http://ahrefs.com/robot/)"
209.145.62.177 - - [20/Apr/2025:16:46:52 -0500] "POST /wp-cron.php?doing_wp_cron=1745185612.8146550655364990234375 HTTP/1.1" 200 - "-" "WordPress/6.8; https://gg.corals.io"
54.36.148.219 - - [20/Apr/2025:16:46:36 -0500] "GET /minimize-the-risk-of-having-red-roaches/ HTTP/1.1" 200 171584 "-" "Mozilla/5.0 (compatible; AhrefsBot/7.0; +http://ahrefs.com/robot/)"
209.145.62.177 - - [20/Apr/2025:17:43:07 -0500] "POST /wp-cron.php?doing_wp_cron=1745188987.2602250576019287109375 HTTP/1.1" 200 - "-" "WordPress/6.8; https://gg.corals.io"
54.36.148.246 - - [20/Apr/2025:17:43:05 -0500] "GET /product/anti-cockroach-gel/?add-to-cart=1787 HTTP/1.1" 200 158255 "-" "Mozilla/5.0 (compatible; AhrefsBot/7.0; +http://ahrefs.com/robot/)"
209.145.62.177 - - [20/Apr/2025:18:55:47 -0500] "POST /wp-cron.php?doing_wp_cron=1745193347.4379611015319824218750 HTTP/1.1" 200 - "-" "WordPress/6.8; https://gg.corals.io"
54.36.149.77 - - [20/Apr/2025:18:55:41 -0500] "GET /product/electric-fly-swatter/?add-to-cart=1787 HTTP/1.1" 200 158231 "-" "Mozilla/5.0 (compatible; AhrefsBot/7.0; +http://ahrefs.com/robot/)"
209.145.62.177 - - [20/Apr/2025:19:51:41 -0500] "POST /wp-cron.php?doing_wp_cron=1745196701.8489689826965332031250 HTTP/1.1" 200 - "-" "WordPress/6.8; https://gg.corals.io"
54.36.149.49 - - [20/Apr/2025:19:51:35 -0500] "GET /the-damage-that-harvest-mites-can-do/ HTTP/1.1" 200 171505 "-" "Mozilla/5.0 (compatible; AhrefsBot/7.0; +http://ahrefs.com/robot/)"
209.145.62.177 - - [20/Apr/2025:20:32:51 -0500] "POST /wp-cron.php?doing_wp_cron=1745199171.2213220596313476562500 HTTP/1.1" 200 - "-" "WordPress/6.8; https://gg.corals.io"
66.249.66.44 - - [20/Apr/2025:20:32:49 -0500] "GET /robots.txt HTTP/1.1" 200 113 "-" "Mozilla/5.0 (compatible; Googlebot/2.1; +http://www.google.com/bot.html)"
66.249.66.46 - - [20/Apr/2025:20:32:51 -0500] "GET /wp-sitemap-taxonomies-product_tag-1.xml HTTP/1.1" 200 494 "-" "Mozilla/5.0 (compatible; Googlebot/2.1; +http://www.google.com/bot.html)"
209.145.62.177 - - [20/Apr/2025:20:49:39 -0500] "POST /wp-cron.php?doing_wp_cron=1745200179.6598238945007324218750 HTTP/1.1" 200 - "-" "WordPress/6.8; https://gg.corals.io"
54.36.148.71 - - [20/Apr/2025:20:49:33 -0500] "GET /product/ultrasonic-pest-repeller/?add-to-cart=1805 HTTP/1.1" 200 156994 "-" "Mozilla/5.0 (compatible; AhrefsBot/7.0; +http://ahrefs.com/robot/)"
209.145.62.177 - - [20/Apr/2025:20:57:21 -0500] "POST /wp-cron.php?doing_wp_cron=1745200640.9099130630493164062500 HTTP/1.1" 200 - "-" "WordPress/6.8; https://gg.corals.io"
54.36.148.121 - - [20/Apr/2025:20:57:19 -0500] "GET /product/boric-acid-powder/?add-to-cart=1805 HTTP/1.1" 200 158091 "-" "Mozilla/5.0 (compatible; AhrefsBot/7.0; +http://ahrefs.com/robot/)"
209.145.62.177 - - [20/Apr/2025:21:16:39 -0500] "POST /wp-cron.php?doing_wp_cron=1745201799.5254149436950683593750 HTTP/1.1" 200 - "-" "WordPress/6.8; https://gg.corals.io"
54.36.148.225 - - [20/Apr/2025:21:16:37 -0500] "GET /locations/ HTTP/1.1" 200 164948 "-" "Mozilla/5.0 (compatible; AhrefsBot/7.0; +http://ahrefs.com/robot/)"
209.145.62.177 - - [20/Apr/2025:21:28:47 -0500] "POST /wp-cron.php?doing_wp_cron=1745202527.6708850860595703125000 HTTP/1.1" 200 - "-" "WordPress/6.8; https://gg.corals.io"
54.36.148.157 - - [20/Apr/2025:21:28:46 -0500] "GET /product/boric-acid-powder/?add-to-cart=1794 HTTP/1.1" 200 158103 "-" "Mozilla/5.0 (compatible; AhrefsBot/7.0; +http://ahrefs.com/robot/)"
209.145.62.177 - - [20/Apr/2025:22:59:40 -0500] "POST /wp-cron.php?doing_wp_cron=1745207980.9035971164703369140625 HTTP/1.1" 200 - "-" "WordPress/6.8; https://gg.corals.io"
54.36.148.255 - - [20/Apr/2025:22:59:35 -0500] "GET /robots.txt HTTP/1.1" 200 113 "-" "Mozilla/5.0 (compatible; AhrefsBot/7.0; +http://ahrefs.com/robot/)"
54.36.149.52 - - [20/Apr/2025:22:59:42 -0500] "GET /services_group/pest-library/ HTTP/1.1" 200 148245 "-" "Mozilla/5.0 (compatible; AhrefsBot/7.0; +http://ahrefs.com/robot/)"
209.145.62.177 - - [20/Apr/2025:23:04:05 -0500] "POST /wp-cron.php?doing_wp_cron=1745208245.6984140872955322265625 HTTP/1.1" 200 - "-" "WordPress/6.8; https://gg.corals.io"
2a03:2880:13ff:3:: - - [20/Apr/2025:23:04:04 -0500] "GET /robots.txt HTTP/1.1" 200 113 "-" "facebookexternalhit/1.1 (+http://www.facebook.com/externalhit_uatext.php)"
2a03:2880:f800:15:: - - [20/Apr/2025:23:04:06 -0500] "GET /residential-services/ HTTP/1.1" 200 131568 "-" "meta-externalagent/1.1 (+https://developers.facebook.com/docs/sharing/webmasters/crawler)"
209.145.62.177 - - [20/Apr/2025:23:16:07 -0500] "POST /wp-cron.php?doing_wp_cron=1745208967.4321711063385009765625 HTTP/1.1" 200 - "-" "WordPress/6.8; https://gg.corals.io"
66.249.66.46 - - [20/Apr/2025:23:16:05 -0500] "GET /robots.txt HTTP/1.1" 200 113 "-" "Mozilla/5.0 (compatible; Googlebot/2.1; +http://www.google.com/bot.html)"
66.249.66.32 - - [20/Apr/2025:23:16:07 -0500] "GET /wp-content/uploads/2019/01/post-13-copyright-1600x900.jpg HTTP/1.1" 200 106096 "-" "Googlebot-Image/1.0"
209.145.62.177 - - [21/Apr/2025:00:11:36 -0500] "POST /wp-cron.php?doing_wp_cron=1745212296.4312150478363037109375 HTTP/1.1" 200 - "-" "WordPress/6.8; https://gg.corals.io"
54.36.148.33 - - [21/Apr/2025:00:11:34 -0500] "GET /pest-library/ticks/ HTTP/1.1" 200 147573 "-" "Mozilla/5.0 (compatible; AhrefsBot/7.0; +http://ahrefs.com/robot/)"

Spamworldpro Mini