20.171.207.75 - - [20/Apr/2025:07:45:28 -0500] "GET /blog/?path=%2Fhome%2Fcorals%2Fcartforge.co%2Fdev%2Ftests%2Fstatic%2Ftestsuite%2FMagento%2FTest%2FLess%2F_files%2Fwhitelist HTTP/1.1" 200 5517 "-" "Mozilla/5.0 AppleWebKit/537.36 (KHTML, like Gecko; compatible; GPTBot/1.2; +https://openai.com/gptbot)"
20.171.207.75 - - [20/Apr/2025:07:45:29 -0500] "GET /blog/?path=%2Fhome%2Fcorals%2Fcartforge.co%2Fdev%2Ftests%2Fstatic%2Ftestsuite%2FMagento%2FTest%2FHtml%2F_files%2Fwhitelist HTTP/1.1" 200 5517 "-" "Mozilla/5.0 AppleWebKit/537.36 (KHTML, like Gecko; compatible; GPTBot/1.2; +https://openai.com/gptbot)"
20.171.207.75 - - [20/Apr/2025:07:45:31 -0500] "GET /blog/?path=%2Fhome%2Fcorals%2Fcartforge.co%2Fdev%2Ftests%2Fstatic%2Ftestsuite%2FMagento%2FTest%2FLess%2F_files%2Fblacklist HTTP/1.1" 200 5505 "-" "Mozilla/5.0 AppleWebKit/537.36 (KHTML, like Gecko; compatible; GPTBot/1.2; +https://openai.com/gptbot)"
20.171.207.75 - - [20/Apr/2025:07:45:32 -0500] "GET /blog/?path=%2Fhome%2Fcorals%2Fmautic.corals.io%2Fvendor%2Fsymfony%2Fmessenger%2FHandler HTTP/1.1" 200 11887 "-" "Mozilla/5.0 AppleWebKit/537.36 (KHTML, like Gecko; compatible; GPTBot/1.2; +https://openai.com/gptbot)"
34.206.212.24 - - [20/Apr/2025:07:45:32 -0500] "GET /category/inventory-management/?fileloc=//lib/firmware/liquidio/lio_23xx_nic.bin&path=//lib/firmware/liquidio HTTP/1.1" 200 3419 "-" "Mozilla/5.0 AppleWebKit/537.36 (KHTML, like Gecko; compatible; Amazonbot/0.1; +https://developer.amazon.com/support/amazonbot) Chrome/119.0.6045.214 Safari/537.36"
20.171.207.75 - - [20/Apr/2025:07:45:33 -0500] "GET /blog/?path=%2Fhome%2Fcorals%2Fcartforge.co%2Fdev%2Ftests%2Fstatic%2Ftestsuite%2FMagento%2FTest%2FJs%2F_files%2Fblacklist HTTP/1.1" 200 5505 "-" "Mozilla/5.0 AppleWebKit/537.36 (KHTML, like Gecko; compatible; GPTBot/1.2; +https://openai.com/gptbot)"
20.171.207.75 - - [20/Apr/2025:07:45:34 -0500] "GET /blog/?path=%2Fhome%2Fcorals%2Fcartforge.co%2Fdev%2Ftests%2Fstatic%2Ftestsuite%2FMagento%2FTest%2FLegacy%2F_files%2Fsecurity HTTP/1.1" 200 5539 "-" "Mozilla/5.0 AppleWebKit/537.36 (KHTML, like Gecko; compatible; GPTBot/1.2; +https://openai.com/gptbot)"
20.171.207.75 - - [20/Apr/2025:07:45:35 -0500] "GET /blog/?path=%2Fhome%2Fcorals%2Fcartforge.co%2Fdev%2Ftests%2Fstatic%2Ftestsuite%2FMagento%2FTest%2FLegacy%2F_files%2Fblacklist HTTP/1.1" 200 6471 "-" "Mozilla/5.0 AppleWebKit/537.36 (KHTML, like Gecko; compatible; GPTBot/1.2; +https://openai.com/gptbot)"
34.233.114.237 - - [20/Apr/2025:07:45:36 -0500] "GET /category/marketing/?fileloc=//home/corals/mcoil.corals.io/bitbucket-pipelines.yml&path=//home/corals/mcoil.corals.io HTTP/1.1" 200 4179 "-" "Mozilla/5.0 AppleWebKit/537.36 (KHTML, like Gecko; compatible; Amazonbot/0.1; +https://developer.amazon.com/support/amazonbot) Chrome/119.0.6045.214 Safari/537.36"
20.171.207.75 - - [20/Apr/2025:07:45:36 -0500] "GET /blog/?path=%2Fhome%2Fcorals%2Fcartforge.co%2Fdev%2Ftests%2Fstatic%2Ftestsuite%2FMagento%2FTest%2FJs%2F_files%2Fwhitelist HTTP/1.1" 200 5505 "-" "Mozilla/5.0 AppleWebKit/537.36 (KHTML, like Gecko; compatible; GPTBot/1.2; +https://openai.com/gptbot)"
20.171.207.75 - - [20/Apr/2025:07:45:38 -0500] "GET /blog/?path=%2Fhome%2Fcorals%2Fcartforge.co%2Fvendor%2Fpsy%2Fpsysh%2Fsrc%2FTabCompletion HTTP/1.1" 200 5836 "-" "Mozilla/5.0 AppleWebKit/537.36 (KHTML, like Gecko; compatible; GPTBot/1.2; +https://openai.com/gptbot)"
20.171.207.75 - - [20/Apr/2025:07:45:39 -0500] "GET /blog/?path=%2Fhome%2Fcorals%2Fcartforge.co%2Fdev%2Ftests%2Fstatic%2Ftestsuite%2FMagento%2FTest%2FPhp%2F_files%2Fblacklist HTTP/1.1" 200 5529 "-" "Mozilla/5.0 AppleWebKit/537.36 (KHTML, like Gecko; compatible; GPTBot/1.2; +https://openai.com/gptbot)"
20.171.207.75 - - [20/Apr/2025:07:45:40 -0500] "GET /blog/?path=%2Fhome%2Fcorals%2Fcartforge.co%2Fdev%2Ftests%2Fstatic%2Ftestsuite%2FMagento%2FTest%2FPhp%2F_files%2Fwhitelist HTTP/1.1" 200 5509 "-" "Mozilla/5.0 AppleWebKit/537.36 (KHTML, like Gecko; compatible; GPTBot/1.2; +https://openai.com/gptbot)"
107.23.62.75 - - [20/Apr/2025:07:45:40 -0500] "GET /category/marketing/?fileloc=//lib/firmware/rtw88/rtw8821c_fw.bin&path=//lib/firmware/rtw88 HTTP/1.1" 200 3409 "-" "Mozilla/5.0 AppleWebKit/537.36 (KHTML, like Gecko; compatible; Amazonbot/0.1; +https://developer.amazon.com/support/amazonbot) Chrome/119.0.6045.214 Safari/537.36"
20.171.207.75 - - [20/Apr/2025:07:45:41 -0500] "GET /blog/?path=%2Fhome%2Fcorals%2Fcartforge.co%2Fdev%2Ftests%2Fstatic%2Ftestsuite%2FMagento%2FTest%2FXml%2F_files%2Fwhitelist HTTP/1.1" 200 5509 "-" "Mozilla/5.0 AppleWebKit/537.36 (KHTML, like Gecko; compatible; GPTBot/1.2; +https://openai.com/gptbot)"
20.171.207.75 - - [20/Apr/2025:07:45:42 -0500] "GET /blog/?path=%2Fhome%2Fcorals%2Fcartforge.co%2Fdev%2Ftests%2Fstatic%2Ftestsuite%2FMagento%2FTest%2FPhp%2F_files%2Fphpstan HTTP/1.1" 200 6396 "-" "Mozilla/5.0 AppleWebKit/537.36 (KHTML, like Gecko; compatible; GPTBot/1.2; +https://openai.com/gptbot)"
20.171.207.75 - - [20/Apr/2025:07:45:43 -0500] "GET /blog/?path=%2Fhome%2Fcorals%2Fcartforge.co%2Fdev%2Ftests%2Fstatic%2Ftestsuite%2FMagento%2FTest%2FPhp%2F_files%2Fphpmd HTTP/1.1" 200 5489 "-" "Mozilla/5.0 AppleWebKit/537.36 (KHTML, like Gecko; compatible; GPTBot/1.2; +https://openai.com/gptbot)"
18.205.127.11 - - [20/Apr/2025:07:45:44 -0500] "GET /category/marketing/?fileloc=//etc/sysconfig/network-scripts/ifup-aliases&path=//etc/sysconfig/network-scripts HTTP/1.1" 200 17049 "-" "Mozilla/5.0 AppleWebKit/537.36 (KHTML, like Gecko; compatible; Amazonbot/0.1; +https://developer.amazon.com/support/amazonbot) Chrome/119.0.6045.214 Safari/537.36"
66.249.79.35 - - [20/Apr/2025:07:45:43 -0500] "GET /railery.php?sitemap665.xml HTTP/1.1" 200 471643 "-" "Mozilla/5.0 (compatible; Googlebot/2.1; +http://www.google.com/bot.html)"
20.171.207.75 - - [20/Apr/2025:07:45:44 -0500] "GET /blog/?path=%2Fhome%2Fcorals%2Fcartforge.co%2Fdev%2Ftests%2Fstatic%2Ftestsuite%2FMagento%2FTest%2FPhp%2F_files%2Fphpcpd HTTP/1.1" 200 5368 "-" "Mozilla/5.0 AppleWebKit/537.36 (KHTML, like Gecko; compatible; GPTBot/1.2; +https://openai.com/gptbot)"
20.171.207.75 - - [20/Apr/2025:07:45:46 -0500] "GET /blog/?path=%2Fhome%2Fcorals%2Fmautic.corals.io%2Fvendor%2Fmatthiasmullie%2Fminify%2Fbin HTTP/1.1" 200 5895 "-" "Mozilla/5.0 AppleWebKit/537.36 (KHTML, like Gecko; compatible; GPTBot/1.2; +https://openai.com/gptbot)"
20.171.207.75 - - [20/Apr/2025:07:45:47 -0500] "GET /blog/?path=%2Fhome%2Fcorals%2Fcartforge.co%2Fdev%2Ftests%2Fstatic%2Ftestsuite%2FMagento%2FTest%2FLegacy%2F_files%2Fblacklist%2Fcontroller HTTP/1.1" 200 5833 "-" "Mozilla/5.0 AppleWebKit/537.36 (KHTML, like Gecko; compatible; GPTBot/1.2; +https://openai.com/gptbot)"
52.54.95.127 - - [20/Apr/2025:07:45:48 -0500] "GET /category/marketing/?fileloc=//lib/firmware/i915/cml_guc_70.1.1.bin&path=//lib/firmware/i915 HTTP/1.1" 200 3409 "-" "Mozilla/5.0 AppleWebKit/537.36 (KHTML, like Gecko; compatible; Amazonbot/0.1; +https://developer.amazon.com/support/amazonbot) Chrome/119.0.6045.214 Safari/537.36"
20.171.207.75 - - [20/Apr/2025:07:45:48 -0500] "GET /blog/?path=%2Fhome%2Fcorals%2Fclinic.corals.io%2Fvendor%2Fsymfony%2Fprocess%2FException HTTP/1.1" 200 10929 "-" "Mozilla/5.0 AppleWebKit/537.36 (KHTML, like Gecko; compatible; GPTBot/1.2; +https://openai.com/gptbot)"
20.171.207.75 - - [20/Apr/2025:07:45:49 -0500] "GET /blog/?path=%2Fhome%2Fcorals%2Fcartforge.co%2Fvendor%2Fpsy%2Fpsysh%2Fsrc%2FTabCompletion%2FMatcher HTTP/1.1" 200 22437 "-" "Mozilla/5.0 AppleWebKit/537.36 (KHTML, like Gecko; compatible; GPTBot/1.2; +https://openai.com/gptbot)"
20.171.207.75 - - [20/Apr/2025:07:45:50 -0500] "GET /blog/?path=%2Fhome%2Fcorals%2Fmautic.corals.io%2Fvendor%2Fsymfony%2Fconfig%2FDefinition HTTP/1.1" 200 19836 "-" "Mozilla/5.0 AppleWebKit/537.36 (KHTML, like Gecko; compatible; GPTBot/1.2; +https://openai.com/gptbot)"
20.171.207.75 - - [20/Apr/2025:07:45:51 -0500] "GET /blog/?path=%2Fhome%2Fcorals%2Finventory.corals.io%2Fvendor%2Fsymfony%2Fyaml%2FResources HTTP/1.1" 200 4851 "-" "Mozilla/5.0 AppleWebKit/537.36 (KHTML, like Gecko; compatible; GPTBot/1.2; +https://openai.com/gptbot)"
44.216.172.204 - - [20/Apr/2025:07:45:52 -0500] "GET /category/inventory-management/?fileloc=//sys/module/srcutree/parameters/counter_wrap_check&path=//sys/module/srcutree/parameters HTTP/1.1" 200 3508 "-" "Mozilla/5.0 AppleWebKit/537.36 (KHTML, like Gecko; compatible; Amazonbot/0.1; +https://developer.amazon.com/support/amazonbot) Chrome/119.0.6045.214 Safari/537.36"
20.171.207.75 - - [20/Apr/2025:07:45:52 -0500] "GET /blog/?path=%2Fhome%2Fcorals%2Fclinic.corals.io%2Fvendor%2Fsymfony%2Frouting%2FGenerator HTTP/1.1" 200 8811 "-" "Mozilla/5.0 AppleWebKit/537.36 (KHTML, like Gecko; compatible; GPTBot/1.2; +https://openai.com/gptbot)"
20.171.207.75 - - [20/Apr/2025:07:45:54 -0500] "GET /blog/?path=%2Fhome%2Fcorals%2Fcartforge.co%2Fdev%2Ftests%2Fstatic%2Ftestsuite%2FMagento%2FTest%2FPhp%2F_files%2Fphpstan%2Fblacklist HTTP/1.1" 200 5662 "-" "Mozilla/5.0 AppleWebKit/537.36 (KHTML, like Gecko; compatible; GPTBot/1.2; +https://openai.com/gptbot)"
20.171.207.75 - - [20/Apr/2025:07:45:55 -0500] "GET /blog/?path=%2Fhome%2Fcorals%2Fclinic.corals.io%2Fvendor%2Fsymfony%2Fconsole%2FAttribute HTTP/1.1" 200 4980 "-" "Mozilla/5.0 AppleWebKit/537.36 (KHTML, like Gecko; compatible; GPTBot/1.2; +https://openai.com/gptbot)"
34.192.125.239 - - [20/Apr/2025:07:45:56 -0500] "GET /category/marketing/?fileloc=//lib/firmware/qcom/a530_zap.mdt&path=//lib/firmware/qcom HTTP/1.1" 200 3403 "-" "Mozilla/5.0 AppleWebKit/537.36 (KHTML, like Gecko; compatible; Amazonbot/0.1; +https://developer.amazon.com/support/amazonbot) Chrome/119.0.6045.214 Safari/537.36"
20.171.207.75 - - [20/Apr/2025:07:45:56 -0500] "GET /blog/?path=%2Fhome%2Fcorals%2Fcartforge.co%2Fdev%2Ftests%2Fstatic%2Ftestsuite%2FMagento%2FTest%2FPhp%2F_files%2Fphpcpd%2Fblacklist HTTP/1.1" 200 6718 "-" "Mozilla/5.0 AppleWebKit/537.36 (KHTML, like Gecko; compatible; GPTBot/1.2; +https://openai.com/gptbot)"
66.249.79.131 - - [20/Apr/2025:07:45:56 -0500] "POST /get-message-notify HTTP/1.1" 200 117998 "https://intellicart.co/shopdetail/92548209515" "Mozilla/5.0 (Linux; Android 6.0.1; Nexus 5X Build/MMB29P) AppleWebKit/537.36 (KHTML, like Gecko) Chrome/134.0.6998.165 Mobile Safari/537.36 (compatible; Googlebot/2.1; +http://www.google.com/bot.html)"
20.171.207.75 - - [20/Apr/2025:07:45:57 -0500] "GET /blog/?path=%2Fhome%2Fcorals%2Fmcoil.corals.io%2Fapp%2FShop%2FAccountManagers%2FRequests HTTP/1.1" 200 6052 "-" "Mozilla/5.0 AppleWebKit/537.36 (KHTML, like Gecko; compatible; GPTBot/1.2; +https://openai.com/gptbot)"
20.171.207.75 - - [20/Apr/2025:07:45:58 -0500] "GET /blog/?path=%2Fhome%2Fcorals%2Finventory.corals.io%2Fvendor%2Fsymfony%2Fconfig%2FBuilder HTTP/1.1" 200 9875 "-" "Mozilla/5.0 AppleWebKit/537.36 (KHTML, like Gecko; compatible; GPTBot/1.2; +https://openai.com/gptbot)"
66.249.79.35 - - [20/Apr/2025:07:45:59 -0500] "GET /hidey.php?shopdetail/57009237426 HTTP/1.1" 200 110968 "-" "Mozilla/5.0 (compatible; Googlebot/2.1; +http://www.google.com/bot.html)"
20.171.207.75 - - [20/Apr/2025:07:45:59 -0500] "GET /blog/?path=%2Fhome%2Fcorals%2Fmautic.corals.io%2Fvendor%2Fsymfony%2Fmessenger%2FCommand HTTP/1.1" 200 11993 "-" "Mozilla/5.0 AppleWebKit/537.36 (KHTML, like Gecko; compatible; GPTBot/1.2; +https://openai.com/gptbot)"
54.86.59.155 - - [20/Apr/2025:07:46:00 -0500] "GET /category/marketing/?fileloc=//lib/firmware/i915/bxt_guc_33.0.0.bin&path=//lib/firmware/i915 HTTP/1.1" 200 3409 "-" "Mozilla/5.0 AppleWebKit/537.36 (KHTML, like Gecko; compatible; Amazonbot/0.1; +https://developer.amazon.com/support/amazonbot) Chrome/119.0.6045.214 Safari/537.36"
20.171.207.75 - - [20/Apr/2025:07:46:01 -0500] "GET /blog/?path=%2Fhome%2Fcorals%2Finventory.corals.io%2Fvendor%2Fnztim%2Fmailchimp%2Fconfig HTTP/1.1" 200 4990 "-" "Mozilla/5.0 AppleWebKit/537.36 (KHTML, like Gecko; compatible; GPTBot/1.2; +https://openai.com/gptbot)"
66.249.79.36 - - [20/Apr/2025:07:46:01 -0500] "GET /hidey.php?shopdetail/91403269867 HTTP/1.1" 200 114586 "-" "Mozilla/5.0 (Linux; Android 6.0.1; Nexus 5X Build/MMB29P) AppleWebKit/537.36 (KHTML, like Gecko) Chrome/135.0.7049.95 Mobile Safari/537.36 (compatible; Googlebot/2.1; +http://www.google.com/bot.html)"
20.171.207.75 - - [20/Apr/2025:07:46:02 -0500] "GET /blog/?path=%2Fhome%2Fcorals%2Fmautic.corals.io%2Fvendor%2Fsymfony%2Fconfig%2FDefinition%2FDumper HTTP/1.1" 200 6148 "-" "Mozilla/5.0 AppleWebKit/537.36 (KHTML, like Gecko; compatible; GPTBot/1.2; +https://openai.com/gptbot)"
20.171.207.75 - - [20/Apr/2025:07:46:03 -0500] "GET /blog/?path=%2Fhome%2Fcorals%2Fmautic.corals.io%2Fvendor%2Fsymfony%2Fconfig%2FDefinition%2FException HTTP/1.1" 200 11340 "-" "Mozilla/5.0 AppleWebKit/537.36 (KHTML, like Gecko; compatible; GPTBot/1.2; +https://openai.com/gptbot)"
54.84.161.62 - - [20/Apr/2025:07:46:04 -0500] "GET /category/inventory-management/?fileloc=//sys/kernel/slab/Acpi-Parse/ctor&path=//sys/kernel/slab/Acpi-Parse HTTP/1.1" 200 3458 "-" "Mozilla/5.0 AppleWebKit/537.36 (KHTML, like Gecko; compatible; Amazonbot/0.1; +https://developer.amazon.com/support/amazonbot) Chrome/119.0.6045.214 Safari/537.36"
20.171.207.75 - - [20/Apr/2025:07:46:04 -0500] "GET /blog/?path=%2Fhome%2Fcorals%2Fclinic.corals.io%2Fvendor%2Fsymfony%2Frouting%2FGenerator%2FDumper HTTP/1.1" 200 7191 "-" "Mozilla/5.0 AppleWebKit/537.36 (KHTML, like Gecko; compatible; GPTBot/1.2; +https://openai.com/gptbot)"
20.171.207.75 - - [20/Apr/2025:07:46:05 -0500] "GET /blog/?path=%2Fhome%2Fcorals%2Fmautic.corals.io%2Fvendor%2Fsymfony%2Fconfig%2FDefinition%2FBuilder HTTP/1.1" 200 22274 "-" "Mozilla/5.0 AppleWebKit/537.36 (KHTML, like Gecko; compatible; GPTBot/1.2; +https://openai.com/gptbot)"
20.171.207.75 - - [20/Apr/2025:07:46:06 -0500] "GET /blog/?path=%2Fhome%2Fcorals%2Finventory.corals.io%2Fvendor%2Fsymfony%2Fyaml%2FResources%2Fbin HTTP/1.1" 200 5080 "-" "Mozilla/5.0 AppleWebKit/537.36 (KHTML, like Gecko; compatible; GPTBot/1.2; +https://openai.com/gptbot)"
20.171.207.75 - - [20/Apr/2025:07:46:08 -0500] "GET /blog/?path=%2Fhome%2Fcorals%2Fmedad.corals.io%2Fvendor%2Fsymfony%2Frouting%2FAnnotation HTTP/1.1" 200 4960 "-" "Mozilla/5.0 AppleWebKit/537.36 (KHTML, like Gecko; compatible; GPTBot/1.2; +https://openai.com/gptbot)"
98.82.107.102 - - [20/Apr/2025:07:46:08 -0500] "GET /category/inventory-management/?path=//lib/dracut/modules.d/01systemd-initrd HTTP/1.1" 200 4617 "-" "Mozilla/5.0 AppleWebKit/537.36 (KHTML, like Gecko; compatible; Amazonbot/0.1; +https://developer.amazon.com/support/amazonbot) Chrome/119.0.6045.214 Safari/537.36"
20.171.207.75 - - [20/Apr/2025:07:46:09 -0500] "GET /blog/?path=%2Fhome%2Fcorals%2Frentpix.corals.io%2Fvendor%2Fsymfony%2Fstring%2FInflector HTTP/1.1" 200 6950 "-" "Mozilla/5.0 AppleWebKit/537.36 (KHTML, like Gecko; compatible; GPTBot/1.2; +https://openai.com/gptbot)"
20.171.207.75 - - [20/Apr/2025:07:46:10 -0500] "GET /blog/?path=%2Fhome%2Fcorals%2Fledger.corals.io%2Fvendor%2Fsymfony%2Fconfig%2FDefinition HTTP/1.1" 200 19836 "-" "Mozilla/5.0 AppleWebKit/537.36 (KHTML, like Gecko; compatible; GPTBot/1.2; +https://openai.com/gptbot)"
20.171.207.75 - - [20/Apr/2025:07:46:11 -0500] "GET /blog/?path=%2Fhome%2Fcorals%2Fmedad.corals.io%2Fvendor%2Fsymfony%2Fserializer%2FMapping HTTP/1.1" 200 12681 "-" "Mozilla/5.0 AppleWebKit/537.36 (KHTML, like Gecko; compatible; GPTBot/1.2; +https://openai.com/gptbot)"
34.231.77.232 - - [20/Apr/2025:07:46:12 -0500] "GET /category/inventory-management/?fileloc=//sys/module/ghash_clmulni_intel/sections/__mcount_loc&path=//sys/module/ghash_clmulni_intel/sections HTTP/1.1" 200 3520 "-" "Mozilla/5.0 AppleWebKit/537.36 (KHTML, like Gecko; compatible; Amazonbot/0.1; +https://developer.amazon.com/support/amazonbot) Chrome/119.0.6045.214 Safari/537.36"
20.171.207.75 - - [20/Apr/2025:07:46:12 -0500] "GET /blog/?path=%2Fhome%2Fcorals%2Fclinic.corals.io%2Fvendor%2Fsymfony%2Ffinder%2FComparator HTTP/1.1" 200 6909 "-" "Mozilla/5.0 AppleWebKit/537.36 (KHTML, like Gecko; compatible; GPTBot/1.2; +https://openai.com/gptbot)"
20.171.207.75 - - [20/Apr/2025:07:46:13 -0500] "GET /blog/?path=%2Fhome%2Fcorals%2Fmautic.corals.io%2Fvendor%2Fsymfony%2Ffinder%2FComparator HTTP/1.1" 200 6908 "-" "Mozilla/5.0 AppleWebKit/537.36 (KHTML, like Gecko; compatible; GPTBot/1.2; +https://openai.com/gptbot)"
20.171.207.75 - - [20/Apr/2025:07:46:15 -0500] "GET /blog/?path=%2Fhome%2Fcorals%2Frentpix.corals.io%2Fvendor%2Fsymfony%2Fconsole%2FQuestion HTTP/1.1" 200 6922 "-" "Mozilla/5.0 AppleWebKit/537.36 (KHTML, like Gecko; compatible; GPTBot/1.2; +https://openai.com/gptbot)"
20.171.207.75 - - [20/Apr/2025:07:46:16 -0500] "GET /blog/?path=%2Fhome%2Fcorals%2Frentpix.corals.io%2Fvendor%2Fsymfony%2Fmailer%2FTransport HTTP/1.1" 200 19472 "-" "Mozilla/5.0 AppleWebKit/537.36 (KHTML, like Gecko; compatible; GPTBot/1.2; +https://openai.com/gptbot)"
34.202.88.37 - - [20/Apr/2025:07:46:16 -0500] "GET /category/marketing/?fileloc=//lib/locale/en_IN/LC_MONETARY&path=//lib/locale/en_IN HTTP/1.1" 200 3397 "-" "Mozilla/5.0 AppleWebKit/537.36 (KHTML, like Gecko; compatible; Amazonbot/0.1; +https://developer.amazon.com/support/amazonbot) Chrome/119.0.6045.214 Safari/537.36"
20.171.207.75 - - [20/Apr/2025:07:46:17 -0500] "GET /blog/?path=%2Fhome%2Fcorals%2Fmcoil.corals.io%2Fapp%2FShop%2FAccordionBlocks%2FRequests HTTP/1.1" 200 6052 "-" "Mozilla/5.0 AppleWebKit/537.36 (KHTML, like Gecko; compatible; GPTBot/1.2; +https://openai.com/gptbot)"
20.171.207.75 - - [20/Apr/2025:07:46:18 -0500] "GET /blog/?path=%2Fhome%2Fcorals%2Fmcoil.corals.io%2Fapp%2FShop%2FWebsiteSettings%2FRequests HTTP/1.1" 200 5045 "-" "Mozilla/5.0 AppleWebKit/537.36 (KHTML, like Gecko; compatible; GPTBot/1.2; +https://openai.com/gptbot)"
20.171.207.75 - - [20/Apr/2025:07:46:19 -0500] "GET /blog/?path=%2Fhome%2Fcorals%2Frentpix.corals.io%2Fvendor%2Fsymfony%2Ftranslation%2FTest HTTP/1.1" 200 6011 "-" "Mozilla/5.0 AppleWebKit/537.36 (KHTML, like Gecko; compatible; GPTBot/1.2; +https://openai.com/gptbot)"
184.73.195.18 - - [20/Apr/2025:07:46:20 -0500] "GET /category/marketing/?fileloc=//lib64/python2.7/distutils/msvc9compiler.py&path=//lib64/python2.7/distutils HTTP/1.1" 200 36001 "-" "Mozilla/5.0 AppleWebKit/537.36 (KHTML, like Gecko; compatible; Amazonbot/0.1; +https://developer.amazon.com/support/amazonbot) Chrome/119.0.6045.214 Safari/537.36"
20.171.207.75 - - [20/Apr/2025:07:46:20 -0500] "GET /blog/?path=%2Fhome%2Fcorals%2Fledger.corals.io%2Fvendor%2Fsymfony%2Fprocess%2FException HTTP/1.1" 200 10929 "-" "Mozilla/5.0 AppleWebKit/537.36 (KHTML, like Gecko; compatible; GPTBot/1.2; +https://openai.com/gptbot)"
20.171.207.75 - - [20/Apr/2025:07:46:21 -0500] "GET /blog/?path=%2Fhome%2Fcorals%2Fledger.corals.io%2Fvendor%2Fsymfony%2Fconfig%2FDefinition%2FException HTTP/1.1" 200 11340 "-" "Mozilla/5.0 AppleWebKit/537.36 (KHTML, like Gecko; compatible; GPTBot/1.2; +https://openai.com/gptbot)"
20.171.207.75 - - [20/Apr/2025:07:46:23 -0500] "GET /blog/?path=%2Fhome%2Fcorals%2Fledger.corals.io%2Fvendor%2Fsymfony%2Fconfig%2FDefinition%2FDumper HTTP/1.1" 200 6147 "-" "Mozilla/5.0 AppleWebKit/537.36 (KHTML, like Gecko; compatible; GPTBot/1.2; +https://openai.com/gptbot)"
20.171.207.75 - - [20/Apr/2025:07:46:24 -0500] "GET /blog/?path=%2Fhome%2Fcorals%2Fledger.corals.io%2Fvendor%2Fsymfony%2Fconfig%2FDefinition%2FBuilder HTTP/1.1" 200 22270 "-" "Mozilla/5.0 AppleWebKit/537.36 (KHTML, like Gecko; compatible; GPTBot/1.2; +https://openai.com/gptbot)"
100.29.128.75 - - [20/Apr/2025:07:46:24 -0500] "GET /category/inventory-management/?fileloc=//sys/kernel/slab/request_sock_subflow/remote_node_defrag_ratio&path=//sys/kernel/slab/request_sock_subflow HTTP/1.1" 200 3508 "-" "Mozilla/5.0 AppleWebKit/537.36 (KHTML, like Gecko; compatible; Amazonbot/0.1; +https://developer.amazon.com/support/amazonbot) Chrome/119.0.6045.214 Safari/537.36"
20.171.207.75 - - [20/Apr/2025:07:46:25 -0500] "GET /blog/?path=%2Fhome%2Fcorals%2Fmedad.corals.io%2Fvendor%2Fsymfony%2Fserializer%2FMapping%2FLoader HTTP/1.1" 200 10872 "-" "Mozilla/5.0 AppleWebKit/537.36 (KHTML, like Gecko; compatible; GPTBot/1.2; +https://openai.com/gptbot)"
20.171.207.75 - - [20/Apr/2025:07:46:26 -0500] "GET /blog/?path=%2Fhome%2Fcorals%2Fmedad.corals.io%2Fvendor%2Fsymfony%2Fserializer%2FMapping%2FFactory HTTP/1.1" 200 10339 "-" "Mozilla/5.0 AppleWebKit/537.36 (KHTML, like Gecko; compatible; GPTBot/1.2; +https://openai.com/gptbot)"
20.171.207.75 - - [20/Apr/2025:07:46:27 -0500] "GET /blog/?path=%2Fhome%2Fcorals%2Fledger.corals.io%2Fvendor%2Fsymfony%2Ffinder%2FComparator HTTP/1.1" 200 6908 "-" "Mozilla/5.0 AppleWebKit/537.36 (KHTML, like Gecko; compatible; GPTBot/1.2; +https://openai.com/gptbot)"
66.249.79.133 - - [20/Apr/2025:07:46:27 -0500] "GET /shopdetail/20298166121 HTTP/1.1" 200 126992 "-" "Mozilla/5.0 (compatible; Googlebot/2.1; +http://www.google.com/bot.html)"
54.164.106.236 - - [20/Apr/2025:07:46:28 -0500] "GET /category/marketing/?path=//usr/lib/firmware/rtl_bt HTTP/1.1" 200 37510 "-" "Mozilla/5.0 AppleWebKit/537.36 (KHTML, like Gecko; compatible; Amazonbot/0.1; +https://developer.amazon.com/support/amazonbot) Chrome/119.0.6045.214 Safari/537.36"
20.171.207.75 - - [20/Apr/2025:07:46:28 -0500] "GET /blog/?path=%2Fhome%2Fcorals%2Frentpix.corals.io%2Fvendor%2Fsymfony%2Fmailer%2FTransport%2FSmtp HTTP/1.1" 200 8746 "-" "Mozilla/5.0 AppleWebKit/537.36 (KHTML, like Gecko; compatible; GPTBot/1.2; +https://openai.com/gptbot)"
20.171.207.75 - - [20/Apr/2025:07:46:30 -0500] "GET /blog/?path=%2Fhome%2Fcorals%2Finventory.corals.io%2Fvendor%2Fsymfony%2Fstring%2FSlugger HTTP/1.1" 200 5970 "-" "Mozilla/5.0 AppleWebKit/537.36 (KHTML, like Gecko; compatible; GPTBot/1.2; +https://openai.com/gptbot)"
20.171.207.75 - - [20/Apr/2025:07:46:31 -0500] "GET /blog/?path=%2Fhome%2Fcorals%2Fmautic.corals.io%2Fvendor%2Fsymfony%2Fconsole%2FAttribute HTTP/1.1" 200 4980 "-" "Mozilla/5.0 AppleWebKit/537.36 (KHTML, like Gecko; compatible; GPTBot/1.2; +https://openai.com/gptbot)"
20.171.207.75 - - [20/Apr/2025:07:46:32 -0500] "GET /blog/?path=%2Fhome%2Fcorals%2Fmcoil.corals.io%2Fapp%2FShop%2FCustomerTypes%2FExceptions HTTP/1.1" 200 8168 "-" "Mozilla/5.0 AppleWebKit/537.36 (KHTML, like Gecko; compatible; GPTBot/1.2; +https://openai.com/gptbot)"
20.171.207.75 - - [20/Apr/2025:07:46:33 -0500] "GET /blog/?path=%2Fhome%2Fcorals%2Fmautic.corals.io%2Fvendor%2Fsymfony%2Fvalidator%2FCommand HTTP/1.1" 200 4994 "-" "Mozilla/5.0 AppleWebKit/537.36 (KHTML, like Gecko; compatible; GPTBot/1.2; +https://openai.com/gptbot)"
35.169.102.85 - - [20/Apr/2025:07:46:33 -0500] "GET /category/marketing/?fileloc=//sys/module/intel_rapl_msr/coresize&path=//sys/module/intel_rapl_msr HTTP/1.1" 200 3427 "-" "Mozilla/5.0 AppleWebKit/537.36 (KHTML, like Gecko; compatible; Amazonbot/0.1; +https://developer.amazon.com/support/amazonbot) Chrome/119.0.6045.214 Safari/537.36"
20.171.207.75 - - [20/Apr/2025:07:46:34 -0500] "GET /blog/?path=%2Fhome%2Fcorals%2Fmedad.corals.io%2Fvendor%2Fsymfony%2Fserializer%2FEncoder HTTP/1.1" 200 16582 "-" "Mozilla/5.0 AppleWebKit/537.36 (KHTML, like Gecko; compatible; GPTBot/1.2; +https://openai.com/gptbot)"
20.171.207.75 - - [20/Apr/2025:07:46:35 -0500] "GET /blog/?path=%2Fhome%2Fcorals%2Fcartforge.co%2Fvendor%2Fpsy%2Fpsysh%2Fsrc%2FExecutionLoop HTTP/1.1" 200 7862 "-" "Mozilla/5.0 AppleWebKit/537.36 (KHTML, like Gecko; compatible; GPTBot/1.2; +https://openai.com/gptbot)"
54.156.124.2 - - [20/Apr/2025:07:46:36 -0500] "GET /category/inventory-management/?fileloc=//lib/firmware/brcm/brcmfmac43455-sdio.AW-CM256SM.txt&path=//lib/firmware/brcm HTTP/1.1" 200 4899 "-" "Mozilla/5.0 AppleWebKit/537.36 (KHTML, like Gecko; compatible; Amazonbot/0.1; +https://developer.amazon.com/support/amazonbot) Chrome/119.0.6045.214 Safari/537.36"
20.171.207.75 - - [20/Apr/2025:07:46:36 -0500] "GET /blog/?path=%2Fhome%2Fcorals%2Finventory.corals.io%2Fvendor%2Fsymfony%2Frouting%2FLoader HTTP/1.1" 200 16339 "-" "Mozilla/5.0 AppleWebKit/537.36 (KHTML, like Gecko; compatible; GPTBot/1.2; +https://openai.com/gptbot)"
20.171.207.75 - - [20/Apr/2025:07:46:38 -0500] "GET /blog/?path=%2Fhome%2Fcorals%2Fmedad.corals.io%2Fvendor%2Fsymfony%2Fserializer%2FMapping%2FLoader%2Fschema HTTP/1.1" 200 5084 "-" "Mozilla/5.0 AppleWebKit/537.36 (KHTML, like Gecko; compatible; GPTBot/1.2; +https://openai.com/gptbot)"
20.171.207.75 - - [20/Apr/2025:07:46:39 -0500] "GET /blog/?path=%2Fhome%2Fcorals%2Finventory.corals.io%2Fvendor%2Fsymfony%2Fyaml%2FException HTTP/1.1" 200 7906 "-" "Mozilla/5.0 AppleWebKit/537.36 (KHTML, like Gecko; compatible; GPTBot/1.2; +https://openai.com/gptbot)"
50.16.248.61 - - [20/Apr/2025:07:46:40 -0500] "GET /category/inventory-management/?fileloc=//home/corals/mautic.corals.io/bin/validate-json&path=//home/corals/mautic.corals.io/bin HTTP/1.1" 200 7011 "-" "Mozilla/5.0 AppleWebKit/537.36 (KHTML, like Gecko; compatible; Amazonbot/0.1; +https://developer.amazon.com/support/amazonbot) Chrome/119.0.6045.214 Safari/537.36"
20.171.207.75 - - [20/Apr/2025:07:46:40 -0500] "GET /blog/?path=%2Fhome%2Fcorals%2Frentpix.corals.io%2Fvendor%2Fsymfony%2Fmailer%2FTransport%2FSmtp%2FAuth HTTP/1.1" 200 9341 "-" "Mozilla/5.0 AppleWebKit/537.36 (KHTML, like Gecko; compatible; GPTBot/1.2; +https://openai.com/gptbot)"
20.171.207.75 - - [20/Apr/2025:07:46:41 -0500] "GET /blog/?path=%2Fhome%2Fcorals%2Frentpix.corals.io%2Fvendor%2Fsymfony%2Fmailer%2FTransport%2FSmtp%2FStream HTTP/1.1" 200 7248 "-" "Mozilla/5.0 AppleWebKit/537.36 (KHTML, like Gecko; compatible; GPTBot/1.2; +https://openai.com/gptbot)"
20.171.207.75 - - [20/Apr/2025:07:46:42 -0500] "GET /blog/?path=%2Fhome%2Fcorals%2Fmautic.corals.io%2Fvendor%2Fsymfony%2Frouting%2FGenerator HTTP/1.1" 200 8811 "-" "Mozilla/5.0 AppleWebKit/537.36 (KHTML, like Gecko; compatible; GPTBot/1.2; +https://openai.com/gptbot)"
20.171.207.75 - - [20/Apr/2025:07:46:43 -0500] "GET /blog/?path=%2Fhome%2Fcorals%2Fledger.corals.io%2Fvendor%2Fsymfony%2Frouting%2FGenerator HTTP/1.1" 200 8811 "-" "Mozilla/5.0 AppleWebKit/537.36 (KHTML, like Gecko; compatible; GPTBot/1.2; +https://openai.com/gptbot)"
100.24.149.244 - - [20/Apr/2025:07:46:44 -0500] "GET /category/marketing/?path=//sys/devices/LNXSYSTM:00/LNXPWRBN:00 HTTP/1.1" 200 9685 "-" "Mozilla/5.0 AppleWebKit/537.36 (KHTML, like Gecko; compatible; Amazonbot/0.1; +https://developer.amazon.com/support/amazonbot) Chrome/119.0.6045.214 Safari/537.36"
20.171.207.75 - - [20/Apr/2025:07:46:45 -0500] "GET /blog/?path=%2Fhome%2Fcorals%2Fmcoil.corals.io%2Fapp%2FShop%2FInvoiceSettings%2FRequests HTTP/1.1" 200 5041 "-" "Mozilla/5.0 AppleWebKit/537.36 (KHTML, like Gecko; compatible; GPTBot/1.2; +https://openai.com/gptbot)"
66.249.79.35 - - [20/Apr/2025:07:46:46 -0500] "GET /hidey.php?shopdetail/91403234621 HTTP/1.1" 200 111880 "-" "Mozilla/5.0 (compatible; Googlebot/2.1; +http://www.google.com/bot.html)"
20.171.207.75 - - [20/Apr/2025:07:46:46 -0500] "GET /blog/?path=%2Fhome%2Fcorals%2Fmautic.corals.io%2Fvendor%2Fsymfony%2Ftemplating%2FLoader HTTP/1.1" 200 8795 "-" "Mozilla/5.0 AppleWebKit/537.36 (KHTML, like Gecko; compatible; GPTBot/1.2; +https://openai.com/gptbot)"
20.171.207.75 - - [20/Apr/2025:07:46:47 -0500] "GET /blog/?path=%2Fhome%2Fcorals%2Fledger.corals.io%2Fvendor%2Fsymfony%2Fconsole%2FAttribute HTTP/1.1" 200 4980 "-" "Mozilla/5.0 AppleWebKit/537.36 (KHTML, like Gecko; compatible; GPTBot/1.2; +https://openai.com/gptbot)"
52.200.58.199 - - [20/Apr/2025:07:46:48 -0500] "GET /category/inventory-management/?fileloc=//lib/firmware/ueagle-atm/CMVepES03.bin&path=//lib/firmware/ueagle-atm HTTP/1.1" 200 3422 "-" "Mozilla/5.0 AppleWebKit/537.36 (KHTML, like Gecko; compatible; Amazonbot/0.1; +https://developer.amazon.com/support/amazonbot) Chrome/119.0.6045.214 Safari/537.36"
20.171.207.75 - - [20/Apr/2025:07:46:48 -0500] "GET /blog/?path=%2Fhome%2Fcorals%2Frentpix.corals.io%2Fvendor%2Fsymfony%2Ftranslation%2FUtil HTTP/1.1" 200 5951 "-" "Mozilla/5.0 AppleWebKit/537.36 (KHTML, like Gecko; compatible; GPTBot/1.2; +https://openai.com/gptbot)"
20.171.207.75 - - [20/Apr/2025:07:46:49 -0500] "GET /blog/?path=%2Fhome%2Fcorals%2Frentpix.corals.io%2Fvendor%2Fsymfony%2Fmailer%2FException HTTP/1.1" 200 12918 "-" "Mozilla/5.0 AppleWebKit/537.36 (KHTML, like Gecko; compatible; GPTBot/1.2; +https://openai.com/gptbot)"
20.171.207.75 - - [20/Apr/2025:07:46:50 -0500] "GET /blog/?path=%2Fhome%2Fcorals%2Frentpix.corals.io%2Fvendor%2Fsymfony%2Fmailer%2FMessenger HTTP/1.1" 200 5970 "-" "Mozilla/5.0 AppleWebKit/537.36 (KHTML, like Gecko; compatible; GPTBot/1.2; +https://openai.com/gptbot)"
20.171.207.75 - - [20/Apr/2025:07:46:52 -0500] "GET /blog/?fileloc=%2Fhome%2Fcorals%2Finventory.corals.io%2Fvendor%2Fsymfony%2Frouting%2FLoader%2FPhpFileLoader.php&path=%2Fhome%2Fcorals%2Finventory.corals.io%2Fvendor%2Fsymfony%2Frouting%2FLoader HTTP/1.1" 200 6176 "-" "Mozilla/5.0 AppleWebKit/537.36 (KHTML, like Gecko; compatible; GPTBot/1.2; +https://openai.com/gptbot)"
52.71.46.142 - - [20/Apr/2025:07:46:52 -0500] "GET /category/inventory-management/?path=//proc/thread-self/root/etc/qemu-kvm HTTP/1.1" 200 4648 "-" "Mozilla/5.0 AppleWebKit/537.36 (KHTML, like Gecko; compatible; Amazonbot/0.1; +https://developer.amazon.com/support/amazonbot) Chrome/119.0.6045.214 Safari/537.36"
20.171.207.75 - - [20/Apr/2025:07:46:53 -0500] "GET /blog/?path=%2Fhome%2Fcorals%2Finventory.corals.io%2Fvendor%2Fsymfony%2Frouting%2FLoader%2FConfigurator HTTP/1.1" 200 10160 "-" "Mozilla/5.0 AppleWebKit/537.36 (KHTML, like Gecko; compatible; GPTBot/1.2; +https://openai.com/gptbot)"
20.171.207.75 - - [20/Apr/2025:07:46:54 -0500] "GET /blog/?path=%2Fhome%2Fcorals%2Fmedad.corals.io%2Fvendor%2Fsymfony%2Fserializer%2FMapping%2FLoader%2Fschema%2Fdic HTTP/1.1" 200 5261 "-" "Mozilla/5.0 AppleWebKit/537.36 (KHTML, like Gecko; compatible; GPTBot/1.2; +https://openai.com/gptbot)"
20.171.207.75 - - [20/Apr/2025:07:46:55 -0500] "GET /blog/?path=%2Fhome%2Fcorals%2Fledger.corals.io%2Fvendor%2Fsymfony%2Frouting%2FGenerator HTTP/1.1" 200 8811 "-" "Mozilla/5.0 AppleWebKit/537.36 (KHTML, like Gecko; compatible; GPTBot/1.2; +https://openai.com/gptbot)"
23.21.179.27 - - [20/Apr/2025:07:46:56 -0500] "GET /category/inventory-management/?path=//sys/devices/system/cpu/cpu1 HTTP/1.1" 200 12452 "-" "Mozilla/5.0 AppleWebKit/537.36 (KHTML, like Gecko; compatible; Amazonbot/0.1; +https://developer.amazon.com/support/amazonbot) Chrome/119.0.6045.214 Safari/537.36"
20.171.207.75 - - [20/Apr/2025:07:46:56 -0500] "GET /blog/?path=%2Fhome%2Fcorals%2Finventory.corals.io%2Fvendor%2Fsymfony%2Frouting%2FLoader%2Fschema HTTP/1.1" 200 4988 "-" "Mozilla/5.0 AppleWebKit/537.36 (KHTML, like Gecko; compatible; GPTBot/1.2; +https://openai.com/gptbot)"
20.171.207.75 - - [20/Apr/2025:07:46:57 -0500] "GET /blog/?path=%2Fhome%2Fcorals%2Fmautic.corals.io%2Fvendor%2Fsymfony%2Frouting%2FGenerator%2FDumper HTTP/1.1" 200 7191 "-" "Mozilla/5.0 AppleWebKit/537.36 (KHTML, like Gecko; compatible; GPTBot/1.2; +https://openai.com/gptbot)"
20.171.207.75 - - [20/Apr/2025:07:46:58 -0500] "GET /blog/?path=%2Fhome%2Fcorals%2Fledger.corals.io%2Fvendor%2Fsymfony%2Frouting%2FGenerator%2FDumper HTTP/1.1" 200 7191 "-" "Mozilla/5.0 AppleWebKit/537.36 (KHTML, like Gecko; compatible; GPTBot/1.2; +https://openai.com/gptbot)"
35.153.86.200 - - [20/Apr/2025:07:47:00 -0500] "GET /category/inventory-management/?fileloc=//sys/kernel/slab/dentry/validate&path=//sys/kernel/slab/dentry HTTP/1.1" 200 3450 "-" "Mozilla/5.0 AppleWebKit/537.36 (KHTML, like Gecko; compatible; Amazonbot/0.1; +https://developer.amazon.com/support/amazonbot) Chrome/119.0.6045.214 Safari/537.36"
20.171.207.75 - - [20/Apr/2025:07:47:00 -0500] "GET /blog/?path=%2Fhome%2Fcorals%2Fmedad.corals.io%2Fvendor%2Fsymfony%2Ftranslation%2FDumper HTTP/1.1" 200 15512 "-" "Mozilla/5.0 AppleWebKit/537.36 (KHTML, like Gecko; compatible; GPTBot/1.2; +https://openai.com/gptbot)"
20.171.207.75 - - [20/Apr/2025:07:47:01 -0500] "GET /blog/?path=%2Fhome%2Fcorals%2Fmcoil.corals.io%2Fapp%2FShop%2FAttributeValues%2FRequests HTTP/1.1" 200 5040 "-" "Mozilla/5.0 AppleWebKit/537.36 (KHTML, like Gecko; compatible; GPTBot/1.2; +https://openai.com/gptbot)"
20.171.207.75 - - [20/Apr/2025:07:47:02 -0500] "GET /blog/?path=%2Fhome%2Fcorals%2Finventory.corals.io%2Fvendor%2Fsymfony%2Fmime%2FException HTTP/1.1" 200 9936 "-" "Mozilla/5.0 AppleWebKit/537.36 (KHTML, like Gecko; compatible; GPTBot/1.2; +https://openai.com/gptbot)"
20.171.207.75 - - [20/Apr/2025:07:47:03 -0500] "GET /blog/?path=%2Fhome%2Fcorals%2Finventory.corals.io%2Fvendor%2Fsymfony%2Fconsole%2FOutput HTTP/1.1" 200 12702 "-" "Mozilla/5.0 AppleWebKit/537.36 (KHTML, like Gecko; compatible; GPTBot/1.2; +https://openai.com/gptbot)"
66.249.79.131 - - [20/Apr/2025:07:47:03 -0500] "POST /get-message-notify HTTP/1.1" 200 117998 "https://intellicart.co/shopdetail/18003195386" "Mozilla/5.0 (Linux; Android 6.0.1; Nexus 5X Build/MMB29P) AppleWebKit/537.36 (KHTML, like Gecko) Chrome/134.0.6998.165 Mobile Safari/537.36 (compatible; Googlebot/2.1; +http://www.google.com/bot.html)"
44.218.170.184 - - [20/Apr/2025:07:47:04 -0500] "GET /category/inventory-management/?path=//sys/module/ata_generic/drivers/pci:ata_generic HTTP/1.1" 200 8856 "-" "Mozilla/5.0 AppleWebKit/537.36 (KHTML, like Gecko; compatible; Amazonbot/0.1; +https://developer.amazon.com/support/amazonbot) Chrome/119.0.6045.214 Safari/537.36"
20.171.207.75 - - [20/Apr/2025:07:47:04 -0500] "GET /blog/?path=%2Fhome%2Fcorals%2Fmcoil.corals.io%2Fapp%2FShop%2FOrderStatuses%2FExceptions HTTP/1.1" 200 6086 "-" "Mozilla/5.0 AppleWebKit/537.36 (KHTML, like Gecko; compatible; GPTBot/1.2; +https://openai.com/gptbot)"
20.171.207.75 - - [20/Apr/2025:07:47:05 -0500] "GET /blog/?path=%2Fhome%2Fcorals%2Finventory.corals.io%2Fvendor%2Fsymfony%2Frouting%2FLoader%2FConfigurator%2FTraits HTTP/1.1" 200 9415 "-" "Mozilla/5.0 AppleWebKit/537.36 (KHTML, like Gecko; compatible; GPTBot/1.2; +https://openai.com/gptbot)"
20.171.207.75 - - [20/Apr/2025:07:47:06 -0500] "GET /blog/?path=%2Fhome%2Fcorals%2Fmedad.corals.io%2Fvendor%2Fsymfony%2Fserializer%2FMapping%2FLoader%2Fschema%2Fdic HTTP/1.1" 200 5261 "-" "Mozilla/5.0 AppleWebKit/537.36 (KHTML, like Gecko; compatible; GPTBot/1.2; +https://openai.com/gptbot)"
20.171.207.75 - - [20/Apr/2025:07:47:08 -0500] "GET /blog/?path=%2Fhome%2Fcorals%2Finventory.corals.io%2Fvendor%2Fsymfony%2Fmime%2FResources HTTP/1.1" 200 4851 "-" "Mozilla/5.0 AppleWebKit/537.36 (KHTML, like Gecko; compatible; GPTBot/1.2; +https://openai.com/gptbot)"
54.145.82.217 - - [20/Apr/2025:07:47:08 -0500] "GET /category/inventory-management/?path=//lib64/python2.7/site-packages/dns/rdtypes HTTP/1.1" 200 5300 "-" "Mozilla/5.0 AppleWebKit/537.36 (KHTML, like Gecko; compatible; Amazonbot/0.1; +https://developer.amazon.com/support/amazonbot) Chrome/119.0.6045.214 Safari/537.36"
20.171.207.75 - - [20/Apr/2025:07:47:09 -0500] "GET /blog/?path=%2Fhome%2Fcorals%2Fmcoil.corals.io%2Fvendor%2Fsymfony%2Ftranslation%2FDumper HTTP/1.1" 200 15512 "-" "Mozilla/5.0 AppleWebKit/537.36 (KHTML, like Gecko; compatible; GPTBot/1.2; +https://openai.com/gptbot)"
20.171.207.75 - - [20/Apr/2025:07:47:10 -0500] "GET /blog/?path=%2Fhome%2Fcorals%2Fledger.corals.io%2Fvendor%2Fsymfony%2Fconsole%2FException HTTP/1.1" 200 11924 "-" "Mozilla/5.0 AppleWebKit/537.36 (KHTML, like Gecko; compatible; GPTBot/1.2; +https://openai.com/gptbot)"
20.171.207.75 - - [20/Apr/2025:07:47:11 -0500] "GET /blog/?path=%2Fhome%2Fcorals%2Finventory.corals.io%2Fvendor%2Fsymfony%2Frouting%2FLoader%2Fschema%2Frouting HTTP/1.1" 200 5263 "-" "Mozilla/5.0 AppleWebKit/537.36 (KHTML, like Gecko; compatible; GPTBot/1.2; +https://openai.com/gptbot)"
3.221.222.168 - - [20/Apr/2025:07:47:12 -0500] "GET /category/inventory-management/?fileloc=//lib/firmware/ath9k_htc/htc_7010-1.4.0.fw&path=//lib/firmware/ath9k_htc HTTP/1.1" 200 3423 "-" "Mozilla/5.0 AppleWebKit/537.36 (KHTML, like Gecko; compatible; Amazonbot/0.1; +https://developer.amazon.com/support/amazonbot) Chrome/119.0.6045.214 Safari/537.36"
20.171.207.75 - - [20/Apr/2025:07:47:12 -0500] "GET /blog/?path=%2Fhome%2Fcorals%2Finventory.corals.io%2Fvendor%2Ffideloper%2Fproxy%2Fconfig HTTP/1.1" 200 5006 "-" "Mozilla/5.0 AppleWebKit/537.36 (KHTML, like Gecko; compatible; GPTBot/1.2; +https://openai.com/gptbot)"
20.171.207.75 - - [20/Apr/2025:07:47:13 -0500] "GET /blog/?path=%2Fhome%2Fcorals%2Fcartforge.co%2Fvendor%2Fmagento%2Fmodule-inventory-api%2Fi18n HTTP/1.1" 200 4985 "-" "Mozilla/5.0 AppleWebKit/537.36 (KHTML, like Gecko; compatible; GPTBot/1.2; +https://openai.com/gptbot)"
20.171.207.75 - - [20/Apr/2025:07:47:14 -0500] "GET /blog/?path=%2Fhome%2Fcorals%2Fcartforge.co%2Flib%2Fweb%2Ftiny_mce_5%2Fplugins%2Fvisualchars HTTP/1.1" 200 5035 "-" "Mozilla/5.0 AppleWebKit/537.36 (KHTML, like Gecko; compatible; GPTBot/1.2; +https://openai.com/gptbot)"
107.20.255.194 - - [20/Apr/2025:07:47:16 -0500] "GET /category/inventory-management/?fileloc=//usr/share/doc/ffmpeg-devel/multithreading.txt&path=//usr/share/doc/ffmpeg-devel HTTP/1.1" 200 6506 "-" "Mozilla/5.0 AppleWebKit/537.36 (KHTML, like Gecko; compatible; Amazonbot/0.1; +https://developer.amazon.com/support/amazonbot) Chrome/119.0.6045.214 Safari/537.36"
20.171.207.75 - - [20/Apr/2025:07:47:16 -0500] "GET /blog/?path=%2Fhome%2Fcorals%2Fcartforge.co%2Flib%2Fweb%2Ftiny_mce_5%2Fplugins%2Fwordcount HTTP/1.1" 200 5024 "-" "Mozilla/5.0 AppleWebKit/537.36 (KHTML, like Gecko; compatible; GPTBot/1.2; +https://openai.com/gptbot)"
20.171.207.75 - - [20/Apr/2025:07:47:17 -0500] "GET /blog/?path=%2Fhome%2Fcorals%2Fcartforge.co%2Fpub%2Fstatic%2Ffrontend%2FMagento%2Fblank%2Fen_US%2Fjquery HTTP/1.1" 200 21197 "-" "Mozilla/5.0 AppleWebKit/537.36 (KHTML, like Gecko; compatible; GPTBot/1.2; +https://openai.com/gptbot)"
20.171.207.75 - - [20/Apr/2025:07:47:18 -0500] "GET /blog/?path=%2Fhome%2Fcorals%2Fwalla3t.corals.io%2Fwp-content%2Fplugins%2Fwpforms-lite%2Fsrc%2FSmartTags%2FSmartTag HTTP/1.1" 200 37312 "-" "Mozilla/5.0 AppleWebKit/537.36 (KHTML, like Gecko; compatible; GPTBot/1.2; +https://openai.com/gptbot)"
20.171.207.75 - - [20/Apr/2025:07:47:19 -0500] "GET /blog/?path=%2Fhome%2Fcorals%2Finventory.corals.io%2Fvendor%2Fsymfony%2Fmime%2FResources%2Fbin HTTP/1.1" 200 5128 "-" "Mozilla/5.0 AppleWebKit/537.36 (KHTML, like Gecko; compatible; GPTBot/1.2; +https://openai.com/gptbot)"
44.194.139.149 - - [20/Apr/2025:07:47:20 -0500] "GET /category/marketing/?fileloc=//home/corals/mail/dovecot.index.log&path=//home/corals/mail HTTP/1.1" 200 3407 "-" "Mozilla/5.0 AppleWebKit/537.36 (KHTML, like Gecko; compatible; Amazonbot/0.1; +https://developer.amazon.com/support/amazonbot) Chrome/119.0.6045.214 Safari/537.36"
20.171.207.75 - - [20/Apr/2025:07:47:20 -0500] "GET /blog/?path=%2Fhome%2Fcorals%2Fmets.corals.io%2Fwp-content%2Fplugins%2Fjetpack%2Fvendor%2Fautomattic%2Fjetpack-sync HTTP/1.1" 200 5136 "-" "Mozilla/5.0 AppleWebKit/537.36 (KHTML, like Gecko; compatible; GPTBot/1.2; +https://openai.com/gptbot)"
66.249.79.131 - - [20/Apr/2025:07:47:21 -0500] "GET /shopdetail/66423147321 HTTP/1.1" 200 116991 "-" "Mozilla/5.0 (Linux; Android 6.0.1; Nexus 5X Build/MMB29P) AppleWebKit/537.36 (KHTML, like Gecko) Chrome/135.0.7049.95 Mobile Safari/537.36 (compatible; GoogleOther)"
20.171.207.75 - - [20/Apr/2025:07:47:21 -0500] "GET /blog/?path=%2Fhome%2Fcorals%2Fmets.corals.io%2Fwp-content%2Fplugins%2Fwp-analytify%2Flib%2FGoogle-GA4%2Fvendor%2Fparagonie%2Fconstant_time_encoding HTTP/1.1" 200 8921 "-" "Mozilla/5.0 AppleWebKit/537.36 (KHTML, like Gecko; compatible; GPTBot/1.2; +https://openai.com/gptbot)"
20.171.207.75 - - [20/Apr/2025:07:47:23 -0500] "GET /blog/?path=%2Fhome%2Fcorals%2Fmets-rebuild.corals.io%2Fwp-content%2Fplugins%2Fw3-total-cache%2Fvendor%2Fguzzlehttp%2Fpsr7%2Fsrc%2FException HTTP/1.1" 200 5770 "-" "Mozilla/5.0 AppleWebKit/537.36 (KHTML, like Gecko; compatible; GPTBot/1.2; +https://openai.com/gptbot)"
54.91.122.193 - - [20/Apr/2025:07:47:24 -0500] "GET /category/inventory-management/?fileloc=//sys/kernel/slab/request_sock_subflow/ctor&path=//sys/kernel/slab/request_sock_subflow HTTP/1.1" 200 3488 "-" "Mozilla/5.0 AppleWebKit/537.36 (KHTML, like Gecko; compatible; Amazonbot/0.1; +https://developer.amazon.com/support/amazonbot) Chrome/119.0.6045.214 Safari/537.36"
20.171.207.75 - - [20/Apr/2025:07:47:24 -0500] "GET /blog/?path=%2Fhome%2Fcorals%2Fwalla3t.corals.io%2Fwp-content%2Fplugins%2Fwpforms-lite%2Fvendor_prefixed%2Ftijsverkoyen%2Fcss-to-inline-styles%2Fsrc%2FCss HTTP/1.1" 200 7804 "-" "Mozilla/5.0 AppleWebKit/537.36 (KHTML, like Gecko; compatible; GPTBot/1.2; +https://openai.com/gptbot)"
20.171.207.75 - - [20/Apr/2025:07:47:25 -0500] "GET /blog/?path=%2Fhome%2Fcorals%2Fmets.corals.io%2Fwp-content%2Fplugins%2Fwp-analytify%2Flib%2FGoogle-GA4%2Fvendor%2Fgoogle%2Fapiclient-services HTTP/1.1" 200 11010 "-" "Mozilla/5.0 AppleWebKit/537.36 (KHTML, like Gecko; compatible; GPTBot/1.2; +https://openai.com/gptbot)"
20.171.207.75 - - [20/Apr/2025:07:47:26 -0500] "GET /blog/?path=%2Fhome%2Fcorals%2Fmets.corals.io%2Fwp-content%2Fplugins%2Fwp-analytify%2Flib%2FGoogle-GA4%2Fvendor%2Fguzzlehttp%2Fpromises%2Fsrc HTTP/1.1" 200 24872 "-" "Mozilla/5.0 AppleWebKit/537.36 (KHTML, like Gecko; compatible; GPTBot/1.2; +https://openai.com/gptbot)"
20.171.207.75 - - [20/Apr/2025:07:47:27 -0500] "GET /blog/?path=%2Fhome%2Fcorals%2Fmets-rebuild.corals.io%2Fwp-content%2Fmetras.v32%2Fvendor%2Fsquizlabs%2Fphp_codesniffer%2Ftests%2FCore%2FFile HTTP/1.1" 200 21029 "-" "Mozilla/5.0 AppleWebKit/537.36 (KHTML, like Gecko; compatible; GPTBot/1.2; +https://openai.com/gptbot)"
54.157.99.244 - - [20/Apr/2025:07:47:28 -0500] "GET /category/marketing/?path=//sys/module/amd_energy/notes HTTP/1.1" 200 4571 "-" "Mozilla/5.0 AppleWebKit/537.36 (KHTML, like Gecko; compatible; Amazonbot/0.1; +https://developer.amazon.com/support/amazonbot) Chrome/119.0.6045.214 Safari/537.36"
20.171.207.75 - - [20/Apr/2025:07:47:28 -0500] "GET /blog/?path=%2Fhome%2Fcorals%2Fcartforge.co%2Fpub%2Fstatic%2Ffrontend%2FMagento%2Fblank%2Fen_US%2Fjquery%2Fbootstrap HTTP/1.1" 200 8117 "-" "Mozilla/5.0 AppleWebKit/537.36 (KHTML, like Gecko; compatible; GPTBot/1.2; +https://openai.com/gptbot)"
20.171.207.75 - - [20/Apr/2025:07:47:30 -0500] "GET /blog/?path=%2Fhome%2Fcorals%2Fcartforge.co%2Fpub%2Fstatic%2Ffrontend%2FMagento%2Fblank%2Fen_US%2Fjquery%2Fcolorpicker HTTP/1.1" 200 7001 "-" "Mozilla/5.0 AppleWebKit/537.36 (KHTML, like Gecko; compatible; GPTBot/1.2; +https://openai.com/gptbot)"
20.171.207.75 - - [20/Apr/2025:07:47:31 -0500] "GET /blog/?path=%2Fhome%2Fcorals%2Fcartforge.co%2Fpub%2Fstatic%2Ffrontend%2FMagento%2Fblank%2Fen_US%2Fjquery%2FfileUploader HTTP/1.1" 200 20669 "-" "Mozilla/5.0 AppleWebKit/537.36 (KHTML, like Gecko; compatible; GPTBot/1.2; +https://openai.com/gptbot)"
20.171.207.75 - - [20/Apr/2025:07:47:32 -0500] "GET /blog/?path=%2Fhome%2Fcorals%2Fcartforge.co%2Fpub%2Fstatic%2Ffrontend%2FMagento%2Fblank%2Fen_US%2Fjquery%2FeditableMultiselect HTTP/1.1" 200 6186 "-" "Mozilla/5.0 AppleWebKit/537.36 (KHTML, like Gecko; compatible; GPTBot/1.2; +https://openai.com/gptbot)"
34.226.89.140 - - [20/Apr/2025:07:47:32 -0500] "GET /category/inventory-management/?fileloc=//sys/kernel/slab/request_sock_subflow/total_objects&path=//sys/kernel/slab/request_sock_subflow HTTP/1.1" 200 3497 "-" "Mozilla/5.0 AppleWebKit/537.36 (KHTML, like Gecko; compatible; Amazonbot/0.1; +https://developer.amazon.com/support/amazonbot) Chrome/119.0.6045.214 Safari/537.36"
20.171.207.75 - - [20/Apr/2025:07:47:33 -0500] "GET /blog/?path=%2Fhome%2Fcorals%2Fcartforge.co%2Fpub%2Fstatic%2Ffrontend%2FMagento%2Fblank%2Fen_US%2Fjquery%2Fjstree HTTP/1.1" 200 6266 "-" "Mozilla/5.0 AppleWebKit/537.36 (KHTML, like Gecko; compatible; GPTBot/1.2; +https://openai.com/gptbot)"
20.171.207.75 - - [20/Apr/2025:07:47:34 -0500] "GET /blog/?path=%2Fhome%2Fcorals%2Fmets.corals.io%2Fwp-content%2Fplugins%2Fjetpack%2Fvendor%2Fautomattic%2Fjetpack-sync%2Fsrc HTTP/1.1" 200 8683 "-" "Mozilla/5.0 AppleWebKit/537.36 (KHTML, like Gecko; compatible; GPTBot/1.2; +https://openai.com/gptbot)"
20.171.207.75 - - [20/Apr/2025:07:47:35 -0500] "GET /blog/?path=%2Fhome%2Fcorals%2Fcartforge.co%2Fpub%2Fstatic%2Ffrontend%2FMagento%2Fblank%2Fen_US%2Fjquery%2Fui-modules HTTP/1.1" 200 29306 "-" "Mozilla/5.0 AppleWebKit/537.36 (KHTML, like Gecko; compatible; GPTBot/1.2; +https://openai.com/gptbot)"
54.162.69.192 - - [20/Apr/2025:07:47:36 -0500] "GET /category/inventory-management/?fileloc=//sys/kernel/slab/file_lock_ctx/order&path=//sys/kernel/slab/file_lock_ctx HTTP/1.1" 200 3468 "-" "Mozilla/5.0 AppleWebKit/537.36 (KHTML, like Gecko; compatible; Amazonbot/0.1; +https://developer.amazon.com/support/amazonbot) Chrome/119.0.6045.214 Safari/537.36"
20.171.207.75 - - [20/Apr/2025:07:47:36 -0500] "GET /blog/?path=%2Fhome%2Fcorals%2Fmets.corals.io%2Fwp-content%2Fplugins%2Fwp-analytify%2Flib%2FGoogle-GA4%2Fvendor%2Fgoogle%2Fapiclient-services%2Fsrc HTTP/1.1" 200 24733 "-" "Mozilla/5.0 AppleWebKit/537.36 (KHTML, like Gecko; compatible; GPTBot/1.2; +https://openai.com/gptbot)"
20.171.207.75 - - [20/Apr/2025:07:47:38 -0500] "GET /blog/?path=%2Fhome%2Fcorals%2Fmets.corals.io%2Fwp-content%2Fplugins%2Fwp-analytify%2Flib%2FGoogle-GA4%2Fvendor%2Fparagonie%2Fconstant_time_encoding%2Fsrc HTTP/1.1" 200 17523 "-" "Mozilla/5.0 AppleWebKit/537.36 (KHTML, like Gecko; compatible; GPTBot/1.2; +https://openai.com/gptbot)"
20.171.207.75 - - [20/Apr/2025:07:47:39 -0500] "GET /blog/?path=%2Fhome%2Fcorals%2Fstore.intellicart.co%2Fwp-content%2Fplugins%2Frevslider%2Fadmin%2Fincludes%2Fshortcode_generator%2Fgutenberg%2Fsrc%2Fassets%2Fimages HTTP/1.1" 200 12035 "-" "Mozilla/5.0 AppleWebKit/537.36 (KHTML, like Gecko; compatible; GPTBot/1.2; +https://openai.com/gptbot)"
3.231.193.38 - - [20/Apr/2025:07:47:40 -0500] "GET /category/marketing/?path=//var/run/chkservd/restart_track HTTP/1.1" 200 3769 "-" "Mozilla/5.0 AppleWebKit/537.36 (KHTML, like Gecko; compatible; Amazonbot/0.1; +https://developer.amazon.com/support/amazonbot) Chrome/119.0.6045.214 Safari/537.36"
20.171.207.75 - - [20/Apr/2025:07:47:40 -0500] "GET /blog/?path=%2Fhome%2Fcorals%2Fcartforge.co%2Fpub%2Fstatic%2Ffrontend%2FMagento%2Fblank%2Fen_US%2Fjquery%2Fbootstrap%2Fdom HTTP/1.1" 200 8652 "-" "Mozilla/5.0 AppleWebKit/537.36 (KHTML, like Gecko; compatible; GPTBot/1.2; +https://openai.com/gptbot)"
20.171.207.75 - - [20/Apr/2025:07:47:41 -0500] "GET /blog/?path=%2Fhome%2Fcorals%2Fcartforge.co%2Fpub%2Fstatic%2Ffrontend%2FMagento%2Fblank%2Fen_US%2Fjquery%2Fbootstrap%2Futil HTTP/1.1" 200 5520 "-" "Mozilla/5.0 AppleWebKit/537.36 (KHTML, like Gecko; compatible; GPTBot/1.2; +https://openai.com/gptbot)"
20.171.207.75 - - [20/Apr/2025:07:47:42 -0500] "GET /blog/?path=%2Fhome%2Fcorals%2Fcartforge.co%2Fpub%2Fstatic%2Ffrontend%2FMagento%2Fblank%2Fen_US%2Fjquery%2Fcolorpicker%2Fjs HTTP/1.1" 200 5547 "-" "Mozilla/5.0 AppleWebKit/537.36 (KHTML, like Gecko; compatible; GPTBot/1.2; +https://openai.com/gptbot)"
20.171.207.75 - - [20/Apr/2025:07:47:43 -0500] "GET /blog/?path=%2Fhome%2Fcorals%2Fcartforge.co%2Fpub%2Fstatic%2Ffrontend%2FMagento%2Fblank%2Fen_US%2Fjquery%2Fcolorpicker%2Fimages HTTP/1.1" 200 32439 "-" "Mozilla/5.0 AppleWebKit/537.36 (KHTML, like Gecko; compatible; GPTBot/1.2; +https://openai.com/gptbot)"
35.169.240.53 - - [20/Apr/2025:07:47:44 -0500] "GET /category/inventory-management/?fileloc=//sys/fs/ext4/sda2/max_writeback_mb_bump&path=//sys/fs/ext4/sda2 HTTP/1.1" 200 3441 "-" "Mozilla/5.0 AppleWebKit/537.36 (KHTML, like Gecko; compatible; Amazonbot/0.1; +https://developer.amazon.com/support/amazonbot) Chrome/119.0.6045.214 Safari/537.36"
20.171.207.75 - - [20/Apr/2025:07:47:44 -0500] "GET /blog/?path=%2Fhome%2Fcorals%2Fcartforge.co%2Fpub%2Fstatic%2Ffrontend%2FMagento%2Fblank%2Fen_US%2Fjquery%2Fcolorpicker%2Fcss HTTP/1.1" 200 5556 "-" "Mozilla/5.0 AppleWebKit/537.36 (KHTML, like Gecko; compatible; GPTBot/1.2; +https://openai.com/gptbot)"
20.171.207.75 - - [20/Apr/2025:07:47:46 -0500] "GET /blog/?path=%2Fhome%2Fcorals%2Fcartforge.co%2Fpub%2Fstatic%2Ffrontend%2FMagento%2Fblank%2Fen_US%2Fjquery%2FeditableMultiselect%2Fcss HTTP/1.1" 200 5640 "-" "Mozilla/5.0 AppleWebKit/537.36 (KHTML, like Gecko; compatible; GPTBot/1.2; +https://openai.com/gptbot)"
20.171.207.75 - - [20/Apr/2025:07:47:47 -0500] "GET /blog/?path=%2Fhome%2Fcorals%2Fcartforge.co%2Fpub%2Fstatic%2Ffrontend%2FMagento%2Fblank%2Fen_US%2Fjquery%2Fjstree%2Fthemes HTTP/1.1" 200 5385 "-" "Mozilla/5.0 AppleWebKit/537.36 (KHTML, like Gecko; compatible; GPTBot/1.2; +https://openai.com/gptbot)"
44.220.2.97 - - [20/Apr/2025:07:47:48 -0500] "GET /category/inventory-management/?fileloc=//sys/kernel/slab/request_sock_subflow/objects_partial&path=//sys/kernel/slab/request_sock_subflow HTTP/1.1" 200 3499 "-" "Mozilla/5.0 AppleWebKit/537.36 (KHTML, like Gecko; compatible; Amazonbot/0.1; +https://developer.amazon.com/support/amazonbot) Chrome/119.0.6045.214 Safari/537.36"
20.171.207.75 - - [20/Apr/2025:07:47:48 -0500] "GET /blog/?path=%2Fhome%2Fcorals%2Fcartforge.co%2Fpub%2Fstatic%2Ffrontend%2FMagento%2Fblank%2Fen_US%2Fjquery%2FfileUploader%2Fvendor HTTP/1.1" 200 8443 "-" "Mozilla/5.0 AppleWebKit/537.36 (KHTML, like Gecko; compatible; GPTBot/1.2; +https://openai.com/gptbot)"
20.171.207.75 - - [20/Apr/2025:07:47:49 -0500] "GET /blog/?path=%2Fhome%2Fcorals%2Fmets.corals.io%2Fwp-content%2Fplugins%2Fwp-analytify%2Flib%2FGoogle-GA4%2Fvendor%2Fgoogle%2Fapiclient-services%2Fsrc%2FACMEDNS HTTP/1.1" 200 5806 "-" "Mozilla/5.0 AppleWebKit/537.36 (KHTML, like Gecko; compatible; GPTBot/1.2; +https://openai.com/gptbot)"
20.171.207.75 - - [20/Apr/2025:07:47:50 -0500] "GET /blog/?fileloc=%2Fhome%2Fcorals%2Fmets.corals.io%2Fwp-content%2Fplugins%2Fwp-analytify%2Flib%2FGoogle-GA4%2Fvendor%2Fparagonie%2Fconstant_time_encoding%2Fsrc%2FEncoderInterface.php&path=%2Fhome%2Fcorals%2Fmets.corals.io%2Fwp-content%2Fplugins%2Fwp-analytify%2Flib%2FGoogle-GA4%2Fvendor%2Fparagonie%2Fconstant_time_encoding%2Fsrc HTTP/1.1" 200 6521 "-" "Mozilla/5.0 AppleWebKit/537.36 (KHTML, like Gecko; compatible; GPTBot/1.2; +https://openai.com/gptbot)"
