20.171.207.75 - - [20/Apr/2025:07:38:13 -0500] "GET /blog/?path=%2Fhome%2Fcorals%2Frentpix.corals.io%2FCorals%2Fcore%2FTheme%2Froutes HTTP/1.1" 200 5856 "-" "Mozilla/5.0 AppleWebKit/537.36 (KHTML, like Gecko; compatible; GPTBot/1.2; +https://openai.com/gptbot)"
20.171.207.75 - - [20/Apr/2025:07:38:14 -0500] "GET /blog/?path=%2Fhome%2Fcorals%2Frentpix.corals.io%2FCorals%2Fcore%2FTheme%2FProviders HTTP/1.1" 200 6011 "-" "Mozilla/5.0 AppleWebKit/537.36 (KHTML, like Gecko; compatible; GPTBot/1.2; +https://openai.com/gptbot)"
20.171.207.75 - - [20/Apr/2025:07:38:15 -0500] "GET /blog/?path=%2Fhome%2Fcorals%2Frentpix.corals.io%2FCorals%2Fcore%2FTheme%2FExceptions HTTP/1.1" 200 6884 "-" "Mozilla/5.0 AppleWebKit/537.36 (KHTML, like Gecko; compatible; GPTBot/1.2; +https://openai.com/gptbot)"
3.221.156.96 - - [20/Apr/2025:07:38:16 -0500] "GET /category/inventory-management/?fileloc=//lib/firmware/cirrus/cs35l41-dsp1-spk-prot-17aa38fa-spkid0-l0.bin&path=//lib/firmware/cirrus HTTP/1.1" 200 3441 "-" "Mozilla/5.0 AppleWebKit/537.36 (KHTML, like Gecko; compatible; Amazonbot/0.1; +https://developer.amazon.com/support/amazonbot) Chrome/119.0.6045.214 Safari/537.36"
20.171.207.75 - - [20/Apr/2025:07:38:16 -0500] "GET /blog/?path=%2Fhome%2Fcorals%2Frentpix.corals.io%2FCorals%2Fcore%2FTheme%2FHttp HTTP/1.1" 200 5619 "-" "Mozilla/5.0 AppleWebKit/537.36 (KHTML, like Gecko; compatible; GPTBot/1.2; +https://openai.com/gptbot)"
20.171.207.75 - - [20/Apr/2025:07:38:17 -0500] "GET /blog/?path=%2Fhome%2Fcorals%2Frentpix.corals.io%2FCorals%2Fcore%2FTheme%2FHelpers HTTP/1.1" 200 4932 "-" "Mozilla/5.0 AppleWebKit/537.36 (KHTML, like Gecko; compatible; GPTBot/1.2; +https://openai.com/gptbot)"
20.171.207.75 - - [20/Apr/2025:07:38:19 -0500] "GET /blog/?path=%2Fhome%2Fcorals%2Frentpix.corals.io%2FCorals%2Fcore%2FTheme%2Fresources HTTP/1.1" 200 5619 "-" "Mozilla/5.0 AppleWebKit/537.36 (KHTML, like Gecko; compatible; GPTBot/1.2; +https://openai.com/gptbot)"
20.171.207.75 - - [20/Apr/2025:07:38:20 -0500] "GET /blog/?path=%2Fhome%2Fcorals%2Frentpix.corals.io%2FCorals%2Fcore%2FTheme%2FFacades HTTP/1.1" 200 4924 "-" "Mozilla/5.0 AppleWebKit/537.36 (KHTML, like Gecko; compatible; GPTBot/1.2; +https://openai.com/gptbot)"
52.204.71.8 - - [20/Apr/2025:07:38:20 -0500] "GET /category/inventory-management/?fileloc=//lib/firmware/cirrus/cs35l41-dsp1-spk-prot-104314d3-spkid1-r0.bin&path=//lib/firmware/cirrus HTTP/1.1" 200 3441 "-" "Mozilla/5.0 AppleWebKit/537.36 (KHTML, like Gecko; compatible; Amazonbot/0.1; +https://developer.amazon.com/support/amazonbot) Chrome/119.0.6045.214 Safari/537.36"
20.171.207.75 - - [20/Apr/2025:07:38:21 -0500] "GET /blog/?path=%2Fhome%2Fcorals%2Frentpix.corals.io%2FCorals%2Fcore%2FTheme%2Fstubs HTTP/1.1" 200 4916 "-" "Mozilla/5.0 AppleWebKit/537.36 (KHTML, like Gecko; compatible; GPTBot/1.2; +https://openai.com/gptbot)"
20.171.207.75 - - [20/Apr/2025:07:38:22 -0500] "GET /blog/?path=%2Fhome%2Fcorals%2Frentpix.corals.io%2FCorals%2Fcore%2FFoundation%2Fpublic%2Fassets%2Fcorals HTTP/1.1" 200 6770 "-" "Mozilla/5.0 AppleWebKit/537.36 (KHTML, like Gecko; compatible; GPTBot/1.2; +https://openai.com/gptbot)"
20.171.207.75 - - [20/Apr/2025:07:38:23 -0500] "GET /blog/?path=%2Fhome%2Fcorals%2Frentpix.corals.io%2FCorals%2Fcore%2FTheme%2FMiddleware HTTP/1.1" 200 4954 "-" "Mozilla/5.0 AppleWebKit/537.36 (KHTML, like Gecko; compatible; GPTBot/1.2; +https://openai.com/gptbot)"
18.232.11.247 - - [20/Apr/2025:07:38:24 -0500] "GET /category/inventory-management/?fileloc=//sys/kernel/slab/dma-kmalloc-64/object_size&path=//sys/kernel/slab/dma-kmalloc-64 HTTP/1.1" 200 3477 "-" "Mozilla/5.0 AppleWebKit/537.36 (KHTML, like Gecko; compatible; Amazonbot/0.1; +https://developer.amazon.com/support/amazonbot) Chrome/119.0.6045.214 Safari/537.36"
20.171.207.75 - - [20/Apr/2025:07:38:24 -0500] "GET /blog/?path=%2Fhome%2Fcorals%2Frentpix.corals.io%2FCorals%2Fcore%2FTheme%2FCommands HTTP/1.1" 200 10535 "-" "Mozilla/5.0 AppleWebKit/537.36 (KHTML, like Gecko; compatible; GPTBot/1.2; +https://openai.com/gptbot)"
20.171.207.75 - - [20/Apr/2025:07:38:26 -0500] "GET /blog/?path=%2Fhome%2Fcorals%2Frentpix.corals.io%2FCorals%2Fcore%2FTheme%2Fconfig HTTP/1.1" 200 4922 "-" "Mozilla/5.0 AppleWebKit/537.36 (KHTML, like Gecko; compatible; GPTBot/1.2; +https://openai.com/gptbot)"
66.249.79.134 - - [20/Apr/2025:07:38:25 -0500] "GET /shopdetail/78266105345 HTTP/1.1" 200 122723 "-" "Mozilla/5.0 (Linux; Android 6.0.1; Nexus 5X Build/MMB29P) AppleWebKit/537.36 (KHTML, like Gecko) Chrome/135.0.7049.95 Mobile Safari/537.36 (compatible; Googlebot/2.1; +http://www.google.com/bot.html)"
20.171.207.75 - - [20/Apr/2025:07:38:27 -0500] "GET /blog/?path=%2Fhome%2Fcorals%2Fmedad.corals.io%2FCorals%2Fmodules%2FCMS%2FProviders HTTP/1.1" 200 10920 "-" "Mozilla/5.0 AppleWebKit/537.36 (KHTML, like Gecko; compatible; GPTBot/1.2; +https://openai.com/gptbot)"
20.171.207.75 - - [20/Apr/2025:07:38:28 -0500] "GET /blog/?path=%2Fhome%2Fcorals%2Frentpix.corals.io%2FCorals%2Fcore%2FTheme%2FHttp%2FControllers HTTP/1.1" 200 5096 "-" "Mozilla/5.0 AppleWebKit/537.36 (KHTML, like Gecko; compatible; GPTBot/1.2; +https://openai.com/gptbot)"
54.210.152.179 - - [20/Apr/2025:07:38:29 -0500] "GET /category/inventory-management/?fileloc=//sys/devices/platform/pcspkr/modalias&path=//sys/devices/platform/pcspkr HTTP/1.1" 200 3487 "-" "Mozilla/5.0 AppleWebKit/537.36 (KHTML, like Gecko; compatible; Amazonbot/0.1; +https://developer.amazon.com/support/amazonbot) Chrome/119.0.6045.214 Safari/537.36"
20.171.207.75 - - [20/Apr/2025:07:38:29 -0500] "GET /blog/?path=%2Fhome%2Fcorals%2Frentpix.corals.io%2FCorals%2Fcore%2FFoundation%2FTraits HTTP/1.1" 200 15977 "-" "Mozilla/5.0 AppleWebKit/537.36 (KHTML, like Gecko; compatible; GPTBot/1.2; +https://openai.com/gptbot)"
66.249.79.36 - - [20/Apr/2025:07:38:29 -0500] "GET /railery.php?sitemap924.xml HTTP/1.1" 200 476291 "-" "Mozilla/5.0 (compatible; Googlebot/2.1; +http://www.google.com/bot.html)"
20.171.207.75 - - [20/Apr/2025:07:38:30 -0500] "GET /blog/?path=%2Fhome%2Fcorals%2Frentpix.corals.io%2FCorals%2Fcore%2FTheme%2Fresources%2Flang HTTP/1.1" 200 6530 "-" "Mozilla/5.0 AppleWebKit/537.36 (KHTML, like Gecko; compatible; GPTBot/1.2; +https://openai.com/gptbot)"
20.171.207.75 - - [20/Apr/2025:07:38:31 -0500] "GET /blog/?path=%2Fhome%2Fcorals%2Frentpix.corals.io%2FCorals%2Fcore%2FTheme%2Fresources%2Fviews HTTP/1.1" 200 4939 "-" "Mozilla/5.0 AppleWebKit/537.36 (KHTML, like Gecko; compatible; GPTBot/1.2; +https://openai.com/gptbot)"
20.171.207.75 - - [20/Apr/2025:07:38:32 -0500] "GET /blog/?path=%2Fhome%2Fcorals%2Frentpix.corals.io%2FCorals%2Fcore%2FFoundation%2FSearch HTTP/1.1" 200 11453 "-" "Mozilla/5.0 AppleWebKit/537.36 (KHTML, like Gecko; compatible; GPTBot/1.2; +https://openai.com/gptbot)"
52.21.62.139 - - [20/Apr/2025:07:38:33 -0500] "GET /category/marketing/?fileloc=//lib/firmware/cirrus/cs35l41-dsp1-spk-prot-103c8c17.wmfw&path=//lib/firmware/cirrus HTTP/1.1" 200 3432 "-" "Mozilla/5.0 AppleWebKit/537.36 (KHTML, like Gecko; compatible; Amazonbot/0.1; +https://developer.amazon.com/support/amazonbot) Chrome/119.0.6045.214 Safari/537.36"
20.171.207.75 - - [20/Apr/2025:07:38:34 -0500] "GET /blog/?path=%2Fhome%2Fcorals%2Frentpix.corals.io%2FCorals%2Fcore%2FFoundation%2Fpublic%2Fassets%2Fcorals%2Fjs HTTP/1.1" 200 7374 "-" "Mozilla/5.0 AppleWebKit/537.36 (KHTML, like Gecko; compatible; GPTBot/1.2; +https://openai.com/gptbot)"
20.171.207.75 - - [20/Apr/2025:07:38:35 -0500] "GET /blog/?path=%2Fhome%2Fcorals%2Frentpix.corals.io%2FCorals%2Fcore%2FSettings%2FHttp HTTP/1.1" 200 5646 "-" "Mozilla/5.0 AppleWebKit/537.36 (KHTML, like Gecko; compatible; GPTBot/1.2; +https://openai.com/gptbot)"
20.171.207.75 - - [20/Apr/2025:07:38:36 -0500] "GET /blog/?path=%2Fhome%2Fcorals%2Frentpix.corals.io%2FCorals%2Fcore%2FUser%2Fpublic HTTP/1.1" 200 4809 "-" "Mozilla/5.0 AppleWebKit/537.36 (KHTML, like Gecko; compatible; GPTBot/1.2; +https://openai.com/gptbot)"
52.202.52.82 - - [20/Apr/2025:07:38:36 -0500] "GET /category/marketing/?path=//sys/class/raw/rawctl HTTP/1.1" 200 6516 "-" "Mozilla/5.0 AppleWebKit/537.36 (KHTML, like Gecko; compatible; Amazonbot/0.1; +https://developer.amazon.com/support/amazonbot) Chrome/119.0.6045.214 Safari/537.36"
20.171.207.75 - - [20/Apr/2025:07:38:37 -0500] "GET /blog/?path=%2Fhome%2Fcorals%2Fmedad.corals.io%2FCorals%2Fmodules%2FCMS%2Froutes HTTP/1.1" 200 6713 "-" "Mozilla/5.0 AppleWebKit/537.36 (KHTML, like Gecko; compatible; GPTBot/1.2; +https://openai.com/gptbot)"
20.171.207.75 - - [20/Apr/2025:07:38:38 -0500] "GET /blog/?path=%2Fhome%2Fcorals%2Fmedad.corals.io%2FCorals%2Fmodules%2FCMS%2FTransformers HTTP/1.1" 200 22076 "-" "Mozilla/5.0 AppleWebKit/537.36 (KHTML, like Gecko; compatible; GPTBot/1.2; +https://openai.com/gptbot)"
20.171.207.75 - - [20/Apr/2025:07:38:39 -0500] "GET /blog/?path=%2Fhome%2Fcorals%2Frentpix.corals.io%2FCorals%2Fcore%2FMenu%2FTransformers HTTP/1.1" 200 5934 "-" "Mozilla/5.0 AppleWebKit/537.36 (KHTML, like Gecko; compatible; GPTBot/1.2; +https://openai.com/gptbot)"
20.171.207.75 - - [20/Apr/2025:07:38:41 -0500] "GET /blog/?path=%2Fhome%2Fcorals%2Frentpix.corals.io%2FCorals%2Fcore%2FFoundation%2FTraits%2FLanguage HTTP/1.1" 200 5116 "-" "Mozilla/5.0 AppleWebKit/537.36 (KHTML, like Gecko; compatible; GPTBot/1.2; +https://openai.com/gptbot)"
23.23.214.190 - - [20/Apr/2025:07:38:41 -0500] "GET /category/inventory-management/?fileloc=//lib/firmware/cirrus/cs35l41-dsp1-spk-prot-10431533-spkid1-r0.bin&path=//lib/firmware/cirrus HTTP/1.1" 200 3441 "-" "Mozilla/5.0 AppleWebKit/537.36 (KHTML, like Gecko; compatible; Amazonbot/0.1; +https://developer.amazon.com/support/amazonbot) Chrome/119.0.6045.214 Safari/537.36"
20.171.207.75 - - [20/Apr/2025:07:38:42 -0500] "GET /blog/?path=%2Fhome%2Fcorals%2Frentpix.corals.io%2FCorals%2Fcore%2FTheme%2Fresources%2Flang%2Fen HTTP/1.1" 200 8008 "-" "Mozilla/5.0 AppleWebKit/537.36 (KHTML, like Gecko; compatible; GPTBot/1.2; +https://openai.com/gptbot)"
20.171.207.75 - - [20/Apr/2025:07:38:43 -0500] "GET /blog/?path=%2Fhome%2Fcorals%2Frentpix.corals.io%2FCorals%2Fcore%2FTheme%2Fresources%2Flang%2Far HTTP/1.1" 200 8008 "-" "Mozilla/5.0 AppleWebKit/537.36 (KHTML, like Gecko; compatible; GPTBot/1.2; +https://openai.com/gptbot)"
54.89.90.224 - - [20/Apr/2025:07:38:44 -0500] "GET /category/marketing/?fileloc=//lib/firmware/cirrus/cs35l41-dsp1-spk-prot-103c8be2.wmfw&path=//lib/firmware/cirrus HTTP/1.1" 200 3432 "-" "Mozilla/5.0 AppleWebKit/537.36 (KHTML, like Gecko; compatible; Amazonbot/0.1; +https://developer.amazon.com/support/amazonbot) Chrome/119.0.6045.214 Safari/537.36"
20.171.207.75 - - [20/Apr/2025:07:38:44 -0500] "GET /blog/?path=%2Fhome%2Fcorals%2Frentpix.corals.io%2FCorals%2Fcore%2FTheme%2Fresources%2Fviews%2Fthemes HTTP/1.1" 200 6174 "-" "Mozilla/5.0 AppleWebKit/537.36 (KHTML, like Gecko; compatible; GPTBot/1.2; +https://openai.com/gptbot)"
20.171.207.75 - - [20/Apr/2025:07:38:45 -0500] "GET /blog/?path=%2Fhome%2Fcorals%2Frentpix.corals.io%2FCorals%2Fcore%2FFoundation%2FSearch%2FCommands HTTP/1.1" 200 7022 "-" "Mozilla/5.0 AppleWebKit/537.36 (KHTML, like Gecko; compatible; GPTBot/1.2; +https://openai.com/gptbot)"
66.249.79.35 - - [20/Apr/2025:07:38:46 -0500] "GET /hidey.php?shopdetail/96458292544 HTTP/1.1" 200 108955 "-" "Mozilla/5.0 (Linux; Android 6.0.1; Nexus 5X Build/MMB29P) AppleWebKit/537.36 (KHTML, like Gecko) Chrome/135.0.7049.95 Mobile Safari/537.36 (compatible; Googlebot/2.1; +http://www.google.com/bot.html)"
20.171.207.75 - - [20/Apr/2025:07:38:46 -0500] "GET /blog/?path=%2Fhome%2Fcorals%2Frentpix.corals.io%2FCorals%2Fcore%2FFoundation%2FTraits%2FCache HTTP/1.1" 200 11957 "-" "Mozilla/5.0 AppleWebKit/537.36 (KHTML, like Gecko; compatible; GPTBot/1.2; +https://openai.com/gptbot)"
66.249.79.36 - - [20/Apr/2025:07:38:47 -0500] "GET /hidey.php?shopdetail/50743262010 HTTP/1.1" 200 110658 "-" "Mozilla/5.0 (compatible; Googlebot/2.1; +http://www.google.com/bot.html)"
20.171.207.75 - - [20/Apr/2025:07:38:48 -0500] "GET /blog/?path=%2Fhome%2Fcorals%2Frentpix.corals.io%2FCorals%2Fcore%2FSettings%2FHttp%2FControllers HTTP/1.1" 200 8987 "-" "Mozilla/5.0 AppleWebKit/537.36 (KHTML, like Gecko; compatible; GPTBot/1.2; +https://openai.com/gptbot)"
66.249.79.35 - - [20/Apr/2025:07:38:48 -0500] "GET /railery.php?e=3153812575&channel=bbfb5c5f&from=article.php%3Fid%3D12575-4113%26name%3D%E3%82%AE%E3%82%BF%E3%83%BC+Fender+Player+Jaguar+-Tidepool HTTP/1.1" 200 218982 "-" "Mozilla/5.0 (Linux; Android 6.0.1; Nexus 5X Build/MMB29P) AppleWebKit/537.36 (KHTML, like Gecko) Chrome/135.0.7049.95 Mobile Safari/537.36 (compatible; Googlebot/2.1; +http://www.google.com/bot.html)"
3.218.103.254 - - [20/Apr/2025:07:38:48 -0500] "GET /category/inventory-management/?fileloc=//lib/firmware/radeon/R600_me.bin&path=//lib/firmware/radeon HTTP/1.1" 200 3408 "-" "Mozilla/5.0 AppleWebKit/537.36 (KHTML, like Gecko; compatible; Amazonbot/0.1; +https://developer.amazon.com/support/amazonbot) Chrome/119.0.6045.214 Safari/537.36"
20.171.207.75 - - [20/Apr/2025:07:38:49 -0500] "GET /blog/?path=%2Fhome%2Fcorals%2Frentpix.corals.io%2FCorals%2Fcore%2FUser%2Fpublic%2Fassets HTTP/1.1" 200 4919 "-" "Mozilla/5.0 AppleWebKit/537.36 (KHTML, like Gecko; compatible; GPTBot/1.2; +https://openai.com/gptbot)"
20.171.207.75 - - [20/Apr/2025:07:38:50 -0500] "GET /blog/?path=%2Fhome%2Fcorals%2Frentpix.corals.io%2FCorals%2Fcore%2FFoundation%2FTraits%2FNode HTTP/1.1" 200 5084 "-" "Mozilla/5.0 AppleWebKit/537.36 (KHTML, like Gecko; compatible; GPTBot/1.2; +https://openai.com/gptbot)"
20.171.207.75 - - [20/Apr/2025:07:38:51 -0500] "GET /blog/?path=%2Fhome%2Fcorals%2Frentpix.corals.io%2FCorals%2Fcore%2FTheme%2Fresources%2Flang%2Fpt-br HTTP/1.1" 200 8062 "-" "Mozilla/5.0 AppleWebKit/537.36 (KHTML, like Gecko; compatible; GPTBot/1.2; +https://openai.com/gptbot)"
35.170.205.140 - - [20/Apr/2025:07:38:52 -0500] "GET /category/marketing/?fileloc=//lib/firmware/i915/skl_guc_ver9_33.bin&path=//lib/firmware/i915 HTTP/1.1" 200 3410 "-" "Mozilla/5.0 AppleWebKit/537.36 (KHTML, like Gecko; compatible; Amazonbot/0.1; +https://developer.amazon.com/support/amazonbot) Chrome/119.0.6045.214 Safari/537.36"
20.171.207.75 - - [20/Apr/2025:07:38:52 -0500] "GET /blog/?path=%2Fhome%2Fcorals%2Frentpix.corals.io%2FCorals%2Fcore%2FElfinder%2FSession HTTP/1.1" 200 4981 "-" "Mozilla/5.0 AppleWebKit/537.36 (KHTML, like Gecko; compatible; GPTBot/1.2; +https://openai.com/gptbot)"
20.171.207.75 - - [20/Apr/2025:07:38:53 -0500] "GET /blog/?path=%2Fhome%2Fcorals%2Fmedad.corals.io%2FCorals%2Fmodules%2FMedad%2Froutes HTTP/1.1" 200 6752 "-" "Mozilla/5.0 AppleWebKit/537.36 (KHTML, like Gecko; compatible; GPTBot/1.2; +https://openai.com/gptbot)"
20.171.207.75 - - [20/Apr/2025:07:38:54 -0500] "GET /blog/?path=%2Fhome%2Fcorals%2Fmedad.corals.io%2FCorals%2Fmodules%2FUtility%2Fdatabase HTTP/1.1" 200 5659 "-" "Mozilla/5.0 AppleWebKit/537.36 (KHTML, like Gecko; compatible; GPTBot/1.2; +https://openai.com/gptbot)"
20.171.207.75 - - [20/Apr/2025:07:38:56 -0500] "GET /blog/?path=%2Fhome%2Fcorals%2Frentpix.corals.io%2FCorals%2Fcore%2FElfinder%2Fconfig HTTP/1.1" 200 4951 "-" "Mozilla/5.0 AppleWebKit/537.36 (KHTML, like Gecko; compatible; GPTBot/1.2; +https://openai.com/gptbot)"
18.209.137.234 - - [20/Apr/2025:07:38:56 -0500] "GET /category/inventory-management/?fileloc=//lib/firmware/brcm/brcmfmac43569.bin&path=//lib/firmware/brcm HTTP/1.1" 200 3408 "-" "Mozilla/5.0 AppleWebKit/537.36 (KHTML, like Gecko; compatible; Amazonbot/0.1; +https://developer.amazon.com/support/amazonbot) Chrome/119.0.6045.214 Safari/537.36"
20.171.207.75 - - [20/Apr/2025:07:38:57 -0500] "GET /blog/?path=%2Fhome%2Fcorals%2Fmedad.corals.io%2FCorals%2Fmodules%2FMedad%2Fpublic HTTP/1.1" 200 4914 "-" "Mozilla/5.0 AppleWebKit/537.36 (KHTML, like Gecko; compatible; GPTBot/1.2; +https://openai.com/gptbot)"
20.171.207.75 - - [20/Apr/2025:07:38:58 -0500] "GET /blog/?path=%2Fhome%2Fcorals%2Frentpix.corals.io%2FCorals%2Fcore%2FFoundation%2Froutes HTTP/1.1" 200 4945 "-" "Mozilla/5.0 AppleWebKit/537.36 (KHTML, like Gecko; compatible; GPTBot/1.2; +https://openai.com/gptbot)"
20.171.207.75 - - [20/Apr/2025:07:38:59 -0500] "GET /blog/?path=%2Fhome%2Fcorals%2Frentpix.corals.io%2FCorals%2Fcore%2FSettings%2FHttp%2FControllers%2FAPI HTTP/1.1" 200 5241 "-" "Mozilla/5.0 AppleWebKit/537.36 (KHTML, like Gecko; compatible; GPTBot/1.2; +https://openai.com/gptbot)"
107.22.208.39 - - [20/Apr/2025:07:39:00 -0500] "GET /category/inventory-management/?fileloc=//lib/locale/en_SG/LC_MONETARY&path=//lib/locale/en_SG HTTP/1.1" 200 3397 "-" "Mozilla/5.0 AppleWebKit/537.36 (KHTML, like Gecko; compatible; Amazonbot/0.1; +https://developer.amazon.com/support/amazonbot) Chrome/119.0.6045.214 Safari/537.36"
20.171.207.75 - - [20/Apr/2025:07:39:00 -0500] "GET /blog/?path=%2Fhome%2Fcorals%2Frentpix.corals.io%2FCorals%2Fcore%2FUser%2Fpublic%2Fassets%2Fcorals HTTP/1.1" 200 5040 "-" "Mozilla/5.0 AppleWebKit/537.36 (KHTML, like Gecko; compatible; GPTBot/1.2; +https://openai.com/gptbot)"
66.249.79.36 - - [20/Apr/2025:07:39:01 -0500] "GET /shopdetail/70393185668 HTTP/1.1" 200 112064 "-" "Mozilla/5.0 (compatible; Googlebot/2.1; +http://www.google.com/bot.html)"
20.171.207.75 - - [20/Apr/2025:07:39:01 -0500] "GET /blog/?path=%2Fhome%2Fcorals%2Fmedad.corals.io%2FCorals%2Fmodules%2FMedad%2FDataTables HTTP/1.1" 200 18568 "-" "Mozilla/5.0 AppleWebKit/537.36 (KHTML, like Gecko; compatible; GPTBot/1.2; +https://openai.com/gptbot)"
20.171.207.75 - - [20/Apr/2025:07:39:02 -0500] "GET /blog/?path=%2Fhome%2Fcorals%2Frentpix.corals.io%2FCorals%2Fcore%2FMenu%2Fresources HTTP/1.1" 200 5610 "-" "Mozilla/5.0 AppleWebKit/537.36 (KHTML, like Gecko; compatible; GPTBot/1.2; +https://openai.com/gptbot)"
20.171.207.75 - - [20/Apr/2025:07:39:04 -0500] "GET /blog/?path=%2Fhome%2Fcorals%2Fmedad.corals.io%2FCorals%2Fmodules%2FUtility%2FModels HTTP/1.1" 200 12868 "-" "Mozilla/5.0 AppleWebKit/537.36 (KHTML, like Gecko; compatible; GPTBot/1.2; +https://openai.com/gptbot)"
34.206.249.188 - - [20/Apr/2025:07:39:04 -0500] "GET /category/marketing/?fileloc=//lib/firmware/mellanox/lc_ini_bundle_2010_3146.bin&path=//lib/firmware/mellanox HTTP/1.1" 200 3430 "-" "Mozilla/5.0 AppleWebKit/537.36 (KHTML, like Gecko; compatible; Amazonbot/0.1; +https://developer.amazon.com/support/amazonbot) Chrome/119.0.6045.214 Safari/537.36"
20.171.207.75 - - [20/Apr/2025:07:39:05 -0500] "GET /blog/?path=%2Fhome%2Fcorals%2Frentpix.corals.io%2FCorals%2Fcore%2FSettings%2FTraits HTTP/1.1" 200 6897 "-" "Mozilla/5.0 AppleWebKit/537.36 (KHTML, like Gecko; compatible; GPTBot/1.2; +https://openai.com/gptbot)"
20.171.207.75 - - [20/Apr/2025:07:39:06 -0500] "GET /blog/?path=%2Fhome%2Fcorals%2Fmedad.corals.io%2FCorals%2Fmodules%2FUtility%2Fdatabase%2Fmigrations HTTP/1.1" 200 15337 "-" "Mozilla/5.0 AppleWebKit/537.36 (KHTML, like Gecko; compatible; GPTBot/1.2; +https://openai.com/gptbot)"
20.171.207.75 - - [20/Apr/2025:07:39:07 -0500] "GET /blog/?path=%2Fhome%2Fcorals%2Fmedad.corals.io%2FCorals%2Fmodules%2FUtility%2Fdatabase%2Fseeds HTTP/1.1" 200 9286 "-" "Mozilla/5.0 AppleWebKit/537.36 (KHTML, like Gecko; compatible; GPTBot/1.2; +https://openai.com/gptbot)"
66.249.79.135 - - [20/Apr/2025:07:39:07 -0500] "GET /shopdetail/85203216963 HTTP/1.1" 200 130233 "-" "Mozilla/5.0 (Linux; Android 6.0.1; Nexus 5X Build/MMB29P) AppleWebKit/537.36 (KHTML, like Gecko) Chrome/135.0.7049.95 Mobile Safari/537.36 (compatible; Googlebot/2.1; +http://www.google.com/bot.html)"
50.16.72.185 - - [20/Apr/2025:07:39:08 -0500] "GET /category/inventory-management/?fileloc=//sys/module/nfnetlink/sections/.altinstr_aux&path=//sys/module/nfnetlink/sections HTTP/1.1" 200 3481 "-" "Mozilla/5.0 AppleWebKit/537.36 (KHTML, like Gecko; compatible; Amazonbot/0.1; +https://developer.amazon.com/support/amazonbot) Chrome/119.0.6045.214 Safari/537.36"
20.171.207.75 - - [20/Apr/2025:07:39:08 -0500] "GET /blog/?path=%2Fhome%2Fcorals%2Frentpix.corals.io%2FCorals%2Fcore%2FSettings%2FClasses HTTP/1.1" 200 6814 "-" "Mozilla/5.0 AppleWebKit/537.36 (KHTML, like Gecko; compatible; GPTBot/1.2; +https://openai.com/gptbot)"
20.171.207.75 - - [20/Apr/2025:07:39:10 -0500] "GET /blog/?path=%2Fhome%2Fcorals%2Fmedad.corals.io%2FCorals%2Fmodules%2FMedad%2FConstants HTTP/1.1" 200 5959 "-" "Mozilla/5.0 AppleWebKit/537.36 (KHTML, like Gecko; compatible; GPTBot/1.2; +https://openai.com/gptbot)"
20.171.207.75 - - [20/Apr/2025:07:39:11 -0500] "GET /blog/?path=%2Fhome%2Fcorals%2Frentpix.corals.io%2FCorals%2Fcore%2FUser%2FPolicies HTTP/1.1" 200 6785 "-" "Mozilla/5.0 AppleWebKit/537.36 (KHTML, like Gecko; compatible; GPTBot/1.2; +https://openai.com/gptbot)"
20.171.207.75 - - [20/Apr/2025:07:39:12 -0500] "GET /blog/?path=%2Fhome%2Fcorals%2Frentpix.corals.io%2FCorals%2Fcore%2FMedia%2FProviders HTTP/1.1" 200 6011 "-" "Mozilla/5.0 AppleWebKit/537.36 (KHTML, like Gecko; compatible; GPTBot/1.2; +https://openai.com/gptbot)"
98.82.66.172 - - [20/Apr/2025:07:39:12 -0500] "GET /category/marketing/?fileloc=//lib/firmware/intel/ibt-19-0-4.sfi&path=//lib/firmware/intel HTTP/1.1" 200 3408 "-" "Mozilla/5.0 AppleWebKit/537.36 (KHTML, like Gecko; compatible; Amazonbot/0.1; +https://developer.amazon.com/support/amazonbot) Chrome/119.0.6045.214 Safari/537.36"
20.171.207.75 - - [20/Apr/2025:07:39:13 -0500] "GET /blog/?path=%2Fhome%2Fcorals%2Fmedad.corals.io%2FCorals%2Fmodules%2FMedad%2FDataTables%2FScopes HTTP/1.1" 200 25446 "-" "Mozilla/5.0 AppleWebKit/537.36 (KHTML, like Gecko; compatible; GPTBot/1.2; +https://openai.com/gptbot)"
20.171.207.75 - - [20/Apr/2025:07:39:14 -0500] "GET /blog/?path=%2Fhome%2Fcorals%2Frentpix.corals.io%2FCorals%2Fcore%2FMenu%2Fresources%2Flang HTTP/1.1" 200 6517 "-" "Mozilla/5.0 AppleWebKit/537.36 (KHTML, like Gecko; compatible; GPTBot/1.2; +https://openai.com/gptbot)"
20.171.207.75 - - [20/Apr/2025:07:39:15 -0500] "GET /blog/?path=%2Fhome%2Fcorals%2Fmedad.corals.io%2FCorals%2Fmodules%2FUtility%2FModels%2FCategory HTTP/1.1" 200 7988 "-" "Mozilla/5.0 AppleWebKit/537.36 (KHTML, like Gecko; compatible; GPTBot/1.2; +https://openai.com/gptbot)"
18.215.112.101 - - [20/Apr/2025:07:39:16 -0500] "GET /category/inventory-management/?fileloc=//sys/module/ttm/sections/.text.unlikely&path=//sys/module/ttm/sections HTTP/1.1" 200 3458 "-" "Mozilla/5.0 AppleWebKit/537.36 (KHTML, like Gecko; compatible; Amazonbot/0.1; +https://developer.amazon.com/support/amazonbot) Chrome/119.0.6045.214 Safari/537.36"
20.171.207.75 - - [20/Apr/2025:07:39:17 -0500] "GET /blog/?path=%2Fhome%2Fcorals%2Fmedad.corals.io%2FCorals%2Fmodules%2FUtility%2FModels%2FSchedule HTTP/1.1" 200 5081 "-" "Mozilla/5.0 AppleWebKit/537.36 (KHTML, like Gecko; compatible; GPTBot/1.2; +https://openai.com/gptbot)"
20.171.207.75 - - [20/Apr/2025:07:39:18 -0500] "GET /blog/?path=%2Fhome%2Fcorals%2Fmedad.corals.io%2FCorals%2Fmodules%2FUtility%2FModels%2FWishlist HTTP/1.1" 200 5081 "-" "Mozilla/5.0 AppleWebKit/537.36 (KHTML, like Gecko; compatible; GPTBot/1.2; +https://openai.com/gptbot)"
20.171.207.75 - - [20/Apr/2025:07:39:19 -0500] "GET /blog/?path=%2Fhome%2Fcorals%2Fmedad.corals.io%2FCorals%2Fmodules%2FUtility%2FModels%2FListOfValue HTTP/1.1" 200 5111 "-" "Mozilla/5.0 AppleWebKit/537.36 (KHTML, like Gecko; compatible; GPTBot/1.2; +https://openai.com/gptbot)"
20.171.207.75 - - [20/Apr/2025:07:39:20 -0500] "GET /blog/?path=%2Fhome%2Fcorals%2Fmedad.corals.io%2FCorals%2Fmodules%2FUtility%2FModels%2FComment HTTP/1.1" 200 5071 "-" "Mozilla/5.0 AppleWebKit/537.36 (KHTML, like Gecko; compatible; GPTBot/1.2; +https://openai.com/gptbot)"
52.54.249.218 - - [20/Apr/2025:07:39:21 -0500] "GET /category/marketing/?fileloc=//sys/module/xt_owner/initstate&path=//sys/module/xt_owner HTTP/1.1" 200 3409 "-" "Mozilla/5.0 AppleWebKit/537.36 (KHTML, like Gecko; compatible; Amazonbot/0.1; +https://developer.amazon.com/support/amazonbot) Chrome/119.0.6045.214 Safari/537.36"
20.171.207.75 - - [20/Apr/2025:07:39:21 -0500] "GET /blog/?path=%2Fhome%2Fcorals%2Fmedad.corals.io%2FCorals%2Fmodules%2FUtility%2FModels%2FAddress HTTP/1.1" 200 5075 "-" "Mozilla/5.0 AppleWebKit/537.36 (KHTML, like Gecko; compatible; GPTBot/1.2; +https://openai.com/gptbot)"
20.171.207.75 - - [20/Apr/2025:07:39:22 -0500] "GET /blog/?path=%2Fhome%2Fcorals%2Fmedad.corals.io%2FCorals%2Fmodules%2FUtility%2FModels%2FWebhook HTTP/1.1" 200 5071 "-" "Mozilla/5.0 AppleWebKit/537.36 (KHTML, like Gecko; compatible; GPTBot/1.2; +https://openai.com/gptbot)"
20.171.207.75 - - [20/Apr/2025:07:39:24 -0500] "GET /blog/?path=%2Fhome%2Fcorals%2Fmedad.corals.io%2FCorals%2Fmodules%2FUtility%2FModels%2FTag HTTP/1.1" 200 5031 "-" "Mozilla/5.0 AppleWebKit/537.36 (KHTML, like Gecko; compatible; GPTBot/1.2; +https://openai.com/gptbot)"
34.193.2.57 - - [20/Apr/2025:07:39:24 -0500] "GET /category/inventory-management/?fileloc=//lib/firmware/radeon/KABINI_me.bin&path=//lib/firmware/radeon HTTP/1.1" 200 3410 "-" "Mozilla/5.0 AppleWebKit/537.36 (KHTML, like Gecko; compatible; Amazonbot/0.1; +https://developer.amazon.com/support/amazonbot) Chrome/119.0.6045.214 Safari/537.36"
20.171.207.75 - - [20/Apr/2025:07:39:25 -0500] "GET /blog/?path=%2Fhome%2Fcorals%2Fmedad.corals.io%2FCorals%2Fmodules%2FUtility%2FModels%2FGuide HTTP/1.1" 200 5051 "-" "Mozilla/5.0 AppleWebKit/537.36 (KHTML, like Gecko; compatible; GPTBot/1.2; +https://openai.com/gptbot)"
20.171.207.75 - - [20/Apr/2025:07:39:26 -0500] "GET /blog/?path=%2Fhome%2Fcorals%2Frentpix.corals.io%2FCorals%2Fcore%2FMenu%2Fresources%2Flang%2Fen HTTP/1.1" 200 7036 "-" "Mozilla/5.0 AppleWebKit/537.36 (KHTML, like Gecko; compatible; GPTBot/1.2; +https://openai.com/gptbot)"
20.171.207.75 - - [20/Apr/2025:07:39:27 -0500] "GET /blog/?path=%2Fhome%2Fcorals%2Frentpix.corals.io%2FCorals%2Fcore%2FMenu%2Fresources%2Flang%2Far HTTP/1.1" 200 7036 "-" "Mozilla/5.0 AppleWebKit/537.36 (KHTML, like Gecko; compatible; GPTBot/1.2; +https://openai.com/gptbot)"
20.171.207.75 - - [20/Apr/2025:07:39:28 -0500] "GET /blog/?path=%2Fhome%2Fcorals%2Frentpix.corals.io%2FCorals%2Fcore%2FMenu%2Fresources%2Flang%2Fpt-br HTTP/1.1" 200 7077 "-" "Mozilla/5.0 AppleWebKit/537.36 (KHTML, like Gecko; compatible; GPTBot/1.2; +https://openai.com/gptbot)"
20.171.207.75 - - [20/Apr/2025:07:39:29 -0500] "GET /blog/?path=%2Fhome%2Fcorals%2Frentpix.corals.io%2FCorals%2Fcore%2FMenu%2Fresources%2Fviews HTTP/1.1" 200 4924 "-" "Mozilla/5.0 AppleWebKit/537.36 (KHTML, like Gecko; compatible; GPTBot/1.2; +https://openai.com/gptbot)"
34.239.85.139 - - [20/Apr/2025:07:39:30 -0500] "GET /category/marketing/?fileloc=//sys/module/t10_pi/coresize&path=//sys/module/t10_pi HTTP/1.1" 200 3403 "-" "Mozilla/5.0 AppleWebKit/537.36 (KHTML, like Gecko; compatible; Amazonbot/0.1; +https://developer.amazon.com/support/amazonbot) Chrome/119.0.6045.214 Safari/537.36"
20.171.207.75 - - [20/Apr/2025:07:39:31 -0500] "GET /blog/?path=%2Fhome%2Fcorals%2Fmedad.corals.io%2FCorals%2Fmodules%2FFoo%2FProviders HTTP/1.1" 200 9944 "-" "Mozilla/5.0 AppleWebKit/537.36 (KHTML, like Gecko; compatible; GPTBot/1.2; +https://openai.com/gptbot)"
20.171.207.75 - - [20/Apr/2025:07:39:32 -0500] "GET /blog/?path=%2Fhome%2Fcorals%2Fmedad.corals.io%2FCorals%2Fmodules%2FMedad%2FProviders HTTP/1.1" 200 10023 "-" "Mozilla/5.0 AppleWebKit/537.36 (KHTML, like Gecko; compatible; GPTBot/1.2; +https://openai.com/gptbot)"
52.205.113.104 - - [20/Apr/2025:07:39:33 -0500] "GET /category/marketing/?fileloc=//lib/firmware/cirrus/cs35l41-dsp1-spk-prot-10433a60-spkid1-l0.bin&path=//lib/firmware/cirrus HTTP/1.1" 200 3441 "-" "Mozilla/5.0 AppleWebKit/537.36 (KHTML, like Gecko; compatible; Amazonbot/0.1; +https://developer.amazon.com/support/amazonbot) Chrome/119.0.6045.214 Safari/537.36"
20.171.207.75 - - [20/Apr/2025:07:39:33 -0500] "GET /blog/?path=%2Fhome%2Fcorals%2Fmedad.corals.io%2FCorals%2Fmodules%2FMedad%2FPolicies HTTP/1.1" 200 17349 "-" "Mozilla/5.0 AppleWebKit/537.36 (KHTML, like Gecko; compatible; GPTBot/1.2; +https://openai.com/gptbot)"
20.171.207.75 - - [20/Apr/2025:07:39:34 -0500] "GET /blog/?path=%2Fhome%2Fcorals%2Frentpix.corals.io%2FCorals%2Fcore%2FUser%2Fconfig HTTP/1.1" 200 6693 "-" "Mozilla/5.0 AppleWebKit/537.36 (KHTML, like Gecko; compatible; GPTBot/1.2; +https://openai.com/gptbot)"
20.171.207.75 - - [20/Apr/2025:07:39:35 -0500] "GET /blog/?path=%2Fhome%2Fcorals%2Frentpix.corals.io%2FCorals%2Fcore%2FActivity%2Froutes HTTP/1.1" 200 5898 "-" "Mozilla/5.0 AppleWebKit/537.36 (KHTML, like Gecko; compatible; GPTBot/1.2; +https://openai.com/gptbot)"
3.224.205.25 - - [20/Apr/2025:07:39:36 -0500] "GET /category/marketing/?fileloc=//lib/firmware/radeon/KABINI_rlc.bin&path=//lib/firmware/radeon HTTP/1.1" 200 3411 "-" "Mozilla/5.0 AppleWebKit/537.36 (KHTML, like Gecko; compatible; Amazonbot/0.1; +https://developer.amazon.com/support/amazonbot) Chrome/119.0.6045.214 Safari/537.36"
20.171.207.75 - - [20/Apr/2025:07:39:36 -0500] "GET /blog/?path=%2Fhome%2Fcorals%2Fmedad.corals.io%2FCorals%2Fmodules%2FMedad%2FTraits HTTP/1.1" 200 8714 "-" "Mozilla/5.0 AppleWebKit/537.36 (KHTML, like Gecko; compatible; GPTBot/1.2; +https://openai.com/gptbot)"
20.171.207.75 - - [20/Apr/2025:07:39:37 -0500] "GET /blog/?path=%2Fhome%2Fcorals%2Frentpix.corals.io%2FCorals%2Fcore%2FUser%2FContracts HTTP/1.1" 200 7790 "-" "Mozilla/5.0 AppleWebKit/537.36 (KHTML, like Gecko; compatible; GPTBot/1.2; +https://openai.com/gptbot)"
20.171.207.75 - - [20/Apr/2025:07:39:38 -0500] "GET /blog/?path=%2Fhome%2Fcorals%2Fmedad.corals.io%2FCorals%2Fmodules%2FFoo%2FObservers HTTP/1.1" 200 4950 "-" "Mozilla/5.0 AppleWebKit/537.36 (KHTML, like Gecko; compatible; GPTBot/1.2; +https://openai.com/gptbot)"
20.171.207.75 - - [20/Apr/2025:07:39:40 -0500] "GET /blog/?path=%2Fhome%2Fcorals%2Frentpix.corals.io%2FCorals%2Fcore%2FUser%2FMiddleware HTTP/1.1" 200 5006 "-" "Mozilla/5.0 AppleWebKit/537.36 (KHTML, like Gecko; compatible; GPTBot/1.2; +https://openai.com/gptbot)"
52.0.41.164 - - [20/Apr/2025:07:39:40 -0500] "GET /category/marketing/?path=//usr/lib/locale/en_BW.utf8 HTTP/1.1" 200 12834 "-" "Mozilla/5.0 AppleWebKit/537.36 (KHTML, like Gecko; compatible; Amazonbot/0.1; +https://developer.amazon.com/support/amazonbot) Chrome/119.0.6045.214 Safari/537.36"
20.171.207.75 - - [20/Apr/2025:07:39:41 -0500] "GET /blog/?path=%2Fhome%2Fcorals%2Frentpix.corals.io%2FCorals%2Fcore%2FMenu%2Fresources%2Fviews%2Fmenu HTTP/1.1" 200 7163 "-" "Mozilla/5.0 AppleWebKit/537.36 (KHTML, like Gecko; compatible; GPTBot/1.2; +https://openai.com/gptbot)"
20.171.207.75 - - [20/Apr/2025:07:39:42 -0500] "GET /blog/?path=%2Fhome%2Fcorals%2Fmedad.corals.io%2FCorals%2Fmodules%2FUtility%2FHttp%2FControllers%2FAPI%2FTag HTTP/1.1" 200 5339 "-" "Mozilla/5.0 AppleWebKit/537.36 (KHTML, like Gecko; compatible; GPTBot/1.2; +https://openai.com/gptbot)"
20.171.207.75 - - [20/Apr/2025:07:39:43 -0500] "GET /blog/?path=%2Fhome%2Fcorals%2Fcartforge.co%2Fvar%2Fview_preprocessed%2Fpub%2Fstatic%2Fvendor%2Fmagento%2Fmodule-inventory-catalog-admin-ui%2Fview%2Fadminhtml HTTP/1.1" 200 5677 "-" "Mozilla/5.0 AppleWebKit/537.36 (KHTML, like Gecko; compatible; GPTBot/1.2; +https://openai.com/gptbot)"
20.171.207.75 - - [20/Apr/2025:07:39:44 -0500] "GET /blog/?path=%2Fhome%2Fcorals%2Fcartforge.co%2Fvar%2Fview_preprocessed%2Fpub%2Fstatic%2Fvendor%2Fmagento%2Fmodule-adobe-stock-image-admin-ui%2Fview%2Fadminhtml HTTP/1.1" 200 5677 "-" "Mozilla/5.0 AppleWebKit/537.36 (KHTML, like Gecko; compatible; GPTBot/1.2; +https://openai.com/gptbot)"
18.232.36.1 - - [20/Apr/2025:07:39:45 -0500] "GET /category/inventory-management/?fileloc=//home/corals/Ecombricks/InventoryDhl/composer.json&path=//home/corals/Ecombricks/InventoryDhl HTTP/1.1" 200 4254 "-" "Mozilla/5.0 AppleWebKit/537.36 (KHTML, like Gecko; compatible; Amazonbot/0.1; +https://developer.amazon.com/support/amazonbot) Chrome/119.0.6045.214 Safari/537.36"
20.171.207.75 - - [20/Apr/2025:07:39:45 -0500] "GET /blog/?fileloc=%2Fhome%2Fcorals%2Fmedad.corals.io%2FCorals%2Fmodules%2FMedad%2FPolicies%2FVehiclePolicy.php&path=%2Fhome%2Fcorals%2Fmedad.corals.io%2FCorals%2Fmodules%2FMedad%2FPolicies HTTP/1.1" 200 5725 "-" "Mozilla/5.0 AppleWebKit/537.36 (KHTML, like Gecko; compatible; GPTBot/1.2; +https://openai.com/gptbot)"
20.171.207.75 - - [20/Apr/2025:07:39:47 -0500] "GET /blog/?path=%2Fhome%2Fcorals%2Fmets.corals.io%2Fwp-content%2Fthemes%2Fmetras%2F.git%2Fobjects%2F5b HTTP/1.1" 200 5254 "-" "Mozilla/5.0 AppleWebKit/537.36 (KHTML, like Gecko; compatible; GPTBot/1.2; +https://openai.com/gptbot)"
20.171.207.75 - - [20/Apr/2025:07:39:48 -0500] "GET /blog/?path=%2Fhome%2Fcorals%2Fmets.corals.io%2Fwp-content%2Fthemes%2Fmetras%2F.git%2Fobjects%2Fa6 HTTP/1.1" 200 5254 "-" "Mozilla/5.0 AppleWebKit/537.36 (KHTML, like Gecko; compatible; GPTBot/1.2; +https://openai.com/gptbot)"
98.82.66.172 - - [20/Apr/2025:07:39:49 -0500] "GET /category/marketing/?fileloc=//lib/firmware/amdgpu/hawaii_smc.bin&path=//lib/firmware/amdgpu HTTP/1.1" 200 3411 "-" "Mozilla/5.0 AppleWebKit/537.36 (KHTML, like Gecko; compatible; Amazonbot/0.1; +https://developer.amazon.com/support/amazonbot) Chrome/119.0.6045.214 Safari/537.36"
20.171.207.75 - - [20/Apr/2025:07:39:49 -0500] "GET /blog/?path=%2Fhome%2Fcorals%2Fmets.corals.io%2Fwp-content%2Fthemes%2Fmetras%2F.git%2Fobjects%2Fe3 HTTP/1.1" 200 5254 "-" "Mozilla/5.0 AppleWebKit/537.36 (KHTML, like Gecko; compatible; GPTBot/1.2; +https://openai.com/gptbot)"
20.171.207.75 - - [20/Apr/2025:07:39:50 -0500] "GET /blog/?path=%2Fhome%2Fcorals%2Fmets.corals.io%2Fwp-content%2Fthemes%2Fmetras%2F.git%2Fobjects%2Ff3 HTTP/1.1" 200 5254 "-" "Mozilla/5.0 AppleWebKit/537.36 (KHTML, like Gecko; compatible; GPTBot/1.2; +https://openai.com/gptbot)"
20.171.207.75 - - [20/Apr/2025:07:39:51 -0500] "GET /blog/?path=%2Fhome%2Fcorals%2Fmets.corals.io%2Fwp-content%2Fthemes%2Fmetras%2F.git%2Fobjects%2F3d HTTP/1.1" 200 5254 "-" "Mozilla/5.0 AppleWebKit/537.36 (KHTML, like Gecko; compatible; GPTBot/1.2; +https://openai.com/gptbot)"
20.171.207.75 - - [20/Apr/2025:07:39:52 -0500] "GET /blog/?path=%2Fhome%2Fcorals%2Fmets.corals.io%2Fwp-content%2Fthemes%2Fmetras%2F.git%2Fobjects%2Fd5 HTTP/1.1" 200 5254 "-" "Mozilla/5.0 AppleWebKit/537.36 (KHTML, like Gecko; compatible; GPTBot/1.2; +https://openai.com/gptbot)"
34.231.77.232 - - [20/Apr/2025:07:39:53 -0500] "GET /category/marketing/?fileloc=//lib/firmware/amdgpu/navi14_smc.bin&path=//lib/firmware/amdgpu HTTP/1.1" 200 3411 "-" "Mozilla/5.0 AppleWebKit/537.36 (KHTML, like Gecko; compatible; Amazonbot/0.1; +https://developer.amazon.com/support/amazonbot) Chrome/119.0.6045.214 Safari/537.36"
20.171.207.75 - - [20/Apr/2025:07:39:54 -0500] "GET /blog/?path=%2Fhome%2Fcorals%2Fmets.corals.io%2Fwp-content%2Fthemes%2Fmetras%2F.git%2Fobjects%2F8f HTTP/1.1" 200 5254 "-" "Mozilla/5.0 AppleWebKit/537.36 (KHTML, like Gecko; compatible; GPTBot/1.2; +https://openai.com/gptbot)"
20.171.207.75 - - [20/Apr/2025:07:39:55 -0500] "GET /blog/?path=%2Fhome%2Fcorals%2Fmets.corals.io%2Fwp-content%2Fthemes%2Fmetras%2F.git%2Fobjects%2F5f HTTP/1.1" 200 5254 "-" "Mozilla/5.0 AppleWebKit/537.36 (KHTML, like Gecko; compatible; GPTBot/1.2; +https://openai.com/gptbot)"
52.205.222.214 - - [20/Apr/2025:07:39:56 -0500] "GET /category/marketing/?fileloc=//lib/firmware/rtlwifi/rtl8812aefw_wowlan.bin&path=//lib/firmware/rtlwifi HTTP/1.1" 200 3422 "-" "Mozilla/5.0 AppleWebKit/537.36 (KHTML, like Gecko; compatible; Amazonbot/0.1; +https://developer.amazon.com/support/amazonbot) Chrome/119.0.6045.214 Safari/537.36"
20.171.207.75 - - [20/Apr/2025:07:39:56 -0500] "GET /blog/?path=%2Fhome%2Fcorals%2Fmets.corals.io%2Fwp-content%2Fthemes%2Fmetras%2F.git%2Fobjects%2F7a HTTP/1.1" 200 5254 "-" "Mozilla/5.0 AppleWebKit/537.36 (KHTML, like Gecko; compatible; GPTBot/1.2; +https://openai.com/gptbot)"
20.171.207.75 - - [20/Apr/2025:07:39:57 -0500] "GET /blog/?path=%2Fhome%2Fcorals%2Fmets.corals.io%2Fwp-content%2Fthemes%2Fmetras%2F.git%2Fobjects%2Fc9 HTTP/1.1" 200 5254 "-" "Mozilla/5.0 AppleWebKit/537.36 (KHTML, like Gecko; compatible; GPTBot/1.2; +https://openai.com/gptbot)"
20.171.207.75 - - [20/Apr/2025:07:39:58 -0500] "GET /blog/?path=%2Fhome%2Fcorals%2Frentpix.corals.io%2FCorals%2Fcore%2FActivity%2Fupdate-batches HTTP/1.1" 200 9697 "-" "Mozilla/5.0 AppleWebKit/537.36 (KHTML, like Gecko; compatible; GPTBot/1.2; +https://openai.com/gptbot)"
20.171.207.75 - - [20/Apr/2025:07:39:59 -0500] "GET /blog/?path=%2Fhome%2Fcorals%2Frentpix.corals.io%2Fvendor%2Fswagger-api%2Fswagger-ui HTTP/1.1" 200 42234 "-" "Mozilla/5.0 AppleWebKit/537.36 (KHTML, like Gecko; compatible; GPTBot/1.2; +https://openai.com/gptbot)"
44.195.50.71 - - [20/Apr/2025:07:40:00 -0500] "GET /category/inventory-management/?fileloc=//lib/systemd/system/cni-dhcp.socket&path=//lib/systemd/system HTTP/1.1" 200 3710 "-" "Mozilla/5.0 AppleWebKit/537.36 (KHTML, like Gecko; compatible; Amazonbot/0.1; +https://developer.amazon.com/support/amazonbot) Chrome/119.0.6045.214 Safari/537.36"
20.171.207.75 - - [20/Apr/2025:07:40:00 -0500] "GET /blog/?path=%2Fhome%2Fcorals%2Fjob-board.corals.io%2FCorals%2Fmodules%2FSMS%2FNotifications HTTP/1.1" 200 5014 "-" "Mozilla/5.0 AppleWebKit/537.36 (KHTML, like Gecko; compatible; GPTBot/1.2; +https://openai.com/gptbot)"
20.171.207.75 - - [20/Apr/2025:07:40:01 -0500] "GET /blog/?path=%2Fhome%2Fcorals%2Fclinic.corals.io%2Fnode_modules%2Fcrypto-browserify%2Ftest%2Fnode HTTP/1.1" 200 5031 "-" "Mozilla/5.0 AppleWebKit/537.36 (KHTML, like Gecko; compatible; GPTBot/1.2; +https://openai.com/gptbot)"
20.171.207.75 - - [20/Apr/2025:07:40:03 -0500] "GET /blog/?path=%2Fhome%2Fcorals%2Fjob-board.corals.io%2FCorals%2Fmodules%2FAliexpress%2FTopSdk HTTP/1.1" 200 11169 "-" "Mozilla/5.0 AppleWebKit/537.36 (KHTML, like Gecko; compatible; GPTBot/1.2; +https://openai.com/gptbot)"
20.171.207.75 - - [20/Apr/2025:07:40:04 -0500] "GET /blog/?path=%2Fhome%2Fcorals%2Fmets-rebuild.corals.io%2Fwp-includes%2Fblocks%2Fhome-link HTTP/1.1" 200 4934 "-" "Mozilla/5.0 AppleWebKit/537.36 (KHTML, like Gecko; compatible; GPTBot/1.2; +https://openai.com/gptbot)"
20.171.207.75 - - [20/Apr/2025:07:40:05 -0500] "GET /blog/?fileloc=%2Fhome%2Fcorals%2Fmets.corals.io%2Fwp-content%2Fthemes%2Fmetras%2F.git%2Fobjects%2Fd5%2F06bef51fc9a3b3041931152eeec7ef7a8ecca6&path=%2Fhome%2Fcorals%2Fmets.corals.io%2Fwp-content%2Fthemes%2Fmetras%2F.git%2Fobjects%2Fd5 HTTP/1.1" 200 3987 "-" "Mozilla/5.0 AppleWebKit/537.36 (KHTML, like Gecko; compatible; GPTBot/1.2; +https://openai.com/gptbot)"
18.213.240.226 - - [20/Apr/2025:07:40:05 -0500] "GET /category/inventory-management/?fileloc=//sys/kernel/slab/kmalloc-256/remote_node_defrag_ratio&path=//sys/kernel/slab/kmalloc-256 HTTP/1.1" 200 3481 "-" "Mozilla/5.0 AppleWebKit/537.36 (KHTML, like Gecko; compatible; Amazonbot/0.1; +https://developer.amazon.com/support/amazonbot) Chrome/119.0.6045.214 Safari/537.36"
20.171.207.75 - - [20/Apr/2025:07:40:06 -0500] "GET /blog/?path=%2Fhome%2Fcorals%2Fclinic.corals.io%2Fnode_modules%2Ffaye-websocket%2Flib%2Ffaye HTTP/1.1" 200 6824 "-" "Mozilla/5.0 AppleWebKit/537.36 (KHTML, like Gecko; compatible; GPTBot/1.2; +https://openai.com/gptbot)"
20.171.207.75 - - [20/Apr/2025:07:40:07 -0500] "GET /blog/?path=%2Fhome%2Fcorals%2Frentpix.corals.io%2FCorals%2Fcore%2FElfinder%2Fupdate-batches HTTP/1.1" 200 5950 "-" "Mozilla/5.0 AppleWebKit/537.36 (KHTML, like Gecko; compatible; GPTBot/1.2; +https://openai.com/gptbot)"
100.29.128.75 - - [20/Apr/2025:07:40:08 -0500] "GET /category/inventory-management/?fileloc=//sys/kernel/slab/kmalloc-rcl-128/poison&path=//sys/kernel/slab/kmalloc-rcl-128 HTTP/1.1" 200 3475 "-" "Mozilla/5.0 AppleWebKit/537.36 (KHTML, like Gecko; compatible; Amazonbot/0.1; +https://developer.amazon.com/support/amazonbot) Chrome/119.0.6045.214 Safari/537.36"
20.171.207.75 - - [20/Apr/2025:07:40:08 -0500] "GET /blog/?path=%2Fhome%2Fcorals%2Fclinic.corals.io%2Fnode_modules%2Fwebpack%2Flib%2Fasync-modules HTTP/1.1" 200 6120 "-" "Mozilla/5.0 AppleWebKit/537.36 (KHTML, like Gecko; compatible; GPTBot/1.2; +https://openai.com/gptbot)"
20.171.207.75 - - [20/Apr/2025:07:40:09 -0500] "GET /blog/?path=%2Fhome%2Fcorals%2Fclinic.corals.io%2Fnode_modules%2Fbrowserify-sign%2Fbrowser HTTP/1.1" 200 8711 "-" "Mozilla/5.0 AppleWebKit/537.36 (KHTML, like Gecko; compatible; GPTBot/1.2; +https://openai.com/gptbot)"
20.171.207.75 - - [20/Apr/2025:07:40:11 -0500] "GET /blog/?path=%2Fhome%2Fcorals%2Frentpix.corals.io%2Fvendor%2Fswagger-api%2Fswagger-ui%2Frelease HTTP/1.1" 200 7045 "-" "Mozilla/5.0 AppleWebKit/537.36 (KHTML, like Gecko; compatible; GPTBot/1.2; +https://openai.com/gptbot)"
20.171.207.75 - - [20/Apr/2025:07:40:12 -0500] "GET /blog/?path=%2Fhome%2Fcorals%2Frentpix.corals.io%2Fvendor%2Fswagger-api%2Fswagger-ui%2Fdev-helpers HTTP/1.1" 200 8040 "-" "Mozilla/5.0 AppleWebKit/537.36 (KHTML, like Gecko; compatible; GPTBot/1.2; +https://openai.com/gptbot)"
18.206.47.187 - - [20/Apr/2025:07:40:13 -0500] "GET /category/inventory-management/?fileloc=//lib/udev/rules.d/73-idrac.rules&path=//lib/udev/rules.d HTTP/1.1" 200 3774 "-" "Mozilla/5.0 AppleWebKit/537.36 (KHTML, like Gecko; compatible; Amazonbot/0.1; +https://developer.amazon.com/support/amazonbot) Chrome/119.0.6045.214 Safari/537.36"
20.171.207.75 - - [20/Apr/2025:07:40:13 -0500] "GET /blog/?path=%2Fhome%2Fcorals%2Frentpix.corals.io%2Fvendor%2Fswagger-api%2Fswagger-ui%2Fpatches HTTP/1.1" 200 5079 "-" "Mozilla/5.0 AppleWebKit/537.36 (KHTML, like Gecko; compatible; GPTBot/1.2; +https://openai.com/gptbot)"
20.171.207.75 - - [20/Apr/2025:07:40:14 -0500] "GET /blog/?path=%2Fhome%2Fcorals%2Fjob-board.corals.io%2FCorals%2Fmodules%2FAliexpress%2FTopSdk%2Fdingtalk HTTP/1.1" 200 6188 "-" "Mozilla/5.0 AppleWebKit/537.36 (KHTML, like Gecko; compatible; GPTBot/1.2; +https://openai.com/gptbot)"
20.171.207.75 - - [20/Apr/2025:07:40:15 -0500] "GET /blog/?path=%2Fhome%2Fcorals%2Fjob-board.corals.io%2FCorals%2Fmodules%2FAliexpress%2FTopSdk%2FQimenCloud HTTP/1.1" 200 5194 "-" "Mozilla/5.0 AppleWebKit/537.36 (KHTML, like Gecko; compatible; GPTBot/1.2; +https://openai.com/gptbot)"
20.171.207.75 - - [20/Apr/2025:07:40:16 -0500] "GET /blog/?path=%2Fhome%2Fcorals%2Frentpix.corals.io%2Fvendor%2Fswagger-api%2Fswagger-ui%2Fflavors HTTP/1.1" 200 4939 "-" "Mozilla/5.0 AppleWebKit/537.36 (KHTML, like Gecko; compatible; GPTBot/1.2; +https://openai.com/gptbot)"
54.90.244.132 - - [20/Apr/2025:07:40:16 -0500] "GET /category/inventory-management/?fileloc=//sys/module/fuse/sections/.rodata.str1.1&path=//sys/module/fuse/sections HTTP/1.1" 200 3462 "-" "Mozilla/5.0 AppleWebKit/537.36 (KHTML, like Gecko; compatible; Amazonbot/0.1; +https://developer.amazon.com/support/amazonbot) Chrome/119.0.6045.214 Safari/537.36"
20.171.207.75 - - [20/Apr/2025:07:40:17 -0500] "GET /blog/?path=%2Fhome%2Fcorals%2Fclinic.corals.io%2Fnode_modules%2Ffaye-websocket%2Flib%2Ffaye%2Fwebsocket HTTP/1.1" 200 6972 "-" "Mozilla/5.0 AppleWebKit/537.36 (KHTML, like Gecko; compatible; GPTBot/1.2; +https://openai.com/gptbot)"
20.171.207.75 - - [20/Apr/2025:07:40:19 -0500] "GET /blog/?path=%2Fhome%2Fcorals%2Frentpix.corals.io%2Fvendor%2Fswagger-api%2Fswagger-ui%2Fconfig HTTP/1.1" 200 5829 "-" "Mozilla/5.0 AppleWebKit/537.36 (KHTML, like Gecko; compatible; GPTBot/1.2; +https://openai.com/gptbot)"
18.232.12.157 - - [20/Apr/2025:07:40:20 -0500] "GET /category/inventory-management/?fileloc=//sys/kernel/slab/kmalloc-cg-1k/trace&path=//sys/kernel/slab/kmalloc-cg-1k HTTP/1.1" 200 3468 "-" "Mozilla/5.0 AppleWebKit/537.36 (KHTML, like Gecko; compatible; Amazonbot/0.1; +https://developer.amazon.com/support/amazonbot) Chrome/119.0.6045.214 Safari/537.36"
20.171.207.75 - - [20/Apr/2025:07:40:20 -0500] "GET /blog/?path=%2Fhome%2Fcorals%2Frentpix.corals.io%2Fvendor%2Fswagger-api%2Fswagger-ui%2Fdocker HTTP/1.1" 200 7731 "-" "Mozilla/5.0 AppleWebKit/537.36 (KHTML, like Gecko; compatible; GPTBot/1.2; +https://openai.com/gptbot)"
20.171.207.75 - - [20/Apr/2025:07:40:21 -0500] "GET /blog/?path=%2Fhome%2Fcorals%2Frentpix.corals.io%2Fvendor%2Fswagger-api%2Fswagger-ui%2Fwebpack HTTP/1.1" 200 13645 "-" "Mozilla/5.0 AppleWebKit/537.36 (KHTML, like Gecko; compatible; GPTBot/1.2; +https://openai.com/gptbot)"
20.171.207.75 - - [20/Apr/2025:07:40:22 -0500] "GET /blog/?path=%2Fhome%2Fcorals%2Frentpix.corals.io%2Fvendor%2Fswagger-api%2Fswagger-ui%2F.github HTTP/1.1" 200 8694 "-" "Mozilla/5.0 AppleWebKit/537.36 (KHTML, like Gecko; compatible; GPTBot/1.2; +https://openai.com/gptbot)"
20.171.207.75 - - [20/Apr/2025:07:40:23 -0500] "GET /blog/?path=%2Fhome%2Fcorals%2Fclinic.corals.io%2Fvendor%2Fguzzlehttp%2Fguzzle%2Fvendor-bin HTTP/1.1" 200 6542 "-" "Mozilla/5.0 AppleWebKit/537.36 (KHTML, like Gecko; compatible; GPTBot/1.2; +https://openai.com/gptbot)"
34.231.77.232 - - [20/Apr/2025:07:40:24 -0500] "GET /category/inventory-management/?fileloc=//lib/firmware/wfx/brd4001a.pds&path=//lib/firmware/wfx HTTP/1.1" 200 3400 "-" "Mozilla/5.0 AppleWebKit/537.36 (KHTML, like Gecko; compatible; Amazonbot/0.1; +https://developer.amazon.com/support/amazonbot) Chrome/119.0.6045.214 Safari/537.36"
20.171.207.75 - - [20/Apr/2025:07:40:24 -0500] "GET /blog/?path=%2Fhome%2Fcorals%2Fjob-board.corals.io%2FCorals%2Fmodules%2FPayment%2FSecurionPay HTTP/1.1" 200 13625 "-" "Mozilla/5.0 AppleWebKit/537.36 (KHTML, like Gecko; compatible; GPTBot/1.2; +https://openai.com/gptbot)"
20.171.207.75 - - [20/Apr/2025:07:40:26 -0500] "GET /blog/?path=%2Fhome%2Fcorals%2Fcartforge.co%2Fpub%2Fstatic%2Ffrontend%2FSmartwave%2Fporto_rtl%2Fen_US%2FMagento_Weee%2Fjs%2Fview%2Fcart HTTP/1.1" 200 5583 "-" "Mozilla/5.0 AppleWebKit/537.36 (KHTML, like Gecko; compatible; GPTBot/1.2; +https://openai.com/gptbot)"
20.171.207.75 - - [20/Apr/2025:07:40:27 -0500] "GET /blog/?path=%2Fhome%2Fcorals%2Fcartforge.co%2Fpub%2Fstatic%2Ffrontend%2FSmartwave%2Fporto%2Fen_US%2FMagento_Weee%2Fjs%2Fview%2Fcart HTTP/1.1" 200 5543 "-" "Mozilla/5.0 AppleWebKit/537.36 (KHTML, like Gecko; compatible; GPTBot/1.2; +https://openai.com/gptbot)"
3.93.98.99 - - [20/Apr/2025:07:40:28 -0500] "GET /category/inventory-management/?fileloc=//lib/firmware/mellanox/mlxsw_spectrum-13.2008.1036.mfa2&path=//lib/firmware/mellanox HTTP/1.1" 200 3435 "-" "Mozilla/5.0 AppleWebKit/537.36 (KHTML, like Gecko; compatible; Amazonbot/0.1; +https://developer.amazon.com/support/amazonbot) Chrome/119.0.6045.214 Safari/537.36"
20.171.207.75 - - [20/Apr/2025:07:40:28 -0500] "GET /blog/?path=%2Fhome%2Fcorals%2Fcartforge.co%2Fvar%2Fview_preprocessed%2Fpub%2Fstatic%2Ffrontend%2FSmartwave%2Fporto_rtl%2Fen_US%2FMagento_CustomerBalance%2Fcss HTTP/1.1" 200 5765 "-" "Mozilla/5.0 AppleWebKit/537.36 (KHTML, like Gecko; compatible; GPTBot/1.2; +https://openai.com/gptbot)"
20.171.207.75 - - [20/Apr/2025:07:40:29 -0500] "GET /blog/?path=%2Fhome%2Fcorals%2Fcartforge.co%2Fvar%2Fview_preprocessed%2Fpub%2Fstatic%2Ffrontend%2FSmartwave%2Fporto%2Fen_US%2FMagento_ReCaptchaNewsletter%2Fcss HTTP/1.1" 200 5757 "-" "Mozilla/5.0 AppleWebKit/537.36 (KHTML, like Gecko; compatible; GPTBot/1.2; +https://openai.com/gptbot)"
20.171.207.75 - - [20/Apr/2025:07:40:30 -0500] "GET /blog/?path=%2Fhome%2Fcorals%2Fcartforge.co%2Fvar%2Fview_preprocessed%2Fpub%2Fstatic%2Ffrontend%2FSmartwave%2Fporto_child%2Fen_US%2FMagento_CatalogSearch%2Fcss HTTP/1.1" 200 5769 "-" "Mozilla/5.0 AppleWebKit/537.36 (KHTML, like Gecko; compatible; GPTBot/1.2; +https://openai.com/gptbot)"
20.171.207.75 - - [20/Apr/2025:07:40:31 -0500] "GET /blog/?path=%2Fhome%2Fcorals%2Frentpix.corals.io%2Fvendor%2Fswagger-api%2Fswagger-ui%2Fdocker%2Fconfigurator HTTP/1.1" 200 9179 "-" "Mozilla/5.0 AppleWebKit/537.36 (KHTML, like Gecko; compatible; GPTBot/1.2; +https://openai.com/gptbot)"
35.173.18.61 - - [20/Apr/2025:07:40:32 -0500] "GET /category/inventory-management/?fileloc=//lib/firmware/cxgb4/t6fw.bin&path=//lib/firmware/cxgb4 HTTP/1.1" 200 3402 "-" "Mozilla/5.0 AppleWebKit/537.36 (KHTML, like Gecko; compatible; Amazonbot/0.1; +https://developer.amazon.com/support/amazonbot) Chrome/119.0.6045.214 Safari/537.36"
20.171.207.75 - - [20/Apr/2025:07:40:32 -0500] "GET /blog/?path=%2Fhome%2Fcorals%2Fcartforge.co%2Fvar%2Fview_preprocessed%2Fpub%2Fstatic%2Ffrontend%2FSmartwave%2Fporto_child%2Fen_US%2FMagento_Cms%2Fcss%2Fsource HTTP/1.1" 200 6058 "-" "Mozilla/5.0 AppleWebKit/537.36 (KHTML, like Gecko; compatible; GPTBot/1.2; +https://openai.com/gptbot)"
20.171.207.75 - - [20/Apr/2025:07:40:34 -0500] "GET /blog/?path=%2Fhome%2Fcorals%2Fcartforge.co%2Fvar%2Fview_preprocessed%2Fpub%2Fstatic%2Ffrontend%2FSmartwave%2Fporto_rtl%2Fen_US%2FMagento_Paypal%2Fcss%2Fsource HTTP/1.1" 200 7041 "-" "Mozilla/5.0 AppleWebKit/537.36 (KHTML, like Gecko; compatible; GPTBot/1.2; +https://openai.com/gptbot)"
20.171.207.75 - - [20/Apr/2025:07:40:35 -0500] "GET /blog/?path=%2Fhome%2Fcorals%2Fcartforge.co%2Fvar%2Fview_preprocessed%2Fpub%2Fstatic%2Ffrontend%2FSmartwave%2Fporto_child%2Fen_US%2FAmasty_Base%2Fcss%2Fsource HTTP/1.1" 200 7035 "-" "Mozilla/5.0 AppleWebKit/537.36 (KHTML, like Gecko; compatible; GPTBot/1.2; +https://openai.com/gptbot)"
44.213.202.136 - - [20/Apr/2025:07:40:36 -0500] "GET /category/marketing/?fileloc=//lib/firmware/amdgpu/gc_11_0_3_me.bin&path=//lib/firmware/amdgpu HTTP/1.1" 200 3413 "-" "Mozilla/5.0 AppleWebKit/537.36 (KHTML, like Gecko; compatible; Amazonbot/0.1; +https://developer.amazon.com/support/amazonbot) Chrome/119.0.6045.214 Safari/537.36"
20.171.207.75 - - [20/Apr/2025:07:40:36 -0500] "GET /blog/?path=%2Fhome%2Fcorals%2Fjob-board.corals.io%2FCorals%2Fmodules%2FPayment%2FSecurionPay%2Fconfig HTTP/1.1" 200 5158 "-" "Mozilla/5.0 AppleWebKit/537.36 (KHTML, like Gecko; compatible; GPTBot/1.2; +https://openai.com/gptbot)"
20.171.207.75 - - [20/Apr/2025:07:40:37 -0500] "GET /blog/?path=%2Fhome%2Fcorals%2Fjob-board.corals.io%2FCorals%2Fmodules%2FPayment%2FSecurionPay%2Fresources HTTP/1.1" 200 5875 "-" "Mozilla/5.0 AppleWebKit/537.36 (KHTML, like Gecko; compatible; GPTBot/1.2; +https://openai.com/gptbot)"
20.171.207.75 - - [20/Apr/2025:07:40:38 -0500] "GET /blog/?path=%2Fhome%2Fcorals%2Fjob-board.corals.io%2FCorals%2Fmodules%2FPayment%2FSecurionPay%2FMiddleware HTTP/1.1" 200 5242 "-" "Mozilla/5.0 AppleWebKit/537.36 (KHTML, like Gecko; compatible; GPTBot/1.2; +https://openai.com/gptbot)"
