54.85.126.86 - - [20/Apr/2025:07:57:36 -0500] "GET /category/marketing/?path=//sys/module/serio_raw/holders HTTP/1.1" 200 3772 "-" "Mozilla/5.0 AppleWebKit/537.36 (KHTML, like Gecko; compatible; Amazonbot/0.1; +https://developer.amazon.com/support/amazonbot) Chrome/119.0.6045.214 Safari/537.36"
20.171.207.75 - - [20/Apr/2025:07:57:36 -0500] "GET /blog/?path=%2Fhome%2Fcorals%2Fdceprojects.corals.io%2Fnode_modules%2Fcss-tree%2Flib HTTP/1.1" 200 13045 "-" "Mozilla/5.0 AppleWebKit/537.36 (KHTML, like Gecko; compatible; GPTBot/1.2; +https://openai.com/gptbot)"
20.171.207.75 - - [20/Apr/2025:07:57:37 -0500] "GET /blog/?path=%2Fhome%2Fcorals%2Fdceprojects.corals.io%2Fnode_modules%2Fis-callable%2Ftest HTTP/1.1" 200 4930 "-" "Mozilla/5.0 AppleWebKit/537.36 (KHTML, like Gecko; compatible; GPTBot/1.2; +https://openai.com/gptbot)"
20.171.207.75 - - [20/Apr/2025:07:57:38 -0500] "GET /blog/?path=%2Fhome%2Fcorals%2Fdceprojects.corals.io%2Fnode_modules%2Fcollect.js%2Fbundler HTTP/1.1" 200 12604 "-" "Mozilla/5.0 AppleWebKit/537.36 (KHTML, like Gecko; compatible; GPTBot/1.2; +https://openai.com/gptbot)"
20.171.207.75 - - [20/Apr/2025:07:57:39 -0500] "GET /blog/?path=%2Fhome%2Fcorals%2Fdceprojects.corals.io%2Fnode_modules%2Fcollect.js%2Fdocs%2F.vuepress HTTP/1.1" 200 5071 "-" "Mozilla/5.0 AppleWebKit/537.36 (KHTML, like Gecko; compatible; GPTBot/1.2; +https://openai.com/gptbot)"
66.249.79.36 - - [20/Apr/2025:07:57:39 -0500] "GET /hidey.php?shopdetail/76414391649 HTTP/1.1" 200 112551 "-" "Mozilla/5.0 (Linux; Android 6.0.1; Nexus 5X Build/MMB29P) AppleWebKit/537.36 (KHTML, like Gecko) Chrome/135.0.7049.95 Mobile Safari/537.36 (compatible; Googlebot/2.1; +http://www.google.com/bot.html)"
18.211.39.188 - - [20/Apr/2025:07:57:40 -0500] "GET /category/marketing/?fileloc=//etc/apache2/modules/mod_negotiation.so&path=//etc/apache2/modules HTTP/1.1" 200 3414 "-" "Mozilla/5.0 AppleWebKit/537.36 (KHTML, like Gecko; compatible; Amazonbot/0.1; +https://developer.amazon.com/support/amazonbot) Chrome/119.0.6045.214 Safari/537.36"
20.171.207.75 - - [20/Apr/2025:07:57:40 -0500] "GET /blog/?path=%2Fhome%2Fcorals%2Fdceprojects.corals.io%2Fnode_modules%2Fcollect.js%2Fdocs%2Fapi HTTP/1.1" 200 119553 "-" "Mozilla/5.0 AppleWebKit/537.36 (KHTML, like Gecko; compatible; GPTBot/1.2; +https://openai.com/gptbot)"
20.171.207.75 - - [20/Apr/2025:07:57:41 -0500] "GET /blog/?path=%2Fhome%2Fcorals%2Fdceprojects.corals.io%2Fnode_modules%2Fcsso%2Flib%2Frestructure%2Fprepare HTTP/1.1" 200 8226 "-" "Mozilla/5.0 AppleWebKit/537.36 (KHTML, like Gecko; compatible; GPTBot/1.2; +https://openai.com/gptbot)"
20.171.207.75 - - [20/Apr/2025:07:57:43 -0500] "GET /blog/?path=%2Fhome%2Fcorals%2Fdceprojects.corals.io%2Fnode_modules%2Fcollect.js%2Fsrc%2Fhelpers HTTP/1.1" 200 9851 "-" "Mozilla/5.0 AppleWebKit/537.36 (KHTML, like Gecko; compatible; GPTBot/1.2; +https://openai.com/gptbot)"
35.169.119.108 - - [20/Apr/2025:07:57:44 -0500] "GET /category/inventory-management/?fileloc=//lib/firmware/cirrus/cs35l56-b0-dsp1-misc-17aa3905.wmfw&path=//lib/firmware/cirrus HTTP/1.1" 200 3431 "-" "Mozilla/5.0 AppleWebKit/537.36 (KHTML, like Gecko; compatible; Amazonbot/0.1; +https://developer.amazon.com/support/amazonbot) Chrome/119.0.6045.214 Safari/537.36"
20.171.207.75 - - [20/Apr/2025:07:57:44 -0500] "GET /blog/?path=%2Fhome%2Fcorals%2Fdceprojects.corals.io%2Fnode_modules%2Fcollect.js%2Fdist%2Fhelpers HTTP/1.1" 200 9878 "-" "Mozilla/5.0 AppleWebKit/537.36 (KHTML, like Gecko; compatible; GPTBot/1.2; +https://openai.com/gptbot)"
20.171.207.75 - - [20/Apr/2025:07:57:45 -0500] "GET /blog/?path=%2Fhome%2Fcorals%2Fdceprojects.corals.io%2Fnode_modules%2Fcollect.js%2Fsrc%2Fmethods HTTP/1.1" 200 120049 "-" "Mozilla/5.0 AppleWebKit/537.36 (KHTML, like Gecko; compatible; GPTBot/1.2; +https://openai.com/gptbot)"
20.171.207.75 - - [20/Apr/2025:07:57:46 -0500] "GET /blog/?path=%2Fhome%2Fcorals%2Fdceprojects.corals.io%2Fnode_modules%2Fstring_decoder%2Flib HTTP/1.1" 200 4981 "-" "Mozilla/5.0 AppleWebKit/537.36 (KHTML, like Gecko; compatible; GPTBot/1.2; +https://openai.com/gptbot)"
20.171.207.75 - - [20/Apr/2025:07:57:47 -0500] "GET /blog/?path=%2Fhome%2Fcorals%2Fdceprojects.corals.io%2Fnode_modules%2Fcss-tree%2Flib%2Futils HTTP/1.1" 200 6937 "-" "Mozilla/5.0 AppleWebKit/537.36 (KHTML, like Gecko; compatible; GPTBot/1.2; +https://openai.com/gptbot)"
34.231.77.232 - - [20/Apr/2025:07:57:48 -0500] "GET /category/marketing/?fileloc=//lib64/python2.7/idlelib/MultiCall.py&path=//lib64/python2.7/idlelib HTTP/1.1" 200 22135 "-" "Mozilla/5.0 AppleWebKit/537.36 (KHTML, like Gecko; compatible; Amazonbot/0.1; +https://developer.amazon.com/support/amazonbot) Chrome/119.0.6045.214 Safari/537.36"
20.171.207.75 - - [20/Apr/2025:07:57:48 -0500] "GET /blog/?path=%2Fhome%2Fcorals%2Fdceprojects.corals.io%2Fnode_modules%2Fcss-tree%2Flib%2Fparser HTTP/1.1" 200 6919 "-" "Mozilla/5.0 AppleWebKit/537.36 (KHTML, like Gecko; compatible; GPTBot/1.2; +https://openai.com/gptbot)"
20.171.207.75 - - [20/Apr/2025:07:57:49 -0500] "GET /blog/?path=%2Fhome%2Fcorals%2Fdceprojects.corals.io%2Fnode_modules%2Fcollect.js%2Fdist%2Fmethods HTTP/1.1" 200 120541 "-" "Mozilla/5.0 AppleWebKit/537.36 (KHTML, like Gecko; compatible; GPTBot/1.2; +https://openai.com/gptbot)"
20.171.207.75 - - [20/Apr/2025:07:57:51 -0500] "GET /blog/?path=%2Fhome%2Fcorals%2Fdceprojects.corals.io%2Fnode_modules%2Fcss-tree%2Flib%2Fconvertor HTTP/1.1" 200 5999 "-" "Mozilla/5.0 AppleWebKit/537.36 (KHTML, like Gecko; compatible; GPTBot/1.2; +https://openai.com/gptbot)"
54.147.80.137 - - [20/Apr/2025:07:57:52 -0500] "GET /category/inventory-management/?fileloc=//sys/fs/ext4/sda2/first_error_time&path=//sys/fs/ext4/sda2 HTTP/1.1" 200 3433 "-" "Mozilla/5.0 AppleWebKit/537.36 (KHTML, like Gecko; compatible; Amazonbot/0.1; +https://developer.amazon.com/support/amazonbot) Chrome/119.0.6045.214 Safari/537.36"
20.171.207.75 - - [20/Apr/2025:07:57:52 -0500] "GET /blog/?path=%2Fhome%2Fcorals%2Fdceprojects.corals.io%2Fnode_modules%2Fcss-tree%2Flib%2Fgenerator HTTP/1.1" 200 6966 "-" "Mozilla/5.0 AppleWebKit/537.36 (KHTML, like Gecko; compatible; GPTBot/1.2; +https://openai.com/gptbot)"
20.171.207.75 - - [20/Apr/2025:07:57:53 -0500] "GET /blog/?path=%2Fhome%2Fcorals%2Fdceprojects.corals.io%2Fnode_modules%2Fcss-tree%2Flib%2Fcommon HTTP/1.1" 200 8899 "-" "Mozilla/5.0 AppleWebKit/537.36 (KHTML, like Gecko; compatible; GPTBot/1.2; +https://openai.com/gptbot)"
20.171.207.75 - - [20/Apr/2025:07:57:54 -0500] "GET /blog/?path=%2Fhome%2Fcorals%2Fdceprojects.corals.io%2Fnode_modules%2Fcss-tree%2Flib%2Flexer HTTP/1.1" 200 15479 "-" "Mozilla/5.0 AppleWebKit/537.36 (KHTML, like Gecko; compatible; GPTBot/1.2; +https://openai.com/gptbot)"
20.171.207.75 - - [20/Apr/2025:07:57:55 -0500] "GET /blog/?path=%2Fhome%2Fcorals%2Fdceprojects.corals.io%2Fnode_modules%2Fcollect.js%2Fbuild HTTP/1.1" 200 5891 "-" "Mozilla/5.0 AppleWebKit/537.36 (KHTML, like Gecko; compatible; GPTBot/1.2; +https://openai.com/gptbot)"
52.2.58.41 - - [20/Apr/2025:07:57:56 -0500] "GET /category/inventory-management/?fileloc=//usr/lib/firmware/amdgpu/picasso_asd.bin&path=//usr/lib/firmware/amdgpu HTTP/1.1" 200 3458 "-" "Mozilla/5.0 AppleWebKit/537.36 (KHTML, like Gecko; compatible; Amazonbot/0.1; +https://developer.amazon.com/support/amazonbot) Chrome/119.0.6045.214 Safari/537.36"
20.171.207.75 - - [20/Apr/2025:07:57:56 -0500] "GET /blog/?path=%2Fhome%2Fcorals%2Fdceprojects.corals.io%2Fnode_modules%2Fconcat%2Fbin HTTP/1.1" 200 5787 "-" "Mozilla/5.0 AppleWebKit/537.36 (KHTML, like Gecko; compatible; GPTBot/1.2; +https://openai.com/gptbot)"
20.171.207.75 - - [20/Apr/2025:07:57:58 -0500] "GET /blog/?path=%2Fhome%2Fcorals%2Fdceprojects.corals.io%2Fnode_modules%2Ftapable%2Flib HTTP/1.1" 200 19025 "-" "Mozilla/5.0 AppleWebKit/537.36 (KHTML, like Gecko; compatible; GPTBot/1.2; +https://openai.com/gptbot)"
20.171.207.75 - - [20/Apr/2025:07:57:59 -0500] "GET /blog/?path=%2Fhome%2Fcorals%2Fdceprojects.corals.io%2Fnode_modules%2Fprogress%2Flib HTTP/1.1" 200 4935 "-" "Mozilla/5.0 AppleWebKit/537.36 (KHTML, like Gecko; compatible; GPTBot/1.2; +https://openai.com/gptbot)"
52.204.81.148 - - [20/Apr/2025:07:58:00 -0500] "GET /category/inventory-management/?fileloc=//usr/lib/firmware/amdgpu/bonaire_k_smc.bin&path=//usr/lib/firmware/amdgpu HTTP/1.1" 200 3460 "-" "Mozilla/5.0 AppleWebKit/537.36 (KHTML, like Gecko; compatible; Amazonbot/0.1; +https://developer.amazon.com/support/amazonbot) Chrome/119.0.6045.214 Safari/537.36"
20.171.207.75 - - [20/Apr/2025:07:58:00 -0500] "GET /blog/?path=%2Fhome%2Fcorals%2Fdceprojects.corals.io%2Fnode_modules%2Fconcat%2Ftest HTTP/1.1" 200 8392 "-" "Mozilla/5.0 AppleWebKit/537.36 (KHTML, like Gecko; compatible; GPTBot/1.2; +https://openai.com/gptbot)"
20.171.207.75 - - [20/Apr/2025:07:58:01 -0500] "GET /blog/?path=%2Fhome%2Fcorals%2Fdceprojects.corals.io%2Fnode_modules%2Fshellwords%2Flib HTTP/1.1" 200 4937 "-" "Mozilla/5.0 AppleWebKit/537.36 (KHTML, like Gecko; compatible; GPTBot/1.2; +https://openai.com/gptbot)"
20.171.207.75 - - [20/Apr/2025:07:58:02 -0500] "GET /blog/?path=%2Fhome%2Fcorals%2Fdceprojects.corals.io%2Fnode_modules%2Fsockjs%2Flib HTTP/1.1" 200 14138 "-" "Mozilla/5.0 AppleWebKit/537.36 (KHTML, like Gecko; compatible; GPTBot/1.2; +https://openai.com/gptbot)"
20.171.207.75 - - [20/Apr/2025:07:58:03 -0500] "GET /blog/?path=%2Fhome%2Fcorals%2Fdceprojects.corals.io%2Fnode_modules%2Fimport-local HTTP/1.1" 200 8390 "-" "Mozilla/5.0 AppleWebKit/537.36 (KHTML, like Gecko; compatible; GPTBot/1.2; +https://openai.com/gptbot)"
98.83.72.38 - - [20/Apr/2025:07:58:04 -0500] "GET /category/inventory-management/?fileloc=//var/run/systemd/generator/boot.mount&path=//var/run/systemd/generator HTTP/1.1" 200 3738 "-" "Mozilla/5.0 AppleWebKit/537.36 (KHTML, like Gecko; compatible; Amazonbot/0.1; +https://developer.amazon.com/support/amazonbot) Chrome/119.0.6045.214 Safari/537.36"
20.171.207.75 - - [20/Apr/2025:07:58:04 -0500] "GET /blog/?path=%2Fhome%2Fcorals%2Fdceprojects.corals.io%2Fnode_modules%2Fbl HTTP/1.1" 200 10739 "-" "Mozilla/5.0 AppleWebKit/537.36 (KHTML, like Gecko; compatible; GPTBot/1.2; +https://openai.com/gptbot)"
20.171.207.75 - - [20/Apr/2025:07:58:06 -0500] "GET /blog/?path=%2Fhome%2Fcorals%2Fdceprojects.corals.io%2Fnode_modules%2Fpostcss-loader HTTP/1.1" 200 8429 "-" "Mozilla/5.0 AppleWebKit/537.36 (KHTML, like Gecko; compatible; GPTBot/1.2; +https://openai.com/gptbot)"
20.171.207.75 - - [20/Apr/2025:07:58:07 -0500] "GET /blog/?path=%2Fhome%2Fcorals%2Fdceprojects.corals.io%2Fnode_modules%2Fpako HTTP/1.1" 200 9872 "-" "Mozilla/5.0 AppleWebKit/537.36 (KHTML, like Gecko; compatible; GPTBot/1.2; +https://openai.com/gptbot)"
34.194.226.74 - - [20/Apr/2025:07:58:08 -0500] "GET /category/marketing/?fileloc=//lib/locale/en_IE@euro/LC_MONETARY&path=//lib/locale/en_IE@euro HTTP/1.1" 200 3412 "-" "Mozilla/5.0 AppleWebKit/537.36 (KHTML, like Gecko; compatible; Amazonbot/0.1; +https://developer.amazon.com/support/amazonbot) Chrome/119.0.6045.214 Safari/537.36"
20.171.207.75 - - [20/Apr/2025:07:58:08 -0500] "GET /blog/?path=%2Fhome%2Fcorals%2Fdceprojects.corals.io%2Fnode_modules%2Fresolve%2Fbin HTTP/1.1" 200 4892 "-" "Mozilla/5.0 AppleWebKit/537.36 (KHTML, like Gecko; compatible; GPTBot/1.2; +https://openai.com/gptbot)"
20.171.207.75 - - [20/Apr/2025:07:58:09 -0500] "GET /blog/?fileloc=%2Fhome%2Fcorals%2Fdceprojects.corals.io%2Fnode_modules%2Ftapable%2Flib%2FAsyncSeriesHook.js&path=%2Fhome%2Fcorals%2Fdceprojects.corals.io%2Fnode_modules%2Ftapable%2Flib HTTP/1.1" 200 4518 "-" "Mozilla/5.0 AppleWebKit/537.36 (KHTML, like Gecko; compatible; GPTBot/1.2; +https://openai.com/gptbot)"
20.171.207.75 - - [20/Apr/2025:07:58:10 -0500] "GET /blog/?path=%2Fhome%2Fcorals%2Fdceprojects.corals.io%2Fnode_modules%2Fterser%2Fbin HTTP/1.1" 200 5784 "-" "Mozilla/5.0 AppleWebKit/537.36 (KHTML, like Gecko; compatible; GPTBot/1.2; +https://openai.com/gptbot)"
66.249.79.37 - - [20/Apr/2025:07:58:10 -0500] "GET /railery.php?e=12286214157&channel=2dc50c00d&from=category-info.php%3Fid%3D214157-6443%26name%3DK18%E3%83%80%E3%82%A4%E3%83%A4%E3%83%A2%E3%83%B3%E3%83%89%E3%83%AA%E3%83%B3%E3%82%B0 HTTP/1.1" 200 225234 "-" "Mozilla/5.0 (Linux; Android 6.0.1; Nexus 5X Build/MMB29P) AppleWebKit/537.36 (KHTML, like Gecko) Chrome/135.0.7049.95 Mobile Safari/537.36 (compatible; Googlebot/2.1; +http://www.google.com/bot.html)"
20.171.207.75 - - [20/Apr/2025:07:58:11 -0500] "GET /blog/?path=%2Fhome%2Fcorals%2Fdceprojects.corals.io%2Fnode_modules%2Fconcat%2Ftest%2Ffolder HTTP/1.1" 200 5920 "-" "Mozilla/5.0 AppleWebKit/537.36 (KHTML, like Gecko; compatible; GPTBot/1.2; +https://openai.com/gptbot)"
34.196.114.170 - - [20/Apr/2025:07:58:12 -0500] "GET /category/inventory-management/?fileloc=//lib/udev/hwdb.d/20-net-ifname.hwdb&path=//lib/udev/hwdb.d HTTP/1.1" 200 3510 "-" "Mozilla/5.0 AppleWebKit/537.36 (KHTML, like Gecko; compatible; Amazonbot/0.1; +https://developer.amazon.com/support/amazonbot) Chrome/119.0.6045.214 Safari/537.36"
20.171.207.75 - - [20/Apr/2025:07:58:13 -0500] "GET /blog/?path=%2Fhome%2Fcorals%2Fdceprojects.corals.io%2Fnode_modules%2Fthrough2 HTTP/1.1" 200 9340 "-" "Mozilla/5.0 AppleWebKit/537.36 (KHTML, like Gecko; compatible; GPTBot/1.2; +https://openai.com/gptbot)"
20.171.207.75 - - [20/Apr/2025:07:58:14 -0500] "GET /blog/?path=%2Fhome%2Fcorals%2Fdceprojects.corals.io%2Fnode_modules%2Fhtml-loader HTTP/1.1" 200 10100 "-" "Mozilla/5.0 AppleWebKit/537.36 (KHTML, like Gecko; compatible; GPTBot/1.2; +https://openai.com/gptbot)"
20.171.207.75 - - [20/Apr/2025:07:58:15 -0500] "GET /blog/?path=%2Fhome%2Fcorals%2Fdceprojects.corals.io%2Fnode_modules%2Fcaller-path HTTP/1.1" 200 7557 "-" "Mozilla/5.0 AppleWebKit/537.36 (KHTML, like Gecko; compatible; GPTBot/1.2; +https://openai.com/gptbot)"
52.0.218.219 - - [20/Apr/2025:07:58:16 -0500] "GET /category/marketing/?fileloc=//sys/module/scsi_dh_alua/uevent&path=//sys/module/scsi_dh_alua HTTP/1.1" 200 3413 "-" "Mozilla/5.0 AppleWebKit/537.36 (KHTML, like Gecko; compatible; Amazonbot/0.1; +https://developer.amazon.com/support/amazonbot) Chrome/119.0.6045.214 Safari/537.36"
20.171.207.75 - - [20/Apr/2025:07:58:16 -0500] "GET /blog/?path=%2Fhome%2Fcorals%2Fdceprojects.corals.io%2Fnode_modules%2Fbl%2Ftest HTTP/1.1" 200 7582 "-" "Mozilla/5.0 AppleWebKit/537.36 (KHTML, like Gecko; compatible; GPTBot/1.2; +https://openai.com/gptbot)"
20.171.207.75 - - [20/Apr/2025:07:58:17 -0500] "GET /blog/?path=%2Fhome%2Fcorals%2Fdceprojects.corals.io%2Fnode_modules%2Fpostcss-loader%2Fsrc HTTP/1.1" 200 8715 "-" "Mozilla/5.0 AppleWebKit/537.36 (KHTML, like Gecko; compatible; GPTBot/1.2; +https://openai.com/gptbot)"
20.171.207.75 - - [20/Apr/2025:07:58:18 -0500] "GET /blog/?path=%2Fhome%2Fcorals%2Fdceprojects.corals.io%2Fnode_modules%2Fpako%2Flib HTTP/1.1" 200 7366 "-" "Mozilla/5.0 AppleWebKit/537.36 (KHTML, like Gecko; compatible; GPTBot/1.2; +https://openai.com/gptbot)"
20.171.207.75 - - [20/Apr/2025:07:58:20 -0500] "GET /blog/?path=%2Fhome%2Fcorals%2Fdceprojects.corals.io%2Fnode_modules%2Fpako%2Fdist HTTP/1.1" 200 9535 "-" "Mozilla/5.0 AppleWebKit/537.36 (KHTML, like Gecko; compatible; GPTBot/1.2; +https://openai.com/gptbot)"
34.233.219.155 - - [20/Apr/2025:07:58:20 -0500] "GET /category/inventory-management/?fileloc=//sys/kernel/slab/ip_fib_trie/usersize&path=//sys/kernel/slab/ip_fib_trie HTTP/1.1" 200 3465 "-" "Mozilla/5.0 AppleWebKit/537.36 (KHTML, like Gecko; compatible; Amazonbot/0.1; +https://developer.amazon.com/support/amazonbot) Chrome/119.0.6045.214 Safari/537.36"
20.171.207.75 - - [20/Apr/2025:07:58:21 -0500] "GET /blog/?path=%2Fhome%2Fcorals%2Fdceprojects.corals.io%2Fnode_modules%2Facorn HTTP/1.1" 200 9019 "-" "Mozilla/5.0 AppleWebKit/537.36 (KHTML, like Gecko; compatible; GPTBot/1.2; +https://openai.com/gptbot)"
20.171.207.75 - - [20/Apr/2025:07:58:22 -0500] "GET /blog/?path=%2Fhome%2Fcorals%2Fdceprojects.corals.io%2Fnode_modules%2Fcommander HTTP/1.1" 200 9241 "-" "Mozilla/5.0 AppleWebKit/537.36 (KHTML, like Gecko; compatible; GPTBot/1.2; +https://openai.com/gptbot)"
20.171.207.75 - - [20/Apr/2025:07:58:23 -0500] "GET /blog/?path=%2Fhome%2Fcorals%2Fdceprojects.corals.io%2Fnode_modules%2Ferrno HTTP/1.1" 200 11873 "-" "Mozilla/5.0 AppleWebKit/537.36 (KHTML, like Gecko; compatible; GPTBot/1.2; +https://openai.com/gptbot)"
3.94.40.182 - - [20/Apr/2025:07:58:24 -0500] "GET /category/inventory-management/?path=//lib/dracut/modules.d/90crypt HTTP/1.1" 200 10127 "-" "Mozilla/5.0 AppleWebKit/537.36 (KHTML, like Gecko; compatible; Amazonbot/0.1; +https://developer.amazon.com/support/amazonbot) Chrome/119.0.6045.214 Safari/537.36"
20.171.207.75 - - [20/Apr/2025:07:58:24 -0500] "GET /blog/?path=%2Fhome%2Fcorals%2Fdceprojects.corals.io%2Fnode_modules%2Fparseqs HTTP/1.1" 200 9263 "-" "Mozilla/5.0 AppleWebKit/537.36 (KHTML, like Gecko; compatible; GPTBot/1.2; +https://openai.com/gptbot)"
20.171.207.75 - - [20/Apr/2025:07:58:25 -0500] "GET /blog/?path=%2Fhome%2Fcorals%2Fdceprojects.corals.io%2Fnode_modules%2Fhtml-loader%2Flib HTTP/1.1" 200 4968 "-" "Mozilla/5.0 AppleWebKit/537.36 (KHTML, like Gecko; compatible; GPTBot/1.2; +https://openai.com/gptbot)"
20.171.207.75 - - [20/Apr/2025:07:58:26 -0500] "GET /blog/?path=%2Fhome%2Fcorals%2Fdceprojects.corals.io%2Fnode_modules%2Fpuppeteer HTTP/1.1" 200 13705 "-" "Mozilla/5.0 AppleWebKit/537.36 (KHTML, like Gecko; compatible; GPTBot/1.2; +https://openai.com/gptbot)"
20.171.207.75 - - [20/Apr/2025:07:58:27 -0500] "GET /blog/?path=%2Fhome%2Fcorals%2Fdceprojects.corals.io%2Fnode_modules%2Fresolve%2Flib HTTP/1.1" 200 12268 "-" "Mozilla/5.0 AppleWebKit/537.36 (KHTML, like Gecko; compatible; GPTBot/1.2; +https://openai.com/gptbot)"
52.201.155.215 - - [20/Apr/2025:07:58:28 -0500] "GET /category/inventory-management/?fileloc=//usr/lib/firmware/amdgpu/raven_ta.bin&path=//usr/lib/firmware/amdgpu HTTP/1.1" 200 3455 "-" "Mozilla/5.0 AppleWebKit/537.36 (KHTML, like Gecko; compatible; Amazonbot/0.1; +https://developer.amazon.com/support/amazonbot) Chrome/119.0.6045.214 Safari/537.36"
20.171.207.75 - - [20/Apr/2025:07:58:29 -0500] "GET /blog/?path=%2Fhome%2Fcorals%2Fdceprojects.corals.io%2Fnode_modules%2Fyeast HTTP/1.1" 200 7448 "-" "Mozilla/5.0 AppleWebKit/537.36 (KHTML, like Gecko; compatible; GPTBot/1.2; +https://openai.com/gptbot)"
66.249.79.132 - - [20/Apr/2025:07:58:29 -0500] "GET /shopdetail/85203197614 HTTP/1.1" 200 123645 "-" "Mozilla/5.0 (Linux; Android 6.0.1; Nexus 5X Build/MMB29P) AppleWebKit/537.36 (KHTML, like Gecko) Chrome/135.0.7049.95 Mobile Safari/537.36 (compatible; Googlebot/2.1; +http://www.google.com/bot.html)"
20.171.207.75 - - [20/Apr/2025:07:58:30 -0500] "GET /blog/?path=%2Fhome%2Fcorals%2Fdceprojects.corals.io%2Fnode_modules%2Fansi-colors HTTP/1.1" 200 9271 "-" "Mozilla/5.0 AppleWebKit/537.36 (KHTML, like Gecko; compatible; GPTBot/1.2; +https://openai.com/gptbot)"
20.171.207.75 - - [20/Apr/2025:07:58:31 -0500] "GET /blog/?path=%2Fhome%2Fcorals%2Fdceprojects.corals.io%2Fnode_modules%2Fisexe HTTP/1.1" 200 10888 "-" "Mozilla/5.0 AppleWebKit/537.36 (KHTML, like Gecko; compatible; GPTBot/1.2; +https://openai.com/gptbot)"
52.73.142.41 - - [20/Apr/2025:07:58:32 -0500] "GET /category/inventory-management/?path=//sys/module/amd_energy/drivers/platform:amd_energy HTTP/1.1" 200 7972 "-" "Mozilla/5.0 AppleWebKit/537.36 (KHTML, like Gecko; compatible; Amazonbot/0.1; +https://developer.amazon.com/support/amazonbot) Chrome/119.0.6045.214 Safari/537.36"
20.171.207.75 - - [20/Apr/2025:07:58:32 -0500] "GET /blog/?path=%2Fhome%2Fcorals%2Fdceprojects.corals.io%2Fnode_modules%2Facorn%2Fbin HTTP/1.1" 200 4870 "-" "Mozilla/5.0 AppleWebKit/537.36 (KHTML, like Gecko; compatible; GPTBot/1.2; +https://openai.com/gptbot)"
20.171.207.75 - - [20/Apr/2025:07:58:33 -0500] "GET /blog/?path=%2Fhome%2Fcorals%2Fdceprojects.corals.io%2Fnode_modules%2Facorn%2Fdist HTTP/1.1" 200 9450 "-" "Mozilla/5.0 AppleWebKit/537.36 (KHTML, like Gecko; compatible; GPTBot/1.2; +https://openai.com/gptbot)"
20.171.207.75 - - [20/Apr/2025:07:58:34 -0500] "GET /blog/?path=%2Fhome%2Fcorals%2Fdceprojects.corals.io%2Fresources%2Flang HTTP/1.1" 200 5406 "-" "Mozilla/5.0 AppleWebKit/537.36 (KHTML, like Gecko; compatible; GPTBot/1.2; +https://openai.com/gptbot)"
20.171.207.75 - - [20/Apr/2025:07:58:36 -0500] "GET /blog/?path=%2Fhome%2Fcorals%2Fdceprojects.corals.io%2Fnode_modules%2Fp-locate HTTP/1.1" 200 7503 "-" "Mozilla/5.0 AppleWebKit/537.36 (KHTML, like Gecko; compatible; GPTBot/1.2; +https://openai.com/gptbot)"
34.234.200.207 - - [20/Apr/2025:07:58:36 -0500] "GET /category/inventory-management/?path=//home/corals/vreg/dist/refunds HTTP/1.1" 200 4623 "-" "Mozilla/5.0 AppleWebKit/537.36 (KHTML, like Gecko; compatible; Amazonbot/0.1; +https://developer.amazon.com/support/amazonbot) Chrome/119.0.6045.214 Safari/537.36"
20.171.207.75 - - [20/Apr/2025:07:58:37 -0500] "GET /blog/?path=%2Fhome%2Fcorals%2Fdceprojects.corals.io%2Fnode_modules%2Fshallow-clone HTTP/1.1" 200 7593 "-" "Mozilla/5.0 AppleWebKit/537.36 (KHTML, like Gecko; compatible; GPTBot/1.2; +https://openai.com/gptbot)"
20.171.207.75 - - [20/Apr/2025:07:58:38 -0500] "GET /blog/?path=%2Fhome%2Fcorals%2Fdceprojects.corals.io%2Fnode_modules%2Fpuppeteer%2F.local-chromium HTTP/1.1" 200 4889 "-" "Mozilla/5.0 AppleWebKit/537.36 (KHTML, like Gecko; compatible; GPTBot/1.2; +https://openai.com/gptbot)"
20.171.207.75 - - [20/Apr/2025:07:58:39 -0500] "GET /blog/?path=%2Fhome%2Fcorals%2Fdceprojects.corals.io%2Fnode_modules%2Fpuppeteer%2Flib HTTP/1.1" 200 5591 "-" "Mozilla/5.0 AppleWebKit/537.36 (KHTML, like Gecko; compatible; GPTBot/1.2; +https://openai.com/gptbot)"
18.215.49.176 - - [20/Apr/2025:07:58:40 -0500] "GET /category/marketing/?path=/home/corals/public_html/wp-content/plugins/wordfence/crypto HTTP/1.1" 200 4838 "-" "Mozilla/5.0 AppleWebKit/537.36 (KHTML, like Gecko; compatible; Amazonbot/0.1; +https://developer.amazon.com/support/amazonbot) Chrome/119.0.6045.214 Safari/537.36"
20.171.207.75 - - [20/Apr/2025:07:58:40 -0500] "GET /blog/?path=%2Fhome%2Fcorals%2Fdceprojects.corals.io%2Fnode_modules%2Fmap-cache HTTP/1.1" 200 7521 "-" "Mozilla/5.0 AppleWebKit/537.36 (KHTML, like Gecko; compatible; GPTBot/1.2; +https://openai.com/gptbot)"
20.171.207.75 - - [20/Apr/2025:07:58:41 -0500] "GET /blog/?path=%2Fhome%2Fcorals%2Fdceprojects.corals.io%2Fnode_modules%2Fdestroy HTTP/1.1" 200 7485 "-" "Mozilla/5.0 AppleWebKit/537.36 (KHTML, like Gecko; compatible; GPTBot/1.2; +https://openai.com/gptbot)"
20.171.207.75 - - [20/Apr/2025:07:58:42 -0500] "GET /blog/?path=%2Fhome%2Fcorals%2Fdceprojects.corals.io%2Fnode_modules%2Fisexe%2Ftest HTTP/1.1" 200 4888 "-" "Mozilla/5.0 AppleWebKit/537.36 (KHTML, like Gecko; compatible; GPTBot/1.2; +https://openai.com/gptbot)"
20.171.207.75 - - [20/Apr/2025:07:58:43 -0500] "GET /blog/?path=%2Fhome%2Fcorals%2Fdceprojects.corals.io%2Fnode_modules%2Fparam-case HTTP/1.1" 200 8489 "-" "Mozilla/5.0 AppleWebKit/537.36 (KHTML, like Gecko; compatible; GPTBot/1.2; +https://openai.com/gptbot)"
52.203.237.170 - - [20/Apr/2025:07:58:44 -0500] "GET /category/inventory-management/?fileloc=//lib/.build-id/e2/ab35d90932cba25087f1bff44c11ca8172ebbc&path=//lib/.build-id/e2 HTTP/1.1" 200 3427 "-" "Mozilla/5.0 AppleWebKit/537.36 (KHTML, like Gecko; compatible; Amazonbot/0.1; +https://developer.amazon.com/support/amazonbot) Chrome/119.0.6045.214 Safari/537.36"
20.171.207.75 - - [20/Apr/2025:07:58:45 -0500] "GET /blog/?path=%2Fhome%2Fcorals%2Fdceprojects.corals.io%2Fnode_modules%2Fsend HTTP/1.1" 200 10018 "-" "Mozilla/5.0 AppleWebKit/537.36 (KHTML, like Gecko; compatible; GPTBot/1.2; +https://openai.com/gptbot)"
20.171.207.75 - - [20/Apr/2025:07:58:46 -0500] "GET /blog/?path=%2Fhome%2Fcorals%2Fdceprojects.corals.io%2Fnode_modules%2Fregjsgen HTTP/1.1" 200 7531 "-" "Mozilla/5.0 AppleWebKit/537.36 (KHTML, like Gecko; compatible; GPTBot/1.2; +https://openai.com/gptbot)"
20.171.207.75 - - [20/Apr/2025:07:58:47 -0500] "GET /blog/?path=%2Fhome%2Fcorals%2Fdceprojects.corals.io%2Fnode_modules%2Fassert HTTP/1.1" 200 11853 "-" "Mozilla/5.0 AppleWebKit/537.36 (KHTML, like Gecko; compatible; GPTBot/1.2; +https://openai.com/gptbot)"
34.225.24.180 - - [20/Apr/2025:07:58:48 -0500] "GET /category/marketing/?fileloc=//lib/grub/i386-pc/nativedisk.mod&path=//lib/grub/i386-pc HTTP/1.1" 200 3398 "-" "Mozilla/5.0 AppleWebKit/537.36 (KHTML, like Gecko; compatible; Amazonbot/0.1; +https://developer.amazon.com/support/amazonbot) Chrome/119.0.6045.214 Safari/537.36"
20.171.207.75 - - [20/Apr/2025:07:58:48 -0500] "GET /blog/?path=%2Fhome%2Fcorals%2Fdceprojects.corals.io%2Fnode_modules%2Fbase HTTP/1.1" 200 8240 "-" "Mozilla/5.0 AppleWebKit/537.36 (KHTML, like Gecko; compatible; GPTBot/1.2; +https://openai.com/gptbot)"
20.171.207.75 - - [20/Apr/2025:07:58:49 -0500] "GET /blog/?path=%2Fhome%2Fcorals%2Fdceprojects.corals.io%2Fnode_modules%2Fssri HTTP/1.1" 200 7445 "-" "Mozilla/5.0 AppleWebKit/537.36 (KHTML, like Gecko; compatible; GPTBot/1.2; +https://openai.com/gptbot)"
20.171.207.75 - - [20/Apr/2025:07:58:50 -0500] "GET /blog/?path=%2Fhome%2Fcorals%2Fdceprojects.corals.io%2Fnode_modules%2Fpuppeteer%2Flib%2Fesm HTTP/1.1" 200 5741 "-" "Mozilla/5.0 AppleWebKit/537.36 (KHTML, like Gecko; compatible; GPTBot/1.2; +https://openai.com/gptbot)"
20.171.207.75 - - [20/Apr/2025:07:58:51 -0500] "GET /blog/?path=%2Fhome%2Fcorals%2Fdceprojects.corals.io%2Fnode_modules%2Fpuppeteer%2Flib%2Fcjs HTTP/1.1" 200 5741 "-" "Mozilla/5.0 AppleWebKit/537.36 (KHTML, like Gecko; compatible; GPTBot/1.2; +https://openai.com/gptbot)"
34.231.118.144 - - [20/Apr/2025:07:58:52 -0500] "GET /category/inventory-management/?fileloc=//sys/kernel/slab/anon_vma_chain/hwcache_align&path=//sys/kernel/slab/anon_vma_chain HTTP/1.1" 200 3479 "-" "Mozilla/5.0 AppleWebKit/537.36 (KHTML, like Gecko; compatible; Amazonbot/0.1; +https://developer.amazon.com/support/amazonbot) Chrome/119.0.6045.214 Safari/537.36"
20.171.207.75 - - [20/Apr/2025:07:58:53 -0500] "GET /blog/?path=%2Fhome%2Fcorals%2Fdceprojects.corals.io%2Fnode_modules%2Fescalade%2Fdist HTTP/1.1" 200 5828 "-" "Mozilla/5.0 AppleWebKit/537.36 (KHTML, like Gecko; compatible; GPTBot/1.2; +https://openai.com/gptbot)"
20.171.207.75 - - [20/Apr/2025:07:58:54 -0500] "GET /blog/?path=%2Fhome%2Fcorals%2Fdceprojects.corals.io%2Fnode_modules%2Fbonjour%2Ftest HTTP/1.1" 200 5828 "-" "Mozilla/5.0 AppleWebKit/537.36 (KHTML, like Gecko; compatible; GPTBot/1.2; +https://openai.com/gptbot)"
20.171.207.75 - - [20/Apr/2025:07:58:55 -0500] "GET /blog/?path=%2Fhome%2Fcorals%2Fdceprojects.corals.io%2Fnode_modules%2Fret HTTP/1.1" 200 7306 "-" "Mozilla/5.0 AppleWebKit/537.36 (KHTML, like Gecko; compatible; GPTBot/1.2; +https://openai.com/gptbot)"
52.22.87.224 - - [20/Apr/2025:07:58:56 -0500] "GET /category/marketing/?fileloc=//lib/systemd/system/system-update.target&path=//lib/systemd/system HTTP/1.1" 200 4030 "-" "Mozilla/5.0 AppleWebKit/537.36 (KHTML, like Gecko; compatible; Amazonbot/0.1; +https://developer.amazon.com/support/amazonbot) Chrome/119.0.6045.214 Safari/537.36"
20.171.207.75 - - [20/Apr/2025:07:58:56 -0500] "GET /blog/?path=%2Fhome%2Fcorals%2Fdceprojects.corals.io%2Fnode_modules%2Fbootstrap%2Fdist HTTP/1.1" 200 5595 "-" "Mozilla/5.0 AppleWebKit/537.36 (KHTML, like Gecko; compatible; GPTBot/1.2; +https://openai.com/gptbot)"
20.171.207.75 - - [20/Apr/2025:07:58:57 -0500] "GET /blog/?path=%2Fhome%2Fcorals%2Fdceprojects.corals.io%2Fnode_modules%2Fparseurl HTTP/1.1" 200 8406 "-" "Mozilla/5.0 AppleWebKit/537.36 (KHTML, like Gecko; compatible; GPTBot/1.2; +https://openai.com/gptbot)"
66.249.79.132 - - [20/Apr/2025:07:58:58 -0500] "GET /shopdetail/20298219952 HTTP/1.1" 200 132283 "-" "Mozilla/5.0 (Linux; Android 6.0.1; Nexus 5X Build/MMB29P) AppleWebKit/537.36 (KHTML, like Gecko) Chrome/135.0.7049.95 Mobile Safari/537.36 (compatible; GoogleOther)"
20.171.207.75 - - [20/Apr/2025:07:58:58 -0500] "GET /blog/?path=%2Fhome%2Fcorals%2Fdceprojects.corals.io%2Fnode_modules%2Fis-descriptor HTTP/1.1" 200 7593 "-" "Mozilla/5.0 AppleWebKit/537.36 (KHTML, like Gecko; compatible; GPTBot/1.2; +https://openai.com/gptbot)"
20.171.207.75 - - [20/Apr/2025:07:59:00 -0500] "GET /blog/?path=%2Fhome%2Fcorals%2Fdceprojects.corals.io%2Fnode_modules%2Fno-case HTTP/1.1" 200 9192 "-" "Mozilla/5.0 AppleWebKit/537.36 (KHTML, like Gecko; compatible; GPTBot/1.2; +https://openai.com/gptbot)"
34.227.234.246 - - [20/Apr/2025:07:59:00 -0500] "GET /category/inventory-management/?fileloc=//lib/kbd/consoletrans/cp861_to_uni.trans&path=//lib/kbd/consoletrans HTTP/1.1" 200 12967 "-" "Mozilla/5.0 AppleWebKit/537.36 (KHTML, like Gecko; compatible; Amazonbot/0.1; +https://developer.amazon.com/support/amazonbot) Chrome/119.0.6045.214 Safari/537.36"
20.171.207.75 - - [20/Apr/2025:07:59:01 -0500] "GET /blog/?path=%2Fhome%2Fcorals%2Fdceprojects.corals.io%2Fnode_modules%2Fdomutils%2Ftest HTTP/1.1" 200 6638 "-" "Mozilla/5.0 AppleWebKit/537.36 (KHTML, like Gecko; compatible; GPTBot/1.2; +https://openai.com/gptbot)"
20.171.207.75 - - [20/Apr/2025:07:59:02 -0500] "GET /blog/?path=%2Fhome%2Fcorals%2Fdceprojects.corals.io%2Fnode_modules%2Frecast%2Flib HTTP/1.1" 200 13081 "-" "Mozilla/5.0 AppleWebKit/537.36 (KHTML, like Gecko; compatible; GPTBot/1.2; +https://openai.com/gptbot)"
20.171.207.75 - - [20/Apr/2025:07:59:03 -0500] "GET /blog/?path=%2Fhome%2Fcorals%2Fdceprojects.corals.io%2Fnode_modules%2Fsupports-color HTTP/1.1" 200 8538 "-" "Mozilla/5.0 AppleWebKit/537.36 (KHTML, like Gecko; compatible; GPTBot/1.2; +https://openai.com/gptbot)"
3.216.13.10 - - [20/Apr/2025:07:59:04 -0500] "GET /category/inventory-management/?fileloc=//sys/module/debug_core/parameters/kgdb_use_con&path=//sys/module/debug_core/parameters HTTP/1.1" 200 3492 "-" "Mozilla/5.0 AppleWebKit/537.36 (KHTML, like Gecko; compatible; Amazonbot/0.1; +https://developer.amazon.com/support/amazonbot) Chrome/119.0.6045.214 Safari/537.36"
20.171.207.75 - - [20/Apr/2025:07:59:04 -0500] "GET /blog/?path=%2Fhome%2Fcorals%2Fdceprojects.corals.io%2Fnode_modules%2Fglobals HTTP/1.1" 200 8393 "-" "Mozilla/5.0 AppleWebKit/537.36 (KHTML, like Gecko; compatible; GPTBot/1.2; +https://openai.com/gptbot)"
20.171.207.75 - - [20/Apr/2025:07:59:05 -0500] "GET /blog/?path=%2Fhome%2Fcorals%2Fdceprojects.corals.io%2Fnode_modules%2Fhe HTTP/1.1" 200 8947 "-" "Mozilla/5.0 AppleWebKit/537.36 (KHTML, like Gecko; compatible; GPTBot/1.2; +https://openai.com/gptbot)"
20.171.207.75 - - [20/Apr/2025:07:59:07 -0500] "GET /blog/?path=%2Fhome%2Fcorals%2Fdceprojects.corals.io%2Fnode_modules%2Fret%2Flib HTTP/1.1" 200 8440 "-" "Mozilla/5.0 AppleWebKit/537.36 (KHTML, like Gecko; compatible; GPTBot/1.2; +https://openai.com/gptbot)"
50.16.72.185 - - [20/Apr/2025:07:59:08 -0500] "GET /category/inventory-management/?path=//home/corals/vreg/node_modules/regex-not HTTP/1.1" 200 7976 "-" "Mozilla/5.0 AppleWebKit/537.36 (KHTML, like Gecko; compatible; Amazonbot/0.1; +https://developer.amazon.com/support/amazonbot) Chrome/119.0.6045.214 Safari/537.36"
20.171.207.75 - - [20/Apr/2025:07:59:08 -0500] "GET /blog/?path=%2Fhome%2Fcorals%2Fdceprojects.corals.io%2Fnode_modules%2Fbootstrap%2Fdist%2Fjs HTTP/1.1" 200 11915 "-" "Mozilla/5.0 AppleWebKit/537.36 (KHTML, like Gecko; compatible; GPTBot/1.2; +https://openai.com/gptbot)"
20.171.207.75 - - [20/Apr/2025:07:59:09 -0500] "GET /blog/?path=%2Fhome%2Fcorals%2Fdceprojects.corals.io%2Fnode_modules%2Fbootstrap%2Fdist%2Fcss HTTP/1.1" 200 15946 "-" "Mozilla/5.0 AppleWebKit/537.36 (KHTML, like Gecko; compatible; GPTBot/1.2; +https://openai.com/gptbot)"
20.171.207.75 - - [20/Apr/2025:07:59:10 -0500] "GET /blog/?path=%2Fhome%2Fcorals%2Fdceprojects.corals.io%2Fnode_modules%2Ftimsort HTTP/1.1" 200 9962 "-" "Mozilla/5.0 AppleWebKit/537.36 (KHTML, like Gecko; compatible; GPTBot/1.2; +https://openai.com/gptbot)"
20.171.207.75 - - [20/Apr/2025:07:59:11 -0500] "GET /blog/?path=%2Fhome%2Fcorals%2Fdceprojects.corals.io%2Fnode_modules%2Fno-case%2Fvendor HTTP/1.1" 200 6913 "-" "Mozilla/5.0 AppleWebKit/537.36 (KHTML, like Gecko; compatible; GPTBot/1.2; +https://openai.com/gptbot)"
52.45.92.83 - - [20/Apr/2025:07:59:12 -0500] "GET /category/marketing/?path=//sys/devices/cpu/format HTTP/1.1" 200 7364 "-" "Mozilla/5.0 AppleWebKit/537.36 (KHTML, like Gecko; compatible; Amazonbot/0.1; +https://developer.amazon.com/support/amazonbot) Chrome/119.0.6045.214 Safari/537.36"
20.171.207.75 - - [20/Apr/2025:07:59:12 -0500] "GET /blog/?path=%2Fhome%2Fcorals%2Fdceprojects.corals.io%2Fnode_modules%2Fcamelcase HTTP/1.1" 200 8427 "-" "Mozilla/5.0 AppleWebKit/537.36 (KHTML, like Gecko; compatible; GPTBot/1.2; +https://openai.com/gptbot)"
20.171.207.75 - - [20/Apr/2025:07:59:14 -0500] "GET /blog/?path=%2Fhome%2Fcorals%2Fdceprojects.corals.io%2Fnode_modules%2Fatob HTTP/1.1" 200 11782 "-" "Mozilla/5.0 AppleWebKit/537.36 (KHTML, like Gecko; compatible; GPTBot/1.2; +https://openai.com/gptbot)"
20.171.207.75 - - [20/Apr/2025:07:59:15 -0500] "GET /blog/?path=%2Fhome%2Fcorals%2Fdceprojects.corals.io%2Fnode_modules%2Fesprima HTTP/1.1" 200 9069 "-" "Mozilla/5.0 AppleWebKit/537.36 (KHTML, like Gecko; compatible; GPTBot/1.2; +https://openai.com/gptbot)"
34.225.24.180 - - [20/Apr/2025:07:59:16 -0500] "GET /category/inventory-management/?path=//sys/class/input/mouse1/power HTTP/1.1" 200 7779 "-" "Mozilla/5.0 AppleWebKit/537.36 (KHTML, like Gecko; compatible; Amazonbot/0.1; +https://developer.amazon.com/support/amazonbot) Chrome/119.0.6045.214 Safari/537.36"
20.171.207.75 - - [20/Apr/2025:07:59:16 -0500] "GET /blog/?path=%2Fhome%2Fcorals%2Fdceprojects.corals.io%2Fnode_modules%2Fcommondir HTTP/1.1" 200 9137 "-" "Mozilla/5.0 AppleWebKit/537.36 (KHTML, like Gecko; compatible; GPTBot/1.2; +https://openai.com/gptbot)"
20.171.207.75 - - [20/Apr/2025:07:59:17 -0500] "GET /blog/?path=%2Fhome%2Fcorals%2Fdceprojects.corals.io%2Fnode_modules%2Fescalade%2Fsync HTTP/1.1" 200 6751 "-" "Mozilla/5.0 AppleWebKit/537.36 (KHTML, like Gecko; compatible; GPTBot/1.2; +https://openai.com/gptbot)"
20.171.207.75 - - [20/Apr/2025:07:59:18 -0500] "GET /blog/?path=%2Fhome%2Fcorals%2Fdceprojects.corals.io%2Fnode_modules%2Fpostcss-ordered-values HTTP/1.1" 200 7649 "-" "Mozilla/5.0 AppleWebKit/537.36 (KHTML, like Gecko; compatible; GPTBot/1.2; +https://openai.com/gptbot)"
20.171.207.75 - - [20/Apr/2025:07:59:19 -0500] "GET /blog/?path=%2Fhome%2Fcorals%2Fdceprojects.corals.io%2Fnode_modules%2Fjson-parse-better-errors HTTP/1.1" 200 8778 "-" "Mozilla/5.0 AppleWebKit/537.36 (KHTML, like Gecko; compatible; GPTBot/1.2; +https://openai.com/gptbot)"
34.203.111.15 - - [20/Apr/2025:07:59:20 -0500] "GET /category/inventory-management/?fileloc=//lib/firewalld/services/dns-over-tls.xml&path=//lib/firewalld/services HTTP/1.1" 200 3829 "-" "Mozilla/5.0 AppleWebKit/537.36 (KHTML, like Gecko; compatible; Amazonbot/0.1; +https://developer.amazon.com/support/amazonbot) Chrome/119.0.6045.214 Safari/537.36"
20.171.207.75 - - [20/Apr/2025:07:59:21 -0500] "GET /blog/?path=%2Fhome%2Fcorals%2Fdceprojects.corals.io%2Fnode_modules%2Ferror-stack-parser HTTP/1.1" 200 10498 "-" "Mozilla/5.0 AppleWebKit/537.36 (KHTML, like Gecko; compatible; GPTBot/1.2; +https://openai.com/gptbot)"
20.171.207.75 - - [20/Apr/2025:07:59:22 -0500] "GET /blog/?path=%2Fhome%2Fcorals%2Fdceprojects.corals.io%2Fnode_modules%2Fcss-declaration-sorter HTTP/1.1" 200 9444 "-" "Mozilla/5.0 AppleWebKit/537.36 (KHTML, like Gecko; compatible; GPTBot/1.2; +https://openai.com/gptbot)"
20.171.207.75 - - [20/Apr/2025:07:59:23 -0500] "GET /blog/?path=%2Fhome%2Fcorals%2Fdceprojects.corals.io%2Fnode_modules%2Ftimsort%2Fbuild HTTP/1.1" 200 5856 "-" "Mozilla/5.0 AppleWebKit/537.36 (KHTML, like Gecko; compatible; GPTBot/1.2; +https://openai.com/gptbot)"
52.71.203.206 - - [20/Apr/2025:07:59:24 -0500] "GET /category/marketing/?fileloc=//lib/firmware/brcm/brcmfmac43455-sdio.beagle,am5729-beagleboneai.txt&path=//lib/firmware/brcm HTTP/1.1" 200 4915 "-" "Mozilla/5.0 AppleWebKit/537.36 (KHTML, like Gecko; compatible; Amazonbot/0.1; +https://developer.amazon.com/support/amazonbot) Chrome/119.0.6045.214 Safari/537.36"
20.171.207.75 - - [20/Apr/2025:07:59:24 -0500] "GET /blog/?path=%2Fhome%2Fcorals%2Fdceprojects.corals.io%2Fnode_modules%2Ftimsort%2Fsrc HTTP/1.1" 200 4905 "-" "Mozilla/5.0 AppleWebKit/537.36 (KHTML, like Gecko; compatible; GPTBot/1.2; +https://openai.com/gptbot)"
20.171.207.75 - - [20/Apr/2025:07:59:25 -0500] "GET /blog/?path=%2Fhome%2Fcorals%2Fdceprojects.corals.io%2Fnode_modules%2Fatob%2Fbin HTTP/1.1" 200 4871 "-" "Mozilla/5.0 AppleWebKit/537.36 (KHTML, like Gecko; compatible; GPTBot/1.2; +https://openai.com/gptbot)"
20.171.207.75 - - [20/Apr/2025:07:59:26 -0500] "GET /blog/?path=%2Fhome%2Fcorals%2Fdceprojects.corals.io%2Fnode_modules%2Fcss-select-base-adapter HTTP/1.1" 200 9584 "-" "Mozilla/5.0 AppleWebKit/537.36 (KHTML, like Gecko; compatible; GPTBot/1.2; +https://openai.com/gptbot)"
20.171.207.75 - - [20/Apr/2025:07:59:28 -0500] "GET /blog/?path=%2Fhome%2Fcorals%2Fdceprojects.corals.io%2Fnode_modules%2Fesprima%2Fbin HTTP/1.1" 200 5831 "-" "Mozilla/5.0 AppleWebKit/537.36 (KHTML, like Gecko; compatible; GPTBot/1.2; +https://openai.com/gptbot)"
52.2.83.227 - - [20/Apr/2025:07:59:28 -0500] "GET /category/marketing/?fileloc=//lib/systemd/system/dnf-makecache.timer&path=//lib/systemd/system HTTP/1.1" 200 3732 "-" "Mozilla/5.0 AppleWebKit/537.36 (KHTML, like Gecko; compatible; Amazonbot/0.1; +https://developer.amazon.com/support/amazonbot) Chrome/119.0.6045.214 Safari/537.36"
20.171.207.75 - - [20/Apr/2025:07:59:29 -0500] "GET /blog/?path=%2Fhome%2Fcorals%2Fdceprojects.corals.io%2Fnode_modules%2Fcommondir%2Ftest HTTP/1.1" 200 4912 "-" "Mozilla/5.0 AppleWebKit/537.36 (KHTML, like Gecko; compatible; GPTBot/1.2; +https://openai.com/gptbot)"
20.171.207.75 - - [20/Apr/2025:07:59:30 -0500] "GET /blog/?path=%2Fhome%2Fcorals%2Fdceprojects.corals.io%2Fnode_modules%2Fpostcss-ordered-values%2Fdist HTTP/1.1" 200 6695 "-" "Mozilla/5.0 AppleWebKit/537.36 (KHTML, like Gecko; compatible; GPTBot/1.2; +https://openai.com/gptbot)"
20.171.207.75 - - [20/Apr/2025:07:59:31 -0500] "GET /blog/?path=%2Fhome%2Fcorals%2Fdceprojects.corals.io%2Fnode_modules%2Fesprima%2Fdist HTTP/1.1" 200 4912 "-" "Mozilla/5.0 AppleWebKit/537.36 (KHTML, like Gecko; compatible; GPTBot/1.2; +https://openai.com/gptbot)"
54.221.203.24 - - [20/Apr/2025:07:59:32 -0500] "GET /category/inventory-management/?fileloc=//sys/kernel/slab/anon_vma/total_objects&path=//sys/kernel/slab/anon_vma HTTP/1.1" 200 3461 "-" "Mozilla/5.0 AppleWebKit/537.36 (KHTML, like Gecko; compatible; Amazonbot/0.1; +https://developer.amazon.com/support/amazonbot) Chrome/119.0.6045.214 Safari/537.36"
20.171.207.75 - - [20/Apr/2025:07:59:32 -0500] "GET /blog/?path=%2Fhome%2Fcorals%2Fdceprojects.corals.io%2Fnode_modules%2Ferror-stack-parser%2Fdist HTTP/1.1" 200 8129 "-" "Mozilla/5.0 AppleWebKit/537.36 (KHTML, like Gecko; compatible; GPTBot/1.2; +https://openai.com/gptbot)"
20.171.207.75 - - [20/Apr/2025:07:59:33 -0500] "GET /blog/?path=%2Fhome%2Fcorals%2Fdceprojects.corals.io%2Fnode_modules%2Fcss-declaration-sorter%2Forders HTTP/1.1" 200 7045 "-" "Mozilla/5.0 AppleWebKit/537.36 (KHTML, like Gecko; compatible; GPTBot/1.2; +https://openai.com/gptbot)"
20.171.207.75 - - [20/Apr/2025:07:59:34 -0500] "GET /blog/?path=%2Fhome%2Fcorals%2Fdceprojects.corals.io%2Fnode_modules%2Fcss-declaration-sorter%2Fsrc HTTP/1.1" 200 5001 "-" "Mozilla/5.0 AppleWebKit/537.36 (KHTML, like Gecko; compatible; GPTBot/1.2; +https://openai.com/gptbot)"
20.171.207.75 - - [20/Apr/2025:07:59:36 -0500] "GET /blog/?path=%2Fhome%2Fcorals%2Fdceprojects.corals.io%2Fnode_modules%2Farray.prototype.reduce HTTP/1.1" 200 16263 "-" "Mozilla/5.0 AppleWebKit/537.36 (KHTML, like Gecko; compatible; GPTBot/1.2; +https://openai.com/gptbot)"
107.20.224.184 - - [20/Apr/2025:07:59:36 -0500] "GET /category/inventory-management/?fileloc=//sys/kernel/slab/jbd2_1k/poison&path=//sys/kernel/slab/jbd2_1k HTTP/1.1" 200 3451 "-" "Mozilla/5.0 AppleWebKit/537.36 (KHTML, like Gecko; compatible; Amazonbot/0.1; +https://developer.amazon.com/support/amazonbot) Chrome/119.0.6045.214 Safari/537.36"
20.171.207.75 - - [20/Apr/2025:07:59:37 -0500] "GET /blog/?path=%2Fhome%2Fcorals%2Fdceprojects.corals.io%2Fnode_modules%2Fis-accessor-descriptor HTTP/1.1" 200 7755 "-" "Mozilla/5.0 AppleWebKit/537.36 (KHTML, like Gecko; compatible; GPTBot/1.2; +https://openai.com/gptbot)"
20.171.207.75 - - [20/Apr/2025:07:59:38 -0500] "GET /blog/?path=%2Fhome%2Fcorals%2Fdceprojects.corals.io%2Fnode_modules%2Fcss-select-base-adapter%2Ftest HTTP/1.1" 200 6996 "-" "Mozilla/5.0 AppleWebKit/537.36 (KHTML, like Gecko; compatible; GPTBot/1.2; +https://openai.com/gptbot)"
20.171.207.75 - - [20/Apr/2025:07:59:39 -0500] "GET /blog/?path=%2Fhome%2Fcorals%2Fdceprojects.corals.io%2Fnode_modules%2Fpostcss-merge-rules HTTP/1.1" 200 8450 "-" "Mozilla/5.0 AppleWebKit/537.36 (KHTML, like Gecko; compatible; GPTBot/1.2; +https://openai.com/gptbot)"
44.194.139.149 - - [20/Apr/2025:07:59:40 -0500] "GET /category/inventory-management/?path=//sys/bus/serio/drivers/psmouse HTTP/1.1" 200 9073 "-" "Mozilla/5.0 AppleWebKit/537.36 (KHTML, like Gecko; compatible; Amazonbot/0.1; +https://developer.amazon.com/support/amazonbot) Chrome/119.0.6045.214 Safari/537.36"
20.171.207.75 - - [20/Apr/2025:07:59:40 -0500] "GET /blog/?path=%2Fhome%2Fcorals%2Fdceprojects.corals.io%2F.git%2Fobjects HTTP/1.1" 200 195657 "-" "Mozilla/5.0 AppleWebKit/537.36 (KHTML, like Gecko; compatible; GPTBot/1.2; +https://openai.com/gptbot)"
20.171.207.75 - - [20/Apr/2025:07:59:41 -0500] "GET /blog/?path=%2Fhome%2Fcorals%2Fdceprojects.corals.io%2Fnode_modules%2Fpostcss-ordered-values%2Fdist%2Frules HTTP/1.1" 200 9187 "-" "Mozilla/5.0 AppleWebKit/537.36 (KHTML, like Gecko; compatible; GPTBot/1.2; +https://openai.com/gptbot)"
20.171.207.75 - - [20/Apr/2025:07:59:43 -0500] "GET /blog/?path=%2Fhome%2Fcorals%2Fdceprojects.corals.io%2Fnode_modules%2Freadable-stream HTTP/1.1" 200 18717 "-" "Mozilla/5.0 AppleWebKit/537.36 (KHTML, like Gecko; compatible; GPTBot/1.2; +https://openai.com/gptbot)"
100.29.155.89 - - [20/Apr/2025:07:59:44 -0500] "GET /category/inventory-management/?fileloc=//sys/module/uv_nmi/parameters/retry_count&path=//sys/module/uv_nmi/parameters HTTP/1.1" 200 3477 "-" "Mozilla/5.0 AppleWebKit/537.36 (KHTML, like Gecko; compatible; Amazonbot/0.1; +https://developer.amazon.com/support/amazonbot) Chrome/119.0.6045.214 Safari/537.36"
20.171.207.75 - - [20/Apr/2025:07:59:44 -0500] "GET /blog/?path=%2Fhome%2Fcorals%2Fdceprojects.corals.io%2Fnode_modules%2Flodash.debounce HTTP/1.1" 200 7630 "-" "Mozilla/5.0 AppleWebKit/537.36 (KHTML, like Gecko; compatible; GPTBot/1.2; +https://openai.com/gptbot)"
20.171.207.75 - - [20/Apr/2025:07:59:45 -0500] "GET /blog/?path=%2Fhome%2Fcorals%2Fdceprojects.corals.io%2Fnode_modules%2Fcaller-callsite HTTP/1.1" 200 7629 "-" "Mozilla/5.0 AppleWebKit/537.36 (KHTML, like Gecko; compatible; GPTBot/1.2; +https://openai.com/gptbot)"
66.249.79.36 - - [20/Apr/2025:07:59:46 -0500] "GET /hidey.php?shopdetail/78763341966 HTTP/1.1" 200 113492 "-" "Mozilla/5.0 (Linux; Android 6.0.1; Nexus 5X Build/MMB29P) AppleWebKit/537.36 (KHTML, like Gecko) Chrome/135.0.7049.95 Mobile Safari/537.36 (compatible; Googlebot/2.1; +http://www.google.com/bot.html)"
20.171.207.75 - - [20/Apr/2025:07:59:46 -0500] "GET /blog/?path=%2Fhome%2Fcorals%2Fdceprojects.corals.io%2Fnode_modules%2Fpostcss-colormin HTTP/1.1" 200 8390 "-" "Mozilla/5.0 AppleWebKit/537.36 (KHTML, like Gecko; compatible; GPTBot/1.2; +https://openai.com/gptbot)"
20.171.207.75 - - [20/Apr/2025:07:59:47 -0500] "GET /blog/?path=%2Fhome%2Fcorals%2Fdceprojects.corals.io%2Fnode_modules%2Farray.prototype.reduce%2Ftest HTTP/1.1" 200 7964 "-" "Mozilla/5.0 AppleWebKit/537.36 (KHTML, like Gecko; compatible; GPTBot/1.2; +https://openai.com/gptbot)"
44.215.210.112 - - [20/Apr/2025:07:59:48 -0500] "GET /category/inventory-management/?fileloc=//sys/kernel/slab/anon_vma_chain/objects_partial&path=//sys/kernel/slab/anon_vma_chain HTTP/1.1" 200 3481 "-" "Mozilla/5.0 AppleWebKit/537.36 (KHTML, like Gecko; compatible; Amazonbot/0.1; +https://developer.amazon.com/support/amazonbot) Chrome/119.0.6045.214 Safari/537.36"
20.171.207.75 - - [20/Apr/2025:07:59:48 -0500] "GET /blog/?path=%2Fhome%2Fcorals%2Fdceprojects.corals.io%2Fnode_modules%2Fresolve%2Ftest%2Fresolver%2Fsame_names%2Ffoo HTTP/1.1" 200 5317 "-" "Mozilla/5.0 AppleWebKit/537.36 (KHTML, like Gecko; compatible; GPTBot/1.2; +https://openai.com/gptbot)"
20.171.207.75 - - [20/Apr/2025:07:59:50 -0500] "GET /blog/?path=%2Fhome%2Fcorals%2Fdceprojects.corals.io%2Fnode_modules%2Fimport-local%2Ffixtures HTTP/1.1" 200 4953 "-" "Mozilla/5.0 AppleWebKit/537.36 (KHTML, like Gecko; compatible; GPTBot/1.2; +https://openai.com/gptbot)"
20.171.207.75 - - [20/Apr/2025:07:59:51 -0500] "GET /blog/?path=%2Fhome%2Fcorals%2Fdceprojects.corals.io%2Fnode_modules%2Fpostcss-normalize-repeat-style HTTP/1.1" 200 7783 "-" "Mozilla/5.0 AppleWebKit/537.36 (KHTML, like Gecko; compatible; GPTBot/1.2; +https://openai.com/gptbot)"
54.243.63.52 - - [20/Apr/2025:07:59:52 -0500] "GET /category/marketing/?path=//lib/systemd/system/dbus.target.wants HTTP/1.1" 200 3787 "-" "Mozilla/5.0 AppleWebKit/537.36 (KHTML, like Gecko; compatible; Amazonbot/0.1; +https://developer.amazon.com/support/amazonbot) Chrome/119.0.6045.214 Safari/537.36"
20.171.207.75 - - [20/Apr/2025:07:59:52 -0500] "GET /blog/?path=%2Fhome%2Fcorals%2Fdceprojects.corals.io%2Fnode_modules%2Fresolve%2Ftest%2Fmodule_dir%2Fzmodules HTTP/1.1" 200 5059 "-" "Mozilla/5.0 AppleWebKit/537.36 (KHTML, like Gecko; compatible; GPTBot/1.2; +https://openai.com/gptbot)"
20.171.207.75 - - [20/Apr/2025:07:59:53 -0500] "GET /blog/?path=%2Fhome%2Fcorals%2Fdceprojects.corals.io%2F.git%2Fobjects%2F88 HTTP/1.1" 200 8775 "-" "Mozilla/5.0 AppleWebKit/537.36 (KHTML, like Gecko; compatible; GPTBot/1.2; +https://openai.com/gptbot)"
20.171.207.75 - - [20/Apr/2025:07:59:54 -0500] "GET /blog/?path=%2Fhome%2Fcorals%2Fdceprojects.corals.io%2F.git%2Fobjects%2F59 HTTP/1.1" 200 10702 "-" "Mozilla/5.0 AppleWebKit/537.36 (KHTML, like Gecko; compatible; GPTBot/1.2; +https://openai.com/gptbot)"
3.213.213.161 - - [20/Apr/2025:07:59:56 -0500] "GET /category/marketing/?path=//home/corals/old/app HTTP/1.1" 200 8108 "-" "Mozilla/5.0 AppleWebKit/537.36 (KHTML, like Gecko; compatible; Amazonbot/0.1; +https://developer.amazon.com/support/amazonbot) Chrome/119.0.6045.214 Safari/537.36"
20.171.207.75 - - [20/Apr/2025:07:59:56 -0500] "GET /blog/?path=%2Fhome%2Fcorals%2Fdceprojects.corals.io%2F.git%2Fobjects%2F45 HTTP/1.1" 200 4919 "-" "Mozilla/5.0 AppleWebKit/537.36 (KHTML, like Gecko; compatible; GPTBot/1.2; +https://openai.com/gptbot)"
20.171.207.75 - - [20/Apr/2025:07:59:57 -0500] "GET /blog/?path=%2Fhome%2Fcorals%2Fdceprojects.corals.io%2Fnode_modules%2Freadable-stream%2Fdoc HTTP/1.1" 200 4861 "-" "Mozilla/5.0 AppleWebKit/537.36 (KHTML, like Gecko; compatible; GPTBot/1.2; +https://openai.com/gptbot)"
20.171.207.75 - - [20/Apr/2025:07:59:58 -0500] "GET /blog/?path=%2Fhome%2Fcorals%2Fdceprojects.corals.io%2Fnode_modules%2Fpostcss-colormin%2Fdist HTTP/1.1" 200 7709 "-" "Mozilla/5.0 AppleWebKit/537.36 (KHTML, like Gecko; compatible; GPTBot/1.2; +https://openai.com/gptbot)"
20.171.207.75 - - [20/Apr/2025:07:59:59 -0500] "GET /blog/?path=%2Fhome%2Fcorals%2Fdceprojects.corals.io%2Fnode_modules%2Freadable-stream%2Flib HTTP/1.1" 200 9773 "-" "Mozilla/5.0 AppleWebKit/537.36 (KHTML, like Gecko; compatible; GPTBot/1.2; +https://openai.com/gptbot)"
18.211.148.239 - - [20/Apr/2025:08:00:00 -0500] "GET /category/inventory-management/?fileloc=//usr/lib/firmware/advansys/38C1600.bin&path=//usr/lib/firmware/advansys HTTP/1.1" 200 3460 "-" "Mozilla/5.0 AppleWebKit/537.36 (KHTML, like Gecko; compatible; Amazonbot/0.1; +https://developer.amazon.com/support/amazonbot) Chrome/119.0.6045.214 Safari/537.36"
20.171.207.75 - - [20/Apr/2025:08:00:00 -0500] "GET /blog/?path=%2Fhome%2Fcorals%2Fdceprojects.corals.io%2Fnode_modules%2Fresolve%2Ftest%2Fmodule_dir%2Fxmodules HTTP/1.1" 200 5059 "-" "Mozilla/5.0 AppleWebKit/537.36 (KHTML, like Gecko; compatible; GPTBot/1.2; +https://openai.com/gptbot)"
20.171.207.75 - - [20/Apr/2025:08:00:01 -0500] "GET /blog/?path=%2Fhome%2Fcorals%2Fdceprojects.corals.io%2Fnode_modules%2Fresolve%2Ftest%2Fmodule_dir%2Fymodules HTTP/1.1" 200 5059 "-" "Mozilla/5.0 AppleWebKit/537.36 (KHTML, like Gecko; compatible; GPTBot/1.2; +https://openai.com/gptbot)"
20.171.207.75 - - [20/Apr/2025:08:00:02 -0500] "GET /blog/?path=%2Fhome%2Fcorals%2Fdceprojects.corals.io%2Fnode_modules%2Fpostcss-normalize-repeat-style%2Fdist HTTP/1.1" 200 5927 "-" "Mozilla/5.0 AppleWebKit/537.36 (KHTML, like Gecko; compatible; GPTBot/1.2; +https://openai.com/gptbot)"
20.171.207.75 - - [20/Apr/2025:08:00:04 -0500] "GET /blog/?path=%2Fhome%2Fcorals%2Fdceprojects.corals.io%2Fnode_modules%2Fportfinder HTTP/1.1" 200 8249 "-" "Mozilla/5.0 AppleWebKit/537.36 (KHTML, like Gecko; compatible; GPTBot/1.2; +https://openai.com/gptbot)"
107.20.224.184 - - [20/Apr/2025:08:00:04 -0500] "GET /category/marketing/?path=//lib/firmware/ar3k/1020200 HTTP/1.1" 200 6074 "-" "Mozilla/5.0 AppleWebKit/537.36 (KHTML, like Gecko; compatible; Amazonbot/0.1; +https://developer.amazon.com/support/amazonbot) Chrome/119.0.6045.214 Safari/537.36"
20.171.207.75 - - [20/Apr/2025:08:00:05 -0500] "GET /blog/?path=%2Fhome%2Fcorals%2Fdceprojects.corals.io%2Fnode_modules%2Frandombytes HTTP/1.1" 200 11204 "-" "Mozilla/5.0 AppleWebKit/537.36 (KHTML, like Gecko; compatible; GPTBot/1.2; +https://openai.com/gptbot)"
20.171.207.75 - - [20/Apr/2025:08:00:06 -0500] "GET /blog/?path=%2Fhome%2Fcorals%2Fdceprojects.corals.io%2Fnode_modules%2Fcosmiconfig HTTP/1.1" 200 9198 "-" "Mozilla/5.0 AppleWebKit/537.36 (KHTML, like Gecko; compatible; GPTBot/1.2; +https://openai.com/gptbot)"
20.171.207.75 - - [20/Apr/2025:08:00:07 -0500] "GET /blog/?path=%2Fhome%2Fcorals%2Fdceprojects.corals.io%2Fnode_modules%2Fselfsigned HTTP/1.1" 200 9239 "-" "Mozilla/5.0 AppleWebKit/537.36 (KHTML, like Gecko; compatible; GPTBot/1.2; +https://openai.com/gptbot)"
