20.171.207.75 - - [20/Apr/2025:07:40:39 -0500] "GET /blog/?path=%2Fhome%2Fcorals%2Fjob-board.corals.io%2FCorals%2Fmodules%2FPayment%2FSecurionPay%2Fupdate-batches HTTP/1.1" 200 6211 "-" "Mozilla/5.0 AppleWebKit/537.36 (KHTML, like Gecko; compatible; GPTBot/1.2; +https://openai.com/gptbot)"
52.203.237.170 - - [20/Apr/2025:07:40:40 -0500] "GET /category/inventory-management/?fileloc=//sys/kernel/slab/kmalloc-512/alloc_calls&path=//sys/kernel/slab/kmalloc-512 HTTP/1.1" 200 3468 "-" "Mozilla/5.0 AppleWebKit/537.36 (KHTML, like Gecko; compatible; Amazonbot/0.1; +https://developer.amazon.com/support/amazonbot) Chrome/119.0.6045.214 Safari/537.36"
20.171.207.75 - - [20/Apr/2025:07:40:41 -0500] "GET /blog/?path=%2Fhome%2Fcorals%2Fjob-board.corals.io%2FCorals%2Fmodules%2FPayment%2FSecurionPay%2FException HTTP/1.1" 200 5230 "-" "Mozilla/5.0 AppleWebKit/537.36 (KHTML, like Gecko; compatible; GPTBot/1.2; +https://openai.com/gptbot)"
20.171.207.75 - - [20/Apr/2025:07:40:42 -0500] "GET /blog/?path=%2Fhome%2Fcorals%2Fjob-board.corals.io%2FCorals%2Fmodules%2FPayment%2FSecurionPay%2FMessage HTTP/1.1" 200 55468 "-" "Mozilla/5.0 AppleWebKit/537.36 (KHTML, like Gecko; compatible; GPTBot/1.2; +https://openai.com/gptbot)"
20.171.207.75 - - [20/Apr/2025:07:40:43 -0500] "GET /blog/?path=%2Fhome%2Fcorals%2Fjob-board.corals.io%2FCorals%2Fmodules%2FPayment%2FSecurionPay%2FProviders HTTP/1.1" 200 7400 "-" "Mozilla/5.0 AppleWebKit/537.36 (KHTML, like Gecko; compatible; GPTBot/1.2; +https://openai.com/gptbot)"
44.221.105.234 - - [20/Apr/2025:07:40:44 -0500] "GET /category/marketing/?fileloc=//lib/firmware/qca/hpnv21g.ba3&path=//lib/firmware/qca HTTP/1.1" 200 3399 "-" "Mozilla/5.0 AppleWebKit/537.36 (KHTML, like Gecko; compatible; Amazonbot/0.1; +https://developer.amazon.com/support/amazonbot) Chrome/119.0.6045.214 Safari/537.36"
20.171.207.75 - - [20/Apr/2025:07:40:44 -0500] "GET /blog/?path=%2Fhome%2Fcorals%2Fcartforge.co%2Fpub%2Fstatic%2Ffrontend%2FSmartwave%2Fporto%2Fen_US%2FMagento_Weee%2Fjs%2Fview%2Fcart%2Ftotals HTTP/1.1" 200 5832 "-" "Mozilla/5.0 AppleWebKit/537.36 (KHTML, like Gecko; compatible; GPTBot/1.2; +https://openai.com/gptbot)"
20.171.207.75 - - [20/Apr/2025:07:40:45 -0500] "GET /blog/?path=%2Fhome%2Fcorals%2Fcartforge.co%2Fpub%2Fstatic%2Ffrontend%2FSmartwave%2Fporto_rtl%2Fen_US%2FMagento_Weee%2Fjs%2Fview%2Fcart%2Ftotals HTTP/1.1" 200 5880 "-" "Mozilla/5.0 AppleWebKit/537.36 (KHTML, like Gecko; compatible; GPTBot/1.2; +https://openai.com/gptbot)"
20.171.207.75 - - [20/Apr/2025:07:40:46 -0500] "GET /blog/?path=%2Fhome%2Fcorals%2Fcartforge.co%2Fpub%2Fstatic%2Ffrontend%2FSmartwave%2Fporto_rtl%2Fen_US%2FMagento_Checkout%2Ftemplate%2Fsummary%2Fitem%2Fdetails HTTP/1.1" 200 8354 "-" "Mozilla/5.0 AppleWebKit/537.36 (KHTML, like Gecko; compatible; GPTBot/1.2; +https://openai.com/gptbot)"
98.84.184.80 - - [20/Apr/2025:07:40:48 -0500] "GET /category/inventory-management/?fileloc=//home/corals/public_html/wp-includes/class-wp-navigation-fallback.php&path=//home/corals/public_html/wp-includes HTTP/1.1" 200 12842 "-" "Mozilla/5.0 AppleWebKit/537.36 (KHTML, like Gecko; compatible; Amazonbot/0.1; +https://developer.amazon.com/support/amazonbot) Chrome/119.0.6045.214 Safari/537.36"
20.171.207.75 - - [20/Apr/2025:07:40:48 -0500] "GET /blog/?path=%2Fhome%2Fcorals%2Fcartforge.co%2Fvar%2Fview_preprocessed%2Fpub%2Fstatic%2Ffrontend%2FSmartwave%2Fporto_child%2Fen_US%2FMagento_Rma%2Fcss%2Fsource HTTP/1.1" 200 7208 "-" "Mozilla/5.0 AppleWebKit/537.36 (KHTML, like Gecko; compatible; GPTBot/1.2; +https://openai.com/gptbot)"
20.171.207.75 - - [20/Apr/2025:07:40:49 -0500] "GET /blog/?path=%2Fhome%2Fcorals%2Fjob-board.corals.io%2FCorals%2Fmodules%2FPayment%2FSecurionPay%2Fresources%2Flang HTTP/1.1" 200 6862 "-" "Mozilla/5.0 AppleWebKit/537.36 (KHTML, like Gecko; compatible; GPTBot/1.2; +https://openai.com/gptbot)"
20.171.207.75 - - [20/Apr/2025:07:40:50 -0500] "GET /blog/?path=%2Fhome%2Fcorals%2Fjob-board.corals.io%2FCorals%2Fmodules%2FPayment%2FSecurionPay%2Fresources%2Fviews HTTP/1.1" 200 6355 "-" "Mozilla/5.0 AppleWebKit/537.36 (KHTML, like Gecko; compatible; GPTBot/1.2; +https://openai.com/gptbot)"
20.171.207.75 - - [20/Apr/2025:07:40:51 -0500] "GET /blog/?path=%2Fhome%2Fcorals%2Fcartforge.co%2Fpub%2Fstatic%2Ffrontend%2FSmartwave%2Fporto_child%2Fen_US%2FMagento_Ui%2Ftemplates%2Fgrid%2Fcontrols%2Fbookmarks HTTP/1.1" 200 7167 "-" "Mozilla/5.0 AppleWebKit/537.36 (KHTML, like Gecko; compatible; GPTBot/1.2; +https://openai.com/gptbot)"
98.83.178.66 - - [20/Apr/2025:07:40:52 -0500] "GET /category/marketing/?fileloc=//lib/firmware/intel/ibt-hw-37.7.10-fw-1.0.2.3.d.bseq&path=//lib/firmware/intel HTTP/1.1" 200 3426 "-" "Mozilla/5.0 AppleWebKit/537.36 (KHTML, like Gecko; compatible; Amazonbot/0.1; +https://developer.amazon.com/support/amazonbot) Chrome/119.0.6045.214 Safari/537.36"
20.171.207.75 - - [20/Apr/2025:07:40:52 -0500] "GET /blog/?path=%2Fhome%2Fcorals%2Fcartforge.co%2Fvar%2Fview_preprocessed%2Fpub%2Fstatic%2Fapp%2Fdesign%2Ffrontend%2FSmartwave%2Fporto%2FMSP_ReCaptcha%2Ftemplates HTTP/1.1" 200 6079 "-" "Mozilla/5.0 AppleWebKit/537.36 (KHTML, like Gecko; compatible; GPTBot/1.2; +https://openai.com/gptbot)"
20.171.207.75 - - [20/Apr/2025:07:40:53 -0500] "GET /blog/?path=%2Fhome%2Fcorals%2Fjob-board.corals.io%2FCorals%2Fmodules%2FPayment%2FSecurionPay%2FMessage%2FTransfers HTTP/1.1" 200 13027 "-" "Mozilla/5.0 AppleWebKit/537.36 (KHTML, like Gecko; compatible; GPTBot/1.2; +https://openai.com/gptbot)"
20.171.207.75 - - [20/Apr/2025:07:40:55 -0500] "GET /blog/?path=%2Fhome%2Fcorals%2Fcartforge.co%2Fvar%2Fview_preprocessed%2Fpub%2Fstatic%2Ffrontend%2FSmartwave%2Fporto_rtl%2Fen_US%2FMagento_Bundle%2Fcss%2Fsource HTTP/1.1" 200 7216 "-" "Mozilla/5.0 AppleWebKit/537.36 (KHTML, like Gecko; compatible; GPTBot/1.2; +https://openai.com/gptbot)"
100.29.164.178 - - [20/Apr/2025:07:40:56 -0500] "GET /category/inventory-management/?fileloc=//sys/kernel/slab/kmalloc-cg-32/objects&path=//sys/kernel/slab/kmalloc-cg-32 HTTP/1.1" 200 3470 "-" "Mozilla/5.0 AppleWebKit/537.36 (KHTML, like Gecko; compatible; Amazonbot/0.1; +https://developer.amazon.com/support/amazonbot) Chrome/119.0.6045.214 Safari/537.36"
20.171.207.75 - - [20/Apr/2025:07:40:56 -0500] "GET /blog/?path=%2Fhome%2Fcorals%2Fcartforge.co%2Fvar%2Fview_preprocessed%2Fpub%2Fstatic%2Ffrontend%2FMagento%2Fluma%2Fen_US%2FAmasty_Label%2Fcss%2Fsource%2Fmodule HTTP/1.1" 200 9455 "-" "Mozilla/5.0 AppleWebKit/537.36 (KHTML, like Gecko; compatible; GPTBot/1.2; +https://openai.com/gptbot)"
20.171.207.75 - - [20/Apr/2025:07:40:57 -0500] "GET /blog/?path=%2Fhome%2Fcorals%2Fcartforge.co%2Fpub%2Fstatic%2Ffrontend%2FSmartwave%2Fporto_rtl%2Fen_US%2FMagento_Tax%2Ftemplate%2Fcheckout%2Fminicart%2Fsubtotal HTTP/1.1" 200 6012 "-" "Mozilla/5.0 AppleWebKit/537.36 (KHTML, like Gecko; compatible; GPTBot/1.2; +https://openai.com/gptbot)"
20.171.207.75 - - [20/Apr/2025:07:40:58 -0500] "GET /blog/?path=%2Fhome%2Fcorals%2Fcartforge.co%2Fvar%2Fview_preprocessed%2Fpub%2Fstatic%2Ffrontend%2FMagento%2Fluma%2Fen_US%2FAmasty_Base%2Fcss%2Fsource%2Fmodule HTTP/1.1" 200 7301 "-" "Mozilla/5.0 AppleWebKit/537.36 (KHTML, like Gecko; compatible; GPTBot/1.2; +https://openai.com/gptbot)"
20.171.207.75 - - [20/Apr/2025:07:40:59 -0500] "GET /blog/?fileloc=%2Fhome%2Fcorals%2Fmets.corals.io%2Fwp-content%2Fthemes%2Fmetras%2Fnode_modules%2Fpostcss-html%2FLICENSE&path=%2Fhome%2Fcorals%2Fmets.corals.io%2Fwp-content%2Fthemes%2Fmetras%2Fnode_modules%2Fpostcss-html HTTP/1.1" 200 4991 "-" "Mozilla/5.0 AppleWebKit/537.36 (KHTML, like Gecko; compatible; GPTBot/1.2; +https://openai.com/gptbot)"
44.194.134.53 - - [20/Apr/2025:07:41:00 -0500] "GET /category/inventory-management/?fileloc=//sys/module/pcspkr/sections/.rodata&path=//sys/module/pcspkr/sections HTTP/1.1" 200 3463 "-" "Mozilla/5.0 AppleWebKit/537.36 (KHTML, like Gecko; compatible; Amazonbot/0.1; +https://developer.amazon.com/support/amazonbot) Chrome/119.0.6045.214 Safari/537.36"
20.171.207.75 - - [20/Apr/2025:07:41:00 -0500] "GET /blog/?path=%2Fhome%2Fcorals%2Fjob-board.corals.io%2FCorals%2Fmodules%2FPayment%2FSecurionPay%2Fresources%2Flang%2Far HTTP/1.1" 200 7473 "-" "Mozilla/5.0 AppleWebKit/537.36 (KHTML, like Gecko; compatible; GPTBot/1.2; +https://openai.com/gptbot)"
20.171.207.75 - - [20/Apr/2025:07:41:02 -0500] "GET /blog/?path=%2Fhome%2Fcorals%2Fjob-board.corals.io%2FCorals%2Fmodules%2FPayment%2FSecurionPay%2Fresources%2Flang%2Fen HTTP/1.1" 200 7473 "-" "Mozilla/5.0 AppleWebKit/537.36 (KHTML, like Gecko; compatible; GPTBot/1.2; +https://openai.com/gptbot)"
44.215.210.112 - - [20/Apr/2025:07:41:04 -0500] "GET /category/marketing/?fileloc=//lib64/python2.7/lib-tk/tkMessageBox.pyc&path=//lib64/python2.7/lib-tk HTTP/1.1" 200 3427 "-" "Mozilla/5.0 AppleWebKit/537.36 (KHTML, like Gecko; compatible; Amazonbot/0.1; +https://developer.amazon.com/support/amazonbot) Chrome/119.0.6045.214 Safari/537.36"
44.215.235.20 - - [20/Apr/2025:07:41:08 -0500] "GET /category/marketing/?path=//lib/firmware/ath10k/QCA99X0 HTTP/1.1" 200 4454 "-" "Mozilla/5.0 AppleWebKit/537.36 (KHTML, like Gecko; compatible; Amazonbot/0.1; +https://developer.amazon.com/support/amazonbot) Chrome/119.0.6045.214 Safari/537.36"
20.171.207.75 - - [20/Apr/2025:07:41:08 -0500] "GET /blog/?path=%2Fhome%2Fcorals%2Fstore.intellicart.co%2Fwp-content%2Fplugins%2Fgenerate-random-orders-for-woocommerce%2Fvendor%2Ffakerphp%2Ffaker%2Fsrc%2FFaker%2FProvider%2Ffa_IR HTTP/1.1" 200 12485 "-" "Mozilla/5.0 AppleWebKit/537.36 (KHTML, like Gecko; compatible; GPTBot/1.2; +https://openai.com/gptbot)"
20.171.207.75 - - [20/Apr/2025:07:41:09 -0500] "GET /blog/?path=%2Fhome%2Fcorals%2Fstore.intellicart.co%2Fwp-content%2Fplugins%2Fgenerate-random-orders-for-woocommerce%2Fvendor%2Ffakerphp%2Ffaker%2Fsrc%2FFaker%2FProvider%2Fis_IS HTTP/1.1" 200 12493 "-" "Mozilla/5.0 AppleWebKit/537.36 (KHTML, like Gecko; compatible; GPTBot/1.2; +https://openai.com/gptbot)"
20.171.207.75 - - [20/Apr/2025:07:41:10 -0500] "GET /blog/?path=%2Fhome%2Fcorals%2Fstore.intellicart.co%2Fwp-content%2Fplugins%2Fgenerate-random-orders-for-woocommerce%2Fvendor%2Ffakerphp%2Ffaker%2Fsrc%2FFaker%2FProvider%2Fen_US HTTP/1.1" 200 12481 "-" "Mozilla/5.0 AppleWebKit/537.36 (KHTML, like Gecko; compatible; GPTBot/1.2; +https://openai.com/gptbot)"
20.171.207.75 - - [20/Apr/2025:07:41:11 -0500] "GET /blog/?path=%2Fhome%2Fcorals%2Fstore.intellicart.co%2Fwp-content%2Fplugins%2Fgenerate-random-orders-for-woocommerce%2Fvendor%2Ffakerphp%2Ffaker%2Fsrc%2FFaker%2FProvider%2Fen_NG HTTP/1.1" 200 10024 "-" "Mozilla/5.0 AppleWebKit/537.36 (KHTML, like Gecko; compatible; GPTBot/1.2; +https://openai.com/gptbot)"
20.171.207.75 - - [20/Apr/2025:07:41:12 -0500] "GET /blog/?path=%2Fhome%2Fcorals%2Fstore.intellicart.co%2Fwp-content%2Fplugins%2Fgenerate-random-orders-for-woocommerce%2Fvendor%2Ffakerphp%2Ffaker%2Fsrc%2FFaker%2FProvider%2Fsl_SI HTTP/1.1" 200 12492 "-" "Mozilla/5.0 AppleWebKit/537.36 (KHTML, like Gecko; compatible; GPTBot/1.2; +https://openai.com/gptbot)"
98.83.178.66 - - [20/Apr/2025:07:41:12 -0500] "GET /category/marketing/?fileloc=//lib/firmware/cirrus/cs35l41-dsp1-spk-prot-10431483.wmfw&path=//lib/firmware/cirrus HTTP/1.1" 200 3432 "-" "Mozilla/5.0 AppleWebKit/537.36 (KHTML, like Gecko; compatible; Amazonbot/0.1; +https://developer.amazon.com/support/amazonbot) Chrome/119.0.6045.214 Safari/537.36"
20.171.207.75 - - [20/Apr/2025:07:41:13 -0500] "GET /blog/?path=%2Fhome%2Fcorals%2Fstore.intellicart.co%2Fwp-content%2Fplugins%2Fgenerate-random-orders-for-woocommerce%2Fvendor%2Ffakerphp%2Ffaker%2Fsrc%2FFaker%2FProvider%2Fms_MY HTTP/1.1" 200 12517 "-" "Mozilla/5.0 AppleWebKit/537.36 (KHTML, like Gecko; compatible; GPTBot/1.2; +https://openai.com/gptbot)"
20.171.207.75 - - [20/Apr/2025:07:41:14 -0500] "GET /blog/?path=%2Fhome%2Fcorals%2Fmets.corals.io%2Fwp-content%2Fplugins%2Fjetpack%2Fjetpack_vendor%2Fautomattic%2Fjetpack-videopress%2Fsrc%2Fclient%2Fblock-editor%2Fblocks HTTP/1.1" 200 5904 "-" "Mozilla/5.0 AppleWebKit/537.36 (KHTML, like Gecko; compatible; GPTBot/1.2; +https://openai.com/gptbot)"
20.171.207.75 - - [20/Apr/2025:07:41:15 -0500] "GET /blog/?path=%2Fhome%2Fcorals%2Fstore.intellicart.co%2Fwp-content%2Fplugins%2Fgenerate-random-orders-for-woocommerce%2Fvendor%2Ffakerphp%2Ffaker%2Fsrc%2FFaker%2FProvider%2Fen_SG HTTP/1.1" 200 8784 "-" "Mozilla/5.0 AppleWebKit/537.36 (KHTML, like Gecko; compatible; GPTBot/1.2; +https://openai.com/gptbot)"
100.28.57.133 - - [20/Apr/2025:07:41:16 -0500] "GET /category/inventory-management/?fileloc=//sys/kernel/slab/kmalloc-rcl-192/store_user&path=//sys/kernel/slab/kmalloc-rcl-192 HTTP/1.1" 200 3479 "-" "Mozilla/5.0 AppleWebKit/537.36 (KHTML, like Gecko; compatible; Amazonbot/0.1; +https://developer.amazon.com/support/amazonbot) Chrome/119.0.6045.214 Safari/537.36"
20.171.207.75 - - [20/Apr/2025:07:41:17 -0500] "GET /blog/?path=%2Fhome%2Fcorals%2Fstore.intellicart.co%2Fwp-content%2Fplugins%2Fgenerate-random-orders-for-woocommerce%2Fvendor%2Ffakerphp%2Ffaker%2Fsrc%2FFaker%2FProvider%2Fko_KR HTTP/1.1" 200 12484 "-" "Mozilla/5.0 AppleWebKit/537.36 (KHTML, like Gecko; compatible; GPTBot/1.2; +https://openai.com/gptbot)"
20.171.207.75 - - [20/Apr/2025:07:41:18 -0500] "GET /blog/?path=%2Fhome%2Fcorals%2Fmets-rebuild.corals.io%2Fwp-content%2Fplugins%2Fjetpack%2Fjetpack_vendor%2Fautomattic%2Fjetpack-backup%2Fsrc%2Fjs%2Fcomponents%2Fbackup-promotion HTTP/1.1" 200 6187 "-" "Mozilla/5.0 AppleWebKit/537.36 (KHTML, like Gecko; compatible; GPTBot/1.2; +https://openai.com/gptbot)"
20.171.207.75 - - [20/Apr/2025:07:41:19 -0500] "GET /blog/?path=%2Fhome%2Fcorals%2Fstore.intellicart.co%2Fwp-content%2Fplugins%2Fgenerate-random-orders-for-woocommerce%2Fvendor%2Ffakerphp%2Ffaker%2Fsrc%2FFaker%2FProvider%2Fnl_NL HTTP/1.1" 200 14948 "-" "Mozilla/5.0 AppleWebKit/537.36 (KHTML, like Gecko; compatible; GPTBot/1.2; +https://openai.com/gptbot)"
98.83.177.42 - - [20/Apr/2025:07:41:20 -0500] "GET /category/inventory-management/?fileloc=//sys/module/drm/sections/.parainstructions&path=//sys/module/drm/sections HTTP/1.1" 200 3461 "-" "Mozilla/5.0 AppleWebKit/537.36 (KHTML, like Gecko; compatible; Amazonbot/0.1; +https://developer.amazon.com/support/amazonbot) Chrome/119.0.6045.214 Safari/537.36"
20.171.207.75 - - [20/Apr/2025:07:41:20 -0500] "GET /blog/?path=%2Fhome%2Fcorals%2Fstore.intellicart.co%2Fwp-content%2Fplugins%2Fgenerate-random-orders-for-woocommerce%2Fvendor%2Ffakerphp%2Ffaker%2Fsrc%2FFaker%2FProvider%2Fen_HK HTTP/1.1" 200 8793 "-" "Mozilla/5.0 AppleWebKit/537.36 (KHTML, like Gecko; compatible; GPTBot/1.2; +https://openai.com/gptbot)"
20.171.207.75 - - [20/Apr/2025:07:41:21 -0500] "GET /blog/?path=%2Fhome%2Fcorals%2Fstore.intellicart.co%2Fwp-content%2Fplugins%2Fgenerate-random-orders-for-woocommerce%2Fvendor%2Ffakerphp%2Ffaker%2Fsrc%2FFaker%2FProvider%2Fit_CH HTTP/1.1" 200 13717 "-" "Mozilla/5.0 AppleWebKit/537.36 (KHTML, like Gecko; compatible; GPTBot/1.2; +https://openai.com/gptbot)"
20.171.207.75 - - [20/Apr/2025:07:41:22 -0500] "GET /blog/?path=%2Fhome%2Fcorals%2Fmets.corals.io%2Fwp-content%2Fplugins%2Fjetpack%2Fjetpack_vendor%2Fautomattic%2Fjetpack-videopress%2Fsrc%2Fclient%2Fadmin%2Fcomponents%2Fvideo-thumbnail-selector-modal HTTP/1.1" 200 9037 "-" "Mozilla/5.0 AppleWebKit/537.36 (KHTML, like Gecko; compatible; GPTBot/1.2; +https://openai.com/gptbot)"
20.171.207.75 - - [20/Apr/2025:07:41:23 -0500] "GET /blog/?path=%2Fhome%2Fcorals%2Fmets-rebuild.corals.io%2Fwp-content%2Fthemes%2Fmetras%2Fnode_modules%2F%40vue%2Fcomponent-compiler-utils%2Flib%2FtemplateCompilerModules HTTP/1.1" 200 8258 "-" "Mozilla/5.0 AppleWebKit/537.36 (KHTML, like Gecko; compatible; GPTBot/1.2; +https://openai.com/gptbot)"
52.2.191.202 - - [20/Apr/2025:07:41:24 -0500] "GET /category/inventory-management/?fileloc=//lib/firmware/brcm/brcmfmac54591-pcie.clm_blob&path=//lib/firmware/brcm HTTP/1.1" 200 3418 "-" "Mozilla/5.0 AppleWebKit/537.36 (KHTML, like Gecko; compatible; Amazonbot/0.1; +https://developer.amazon.com/support/amazonbot) Chrome/119.0.6045.214 Safari/537.36"
20.171.207.75 - - [20/Apr/2025:07:41:25 -0500] "GET /blog/?path=%2Fhome%2Fcorals%2Fstore.intellicart.co%2Fwp-content%2Fplugins%2Fgenerate-random-orders-for-woocommerce%2Fvendor%2Ffakerphp%2Ffaker%2Fsrc%2FFaker%2FProvider%2Fcs_CZ HTTP/1.1" 200 14958 "-" "Mozilla/5.0 AppleWebKit/537.36 (KHTML, like Gecko; compatible; GPTBot/1.2; +https://openai.com/gptbot)"
20.171.207.75 - - [20/Apr/2025:07:41:26 -0500] "GET /blog/?path=%2Fhome%2Fcorals%2Fstore.intellicart.co%2Fwp-content%2Fplugins%2Fgenerate-random-orders-for-woocommerce%2Fvendor%2Ffakerphp%2Ffaker%2Fsrc%2FFaker%2FProvider%2Flt_LT HTTP/1.1" 200 12495 "-" "Mozilla/5.0 AppleWebKit/537.36 (KHTML, like Gecko; compatible; GPTBot/1.2; +https://openai.com/gptbot)"
54.166.126.132 - - [20/Apr/2025:07:41:28 -0500] "GET /category/inventory-management/?fileloc=//lib/firmware/cirrus/cs35l41-dsp1-spk-prot-17aa2318-r0.bincfg&path=//lib/firmware/cirrus HTTP/1.1" 200 3437 "-" "Mozilla/5.0 AppleWebKit/537.36 (KHTML, like Gecko; compatible; Amazonbot/0.1; +https://developer.amazon.com/support/amazonbot) Chrome/119.0.6045.214 Safari/537.36"
3.89.176.255 - - [20/Apr/2025:07:41:32 -0500] "GET /category/marketing/?path=//usr/lib/firmware/ti-keystone HTTP/1.1" 200 4645 "-" "Mozilla/5.0 AppleWebKit/537.36 (KHTML, like Gecko; compatible; Amazonbot/0.1; +https://developer.amazon.com/support/amazonbot) Chrome/119.0.6045.214 Safari/537.36"
66.249.79.135 - - [20/Apr/2025:07:41:32 -0500] "GET /shopdetail/70393293367 HTTP/1.1" 200 110932 "-" "Mozilla/5.0 (Linux; Android 6.0.1; Nexus 5X Build/MMB29P) AppleWebKit/537.36 (KHTML, like Gecko) Chrome/135.0.7049.95 Mobile Safari/537.36 (compatible; GoogleOther)"
20.171.207.75 - - [20/Apr/2025:07:41:33 -0500] "GET /blog/?path=%2Fhome%2Fcorals%2Fstore.intellicart.co%2Fwp-content%2Fplugins%2Fgenerate-random-orders-for-woocommerce%2Fvendor%2Ffakerphp%2Ffaker%2Fsrc%2FFaker%2FProvider%2Fhr_HR HTTP/1.1" 200 11255 "-" "Mozilla/5.0 AppleWebKit/537.36 (KHTML, like Gecko; compatible; GPTBot/1.2; +https://openai.com/gptbot)"
20.171.207.75 - - [20/Apr/2025:07:41:34 -0500] "GET /blog/?path=%2Fhome%2Fcorals%2Fmets-rebuild.corals.io%2Fwp-content%2Fplugins%2Fjetpack%2Fjetpack_vendor%2Fautomattic%2Fjetpack-backup%2Fsrc%2Fjs%2Fcomponents%2Fmasthead HTTP/1.1" 200 8650 "-" "Mozilla/5.0 AppleWebKit/537.36 (KHTML, like Gecko; compatible; GPTBot/1.2; +https://openai.com/gptbot)"
20.171.207.75 - - [20/Apr/2025:07:41:35 -0500] "GET /blog/?path=%2Fhome%2Fcorals%2Fmets-rebuild.corals.io%2Fwp-content%2Fplugins%2Fjetpack%2Fjetpack_vendor%2Fautomattic%2Fjetpack-forms%2Fsrc%2Fcontact-form%2Ftemplates HTTP/1.1" 200 6035 "-" "Mozilla/5.0 AppleWebKit/537.36 (KHTML, like Gecko; compatible; GPTBot/1.2; +https://openai.com/gptbot)"
3.221.50.71 - - [20/Apr/2025:07:41:36 -0500] "GET /category/marketing/?fileloc=//lib/firmware/qed/qed_init_values-8.30.12.0.bin&path=//lib/firmware/qed HTTP/1.1" 200 3417 "-" "Mozilla/5.0 AppleWebKit/537.36 (KHTML, like Gecko; compatible; Amazonbot/0.1; +https://developer.amazon.com/support/amazonbot) Chrome/119.0.6045.214 Safari/537.36"
20.171.207.75 - - [20/Apr/2025:07:41:36 -0500] "GET /blog/?path=%2Fhome%2Fcorals%2Fstore.intellicart.co%2Fwp-content%2Fplugins%2Fgenerate-random-orders-for-woocommerce%2Fvendor%2Ffakerphp%2Ffaker%2Fsrc%2FFaker%2FProvider%2Ffr_BE HTTP/1.1" 200 13718 "-" "Mozilla/5.0 AppleWebKit/537.36 (KHTML, like Gecko; compatible; GPTBot/1.2; +https://openai.com/gptbot)"
20.171.207.75 - - [20/Apr/2025:07:41:37 -0500] "GET /blog/?path=%2Fhome%2Fcorals%2Fmets-rebuild.corals.io%2Fwp-content%2Fplugins%2Fjetpack%2Fjetpack_vendor%2Fautomattic%2Fjetpack-classic-theme-helper%2Fsrc%2Fcontent-options HTTP/1.1" 200 13504 "-" "Mozilla/5.0 AppleWebKit/537.36 (KHTML, like Gecko; compatible; GPTBot/1.2; +https://openai.com/gptbot)"
20.171.207.75 - - [20/Apr/2025:07:41:38 -0500] "GET /blog/?path=%2Fhome%2Fcorals%2Fstore.intellicart.co%2Fwp-content%2Fplugins%2Fgenerate-random-orders-for-woocommerce%2Fvendor%2Ffakerphp%2Ffaker%2Fsrc%2FFaker%2FProvider%2Fel_GR HTTP/1.1" 200 12483 "-" "Mozilla/5.0 AppleWebKit/537.36 (KHTML, like Gecko; compatible; GPTBot/1.2; +https://openai.com/gptbot)"
52.3.26.180 - - [20/Apr/2025:07:41:40 -0500] "GET /category/marketing/?fileloc=//lib/firmware/cirrus/cs35l41-dsp1-spk-prot-10433a30-spkid1-r0.bin&path=//lib/firmware/cirrus HTTP/1.1" 200 3441 "-" "Mozilla/5.0 AppleWebKit/537.36 (KHTML, like Gecko; compatible; Amazonbot/0.1; +https://developer.amazon.com/support/amazonbot) Chrome/119.0.6045.214 Safari/537.36"
20.171.207.75 - - [20/Apr/2025:07:41:43 -0500] "GET /blog/?path=%2Fhome%2Fcorals%2Fmets.corals.io%2Fwp-content%2Fplugins%2Fjetpack%2Fjetpack_vendor%2Fautomattic%2Fjetpack-wordads%2Fsrc%2Fdashboard%2Fcomponents%2Fmodule-control HTTP/1.1" 200 7336 "-" "Mozilla/5.0 AppleWebKit/537.36 (KHTML, like Gecko; compatible; GPTBot/1.2; +https://openai.com/gptbot)"
44.221.227.90 - - [20/Apr/2025:07:41:44 -0500] "GET /category/marketing/?fileloc=//lib/firmware/cirrus/cs35l41-dsp1-spk-prot-103c89e7-r0.bin&path=//lib/firmware/cirrus HTTP/1.1" 200 3434 "-" "Mozilla/5.0 AppleWebKit/537.36 (KHTML, like Gecko; compatible; Amazonbot/0.1; +https://developer.amazon.com/support/amazonbot) Chrome/119.0.6045.214 Safari/537.36"
20.171.207.75 - - [20/Apr/2025:07:41:44 -0500] "GET /blog/?path=%2Fhome%2Fcorals%2Fstore.intellicart.co%2Fwp-content%2Fplugins%2Fgenerate-random-orders-for-woocommerce%2Fvendor%2Ffakerphp%2Ffaker%2Fsrc%2FFaker%2FProvider%2Fen_PH HTTP/1.1" 200 7554 "-" "Mozilla/5.0 AppleWebKit/537.36 (KHTML, like Gecko; compatible; GPTBot/1.2; +https://openai.com/gptbot)"
20.171.207.75 - - [20/Apr/2025:07:41:45 -0500] "GET /blog/?path=%2Fhome%2Fcorals%2Fstore.intellicart.co%2Fwp-content%2Fplugins%2Fgenerate-random-orders-for-woocommerce%2Fvendor%2Ffakerphp%2Ffaker%2Fsrc%2FFaker%2FProvider%2Fen_CA HTTP/1.1" 200 7554 "-" "Mozilla/5.0 AppleWebKit/537.36 (KHTML, like Gecko; compatible; GPTBot/1.2; +https://openai.com/gptbot)"
20.171.207.75 - - [20/Apr/2025:07:41:46 -0500] "GET /blog/?path=%2Fhome%2Fcorals%2Fstore.intellicart.co%2Fwp-content%2Fplugins%2Fgenerate-random-orders-for-woocommerce%2Fvendor%2Ffakerphp%2Ffaker%2Fsrc%2FFaker%2FProvider%2Fde_AT HTTP/1.1" 200 13718 "-" "Mozilla/5.0 AppleWebKit/537.36 (KHTML, like Gecko; compatible; GPTBot/1.2; +https://openai.com/gptbot)"
52.21.62.139 - - [20/Apr/2025:07:41:48 -0500] "GET /category/marketing/?fileloc=//var/cache/dnf/baseos-filenames.solvx&path=//var/cache/dnf HTTP/1.1" 200 3398 "-" "Mozilla/5.0 AppleWebKit/537.36 (KHTML, like Gecko; compatible; Amazonbot/0.1; +https://developer.amazon.com/support/amazonbot) Chrome/119.0.6045.214 Safari/537.36"
20.171.207.75 - - [20/Apr/2025:07:41:49 -0500] "GET /blog/?path=%2Fhome%2Fcorals%2Fstore.intellicart.co%2Fwp-content%2Fplugins%2Fgenerate-random-orders-for-woocommerce%2Fvendor%2Ffakerphp%2Ffaker%2Fsrc%2FFaker%2FProvider%2Fen_ZA HTTP/1.1" 200 11258 "-" "Mozilla/5.0 AppleWebKit/537.36 (KHTML, like Gecko; compatible; GPTBot/1.2; +https://openai.com/gptbot)"
20.171.207.75 - - [20/Apr/2025:07:41:49 -0500] "GET /blog/?path=%2Fhome%2Fcorals%2Fstore.intellicart.co%2Fwp-content%2Fplugins%2Fgenerate-random-orders-for-woocommerce%2Fvendor%2Ffakerphp%2Ffaker%2Fsrc%2FFaker%2FProvider%2Fen_AU HTTP/1.1" 200 8791 "-" "Mozilla/5.0 AppleWebKit/537.36 (KHTML, like Gecko; compatible; GPTBot/1.2; +https://openai.com/gptbot)"
20.171.207.75 - - [20/Apr/2025:07:41:50 -0500] "GET /blog/?path=%2Fhome%2Fcorals%2Fstore.intellicart.co%2Fwp-content%2Fplugins%2Fgenerate-random-orders-for-woocommerce%2Fvendor%2Ffakerphp%2Ffaker%2Fsrc%2FFaker%2FProvider%2Fen_UG HTTP/1.1" 200 10024 "-" "Mozilla/5.0 AppleWebKit/537.36 (KHTML, like Gecko; compatible; GPTBot/1.2; +https://openai.com/gptbot)"
20.171.207.75 - - [20/Apr/2025:07:41:51 -0500] "GET /blog/?path=%2Fhome%2Fcorals%2Fstore.intellicart.co%2Fwp-content%2Fplugins%2Fgenerate-random-orders-for-woocommerce%2Fvendor%2Ffakerphp%2Ffaker%2Fsrc%2FFaker%2FProvider%2Fen_GB HTTP/1.1" 200 12495 "-" "Mozilla/5.0 AppleWebKit/537.36 (KHTML, like Gecko; compatible; GPTBot/1.2; +https://openai.com/gptbot)"
34.225.138.57 - - [20/Apr/2025:07:41:52 -0500] "GET /category/inventory-management/?path=//usr/lib/locale/en_BW.utf8/LC_MESSAGES HTTP/1.1" 200 4657 "-" "Mozilla/5.0 AppleWebKit/537.36 (KHTML, like Gecko; compatible; Amazonbot/0.1; +https://developer.amazon.com/support/amazonbot) Chrome/119.0.6045.214 Safari/537.36"
20.171.207.75 - - [20/Apr/2025:07:41:53 -0500] "GET /blog/?path=%2Fhome%2Fcorals%2Fstore.intellicart.co%2Fwp-content%2Fplugins%2Fgenerate-random-orders-for-woocommerce%2Fvendor%2Ffakerphp%2Ffaker%2Fsrc%2FFaker%2FProvider%2Fro_MD HTTP/1.1" 200 11246 "-" "Mozilla/5.0 AppleWebKit/537.36 (KHTML, like Gecko; compatible; GPTBot/1.2; +https://openai.com/gptbot)"
50.16.248.61 - - [20/Apr/2025:07:41:56 -0500] "GET /category/inventory-management/?fileloc=//lib/firmware/cirrus/cs35l41-dsp1-spk-prot-103c8c4e-spkid1-r0.bin&path=//lib/firmware/cirrus HTTP/1.1" 200 3441 "-" "Mozilla/5.0 AppleWebKit/537.36 (KHTML, like Gecko; compatible; Amazonbot/0.1; +https://developer.amazon.com/support/amazonbot) Chrome/119.0.6045.214 Safari/537.36"
54.91.122.193 - - [20/Apr/2025:07:42:00 -0500] "GET /category/marketing/?fileloc=//lib/firmware/brcm/brcmfmac43143-sdio.bin&path=//lib/firmware/brcm HTTP/1.1" 200 3413 "-" "Mozilla/5.0 AppleWebKit/537.36 (KHTML, like Gecko; compatible; Amazonbot/0.1; +https://developer.amazon.com/support/amazonbot) Chrome/119.0.6045.214 Safari/537.36"
20.171.207.75 - - [20/Apr/2025:07:42:00 -0500] "GET /blog/?path=%2Fhome%2Fcorals%2Fstore.intellicart.co%2Fwp-content%2Fplugins%2Fgenerate-random-orders-for-woocommerce%2Fvendor%2Ffakerphp%2Ffaker%2Fsrc%2FFaker%2FProvider%2Far_EG HTTP/1.1" 200 13693 "-" "Mozilla/5.0 AppleWebKit/537.36 (KHTML, like Gecko; compatible; GPTBot/1.2; +https://openai.com/gptbot)"
20.171.207.75 - - [20/Apr/2025:07:42:02 -0500] "GET /blog/?path=%2Fhome%2Fcorals%2Fstore.intellicart.co%2Fwp-content%2Fplugins%2Fgenerate-random-orders-for-woocommerce%2Fvendor%2Ffakerphp%2Ffaker%2Fsrc%2FFaker%2FProvider%2Ffi_FI HTTP/1.1" 200 12495 "-" "Mozilla/5.0 AppleWebKit/537.36 (KHTML, like Gecko; compatible; GPTBot/1.2; +https://openai.com/gptbot)"
20.171.207.75 - - [20/Apr/2025:07:42:03 -0500] "GET /blog/?path=%2Fhome%2Fcorals%2Fmets-rebuild.corals.io%2Fwp-content%2Fplugins%2Fjetpack%2Fjetpack_vendor%2Fautomattic%2Fjetpack-backup%2Fsrc%2Fjs%2Fcomponents%2Fbackup-storage-space HTTP/1.1" 200 11951 "-" "Mozilla/5.0 AppleWebKit/537.36 (KHTML, like Gecko; compatible; GPTBot/1.2; +https://openai.com/gptbot)"
23.23.103.31 - - [20/Apr/2025:07:42:04 -0500] "GET /category/inventory-management/?fileloc=//lib/firmware/i915/dg2_dmc_ver2_08.bin&path=//lib/firmware/i915 HTTP/1.1" 200 3410 "-" "Mozilla/5.0 AppleWebKit/537.36 (KHTML, like Gecko; compatible; Amazonbot/0.1; +https://developer.amazon.com/support/amazonbot) Chrome/119.0.6045.214 Safari/537.36"
66.249.79.135 - - [20/Apr/2025:07:42:05 -0500] "GET /shopdetail/7826657790 HTTP/1.1" 200 123566 "-" "Mozilla/5.0 (Linux; Android 6.0.1; Nexus 5X Build/MMB29P) AppleWebKit/537.36 (KHTML, like Gecko) Chrome/135.0.7049.95 Mobile Safari/537.36 (compatible; Googlebot/2.1; +http://www.google.com/bot.html)"
20.171.207.75 - - [20/Apr/2025:07:42:08 -0500] "GET /blog/?path=%2Fhome%2Fcorals%2Fstore.intellicart.co%2Fwp-content%2Fplugins%2Fgenerate-random-orders-for-woocommerce%2Fvendor%2Ffakerphp%2Ffaker%2Fsrc%2FFaker%2FProvider%2Fes_VE HTTP/1.1" 200 11259 "-" "Mozilla/5.0 AppleWebKit/537.36 (KHTML, like Gecko; compatible; GPTBot/1.2; +https://openai.com/gptbot)"
54.87.95.7 - - [20/Apr/2025:07:42:08 -0500] "GET /category/inventory-management/?fileloc=//lib/firmware/radeon/VERDE_smc.bin&path=//lib/firmware/radeon HTTP/1.1" 200 3410 "-" "Mozilla/5.0 AppleWebKit/537.36 (KHTML, like Gecko; compatible; Amazonbot/0.1; +https://developer.amazon.com/support/amazonbot) Chrome/119.0.6045.214 Safari/537.36"
20.171.207.75 - - [20/Apr/2025:07:42:09 -0500] "GET /blog/?path=%2Fhome%2Fcorals%2Fstore.intellicart.co%2Fwp-content%2Fplugins%2Fgenerate-random-orders-for-woocommerce%2Fvendor%2Ffakerphp%2Ffaker%2Fsrc%2FFaker%2FProvider%2Ftr_TR HTTP/1.1" 200 14960 "-" "Mozilla/5.0 AppleWebKit/537.36 (KHTML, like Gecko; compatible; GPTBot/1.2; +https://openai.com/gptbot)"
20.171.207.75 - - [20/Apr/2025:07:42:10 -0500] "GET /blog/?path=%2Fhome%2Fcorals%2Fmets-rebuild.corals.io%2Fwp-content%2Fplugins%2Fupdraftplus%2Fvendor%2Frackspace%2Fphp-opencloud%2Flib%2FOpenCloud%2FCommon%2FCollection HTTP/1.1" 200 8629 "-" "Mozilla/5.0 AppleWebKit/537.36 (KHTML, like Gecko; compatible; GPTBot/1.2; +https://openai.com/gptbot)"
20.171.207.75 - - [20/Apr/2025:07:42:10 -0500] "GET /blog/?path=%2Fhome%2Fcorals%2Fmets-rebuild.corals.io%2Fwp-content%2Fplugins%2Fjetpack%2Fjetpack_vendor%2Fautomattic%2Fjetpack-classic-theme-helper%2Fdist%2Fcontent-options HTTP/1.1" 200 7231 "-" "Mozilla/5.0 AppleWebKit/537.36 (KHTML, like Gecko; compatible; GPTBot/1.2; +https://openai.com/gptbot)"
20.171.207.75 - - [20/Apr/2025:07:42:12 -0500] "GET /blog/?path=%2Fhome%2Fcorals%2Fstore.intellicart.co%2Fwp-content%2Fplugins%2Fgenerate-random-orders-for-woocommerce%2Fvendor%2Ffakerphp%2Ffaker%2Fsrc%2FFaker%2FProvider%2Fnl_BE HTTP/1.1" 200 13717 "-" "Mozilla/5.0 AppleWebKit/537.36 (KHTML, like Gecko; compatible; GPTBot/1.2; +https://openai.com/gptbot)"
100.28.204.82 - - [20/Apr/2025:07:42:12 -0500] "GET /category/inventory-management/?fileloc=//sys/kernel/slab/kmalloc-cg-16/object_size&path=//sys/kernel/slab/kmalloc-cg-16 HTTP/1.1" 200 3474 "-" "Mozilla/5.0 AppleWebKit/537.36 (KHTML, like Gecko; compatible; Amazonbot/0.1; +https://developer.amazon.com/support/amazonbot) Chrome/119.0.6045.214 Safari/537.36"
20.171.207.75 - - [20/Apr/2025:07:42:13 -0500] "GET /blog/?path=%2Fhome%2Fcorals%2Fmets.corals.io%2Fwp-content%2Fplugins%2Fjetpack%2Fjetpack_vendor%2Fautomattic%2Fjetpack-videopress%2Fsrc%2Fclient%2Fblock-editor%2Fextend HTTP/1.1" 200 9351 "-" "Mozilla/5.0 AppleWebKit/537.36 (KHTML, like Gecko; compatible; GPTBot/1.2; +https://openai.com/gptbot)"
20.171.207.75 - - [20/Apr/2025:07:42:14 -0500] "GET /blog/?path=%2Fhome%2Fcorals%2Fstore.intellicart.co%2Fwp-content%2Fplugins%2Fgenerate-random-orders-for-woocommerce%2Fvendor%2Ffakerphp%2Ffaker%2Fsrc%2FFaker%2FProvider%2Far_JO HTTP/1.1" 200 11232 "-" "Mozilla/5.0 AppleWebKit/537.36 (KHTML, like Gecko; compatible; GPTBot/1.2; +https://openai.com/gptbot)"
20.171.207.75 - - [20/Apr/2025:07:42:15 -0500] "GET /blog/?path=%2Fhome%2Fcorals%2Fstore.intellicart.co%2Fwp-content%2Fplugins%2Fgenerate-random-orders-for-woocommerce%2Fvendor%2Ffakerphp%2Ffaker%2Fsrc%2FFaker%2FProvider%2Fid_ID HTTP/1.1" 200 12486 "-" "Mozilla/5.0 AppleWebKit/537.36 (KHTML, like Gecko; compatible; GPTBot/1.2; +https://openai.com/gptbot)"
34.199.252.22 - - [20/Apr/2025:07:42:16 -0500] "GET /category/marketing/?fileloc=//lib/firmware/qed/qed_init_values-8.14.6.0.bin&path=//lib/firmware/qed HTTP/1.1" 200 3416 "-" "Mozilla/5.0 AppleWebKit/537.36 (KHTML, like Gecko; compatible; Amazonbot/0.1; +https://developer.amazon.com/support/amazonbot) Chrome/119.0.6045.214 Safari/537.36"
20.171.207.75 - - [20/Apr/2025:07:42:16 -0500] "GET /blog/?path=%2Fhome%2Fcorals%2Fstore.intellicart.co%2Fwp-content%2Fplugins%2Fgenerate-random-orders-for-woocommerce%2Fvendor%2Ffakerphp%2Ffaker%2Fsrc%2FFaker%2FProvider%2Fes_PE HTTP/1.1" 200 10021 "-" "Mozilla/5.0 AppleWebKit/537.36 (KHTML, like Gecko; compatible; GPTBot/1.2; +https://openai.com/gptbot)"
20.171.207.75 - - [20/Apr/2025:07:42:17 -0500] "GET /blog/?path=%2Fhome%2Fcorals%2Fstore.intellicart.co%2Fwp-content%2Fplugins%2Fgenerate-random-orders-for-woocommerce%2Fvendor%2Ffakerphp%2Ffaker%2Fsrc%2FFaker%2FProvider%2Fpt_BR HTTP/1.1" 200 14969 "-" "Mozilla/5.0 AppleWebKit/537.36 (KHTML, like Gecko; compatible; GPTBot/1.2; +https://openai.com/gptbot)"
20.171.207.75 - - [20/Apr/2025:07:42:19 -0500] "GET /blog/?path=%2Fhome%2Fcorals%2Fstore.intellicart.co%2Fwp-content%2Fplugins%2Fgenerate-random-orders-for-woocommerce%2Fvendor%2Ffakerphp%2Ffaker%2Fsrc%2FFaker%2FORM HTTP/1.1" 200 10957 "-" "Mozilla/5.0 AppleWebKit/537.36 (KHTML, like Gecko; compatible; GPTBot/1.2; +https://openai.com/gptbot)"
20.171.207.75 - - [20/Apr/2025:07:42:20 -0500] "GET /blog/?path=%2Fhome%2Fcorals%2Fmets-rebuild.corals.io%2Fwp-content%2Fplugins%2Fjetpack%2Fjetpack_vendor%2Fautomattic%2Fjetpack-backup%2Fsrc%2Fjs%2Fcomponents%2Fbackup-storage-space%2Fstorage-meter HTTP/1.1" 200 7762 "-" "Mozilla/5.0 AppleWebKit/537.36 (KHTML, like Gecko; compatible; GPTBot/1.2; +https://openai.com/gptbot)"
66.249.79.134 - - [20/Apr/2025:07:42:20 -0500] "GET /shopdetail/78266176065 HTTP/1.1" 200 122953 "-" "Mozilla/5.0 (compatible; Googlebot/2.1; +http://www.google.com/bot.html)"
98.82.214.73 - - [20/Apr/2025:07:42:20 -0500] "GET /category/marketing/?fileloc=//lib/systemd/system-preset/90-systemd.preset&path=//lib/systemd/system-preset HTTP/1.1" 200 4413 "-" "Mozilla/5.0 AppleWebKit/537.36 (KHTML, like Gecko; compatible; Amazonbot/0.1; +https://developer.amazon.com/support/amazonbot) Chrome/119.0.6045.214 Safari/537.36"
20.171.207.75 - - [20/Apr/2025:07:42:21 -0500] "GET /blog/?path=%2Fhome%2Fcorals%2Fmets-rebuild.corals.io%2Fwp-content%2Fplugins%2Fjetpack%2Fjetpack_vendor%2Fautomattic%2Fjetpack-backup%2Fsrc%2Fjs%2Fcomponents%2Fbackup-storage-space%2Fstorage-usage-details HTTP/1.1" 200 9241 "-" "Mozilla/5.0 AppleWebKit/537.36 (KHTML, like Gecko; compatible; GPTBot/1.2; +https://openai.com/gptbot)"
20.171.207.75 - - [20/Apr/2025:07:42:22 -0500] "GET /blog/?path=%2Fhome%2Fcorals%2Fstore.intellicart.co%2Fwp-content%2Fplugins%2Fgenerate-random-orders-for-woocommerce%2Fvendor%2Ffakerphp%2Ffaker%2Fsrc%2FFaker%2FProvider%2Fmn_MN HTTP/1.1" 200 7550 "-" "Mozilla/5.0 AppleWebKit/537.36 (KHTML, like Gecko; compatible; GPTBot/1.2; +https://openai.com/gptbot)"
20.171.207.75 - - [20/Apr/2025:07:42:23 -0500] "GET /blog/?path=%2Fhome%2Fcorals%2Fstore.intellicart.co%2Fwp-content%2Fplugins%2Fgenerate-random-orders-for-woocommerce%2Fvendor%2Ffakerphp%2Ffaker%2Fsrc%2FFaker%2FProvider%2Far_SA HTTP/1.1" 200 13696 "-" "Mozilla/5.0 AppleWebKit/537.36 (KHTML, like Gecko; compatible; GPTBot/1.2; +https://openai.com/gptbot)"
54.85.7.119 - - [20/Apr/2025:07:42:24 -0500] "GET /category/marketing/?fileloc=//lib/firmware/cirrus/cs35l41-dsp1-spk-prot-17aa231a-r0.bincfg&path=//lib/firmware/cirrus HTTP/1.1" 200 3437 "-" "Mozilla/5.0 AppleWebKit/537.36 (KHTML, like Gecko; compatible; Amazonbot/0.1; +https://developer.amazon.com/support/amazonbot) Chrome/119.0.6045.214 Safari/537.36"
66.249.79.36 - - [20/Apr/2025:07:42:24 -0500] "GET /hidey.php?shopdetail/96458106592 HTTP/1.1" 200 113307 "-" "Mozilla/5.0 (Linux; Android 6.0.1; Nexus 5X Build/MMB29P) AppleWebKit/537.36 (KHTML, like Gecko) Chrome/135.0.7049.95 Mobile Safari/537.36 (compatible; Googlebot/2.1; +http://www.google.com/bot.html)"
20.171.207.75 - - [20/Apr/2025:07:42:24 -0500] "GET /blog/?path=%2Fhome%2Fcorals%2Fstore.intellicart.co%2Fwp-content%2Fplugins%2Fgenerate-random-orders-for-woocommerce%2Fvendor%2Ffakerphp%2Ffaker%2Fsrc%2FFaker%2FProvider%2Fne_NP HTTP/1.1" 200 11260 "-" "Mozilla/5.0 AppleWebKit/537.36 (KHTML, like Gecko; compatible; GPTBot/1.2; +https://openai.com/gptbot)"
20.171.207.75 - - [20/Apr/2025:07:42:26 -0500] "GET /blog/?path=%2Fhome%2Fcorals%2Fmets.corals.io%2Fwp-content%2Fplugins%2Fjetpack%2Fjetpack_vendor%2Fautomattic%2Fjetpack-videopress%2Fsrc%2Fclient%2Fblock-editor%2Fextend%2Fcore-video HTTP/1.1" 200 6299 "-" "Mozilla/5.0 AppleWebKit/537.36 (KHTML, like Gecko; compatible; GPTBot/1.2; +https://openai.com/gptbot)"
20.171.207.75 - - [20/Apr/2025:07:42:27 -0500] "GET /blog/?path=%2Fhome%2Fcorals%2Fstore.intellicart.co%2Fwp-content%2Fplugins%2Fgenerate-random-orders-for-woocommerce%2Fvendor%2Ffakerphp%2Ffaker%2Fsrc%2FFaker%2FProvider%2Fru_RU HTTP/1.1" 200 14949 "-" "Mozilla/5.0 AppleWebKit/537.36 (KHTML, like Gecko; compatible; GPTBot/1.2; +https://openai.com/gptbot)"
20.171.207.75 - - [20/Apr/2025:07:42:28 -0500] "GET /blog/?path=%2Fhome%2Fcorals%2Fstore.intellicart.co%2Fwp-content%2Fplugins%2Fgenerate-random-orders-for-woocommerce%2Fvendor%2Ffakerphp%2Ffaker%2Fsrc%2FFaker%2FProvider%2Fme_ME HTTP/1.1" 200 11256 "-" "Mozilla/5.0 AppleWebKit/537.36 (KHTML, like Gecko; compatible; GPTBot/1.2; +https://openai.com/gptbot)"
34.206.193.60 - - [20/Apr/2025:07:42:28 -0500] "GET /category/marketing/?fileloc=//sys/module/ata_generic/srcversion&path=//sys/module/ata_generic HTTP/1.1" 200 3438 "-" "Mozilla/5.0 AppleWebKit/537.36 (KHTML, like Gecko; compatible; Amazonbot/0.1; +https://developer.amazon.com/support/amazonbot) Chrome/119.0.6045.214 Safari/537.36"
20.171.207.75 - - [20/Apr/2025:07:42:29 -0500] "GET /blog/?path=%2Fhome%2Fcorals%2Fstore.intellicart.co%2Fwp-content%2Fplugins%2Fgenerate-random-orders-for-woocommerce%2Fvendor%2Ffakerphp%2Ffaker%2Fsrc%2FFaker%2FProvider%2Fet_EE HTTP/1.1" 200 6299 "-" "Mozilla/5.0 AppleWebKit/537.36 (KHTML, like Gecko; compatible; GPTBot/1.2; +https://openai.com/gptbot)"
20.171.207.75 - - [20/Apr/2025:07:42:30 -0500] "GET /blog/?path=%2Fhome%2Fcorals%2Fstore.intellicart.co%2Fwp-content%2Fplugins%2Fgenerate-random-orders-for-woocommerce%2Fvendor%2Ffakerphp%2Ffaker%2Fsrc%2FFaker%2FProvider%2Fpl_PL HTTP/1.1" 200 16203 "-" "Mozilla/5.0 AppleWebKit/537.36 (KHTML, like Gecko; compatible; GPTBot/1.2; +https://openai.com/gptbot)"
20.171.207.75 - - [20/Apr/2025:07:42:31 -0500] "GET /blog/?path=%2Fhome%2Fcorals%2Fstore.intellicart.co%2Fwp-content%2Fplugins%2Fgenerate-random-orders-for-woocommerce%2Fvendor%2Ffakerphp%2Ffaker%2Fsrc%2FFaker%2FORM%2FDoctrine HTTP/1.1" 200 10105 "-" "Mozilla/5.0 AppleWebKit/537.36 (KHTML, like Gecko; compatible; GPTBot/1.2; +https://openai.com/gptbot)"
54.83.56.1 - - [20/Apr/2025:07:42:32 -0500] "GET /category/inventory-management/?fileloc=//sys/module/nft_ct/sections/.rodata&path=//sys/module/nft_ct/sections HTTP/1.1" 200 3463 "-" "Mozilla/5.0 AppleWebKit/537.36 (KHTML, like Gecko; compatible; Amazonbot/0.1; +https://developer.amazon.com/support/amazonbot) Chrome/119.0.6045.214 Safari/537.36"
20.171.207.75 - - [20/Apr/2025:07:42:33 -0500] "GET /blog/?path=%2Fhome%2Fcorals%2Fstore.intellicart.co%2Fwp-content%2Fplugins%2Fgenerate-random-orders-for-woocommerce%2Fvendor%2Ffakerphp%2Ffaker%2Fsrc%2FFaker%2FORM%2FMandango HTTP/1.1" 200 8819 "-" "Mozilla/5.0 AppleWebKit/537.36 (KHTML, like Gecko; compatible; GPTBot/1.2; +https://openai.com/gptbot)"
20.171.207.75 - - [20/Apr/2025:07:42:34 -0500] "GET /blog/?path=%2Fhome%2Fcorals%2Fstore.intellicart.co%2Fwp-content%2Fplugins%2Fgenerate-random-orders-for-woocommerce%2Fvendor%2Ffakerphp%2Ffaker%2Fsrc%2FFaker%2FORM%2FPropel HTTP/1.1" 200 8791 "-" "Mozilla/5.0 AppleWebKit/537.36 (KHTML, like Gecko; compatible; GPTBot/1.2; +https://openai.com/gptbot)"
20.171.207.75 - - [20/Apr/2025:07:42:35 -0500] "GET /blog/?path=%2Fhome%2Fcorals%2Fstore.intellicart.co%2Fwp-content%2Fplugins%2Fgenerate-random-orders-for-woocommerce%2Fvendor%2Ffakerphp%2Ffaker%2Fsrc%2FFaker%2FProvider%2Fpt_PT HTTP/1.1" 200 12494 "-" "Mozilla/5.0 AppleWebKit/537.36 (KHTML, like Gecko; compatible; GPTBot/1.2; +https://openai.com/gptbot)"
100.24.149.244 - - [20/Apr/2025:07:42:36 -0500] "GET /category/inventory-management/?fileloc=//usr/lib/locale/en_IE.utf8/LC_MONETARY&path=//usr/lib/locale/en_IE.utf8 HTTP/1.1" 200 3458 "-" "Mozilla/5.0 AppleWebKit/537.36 (KHTML, like Gecko; compatible; Amazonbot/0.1; +https://developer.amazon.com/support/amazonbot) Chrome/119.0.6045.214 Safari/537.36"
20.171.207.75 - - [20/Apr/2025:07:42:36 -0500] "GET /blog/?path=%2Fhome%2Fcorals%2Fmets.corals.io%2Fwp-content%2Fplugins%2Fjetpack%2Fjetpack_vendor%2Fautomattic%2Fjetpack-videopress%2Fsrc%2Fclient%2Fadmin%2Fcomponents%2Fvideo-quick-actions HTTP/1.1" 200 9954 "-" "Mozilla/5.0 AppleWebKit/537.36 (KHTML, like Gecko; compatible; GPTBot/1.2; +https://openai.com/gptbot)"
20.171.207.75 - - [20/Apr/2025:07:42:37 -0500] "GET /blog/?path=%2Fhome%2Fcorals%2Fmets-rebuild.corals.io%2Fwp-content%2Fplugins%2Fjetpack%2Fjetpack_vendor%2Fautomattic%2Fjetpack-backup%2Fsrc%2Fjs%2Fcomponents%2Fbackup-connection-screen HTTP/1.1" 200 8592 "-" "Mozilla/5.0 AppleWebKit/537.36 (KHTML, like Gecko; compatible; GPTBot/1.2; +https://openai.com/gptbot)"
20.171.207.75 - - [20/Apr/2025:07:42:38 -0500] "GET /blog/?path=%2Fhome%2Fcorals%2Fmets-rebuild.corals.io%2Fwp-content%2Fplugins%2Fjetpack%2Fjetpack_vendor%2Fautomattic%2Fjetpack-classic-theme-helper%2Fsrc%2Fcompat HTTP/1.1" 200 9580 "-" "Mozilla/5.0 AppleWebKit/537.36 (KHTML, like Gecko; compatible; GPTBot/1.2; +https://openai.com/gptbot)"
20.171.207.75 - - [20/Apr/2025:07:42:40 -0500] "GET /blog/?path=%2Fhome%2Fcorals%2Fmets-rebuild.corals.io%2Fwp-content%2Fthemes%2Fmetras%2Fnode_modules%2F%40vue%2Fcomponent-compiler-utils%2Fdist%2FtemplateCompilerModules HTTP/1.1" 200 11909 "-" "Mozilla/5.0 AppleWebKit/537.36 (KHTML, like Gecko; compatible; GPTBot/1.2; +https://openai.com/gptbot)"
52.54.157.23 - - [20/Apr/2025:07:42:40 -0500] "GET /category/marketing/?fileloc=//lib/firmware/radeon/CAICOS_mc.bin&path=//lib/firmware/radeon HTTP/1.1" 200 3410 "-" "Mozilla/5.0 AppleWebKit/537.36 (KHTML, like Gecko; compatible; Amazonbot/0.1; +https://developer.amazon.com/support/amazonbot) Chrome/119.0.6045.214 Safari/537.36"
20.171.207.75 - - [20/Apr/2025:07:42:41 -0500] "GET /blog/?path=%2Fhome%2Fcorals%2Fmets-rebuild.corals.io%2Fwp-content%2Fplugins%2Fjetpack%2Fjetpack_vendor%2Fautomattic%2Fjetpack-backup%2Fsrc%2Fjs%2Fcomponents%2Fbackup-storage-space%2Fstorage-addon-upsell-prompt HTTP/1.1" 200 12099 "-" "Mozilla/5.0 AppleWebKit/537.36 (KHTML, like Gecko; compatible; GPTBot/1.2; +https://openai.com/gptbot)"
20.171.207.75 - - [20/Apr/2025:07:42:42 -0500] "GET /blog/?path=%2Fhome%2Fcorals%2Fmets.corals.io%2Fwp-content%2Fplugins%2Fjetpack%2Fjetpack_vendor%2Fautomattic%2Fjetpack-videopress%2Fsrc%2Fclient%2Fblock-editor%2Fextend%2Fcore-embed HTTP/1.1" 200 7530 "-" "Mozilla/5.0 AppleWebKit/537.36 (KHTML, like Gecko; compatible; GPTBot/1.2; +https://openai.com/gptbot)"
20.171.207.75 - - [20/Apr/2025:07:42:43 -0500] "GET /blog/?path=%2Fhome%2Fcorals%2Fstore.intellicart.co%2Fwp-content%2Fplugins%2Fgenerate-random-orders-for-woocommerce%2Fvendor%2Ffakerphp%2Ffaker%2Fsrc%2FFaker%2FProvider%2Fel_CY HTTP/1.1" 200 12494 "-" "Mozilla/5.0 AppleWebKit/537.36 (KHTML, like Gecko; compatible; GPTBot/1.2; +https://openai.com/gptbot)"
20.171.207.75 - - [20/Apr/2025:07:42:44 -0500] "GET /blog/?path=%2Fhome%2Fcorals%2Fmets.corals.io%2Fwp-content%2Fplugins%2Fjetpack%2Fjetpack_vendor%2Fautomattic%2Fjetpack-google-fonts-provider%2Fsrc%2Fintrospectors HTTP/1.1" 200 7092 "-" "Mozilla/5.0 AppleWebKit/537.36 (KHTML, like Gecko; compatible; GPTBot/1.2; +https://openai.com/gptbot)"
20.171.207.75 - - [20/Apr/2025:07:42:45 -0500] "GET /blog/?path=%2Fhome%2Fcorals%2Fstore.intellicart.co%2Fwp-content%2Fplugins%2Fgenerate-random-orders-for-woocommerce%2Fvendor%2Ffakerphp%2Ffaker%2Fsrc%2FFaker%2FProvider%2Fat_AT HTTP/1.1" 200 6303 "-" "Mozilla/5.0 AppleWebKit/537.36 (KHTML, like Gecko; compatible; GPTBot/1.2; +https://openai.com/gptbot)"
20.171.207.75 - - [20/Apr/2025:07:42:46 -0500] "GET /blog/?path=%2Fhome%2Fcorals%2Fstore.intellicart.co%2Fwp-content%2Fplugins%2Fgenerate-random-orders-for-woocommerce%2Fvendor%2Ffakerphp%2Ffaker%2Fsrc%2FFaker%2FProvider%2Fen_NZ HTTP/1.1" 200 8793 "-" "Mozilla/5.0 AppleWebKit/537.36 (KHTML, like Gecko; compatible; GPTBot/1.2; +https://openai.com/gptbot)"
20.171.207.75 - - [20/Apr/2025:07:42:48 -0500] "GET /blog/?path=%2Fhome%2Fcorals%2Fstore.intellicart.co%2Fwp-content%2Fplugins%2Fgenerate-random-orders-for-woocommerce%2Fvendor%2Ffakerphp%2Ffaker%2Fsrc%2FFaker%2FProvider%2Fit_IT HTTP/1.1" 200 13717 "-" "Mozilla/5.0 AppleWebKit/537.36 (KHTML, like Gecko; compatible; GPTBot/1.2; +https://openai.com/gptbot)"
20.171.207.75 - - [20/Apr/2025:07:42:49 -0500] "GET /blog/?path=%2Fhome%2Fcorals%2Fmets.corals.io%2Fwp-content%2Fplugins%2Fjetpack%2Fjetpack_vendor%2Fautomattic%2Fjetpack-videopress%2Fsrc%2Fclient%2Fadmin%2Fcomponents%2Fvideo-quick-actions%2Fstories HTTP/1.1" 200 6545 "-" "Mozilla/5.0 AppleWebKit/537.36 (KHTML, like Gecko; compatible; GPTBot/1.2; +https://openai.com/gptbot)"
3.232.39.98 - - [20/Apr/2025:07:42:49 -0500] "GET /category/inventory-management/?fileloc=//sys/devices/platform/QEMUVGID:00/driver_override&path=//sys/devices/platform/QEMUVGID:00 HTTP/1.1" 200 3500 "-" "Mozilla/5.0 AppleWebKit/537.36 (KHTML, like Gecko; compatible; Amazonbot/0.1; +https://developer.amazon.com/support/amazonbot) Chrome/119.0.6045.214 Safari/537.36"
44.221.227.90 - - [20/Apr/2025:07:42:50 -0500] "GET /category/marketing/?fileloc=//lib/firmware/cirrus/cs35l41-dsp1-spk-prot-103c8b8f-l1.bin&path=//lib/firmware/cirrus HTTP/1.1" 200 3434 "-" "Mozilla/5.0 AppleWebKit/537.36 (KHTML, like Gecko; compatible; Amazonbot/0.1; +https://developer.amazon.com/support/amazonbot) Chrome/119.0.6045.214 Safari/537.36"
20.171.207.75 - - [20/Apr/2025:07:42:50 -0500] "GET /blog/?path=%2Fhome%2Fcorals%2Fmets-rebuild.corals.io%2Fwp-content%2Fplugins%2Fjetpack%2Fjetpack_vendor%2Fautomattic%2Fjetpack-backup%2Fsrc%2Fjs%2Fcomponents%2Fbackup-connection-screen%2Fassets HTTP/1.1" 200 9205 "-" "Mozilla/5.0 AppleWebKit/537.36 (KHTML, like Gecko; compatible; GPTBot/1.2; +https://openai.com/gptbot)"
20.171.207.75 - - [20/Apr/2025:07:42:51 -0500] "GET /blog/?path=%2Fhome%2Fcorals%2Fstore.intellicart.co%2Fwp-content%2Fplugins%2Fgenerate-random-orders-for-woocommerce%2Fvendor%2Ffakerphp%2Ffaker%2Fsrc%2FFaker%2FProvider%2Fda_DK HTTP/1.1" 200 12496 "-" "Mozilla/5.0 AppleWebKit/537.36 (KHTML, like Gecko; compatible; GPTBot/1.2; +https://openai.com/gptbot)"
54.90.244.132 - - [20/Apr/2025:07:42:52 -0500] "GET /category/marketing/?fileloc=//lib/firmware/radeon/RS780_me.bin&path=//lib/firmware/radeon HTTP/1.1" 200 3409 "-" "Mozilla/5.0 AppleWebKit/537.36 (KHTML, like Gecko; compatible; Amazonbot/0.1; +https://developer.amazon.com/support/amazonbot) Chrome/119.0.6045.214 Safari/537.36"
20.171.207.75 - - [20/Apr/2025:07:42:52 -0500] "GET /blog/?path=%2Fhome%2Fcorals%2Fstore.intellicart.co%2Fwp-content%2Fplugins%2Fgenerate-random-orders-for-woocommerce%2Fvendor%2Ffakerphp%2Ffaker%2Fsrc%2FFaker%2FProvider%2Fes_ES HTTP/1.1" 200 14946 "-" "Mozilla/5.0 AppleWebKit/537.36 (KHTML, like Gecko; compatible; GPTBot/1.2; +https://openai.com/gptbot)"
20.171.207.75 - - [20/Apr/2025:07:42:53 -0500] "GET /blog/?path=%2Fhome%2Fcorals%2Fstore.intellicart.co%2Fwp-content%2Fplugins%2Fgenerate-random-orders-for-woocommerce%2Fvendor%2Ffakerphp%2Ffaker%2Fsrc%2FFaker%2FProvider%2Fhe_IL HTTP/1.1" 200 11257 "-" "Mozilla/5.0 AppleWebKit/537.36 (KHTML, like Gecko; compatible; GPTBot/1.2; +https://openai.com/gptbot)"
20.171.207.75 - - [20/Apr/2025:07:42:54 -0500] "GET /blog/?path=%2Fhome%2Fcorals%2Fstore.intellicart.co%2Fwp-content%2Fplugins%2Fgenerate-random-orders-for-woocommerce%2Fvendor%2Ffakerphp%2Ffaker%2Fsrc%2FFaker%2FProvider%2Fth_TH HTTP/1.1" 200 13723 "-" "Mozilla/5.0 AppleWebKit/537.36 (KHTML, like Gecko; compatible; GPTBot/1.2; +https://openai.com/gptbot)"
54.83.56.1 - - [20/Apr/2025:07:42:56 -0500] "GET /category/marketing/?fileloc=//lib/firmware/cirrus/cs35l41-dsp1-spk-prot-103c8a2d-spkid0-l0.bin&path=//lib/firmware/cirrus HTTP/1.1" 200 3441 "-" "Mozilla/5.0 AppleWebKit/537.36 (KHTML, like Gecko; compatible; Amazonbot/0.1; +https://developer.amazon.com/support/amazonbot) Chrome/119.0.6045.214 Safari/537.36"
20.171.207.75 - - [20/Apr/2025:07:42:56 -0500] "GET /blog/?path=%2Fhome%2Fcorals%2Fstore.intellicart.co%2Fwp-content%2Fplugins%2Fgenerate-random-orders-for-woocommerce%2Fvendor%2Ffakerphp%2Ffaker%2Fsrc%2FFaker%2FProvider%2Fsk_SK HTTP/1.1" 200 12496 "-" "Mozilla/5.0 AppleWebKit/537.36 (KHTML, like Gecko; compatible; GPTBot/1.2; +https://openai.com/gptbot)"
20.171.207.75 - - [20/Apr/2025:07:42:57 -0500] "GET /blog/?path=%2Fhome%2Fcorals%2Fstore.intellicart.co%2Fwp-content%2Fplugins%2Fgenerate-random-orders-for-woocommerce%2Fvendor%2Ffakerphp%2Ffaker%2Fsrc%2FFaker%2FProvider%2Fsr_RS HTTP/1.1" 200 8770 "-" "Mozilla/5.0 AppleWebKit/537.36 (KHTML, like Gecko; compatible; GPTBot/1.2; +https://openai.com/gptbot)"
52.54.157.23 - - [20/Apr/2025:07:43:00 -0500] "GET /category/marketing/?fileloc=//lib/firmware/cirrus/cs35l41-dsp1-spk-prot-10431ccf-spkid0-l0.bin&path=//lib/firmware/cirrus HTTP/1.1" 200 3441 "-" "Mozilla/5.0 AppleWebKit/537.36 (KHTML, like Gecko; compatible; Amazonbot/0.1; +https://developer.amazon.com/support/amazonbot) Chrome/119.0.6045.214 Safari/537.36"
52.5.232.250 - - [20/Apr/2025:07:43:04 -0500] "GET /category/marketing/?fileloc=//lib/firmware/cirrus/cs35l41-dsp1-spk-prot-103c8b3a-spkid0-l0.bin&path=//lib/firmware/cirrus HTTP/1.1" 200 3441 "-" "Mozilla/5.0 AppleWebKit/537.36 (KHTML, like Gecko; compatible; Amazonbot/0.1; +https://developer.amazon.com/support/amazonbot) Chrome/119.0.6045.214 Safari/537.36"
23.23.213.182 - - [20/Apr/2025:07:43:08 -0500] "GET /category/marketing/?fileloc=//lib/firmware/cxgb4/t5fw-1.15.37.0.bin&path=//lib/firmware/cxgb4 HTTP/1.1" 200 3412 "-" "Mozilla/5.0 AppleWebKit/537.36 (KHTML, like Gecko; compatible; Amazonbot/0.1; +https://developer.amazon.com/support/amazonbot) Chrome/119.0.6045.214 Safari/537.36"
66.249.79.37 - - [20/Apr/2025:07:43:10 -0500] "GET /hidey.php?shopdetail/9645817667 HTTP/1.1" 200 112823 "-" "Mozilla/5.0 (Linux; Android 6.0.1; Nexus 5X Build/MMB29P) AppleWebKit/537.36 (KHTML, like Gecko) Chrome/135.0.7049.95 Mobile Safari/537.36 (compatible; Googlebot/2.1; +http://www.google.com/bot.html)"
20.171.207.75 - - [20/Apr/2025:07:43:10 -0500] "GET /blog/?path=%2Fhome%2Fcorals%2Fstore.intellicart.co%2Fwp-content%2Fplugins%2Fgenerate-random-orders-for-woocommerce%2Fvendor%2Ffakerphp%2Ffaker%2Fsrc%2FFaker%2FProvider%2Fro_RO HTTP/1.1" 200 11246 "-" "Mozilla/5.0 AppleWebKit/537.36 (KHTML, like Gecko; compatible; GPTBot/1.2; +https://openai.com/gptbot)"
98.83.178.66 - - [20/Apr/2025:07:43:12 -0500] "GET /category/inventory-management/?fileloc=//usr/lib/locale/en_CA.utf8/LC_CTYPE&path=//usr/lib/locale/en_CA.utf8 HTTP/1.1" 200 3455 "-" "Mozilla/5.0 AppleWebKit/537.36 (KHTML, like Gecko; compatible; Amazonbot/0.1; +https://developer.amazon.com/support/amazonbot) Chrome/119.0.6045.214 Safari/537.36"
