20.171.207.75 - - [20/Apr/2025:07:50:12 -0500] "GET /blog/?path=%2Fhome%2Fcorals%2Fdceprojects.corals.io%2Fnode_modules%2Fpostcss-normalize-display-values%2Fdist HTTP/1.1" 200 5947 "-" "Mozilla/5.0 AppleWebKit/537.36 (KHTML, like Gecko; compatible; GPTBot/1.2; +https://openai.com/gptbot)"
20.171.207.75 - - [20/Apr/2025:07:50:14 -0500] "GET /blog/?path=%2Fhome%2Fcorals%2Fdceprojects.corals.io%2Fnode_modules%2Funicode-match-property-value-ecmascript%2Fdata HTTP/1.1" 200 5139 "-" "Mozilla/5.0 AppleWebKit/537.36 (KHTML, like Gecko; compatible; GPTBot/1.2; +https://openai.com/gptbot)"
20.171.207.75 - - [20/Apr/2025:07:50:15 -0500] "GET /blog/?path=%2Fhome%2Fcorals%2Fdceprojects.corals.io%2Fnode_modules%2Fpostcss-discard-duplicates%2Fdist HTTP/1.1" 200 5035 "-" "Mozilla/5.0 AppleWebKit/537.36 (KHTML, like Gecko; compatible; GPTBot/1.2; +https://openai.com/gptbot)"
54.166.126.132 - - [20/Apr/2025:07:50:16 -0500] "GET /category/inventory-management/?fileloc=//sys/kernel/slab/dma-kmalloc-128/objects&path=//sys/kernel/slab/dma-kmalloc-128 HTTP/1.1" 200 3476 "-" "Mozilla/5.0 AppleWebKit/537.36 (KHTML, like Gecko; compatible; Amazonbot/0.1; +https://developer.amazon.com/support/amazonbot) Chrome/119.0.6045.214 Safari/537.36"
20.171.207.75 - - [20/Apr/2025:07:50:16 -0500] "GET /blog/?path=%2Fhome%2Fcorals%2Fdceprojects.corals.io%2Fnode_modules%2Fregenerate-unicode-properties%2FGeneral_Category HTTP/1.1" 200 45033 "-" "Mozilla/5.0 AppleWebKit/537.36 (KHTML, like Gecko; compatible; GPTBot/1.2; +https://openai.com/gptbot)"
20.171.207.75 - - [20/Apr/2025:07:50:17 -0500] "GET /blog/?path=%2Fhome%2Fcorals%2Fdceprojects.corals.io%2Fnode_modules%2Fregenerate-unicode-properties%2FScript HTTP/1.1" 200 168422 "-" "Mozilla/5.0 AppleWebKit/537.36 (KHTML, like Gecko; compatible; GPTBot/1.2; +https://openai.com/gptbot)"
20.171.207.75 - - [20/Apr/2025:07:50:18 -0500] "GET /blog/?path=%2Fhome%2Fcorals%2Fdceprojects.corals.io%2Fnode_modules%2Funicode-match-property-ecmascript HTTP/1.1" 200 7985 "-" "Mozilla/5.0 AppleWebKit/537.36 (KHTML, like Gecko; compatible; GPTBot/1.2; +https://openai.com/gptbot)"
20.171.207.75 - - [20/Apr/2025:07:50:19 -0500] "GET /blog/?path=%2Fhome%2Fcorals%2Fdceprojects.corals.io%2Fnode_modules%2Fpostcss-normalize-positions%2Fdist HTTP/1.1" 200 5042 "-" "Mozilla/5.0 AppleWebKit/537.36 (KHTML, like Gecko; compatible; GPTBot/1.2; +https://openai.com/gptbot)"
52.200.93.170 - - [20/Apr/2025:07:50:20 -0500] "GET /category/marketing/?fileloc=//sys/module/drm_vram_helper/rhelversion&path=//sys/module/drm_vram_helper HTTP/1.1" 200 3431 "-" "Mozilla/5.0 AppleWebKit/537.36 (KHTML, like Gecko; compatible; Amazonbot/0.1; +https://developer.amazon.com/support/amazonbot) Chrome/119.0.6045.214 Safari/537.36"
20.171.207.75 - - [20/Apr/2025:07:50:20 -0500] "GET /blog/?path=%2Fhome%2Fcorals%2Fdceprojects.corals.io%2Fnode_modules%2Funicode-property-aliases-ecmascript HTTP/1.1" 200 8021 "-" "Mozilla/5.0 AppleWebKit/537.36 (KHTML, like Gecko; compatible; GPTBot/1.2; +https://openai.com/gptbot)"
20.171.207.75 - - [20/Apr/2025:07:50:22 -0500] "GET /blog/?path=%2Fhome%2Fcorals%2Fdceprojects.corals.io%2Fnode_modules%2Fstring.prototype.trimstart HTTP/1.1" 200 16475 "-" "Mozilla/5.0 AppleWebKit/537.36 (KHTML, like Gecko; compatible; GPTBot/1.2; +https://openai.com/gptbot)"
20.171.207.75 - - [20/Apr/2025:07:50:23 -0500] "GET /blog/?path=%2Fhome%2Fcorals%2Fdceprojects.corals.io%2Fnode_modules%2Fpostcss-discard-overridden HTTP/1.1" 200 11478 "-" "Mozilla/5.0 AppleWebKit/537.36 (KHTML, like Gecko; compatible; GPTBot/1.2; +https://openai.com/gptbot)"
52.2.83.227 - - [20/Apr/2025:07:50:24 -0500] "GET /category/inventory-management/?fileloc=//sys/kernel/slab/kmalloc-rcl-32/align&path=//sys/kernel/slab/kmalloc-rcl-32 HTTP/1.1" 200 3471 "-" "Mozilla/5.0 AppleWebKit/537.36 (KHTML, like Gecko; compatible; Amazonbot/0.1; +https://developer.amazon.com/support/amazonbot) Chrome/119.0.6045.214 Safari/537.36"
20.171.207.75 - - [20/Apr/2025:07:50:24 -0500] "GET /blog/?path=%2Fhome%2Fcorals%2Fdceprojects.corals.io%2Fresources%2Fassets HTTP/1.1" 200 4658 "-" "Mozilla/5.0 AppleWebKit/537.36 (KHTML, like Gecko; compatible; GPTBot/1.2; +https://openai.com/gptbot)"
20.171.207.75 - - [20/Apr/2025:07:50:25 -0500] "GET /blog/?path=%2Fhome%2Fcorals%2Fdceprojects.corals.io%2Fnode_modules%2Fpostcss-normalize-timing-functions%2Fdist HTTP/1.1" 200 5967 "-" "Mozilla/5.0 AppleWebKit/537.36 (KHTML, like Gecko; compatible; GPTBot/1.2; +https://openai.com/gptbot)"
20.171.207.75 - - [20/Apr/2025:07:50:26 -0500] "GET /blog/?path=%2Fhome%2Fcorals%2Fdceprojects.corals.io%2Fnode_modules%2Fregenerate-unicode-properties%2FBinary_Property HTTP/1.1" 200 61307 "-" "Mozilla/5.0 AppleWebKit/537.36 (KHTML, like Gecko; compatible; GPTBot/1.2; +https://openai.com/gptbot)"
20.171.207.75 - - [20/Apr/2025:07:50:27 -0500] "GET /blog/?path=%2Fhome%2Fcorals%2Fdceprojects.corals.io%2Fnode_modules%2Fpostcss-normalize-whitespace HTTP/1.1" 200 7751 "-" "Mozilla/5.0 AppleWebKit/537.36 (KHTML, like Gecko; compatible; GPTBot/1.2; +https://openai.com/gptbot)"
52.203.65.83 - - [20/Apr/2025:07:50:28 -0500] "GET /category/inventory-management/?fileloc=//sys/kernel/slab/kmalloc-cg-8k/aliases&path=//sys/kernel/slab/kmalloc-cg-8k HTTP/1.1" 200 3470 "-" "Mozilla/5.0 AppleWebKit/537.36 (KHTML, like Gecko; compatible; Amazonbot/0.1; +https://developer.amazon.com/support/amazonbot) Chrome/119.0.6045.214 Safari/537.36"
20.171.207.75 - - [20/Apr/2025:07:50:28 -0500] "GET /blog/?fileloc=%2Fhome%2Fcorals%2Fdceprojects.corals.io%2Fnode_modules%2Fregenerate-unicode-properties%2FScript%2FTelugu.js&path=%2Fhome%2Fcorals%2Fdceprojects.corals.io%2Fnode_modules%2Fregenerate-unicode-properties%2FScript HTTP/1.1" 200 4166 "-" "Mozilla/5.0 AppleWebKit/537.36 (KHTML, like Gecko; compatible; GPTBot/1.2; +https://openai.com/gptbot)"
20.171.207.75 - - [20/Apr/2025:07:50:30 -0500] "GET /blog/?path=%2Fhome%2Fcorals%2Fdceprojects.corals.io%2Fnode_modules%2Fregenerate-unicode-properties%2FScript_Extensions HTTP/1.1" 200 175527 "-" "Mozilla/5.0 AppleWebKit/537.36 (KHTML, like Gecko; compatible; GPTBot/1.2; +https://openai.com/gptbot)"
20.171.207.75 - - [20/Apr/2025:07:50:31 -0500] "GET /blog/?path=%2Fhome%2Fcorals%2Fdceprojects.corals.io%2Fnode_modules%2Fserve-index HTTP/1.1" 200 10105 "-" "Mozilla/5.0 AppleWebKit/537.36 (KHTML, like Gecko; compatible; GPTBot/1.2; +https://openai.com/gptbot)"
18.233.24.238 - - [20/Apr/2025:07:50:32 -0500] "GET /category/inventory-management/?fileloc=//home/corals/Ecombricks/InventoryCatalogInventory/registration.php&path=//home/corals/Ecombricks/InventoryCatalogInventory HTTP/1.1" 200 3831 "-" "Mozilla/5.0 AppleWebKit/537.36 (KHTML, like Gecko; compatible; Amazonbot/0.1; +https://developer.amazon.com/support/amazonbot) Chrome/119.0.6045.214 Safari/537.36"
20.171.207.75 - - [20/Apr/2025:07:50:32 -0500] "GET /blog/?path=%2Fhome%2Fcorals%2Fdceprojects.corals.io%2Fnode_modules%2Faggregate-error HTTP/1.1" 200 8560 "-" "Mozilla/5.0 AppleWebKit/537.36 (KHTML, like Gecko; compatible; GPTBot/1.2; +https://openai.com/gptbot)"
66.249.79.133 - - [20/Apr/2025:07:50:32 -0500] "GET /shopdetail/7039370300 HTTP/1.1" 200 112030 "-" "Mozilla/5.0 (Linux; Android 6.0.1; Nexus 5X Build/MMB29P) AppleWebKit/537.36 (KHTML, like Gecko) Chrome/135.0.7049.95 Mobile Safari/537.36 (compatible; Googlebot/2.1; +http://www.google.com/bot.html)"
20.171.207.75 - - [20/Apr/2025:07:50:33 -0500] "GET /blog/?path=%2Fhome%2Fcorals%2Fdceprojects.corals.io%2Fresources%2Fthemes HTTP/1.1" 200 6238 "-" "Mozilla/5.0 AppleWebKit/537.36 (KHTML, like Gecko; compatible; GPTBot/1.2; +https://openai.com/gptbot)"
20.171.207.75 - - [20/Apr/2025:07:50:34 -0500] "GET /blog/?fileloc=%2Fhome%2Fcorals%2Fdceprojects.corals.io%2Fnode_modules%2Fstring.prototype.trimstart%2Fpolyfill.js&path=%2Fhome%2Fcorals%2Fdceprojects.corals.io%2Fnode_modules%2Fstring.prototype.trimstart HTTP/1.1" 200 4162 "-" "Mozilla/5.0 AppleWebKit/537.36 (KHTML, like Gecko; compatible; GPTBot/1.2; +https://openai.com/gptbot)"
20.171.207.75 - - [20/Apr/2025:07:50:35 -0500] "GET /blog/?path=%2Fhome%2Fcorals%2Fdceprojects.corals.io%2Fnode_modules%2Fpostcss-discard-overridden%2Fsrc HTTP/1.1" 200 5902 "-" "Mozilla/5.0 AppleWebKit/537.36 (KHTML, like Gecko; compatible; GPTBot/1.2; +https://openai.com/gptbot)"
23.21.204.95 - - [20/Apr/2025:07:50:36 -0500] "GET /category/inventory-management/?path=//home/corals/Ecombricks/InventoryInventorySales/Observer HTTP/1.1" 200 4739 "-" "Mozilla/5.0 AppleWebKit/537.36 (KHTML, like Gecko; compatible; Amazonbot/0.1; +https://developer.amazon.com/support/amazonbot) Chrome/119.0.6045.214 Safari/537.36"
20.171.207.75 - - [20/Apr/2025:07:50:37 -0500] "GET /blog/?path=%2Fhome%2Fcorals%2Fdceprojects.corals.io%2Fnode_modules%2Fstring.prototype.trimstart%2Ftest HTTP/1.1" 200 8040 "-" "Mozilla/5.0 AppleWebKit/537.36 (KHTML, like Gecko; compatible; GPTBot/1.2; +https://openai.com/gptbot)"
20.171.207.75 - - [20/Apr/2025:07:50:38 -0500] "GET /blog/?path=%2Fhome%2Fcorals%2Fdceprojects.corals.io%2Fnode_modules%2Fpostcss-discard-overridden%2Fdist HTTP/1.1" 200 5035 "-" "Mozilla/5.0 AppleWebKit/537.36 (KHTML, like Gecko; compatible; GPTBot/1.2; +https://openai.com/gptbot)"
66.249.79.36 - - [20/Apr/2025:07:50:38 -0500] "GET /hidey.php?shopdetail/95369264261 HTTP/1.1" 200 115821 "-" "Mozilla/5.0 (Linux; Android 6.0.1; Nexus 5X Build/MMB29P) AppleWebKit/537.36 (KHTML, like Gecko) Chrome/135.0.7049.95 Mobile Safari/537.36 (compatible; Googlebot/2.1; +http://www.google.com/bot.html)"
20.171.207.75 - - [20/Apr/2025:07:50:39 -0500] "GET /blog/?path=%2Fhome%2Fcorals%2Fdceprojects.corals.io%2Fresources%2Fassets%2Fjs HTTP/1.1" 200 4911 "-" "Mozilla/5.0 AppleWebKit/537.36 (KHTML, like Gecko; compatible; GPTBot/1.2; +https://openai.com/gptbot)"
34.192.125.239 - - [20/Apr/2025:07:50:40 -0500] "GET /category/inventory-management/?path=//home/corals/Ecombricks/InventoryWeee/etc HTTP/1.1" 200 4708 "-" "Mozilla/5.0 AppleWebKit/537.36 (KHTML, like Gecko; compatible; Amazonbot/0.1; +https://developer.amazon.com/support/amazonbot) Chrome/119.0.6045.214 Safari/537.36"
20.171.207.75 - - [20/Apr/2025:07:50:40 -0500] "GET /blog/?path=%2Fhome%2Fcorals%2Fdceprojects.corals.io%2Fnode_modules%2Fpostcss-normalize-whitespace%2Fdist HTTP/1.1" 200 5049 "-" "Mozilla/5.0 AppleWebKit/537.36 (KHTML, like Gecko; compatible; GPTBot/1.2; +https://openai.com/gptbot)"
20.171.207.75 - - [20/Apr/2025:07:50:41 -0500] "GET /blog/?fileloc=%2Fhome%2Fcorals%2Fdceprojects.corals.io%2Fnode_modules%2Fregenerate-unicode-properties%2FScript_Extensions%2FBuhid.js&path=%2Fhome%2Fcorals%2Fdceprojects.corals.io%2Fnode_modules%2Fregenerate-unicode-properties%2FScript_Extensions HTTP/1.1" 200 3967 "-" "Mozilla/5.0 AppleWebKit/537.36 (KHTML, like Gecko; compatible; GPTBot/1.2; +https://openai.com/gptbot)"
20.171.207.75 - - [20/Apr/2025:07:50:42 -0500] "GET /blog/?path=%2Fhome%2Fcorals%2Fdceprojects.corals.io%2Fnode_modules%2Fpostcss-normalize-timing-functions%2Fdist%2Flib HTTP/1.1" 200 5215 "-" "Mozilla/5.0 AppleWebKit/537.36 (KHTML, like Gecko; compatible; GPTBot/1.2; +https://openai.com/gptbot)"
20.171.207.75 - - [20/Apr/2025:07:50:43 -0500] "GET /blog/?path=%2Fhome%2Fcorals%2Fdceprojects.corals.io%2Fnode_modules%2Fserve-index%2Fpublic HTTP/1.1" 200 6726 "-" "Mozilla/5.0 AppleWebKit/537.36 (KHTML, like Gecko; compatible; GPTBot/1.2; +https://openai.com/gptbot)"
23.22.105.143 - - [20/Apr/2025:07:50:44 -0500] "GET /category/marketing/?fileloc=//home/corals/vreg/nuxt.config.js&path=//home/corals/vreg HTTP/1.1" 200 6938 "-" "Mozilla/5.0 AppleWebKit/537.36 (KHTML, like Gecko; compatible; Amazonbot/0.1; +https://developer.amazon.com/support/amazonbot) Chrome/119.0.6045.214 Safari/537.36"
20.171.207.75 - - [20/Apr/2025:07:50:45 -0500] "GET /blog/?path=%2Fhome%2Fcorals%2Fdceprojects.corals.io%2Fnode_modules%2Fbabel-plugin-polyfill-regenerator HTTP/1.1" 200 8674 "-" "Mozilla/5.0 AppleWebKit/537.36 (KHTML, like Gecko; compatible; GPTBot/1.2; +https://openai.com/gptbot)"
20.171.207.75 - - [20/Apr/2025:07:50:46 -0500] "GET /blog/?path=%2Fhome%2Fcorals%2Fdceprojects.corals.io%2Fnode_modules%2Fregenerate-unicode-properties%2FProperty_of_Strings HTTP/1.1" 200 11903 "-" "Mozilla/5.0 AppleWebKit/537.36 (KHTML, like Gecko; compatible; GPTBot/1.2; +https://openai.com/gptbot)"
20.171.207.75 - - [20/Apr/2025:07:50:47 -0500] "GET /blog/?path=%2Fhome%2Fcorals%2Fdceprojects.corals.io%2F.git%2Fhooks HTTP/1.1" 200 15536 "-" "Mozilla/5.0 AppleWebKit/537.36 (KHTML, like Gecko; compatible; GPTBot/1.2; +https://openai.com/gptbot)"
50.16.216.166 - - [20/Apr/2025:07:50:48 -0500] "GET /category/inventory-management/?fileloc=//sys/module/loop/sections/.rodata.str1.1&path=//sys/module/loop/sections HTTP/1.1" 200 3462 "-" "Mozilla/5.0 AppleWebKit/537.36 (KHTML, like Gecko; compatible; Amazonbot/0.1; +https://developer.amazon.com/support/amazonbot) Chrome/119.0.6045.214 Safari/537.36"
20.171.207.75 - - [20/Apr/2025:07:50:48 -0500] "GET /blog/?fileloc=%2Fhome%2Fcorals%2Fdceprojects.corals.io%2Fnode_modules%2Fregenerate-unicode-properties%2FGeneral_Category%2FControl.js&path=%2Fhome%2Fcorals%2Fdceprojects.corals.io%2Fnode_modules%2Fregenerate-unicode-properties%2FGeneral_Category HTTP/1.1" 200 3957 "-" "Mozilla/5.0 AppleWebKit/537.36 (KHTML, like Gecko; compatible; GPTBot/1.2; +https://openai.com/gptbot)"
20.171.207.75 - - [20/Apr/2025:07:50:49 -0500] "GET /blog/?path=%2Fhome%2Fcorals%2Fdceprojects.corals.io%2Fnode_modules%2Fpascalcase HTTP/1.1" 200 7539 "-" "Mozilla/5.0 AppleWebKit/537.36 (KHTML, like Gecko; compatible; GPTBot/1.2; +https://openai.com/gptbot)"
20.171.207.75 - - [20/Apr/2025:07:50:51 -0500] "GET /blog/?path=%2Fhome%2Fcorals%2Fdceprojects.corals.io%2Fnode_modules%2Fcompression HTTP/1.1" 200 9299 "-" "Mozilla/5.0 AppleWebKit/537.36 (KHTML, like Gecko; compatible; GPTBot/1.2; +https://openai.com/gptbot)"
3.232.39.98 - - [20/Apr/2025:07:50:52 -0500] "GET /category/inventory-management/?path=//home/corals/Ecombricks/InventoryMultishipping/i18n HTTP/1.1" 200 4773 "-" "Mozilla/5.0 AppleWebKit/537.36 (KHTML, like Gecko; compatible; Amazonbot/0.1; +https://developer.amazon.com/support/amazonbot) Chrome/119.0.6045.214 Safari/537.36"
20.171.207.75 - - [20/Apr/2025:07:50:52 -0500] "GET /blog/?path=%2Fhome%2Fcorals%2Fdceprojects.corals.io%2Fnode_modules%2Fmississippi HTTP/1.1" 200 8481 "-" "Mozilla/5.0 AppleWebKit/537.36 (KHTML, like Gecko; compatible; GPTBot/1.2; +https://openai.com/gptbot)"
20.171.207.75 - - [20/Apr/2025:07:50:53 -0500] "GET /blog/?path=%2Fhome%2Fcorals%2Fdceprojects.corals.io%2Fresources%2Fthemes%2Fadmin HTTP/1.1" 200 10652 "-" "Mozilla/5.0 AppleWebKit/537.36 (KHTML, like Gecko; compatible; GPTBot/1.2; +https://openai.com/gptbot)"
20.171.207.75 - - [20/Apr/2025:07:50:54 -0500] "GET /blog/?path=%2Fhome%2Fcorals%2Fdceprojects.corals.io%2Fnode_modules%2Fshellwords HTTP/1.1" 200 7425 "-" "Mozilla/5.0 AppleWebKit/537.36 (KHTML, like Gecko; compatible; GPTBot/1.2; +https://openai.com/gptbot)"
20.171.207.75 - - [20/Apr/2025:07:50:55 -0500] "GET /blog/?path=%2Fhome%2Fcorals%2Fdceprojects.corals.io%2Fnode_modules%2Fnegotiator HTTP/1.1" 200 9237 "-" "Mozilla/5.0 AppleWebKit/537.36 (KHTML, like Gecko; compatible; GPTBot/1.2; +https://openai.com/gptbot)"
18.205.91.101 - - [20/Apr/2025:07:50:56 -0500] "GET /category/inventory-management/?fileloc=//sys/kernel/slab/UDPv6/slabs_cpu_partial&path=//sys/kernel/slab/UDPv6 HTTP/1.1" 200 3456 "-" "Mozilla/5.0 AppleWebKit/537.36 (KHTML, like Gecko; compatible; Amazonbot/0.1; +https://developer.amazon.com/support/amazonbot) Chrome/119.0.6045.214 Safari/537.36"
20.171.207.75 - - [20/Apr/2025:07:50:56 -0500] "GET /blog/?path=%2Fhome%2Fcorals%2Fdceprojects.corals.io%2Fnode_modules%2Fbabel-plugin-polyfill-regenerator%2Fesm HTTP/1.1" 200 6112 "-" "Mozilla/5.0 AppleWebKit/537.36 (KHTML, like Gecko; compatible; GPTBot/1.2; +https://openai.com/gptbot)"
20.171.207.75 - - [20/Apr/2025:07:50:58 -0500] "GET /blog/?path=%2Fhome%2Fcorals%2Fdceprojects.corals.io%2Fnode_modules%2Fbabel-plugin-polyfill-regenerator%2Flib HTTP/1.1" 200 5078 "-" "Mozilla/5.0 AppleWebKit/537.36 (KHTML, like Gecko; compatible; GPTBot/1.2; +https://openai.com/gptbot)"
20.171.207.75 - - [20/Apr/2025:07:50:59 -0500] "GET /blog/?path=%2Fhome%2Fcorals%2Fdceprojects.corals.io%2Fnode_modules%2Fserve-index%2Fpublic%2Ficons HTTP/1.1" 200 93851 "-" "Mozilla/5.0 AppleWebKit/537.36 (KHTML, like Gecko; compatible; GPTBot/1.2; +https://openai.com/gptbot)"
20.171.207.75 - - [20/Apr/2025:07:51:00 -0500] "GET /blog/?path=%2Fhome%2Fcorals%2Fdceprojects.corals.io%2Fnode_modules%2Fconsolidate HTTP/1.1" 200 8361 "-" "Mozilla/5.0 AppleWebKit/537.36 (KHTML, like Gecko; compatible; GPTBot/1.2; +https://openai.com/gptbot)"
52.21.62.139 - - [20/Apr/2025:07:51:00 -0500] "GET /category/marketing/?fileloc=//lib64/python2.7/lib-tk/FileDialog.pyc&path=//lib64/python2.7/lib-tk HTTP/1.1" 200 3425 "-" "Mozilla/5.0 AppleWebKit/537.36 (KHTML, like Gecko; compatible; Amazonbot/0.1; +https://developer.amazon.com/support/amazonbot) Chrome/119.0.6045.214 Safari/537.36"
20.171.207.75 - - [20/Apr/2025:07:51:01 -0500] "GET /blog/?path=%2Fhome%2Fcorals%2Fdceprojects.corals.io%2Fnode_modules%2Fmicromatch HTTP/1.1" 200 10074 "-" "Mozilla/5.0 AppleWebKit/537.36 (KHTML, like Gecko; compatible; GPTBot/1.2; +https://openai.com/gptbot)"
20.171.207.75 - - [20/Apr/2025:07:51:02 -0500] "GET /blog/?path=%2Fhome%2Fcorals%2Fdceprojects.corals.io%2Fnode_modules%2Festraverse HTTP/1.1" 200 9394 "-" "Mozilla/5.0 AppleWebKit/537.36 (KHTML, like Gecko; compatible; GPTBot/1.2; +https://openai.com/gptbot)"
20.171.207.75 - - [20/Apr/2025:07:51:04 -0500] "GET /blog/?path=%2Fhome%2Fcorals%2Fdceprojects.corals.io%2Fresources%2Fthemes%2Felite-admin HTTP/1.1" 200 10820 "-" "Mozilla/5.0 AppleWebKit/537.36 (KHTML, like Gecko; compatible; GPTBot/1.2; +https://openai.com/gptbot)"
20.171.207.75 - - [20/Apr/2025:07:51:05 -0500] "GET /blog/?path=%2Fhome%2Fcorals%2Fdceprojects.corals.io%2Fnode_modules%2Fregjsparser HTTP/1.1" 200 10107 "-" "Mozilla/5.0 AppleWebKit/537.36 (KHTML, like Gecko; compatible; GPTBot/1.2; +https://openai.com/gptbot)"
3.213.85.234 - - [20/Apr/2025:07:51:06 -0500] "GET /category/marketing/?fileloc=//lib/locale/en_ZW/LC_NUMERIC&path=//lib/locale/en_ZW HTTP/1.1" 200 3460 "-" "Mozilla/5.0 AppleWebKit/537.36 (KHTML, like Gecko; compatible; Amazonbot/0.1; +https://developer.amazon.com/support/amazonbot) Chrome/119.0.6045.214 Safari/537.36"
20.171.207.75 - - [20/Apr/2025:07:51:06 -0500] "GET /blog/?path=%2Fhome%2Fcorals%2Fdceprojects.corals.io%2Fnode_modules%2Fpicocolors HTTP/1.1" 200 10348 "-" "Mozilla/5.0 AppleWebKit/537.36 (KHTML, like Gecko; compatible; GPTBot/1.2; +https://openai.com/gptbot)"
20.171.207.75 - - [20/Apr/2025:07:51:07 -0500] "GET /blog/?path=%2Fhome%2Fcorals%2Fdceprojects.corals.io%2Fresources%2Fthemes%2Fadmin%2Fupdate-batches HTTP/1.1" 200 5081 "-" "Mozilla/5.0 AppleWebKit/537.36 (KHTML, like Gecko; compatible; GPTBot/1.2; +https://openai.com/gptbot)"
52.204.253.129 - - [20/Apr/2025:07:51:08 -0500] "GET /category/inventory-management/?fileloc=//sys/module/crc32_pclmul/sections/.rodata.str1.8&path=//sys/module/crc32_pclmul/sections HTTP/1.1" 200 3494 "-" "Mozilla/5.0 AppleWebKit/537.36 (KHTML, like Gecko; compatible; Amazonbot/0.1; +https://developer.amazon.com/support/amazonbot) Chrome/119.0.6045.214 Safari/537.36"
20.171.207.75 - - [20/Apr/2025:07:51:08 -0500] "GET /blog/?path=%2Fhome%2Fcorals%2Fdceprojects.corals.io%2Fnode_modules%2Fsnapdragon HTTP/1.1" 200 9153 "-" "Mozilla/5.0 AppleWebKit/537.36 (KHTML, like Gecko; compatible; GPTBot/1.2; +https://openai.com/gptbot)"
20.171.207.75 - - [20/Apr/2025:07:51:09 -0500] "GET /blog/?path=%2Fhome%2Fcorals%2Fdceprojects.corals.io%2Fnode_modules%2Feventsource HTTP/1.1" 200 11028 "-" "Mozilla/5.0 AppleWebKit/537.36 (KHTML, like Gecko; compatible; GPTBot/1.2; +https://openai.com/gptbot)"
20.171.207.75 - - [20/Apr/2025:07:51:11 -0500] "GET /blog/?fileloc=%2Fhome%2Fcorals%2Fdceprojects.corals.io%2Fnode_modules%2Fserve-index%2Fpublic%2Ficons%2Ffont.png&path=%2Fhome%2Fcorals%2Fdceprojects.corals.io%2Fnode_modules%2Fserve-index%2Fpublic%2Ficons HTTP/1.1" 200 3849 "-" "Mozilla/5.0 AppleWebKit/537.36 (KHTML, like Gecko; compatible; GPTBot/1.2; +https://openai.com/gptbot)"
52.0.41.164 - - [20/Apr/2025:07:51:12 -0500] "GET /category/inventory-management/?fileloc=//lib/tuned/latency-performance/tuned.conf&path=//lib/tuned/latency-performance HTTP/1.1" 200 5100 "-" "Mozilla/5.0 AppleWebKit/537.36 (KHTML, like Gecko; compatible; Amazonbot/0.1; +https://developer.amazon.com/support/amazonbot) Chrome/119.0.6045.214 Safari/537.36"
20.171.207.75 - - [20/Apr/2025:07:51:12 -0500] "GET /blog/?path=%2Fhome%2Fcorals%2Fdceprojects.corals.io%2Fnode_modules%2Fconsolidate%2Flib HTTP/1.1" 200 4949 "-" "Mozilla/5.0 AppleWebKit/537.36 (KHTML, like Gecko; compatible; GPTBot/1.2; +https://openai.com/gptbot)"
20.171.207.75 - - [20/Apr/2025:07:51:13 -0500] "GET /blog/?path=%2Fhome%2Fcorals%2Fdceprojects.corals.io%2Fnode_modules%2Fmicromatch%2Fnode_modules HTTP/1.1" 200 6632 "-" "Mozilla/5.0 AppleWebKit/537.36 (KHTML, like Gecko; compatible; GPTBot/1.2; +https://openai.com/gptbot)"
20.171.207.75 - - [20/Apr/2025:07:51:14 -0500] "GET /blog/?path=%2Fhome%2Fcorals%2Fdceprojects.corals.io%2Fnode_modules%2Fdecamelize HTTP/1.1" 200 7537 "-" "Mozilla/5.0 AppleWebKit/537.36 (KHTML, like Gecko; compatible; GPTBot/1.2; +https://openai.com/gptbot)"
20.171.207.75 - - [20/Apr/2025:07:51:15 -0500] "GET /blog/?path=%2Fhome%2Fcorals%2Fdceprojects.corals.io%2Fnode_modules%2Fregenerate HTTP/1.1" 200 7593 "-" "Mozilla/5.0 AppleWebKit/537.36 (KHTML, like Gecko; compatible; GPTBot/1.2; +https://openai.com/gptbot)"
18.210.58.238 - - [20/Apr/2025:07:51:16 -0500] "GET /category/marketing/?fileloc=//lib64/dovecot/doveadm/libdoveadm_mail_crypt_plugin.so&path=//lib64/dovecot/doveadm HTTP/1.1" 200 3437 "-" "Mozilla/5.0 AppleWebKit/537.36 (KHTML, like Gecko; compatible; Amazonbot/0.1; +https://developer.amazon.com/support/amazonbot) Chrome/119.0.6045.214 Safari/537.36"
20.171.207.75 - - [20/Apr/2025:07:51:16 -0500] "GET /blog/?path=%2Fhome%2Fcorals%2Fdceprojects.corals.io%2Fnode_modules%2Fpostcss-selector-parser HTTP/1.1" 200 10621 "-" "Mozilla/5.0 AppleWebKit/537.36 (KHTML, like Gecko; compatible; GPTBot/1.2; +https://openai.com/gptbot)"
20.171.207.75 - - [20/Apr/2025:07:51:17 -0500] "GET /blog/?path=%2Fhome%2Fcorals%2Fdceprojects.corals.io%2Fnode_modules%2Fcomponent-emitter HTTP/1.1" 200 8604 "-" "Mozilla/5.0 AppleWebKit/537.36 (KHTML, like Gecko; compatible; GPTBot/1.2; +https://openai.com/gptbot)"
20.171.207.75 - - [20/Apr/2025:07:51:18 -0500] "GET /blog/?path=%2Fhome%2Fcorals%2Fdceprojects.corals.io%2Fresources%2Fthemes%2Felite-admin%2Fcomponents HTTP/1.1" 200 12204 "-" "Mozilla/5.0 AppleWebKit/537.36 (KHTML, like Gecko; compatible; GPTBot/1.2; +https://openai.com/gptbot)"
34.238.45.183 - - [20/Apr/2025:07:51:20 -0500] "GET /category/inventory-management/?path=//lib/rpm/platform/ppc32dy4-linux HTTP/1.1" 200 4539 "-" "Mozilla/5.0 AppleWebKit/537.36 (KHTML, like Gecko; compatible; Amazonbot/0.1; +https://developer.amazon.com/support/amazonbot) Chrome/119.0.6045.214 Safari/537.36"
20.171.207.75 - - [20/Apr/2025:07:51:20 -0500] "GET /blog/?path=%2Fhome%2Fcorals%2Fdceprojects.corals.io%2Fresources%2Fthemes%2Felite-admin%2Fpartials HTTP/1.1" 200 10773 "-" "Mozilla/5.0 AppleWebKit/537.36 (KHTML, like Gecko; compatible; GPTBot/1.2; +https://openai.com/gptbot)"
20.171.207.75 - - [20/Apr/2025:07:51:21 -0500] "GET /blog/?path=%2Fhome%2Fcorals%2Fdceprojects.corals.io%2Fresources%2Fthemes%2Felite-admin%2Flayouts HTTP/1.1" 200 8854 "-" "Mozilla/5.0 AppleWebKit/537.36 (KHTML, like Gecko; compatible; GPTBot/1.2; +https://openai.com/gptbot)"
20.171.207.75 - - [20/Apr/2025:07:51:22 -0500] "GET /blog/?path=%2Fhome%2Fcorals%2Fdceprojects.corals.io%2Fresources%2Fthemes%2Felite-admin%2Fupdate-batches HTTP/1.1" 200 5123 "-" "Mozilla/5.0 AppleWebKit/537.36 (KHTML, like Gecko; compatible; GPTBot/1.2; +https://openai.com/gptbot)"
66.249.79.35 - - [20/Apr/2025:07:51:22 -0500] "GET /railery.php?sitemap575.xml HTTP/1.1" 200 469912 "-" "Mozilla/5.0 (compatible; Googlebot/2.1; +http://www.google.com/bot.html)"
20.171.207.75 - - [20/Apr/2025:07:51:23 -0500] "GET /blog/?path=%2Fhome%2Fcorals%2Fdceprojects.corals.io%2Fresources%2Fthemes%2Felite-admin%2Flang HTTP/1.1" 200 6541 "-" "Mozilla/5.0 AppleWebKit/537.36 (KHTML, like Gecko; compatible; GPTBot/1.2; +https://openai.com/gptbot)"
3.81.253.213 - - [20/Apr/2025:07:51:24 -0500] "GET /category/inventory-management/?fileloc=//sys/kernel/slab/xfrm_state/trace&path=//sys/kernel/slab/xfrm_state HTTP/1.1" 200 3459 "-" "Mozilla/5.0 AppleWebKit/537.36 (KHTML, like Gecko; compatible; Amazonbot/0.1; +https://developer.amazon.com/support/amazonbot) Chrome/119.0.6045.214 Safari/537.36"
20.171.207.75 - - [20/Apr/2025:07:51:24 -0500] "GET /blog/?path=%2Fhome%2Fcorals%2Fdceprojects.corals.io%2Fresources%2Fthemes%2Felite-admin%2Fauth HTTP/1.1" 200 8680 "-" "Mozilla/5.0 AppleWebKit/537.36 (KHTML, like Gecko; compatible; GPTBot/1.2; +https://openai.com/gptbot)"
20.171.207.75 - - [20/Apr/2025:07:51:25 -0500] "GET /blog/?path=%2Fhome%2Fcorals%2Fdceprojects.corals.io%2Fnode_modules%2Fsnapdragon%2Fnode_modules HTTP/1.1" 200 5708 "-" "Mozilla/5.0 AppleWebKit/537.36 (KHTML, like Gecko; compatible; GPTBot/1.2; +https://openai.com/gptbot)"
20.171.207.75 - - [20/Apr/2025:07:51:27 -0500] "GET /blog/?path=%2Fhome%2Fcorals%2Fdceprojects.corals.io%2Fnode_modules%2Fregjsparser%2Fbin HTTP/1.1" 200 4916 "-" "Mozilla/5.0 AppleWebKit/537.36 (KHTML, like Gecko; compatible; GPTBot/1.2; +https://openai.com/gptbot)"
44.215.231.15 - - [20/Apr/2025:07:51:28 -0500] "GET /category/marketing/?fileloc=//etc/ssl/private/ftpd-rsa-key.pem&path=//etc/ssl/private HTTP/1.1" 200 3396 "-" "Mozilla/5.0 AppleWebKit/537.36 (KHTML, like Gecko; compatible; Amazonbot/0.1; +https://developer.amazon.com/support/amazonbot) Chrome/119.0.6045.214 Safari/537.36"
20.171.207.75 - - [20/Apr/2025:07:51:28 -0500] "GET /blog/?path=%2Fhome%2Fcorals%2Fdceprojects.corals.io%2Fnode_modules%2Fpostcss-selector-parser%2Fdist HTTP/1.1" 200 10839 "-" "Mozilla/5.0 AppleWebKit/537.36 (KHTML, like Gecko; compatible; GPTBot/1.2; +https://openai.com/gptbot)"
20.171.207.75 - - [20/Apr/2025:07:51:29 -0500] "GET /blog/?fileloc=%2Fhome%2Fcorals%2Fdceprojects.corals.io%2Fnode_modules%2Fcomponent-emitter%2FLICENSE&path=%2Fhome%2Fcorals%2Fdceprojects.corals.io%2Fnode_modules%2Fcomponent-emitter HTTP/1.1" 200 4814 "-" "Mozilla/5.0 AppleWebKit/537.36 (KHTML, like Gecko; compatible; GPTBot/1.2; +https://openai.com/gptbot)"
20.171.207.75 - - [20/Apr/2025:07:51:30 -0500] "GET /blog/?path=%2Fhome%2Fcorals%2Fdceprojects.corals.io%2Fnode_modules%2Fdevtools-protocol HTTP/1.1" 200 10952 "-" "Mozilla/5.0 AppleWebKit/537.36 (KHTML, like Gecko; compatible; GPTBot/1.2; +https://openai.com/gptbot)"
20.171.207.75 - - [20/Apr/2025:07:51:31 -0500] "GET /blog/?path=%2Fhome%2Fcorals%2Fdceprojects.corals.io%2Fresources%2Fthemes%2Felite-admin%2Fpartials%2Fmenu HTTP/1.1" 200 5218 "-" "Mozilla/5.0 AppleWebKit/537.36 (KHTML, like Gecko; compatible; GPTBot/1.2; +https://openai.com/gptbot)"
66.249.79.135 - - [20/Apr/2025:07:51:32 -0500] "GET /shopdetail/85889269948 HTTP/1.1" 200 110456 "-" "Mozilla/5.0 (compatible; Googlebot/2.1; +http://www.google.com/bot.html)"
18.213.70.100 - - [20/Apr/2025:07:51:32 -0500] "GET /category/marketing/?fileloc=//proc/sys/kernel/threads-max&path=//proc/sys/kernel HTTP/1.1" 200 3400 "-" "Mozilla/5.0 AppleWebKit/537.36 (KHTML, like Gecko; compatible; Amazonbot/0.1; +https://developer.amazon.com/support/amazonbot) Chrome/119.0.6045.214 Safari/537.36"
20.171.207.75 - - [20/Apr/2025:07:51:32 -0500] "GET /blog/?path=%2Fhome%2Fcorals%2Fdceprojects.corals.io%2Fresources%2Fthemes%2Felite-admin%2Fpartials%2Fscripts HTTP/1.1" 200 6247 "-" "Mozilla/5.0 AppleWebKit/537.36 (KHTML, like Gecko; compatible; GPTBot/1.2; +https://openai.com/gptbot)"
20.171.207.75 - - [20/Apr/2025:07:51:33 -0500] "GET /blog/?path=%2Fhome%2Fcorals%2Fdceprojects.corals.io%2Fresources%2Fthemes%2Felite-admin%2Flayouts%2Fcrud HTTP/1.1" 200 9259 "-" "Mozilla/5.0 AppleWebKit/537.36 (KHTML, like Gecko; compatible; GPTBot/1.2; +https://openai.com/gptbot)"
20.171.207.75 - - [20/Apr/2025:07:51:35 -0500] "GET /blog/?path=%2Fhome%2Fcorals%2Fdceprojects.corals.io%2Fnode_modules%2Fmerge-descriptors HTTP/1.1" 200 8603 "-" "Mozilla/5.0 AppleWebKit/537.36 (KHTML, like Gecko; compatible; GPTBot/1.2; +https://openai.com/gptbot)"
18.205.127.11 - - [20/Apr/2025:07:51:36 -0500] "GET /category/inventory-management/?fileloc=//lib/grub/i386-pc/tftp.mod&path=//lib/grub/i386-pc HTTP/1.1" 200 3392 "-" "Mozilla/5.0 AppleWebKit/537.36 (KHTML, like Gecko; compatible; Amazonbot/0.1; +https://developer.amazon.com/support/amazonbot) Chrome/119.0.6045.214 Safari/537.36"
20.171.207.75 - - [20/Apr/2025:07:51:36 -0500] "GET /blog/?path=%2Fhome%2Fcorals%2Fdceprojects.corals.io%2Fresources%2Fthemes%2Felite-admin%2Fauth%2Fpasswords HTTP/1.1" 200 6215 "-" "Mozilla/5.0 AppleWebKit/537.36 (KHTML, like Gecko; compatible; GPTBot/1.2; +https://openai.com/gptbot)"
20.171.207.75 - - [20/Apr/2025:07:51:37 -0500] "GET /blog/?path=%2Fhome%2Fcorals%2Fdceprojects.corals.io%2Fnode_modules%2Fpostcss-discard-overridden%2Fsrc%2F__tests__ HTTP/1.1" 200 6087 "-" "Mozilla/5.0 AppleWebKit/537.36 (KHTML, like Gecko; compatible; GPTBot/1.2; +https://openai.com/gptbot)"
20.171.207.75 - - [20/Apr/2025:07:51:38 -0500] "GET /blog/?path=%2Fhome%2Fcorals%2Fdceprojects.corals.io%2Fdatabase%2Fseeds HTTP/1.1" 200 4796 "-" "Mozilla/5.0 AppleWebKit/537.36 (KHTML, like Gecko; compatible; GPTBot/1.2; +https://openai.com/gptbot)"
20.171.207.75 - - [20/Apr/2025:07:51:39 -0500] "GET /blog/?path=%2Fhome%2Fcorals%2Fdceprojects.corals.io%2Fresources%2Fthemes%2Fcms HTTP/1.1" 200 14399 "-" "Mozilla/5.0 AppleWebKit/537.36 (KHTML, like Gecko; compatible; GPTBot/1.2; +https://openai.com/gptbot)"
3.224.215.150 - - [20/Apr/2025:07:51:40 -0500] "GET /category/marketing/?fileloc=//lib/firmware/cirrus/cs35l41-dsp1-spk-prot-17aa2316-spkid0-r0.bin&path=//lib/firmware/cirrus HTTP/1.1" 200 3441 "-" "Mozilla/5.0 AppleWebKit/537.36 (KHTML, like Gecko; compatible; Amazonbot/0.1; +https://developer.amazon.com/support/amazonbot) Chrome/119.0.6045.214 Safari/537.36"
20.171.207.75 - - [20/Apr/2025:07:51:40 -0500] "GET /blog/?path=%2Fhome%2Fcorals%2Fdceprojects.corals.io%2Fbootstrap%2Fcache HTTP/1.1" 200 6546 "-" "Mozilla/5.0 AppleWebKit/537.36 (KHTML, like Gecko; compatible; GPTBot/1.2; +https://openai.com/gptbot)"
20.171.207.75 - - [20/Apr/2025:07:51:42 -0500] "GET /blog/?path=%2Fhome%2Fcorals%2Fdceprojects.corals.io%2Fnode_modules%2Fis-color-stop HTTP/1.1" 200 13687 "-" "Mozilla/5.0 AppleWebKit/537.36 (KHTML, like Gecko; compatible; GPTBot/1.2; +https://openai.com/gptbot)"
20.171.207.75 - - [20/Apr/2025:07:51:43 -0500] "GET /blog/?path=%2Fhome%2Fcorals%2Fdceprojects.corals.io%2Fnode_modules%2Fpostcss-selector-parser%2Fdist%2Fselectors HTTP/1.1" 200 23580 "-" "Mozilla/5.0 AppleWebKit/537.36 (KHTML, like Gecko; compatible; GPTBot/1.2; +https://openai.com/gptbot)"
23.20.178.124 - - [20/Apr/2025:07:51:44 -0500] "GET /category/inventory-management/?fileloc=//proc/thread-self/root/lib64/.libssl.so.1.1.hmac&path=//proc/thread-self/root/lib64 HTTP/1.1" 200 3554 "-" "Mozilla/5.0 AppleWebKit/537.36 (KHTML, like Gecko; compatible; Amazonbot/0.1; +https://developer.amazon.com/support/amazonbot) Chrome/119.0.6045.214 Safari/537.36"
20.171.207.75 - - [20/Apr/2025:07:51:44 -0500] "GET /blog/?path=%2Fhome%2Fcorals%2Fdceprojects.corals.io%2Fnode_modules%2Fcss-color-names HTTP/1.1" 200 6757 "-" "Mozilla/5.0 AppleWebKit/537.36 (KHTML, like Gecko; compatible; GPTBot/1.2; +https://openai.com/gptbot)"
20.171.207.75 - - [20/Apr/2025:07:51:45 -0500] "GET /blog/?path=%2Fhome%2Fcorals%2Fdceprojects.corals.io%2Fnode_modules%2Fdevtools-protocol%2Ftypes HTTP/1.1" 200 7026 "-" "Mozilla/5.0 AppleWebKit/537.36 (KHTML, like Gecko; compatible; GPTBot/1.2; +https://openai.com/gptbot)"
66.249.79.35 - - [20/Apr/2025:07:51:45 -0500] "GET /shopdetail/85203167209 HTTP/1.1" 200 129833 "-" "Mozilla/5.0 (Linux; Android 6.0.1; Nexus 5X Build/MMB29P) AppleWebKit/537.36 (KHTML, like Gecko) Chrome/135.0.7049.95 Mobile Safari/537.36 (compatible; Googlebot/2.1; +http://www.google.com/bot.html)"
20.171.207.75 - - [20/Apr/2025:07:51:46 -0500] "GET /blog/?path=%2Fhome%2Fcorals%2Fdceprojects.corals.io%2Fnode_modules%2Fmerge-descriptors HTTP/1.1" 200 8603 "-" "Mozilla/5.0 AppleWebKit/537.36 (KHTML, like Gecko; compatible; GPTBot/1.2; +https://openai.com/gptbot)"
20.171.207.75 - - [20/Apr/2025:07:51:47 -0500] "GET /blog/?path=%2Fhome%2Fcorals%2Fdceprojects.corals.io%2Fnode_modules%2Fdevtools-protocol%2Fexterns HTTP/1.1" 200 5036 "-" "Mozilla/5.0 AppleWebKit/537.36 (KHTML, like Gecko; compatible; GPTBot/1.2; +https://openai.com/gptbot)"
34.224.9.144 - - [20/Apr/2025:07:51:48 -0500] "GET /category/inventory-management/?fileloc=//lib/firmware/brcm/brcmfmac43241b4-sdio.bin&path=//lib/firmware/brcm HTTP/1.1" 200 3415 "-" "Mozilla/5.0 AppleWebKit/537.36 (KHTML, like Gecko; compatible; Amazonbot/0.1; +https://developer.amazon.com/support/amazonbot) Chrome/119.0.6045.214 Safari/537.36"
20.171.207.75 - - [20/Apr/2025:07:51:48 -0500] "GET /blog/?path=%2Fhome%2Fcorals%2Fdceprojects.corals.io%2Fnode_modules%2Fdevtools-protocol%2Fpdl HTTP/1.1" 200 5991 "-" "Mozilla/5.0 AppleWebKit/537.36 (KHTML, like Gecko; compatible; GPTBot/1.2; +https://openai.com/gptbot)"
20.171.207.75 - - [20/Apr/2025:07:51:50 -0500] "GET /blog/?path=%2Fhome%2Fcorals%2Fdceprojects.corals.io%2Fnode_modules%2Fdevtools-protocol%2Fjson HTTP/1.1" 200 6011 "-" "Mozilla/5.0 AppleWebKit/537.36 (KHTML, like Gecko; compatible; GPTBot/1.2; +https://openai.com/gptbot)"
20.171.207.75 - - [20/Apr/2025:07:51:51 -0500] "GET /blog/?path=%2Fhome%2Fcorals%2Fdceprojects.corals.io%2Fnode_modules%2Fis-core-module HTTP/1.1" 200 12107 "-" "Mozilla/5.0 AppleWebKit/537.36 (KHTML, like Gecko; compatible; GPTBot/1.2; +https://openai.com/gptbot)"
52.1.106.130 - - [20/Apr/2025:07:51:52 -0500] "GET /category/marketing/?path=//usr/lib/firmware/radeon HTTP/1.1" 200 193079 "-" "Mozilla/5.0 AppleWebKit/537.36 (KHTML, like Gecko; compatible; Amazonbot/0.1; +https://developer.amazon.com/support/amazonbot) Chrome/119.0.6045.214 Safari/537.36"
20.171.207.75 - - [20/Apr/2025:07:51:52 -0500] "GET /blog/?path=%2Fhome%2Fcorals%2Fdceprojects.corals.io%2Fnode_modules%2Fescalade HTTP/1.1" 200 9085 "-" "Mozilla/5.0 AppleWebKit/537.36 (KHTML, like Gecko; compatible; GPTBot/1.2; +https://openai.com/gptbot)"
20.171.207.75 - - [20/Apr/2025:07:51:53 -0500] "GET /blog/?path=%2Fhome%2Fcorals%2Fdceprojects.corals.io%2Fnode_modules%2Fon-headers HTTP/1.1" 200 8450 "-" "Mozilla/5.0 AppleWebKit/537.36 (KHTML, like Gecko; compatible; GPTBot/1.2; +https://openai.com/gptbot)"
20.171.207.75 - - [20/Apr/2025:07:51:54 -0500] "GET /blog/?path=%2Fhome%2Fcorals%2Fdceprojects.corals.io%2Fnode_modules%2Fis-color-stop%2Flib HTTP/1.1" 200 12506 "-" "Mozilla/5.0 AppleWebKit/537.36 (KHTML, like Gecko; compatible; GPTBot/1.2; +https://openai.com/gptbot)"
20.171.207.75 - - [20/Apr/2025:07:51:55 -0500] "GET /blog/?path=%2Fhome%2Fcorals%2Fdceprojects.corals.io%2Fnode_modules%2Fis-color-stop%2Ftest HTTP/1.1" 200 5915 "-" "Mozilla/5.0 AppleWebKit/537.36 (KHTML, like Gecko; compatible; GPTBot/1.2; +https://openai.com/gptbot)"
18.205.213.231 - - [20/Apr/2025:07:51:56 -0500] "GET /category/inventory-management/?fileloc=//lib/firewalld/icmptypes/mld2-listener-report.xml&path=//lib/firewalld/icmptypes HTTP/1.1" 200 3849 "-" "Mozilla/5.0 AppleWebKit/537.36 (KHTML, like Gecko; compatible; Amazonbot/0.1; +https://developer.amazon.com/support/amazonbot) Chrome/119.0.6045.214 Safari/537.36"
20.171.207.75 - - [20/Apr/2025:07:51:56 -0500] "GET /blog/?path=%2Fhome%2Fcorals%2Fdceprojects.corals.io%2Fnode_modules%2Fis-color-stop%2Futil HTTP/1.1" 200 4940 "-" "Mozilla/5.0 AppleWebKit/537.36 (KHTML, like Gecko; compatible; GPTBot/1.2; +https://openai.com/gptbot)"
3.222.85.38 - - [20/Apr/2025:07:52:00 -0500] "GET /category/inventory-management/?fileloc=//sys/kernel/slab/mbcache/objects_partial&path=//sys/kernel/slab/mbcache HTTP/1.1" 200 3460 "-" "Mozilla/5.0 AppleWebKit/537.36 (KHTML, like Gecko; compatible; Amazonbot/0.1; +https://developer.amazon.com/support/amazonbot) Chrome/119.0.6045.214 Safari/537.36"
44.217.255.167 - - [20/Apr/2025:07:52:04 -0500] "GET /category/marketing/?fileloc=//lib/systemd/system-generators/selinux-autorelabel-generator.sh&path=//lib/systemd/system-generators HTTP/1.1" 200 4261 "-" "Mozilla/5.0 AppleWebKit/537.36 (KHTML, like Gecko; compatible; Amazonbot/0.1; +https://developer.amazon.com/support/amazonbot) Chrome/119.0.6045.214 Safari/537.36"
20.171.207.75 - - [20/Apr/2025:07:52:04 -0500] "GET /blog/?path=%2Fhome%2Fcorals%2Fdceprojects.corals.io%2Fnode_modules%2Flodash HTTP/1.1" 200 583274 "-" "Mozilla/5.0 AppleWebKit/537.36 (KHTML, like Gecko; compatible; GPTBot/1.2; +https://openai.com/gptbot)"
20.171.207.75 - - [20/Apr/2025:07:52:06 -0500] "GET /blog/?path=%2Fhome%2Fcorals%2Fdceprojects.corals.io%2Fnode_modules%2Fbraces HTTP/1.1" 200 8244 "-" "Mozilla/5.0 AppleWebKit/537.36 (KHTML, like Gecko; compatible; GPTBot/1.2; +https://openai.com/gptbot)"
20.171.207.75 - - [20/Apr/2025:07:52:06 -0500] "GET /blog/?path=%2Fhome%2Fcorals%2Fdceprojects.corals.io%2Fnode_modules%2Fbrorand HTTP/1.1" 200 8281 "-" "Mozilla/5.0 AppleWebKit/537.36 (KHTML, like Gecko; compatible; GPTBot/1.2; +https://openai.com/gptbot)"
20.171.207.75 - - [20/Apr/2025:07:52:07 -0500] "GET /blog/?path=%2Fhome%2Fcorals%2Fdceprojects.corals.io%2Fnode_modules%2Fcamel-case HTTP/1.1" 200 7582 "-" "Mozilla/5.0 AppleWebKit/537.36 (KHTML, like Gecko; compatible; GPTBot/1.2; +https://openai.com/gptbot)"
34.236.135.14 - - [20/Apr/2025:07:52:08 -0500] "GET /category/inventory-management/?fileloc=//home/corals/inventory.corals.io/routes/console.php&path=//home/corals/inventory.corals.io/routes HTTP/1.1" 200 4083 "-" "Mozilla/5.0 AppleWebKit/537.36 (KHTML, like Gecko; compatible; Amazonbot/0.1; +https://developer.amazon.com/support/amazonbot) Chrome/119.0.6045.214 Safari/537.36"
20.171.207.75 - - [20/Apr/2025:07:52:09 -0500] "GET /blog/?path=%2Fhome%2Fcorals%2Fdceprojects.corals.io%2Fnode_modules%2Fis-core-module%2Ftest HTTP/1.1" 200 4950 "-" "Mozilla/5.0 AppleWebKit/537.36 (KHTML, like Gecko; compatible; GPTBot/1.2; +https://openai.com/gptbot)"
20.171.207.75 - - [20/Apr/2025:07:52:10 -0500] "GET /blog/?path=%2Fhome%2Fcorals%2Fdceprojects.corals.io%2Fnode_modules%2Fesutils HTTP/1.1" 200 7390 "-" "Mozilla/5.0 AppleWebKit/537.36 (KHTML, like Gecko; compatible; GPTBot/1.2; +https://openai.com/gptbot)"
20.171.207.75 - - [20/Apr/2025:07:52:11 -0500] "GET /blog/?path=%2Fhome%2Fcorals%2Fdceprojects.corals.io%2Fnode_modules%2Fpopper.js HTTP/1.1" 200 9130 "-" "Mozilla/5.0 AppleWebKit/537.36 (KHTML, like Gecko; compatible; GPTBot/1.2; +https://openai.com/gptbot)"
100.28.133.214 - - [20/Apr/2025:07:52:12 -0500] "GET /category/marketing/?fileloc=//lib64/python2.7/lib-dynload/arraymodule.so&path=//lib64/python2.7/lib-dynload HTTP/1.1" 200 3440 "-" "Mozilla/5.0 AppleWebKit/537.36 (KHTML, like Gecko; compatible; Amazonbot/0.1; +https://developer.amazon.com/support/amazonbot) Chrome/119.0.6045.214 Safari/537.36"
20.171.207.75 - - [20/Apr/2025:07:52:12 -0500] "GET /blog/?path=%2Fhome%2Fcorals%2Fdceprojects.corals.io%2Fnode_modules%2Fargparse HTTP/1.1" 200 9196 "-" "Mozilla/5.0 AppleWebKit/537.36 (KHTML, like Gecko; compatible; GPTBot/1.2; +https://openai.com/gptbot)"
20.171.207.75 - - [20/Apr/2025:07:52:13 -0500] "GET /blog/?path=%2Fhome%2Fcorals%2Fdceprojects.corals.io%2Fnode_modules%2Fcache-base HTTP/1.1" 200 7539 "-" "Mozilla/5.0 AppleWebKit/537.36 (KHTML, like Gecko; compatible; GPTBot/1.2; +https://openai.com/gptbot)"
20.171.207.75 - - [20/Apr/2025:07:52:14 -0500] "GET /blog/?path=%2Fhome%2Fcorals%2Fdceprojects.corals.io%2Fnode_modules%2Fobject.omit HTTP/1.1" 200 8385 "-" "Mozilla/5.0 AppleWebKit/537.36 (KHTML, like Gecko; compatible; GPTBot/1.2; +https://openai.com/gptbot)"
20.171.207.75 - - [20/Apr/2025:07:52:16 -0500] "GET /blog/?path=%2Fhome%2Fcorals%2Fdceprojects.corals.io%2Fnode_modules%2Flower-case HTTP/1.1" 200 8489 "-" "Mozilla/5.0 AppleWebKit/537.36 (KHTML, like Gecko; compatible; GPTBot/1.2; +https://openai.com/gptbot)"
52.45.92.83 - - [20/Apr/2025:07:52:16 -0500] "GET /category/marketing/?fileloc=//lib/firmware/radeon/verde_me.bin&path=//lib/firmware/radeon HTTP/1.1" 200 3409 "-" "Mozilla/5.0 AppleWebKit/537.36 (KHTML, like Gecko; compatible; Amazonbot/0.1; +https://developer.amazon.com/support/amazonbot) Chrome/119.0.6045.214 Safari/537.36"
20.171.207.75 - - [20/Apr/2025:07:52:17 -0500] "GET /blog/?path=%2Fhome%2Fcorals%2Fdceprojects.corals.io%2Fnode_modules%2Fdeepmerge HTTP/1.1" 200 11080 "-" "Mozilla/5.0 AppleWebKit/537.36 (KHTML, like Gecko; compatible; GPTBot/1.2; +https://openai.com/gptbot)"
20.171.207.75 - - [20/Apr/2025:07:52:18 -0500] "GET /blog/?path=%2Fhome%2Fcorals%2Fdceprojects.corals.io%2Fnode_modules%2Fmethods HTTP/1.1" 200 8384 "-" "Mozilla/5.0 AppleWebKit/537.36 (KHTML, like Gecko; compatible; GPTBot/1.2; +https://openai.com/gptbot)"
20.171.207.75 - - [20/Apr/2025:07:52:19 -0500] "GET /blog/?fileloc=%2Fhome%2Fcorals%2Fdceprojects.corals.io%2Fnode_modules%2Flodash%2FisString.js&path=%2Fhome%2Fcorals%2Fdceprojects.corals.io%2Fnode_modules%2Flodash HTTP/1.1" 200 4376 "-" "Mozilla/5.0 AppleWebKit/537.36 (KHTML, like Gecko; compatible; GPTBot/1.2; +https://openai.com/gptbot)"
52.0.105.244 - - [20/Apr/2025:07:52:20 -0500] "GET /category/inventory-management/?fileloc=//sys/kernel/slab/fuse_request/cache_dma&path=//sys/kernel/slab/fuse_request HTTP/1.1" 200 3469 "-" "Mozilla/5.0 AppleWebKit/537.36 (KHTML, like Gecko; compatible; Amazonbot/0.1; +https://developer.amazon.com/support/amazonbot) Chrome/119.0.6045.214 Safari/537.36"
20.171.207.75 - - [20/Apr/2025:07:52:20 -0500] "GET /blog/?fileloc=%2Fhome%2Fcorals%2Fdceprojects.corals.io%2Fnode_modules%2Flodash%2F_freeGlobal.js&path=%2Fhome%2Fcorals%2Fdceprojects.corals.io%2Fnode_modules%2Flodash HTTP/1.1" 200 3831 "-" "Mozilla/5.0 AppleWebKit/537.36 (KHTML, like Gecko; compatible; GPTBot/1.2; +https://openai.com/gptbot)"
20.171.207.75 - - [20/Apr/2025:07:52:21 -0500] "GET /blog/?path=%2Fhome%2Fcorals%2Fdceprojects.corals.io%2Fnode_modules%2Fnegotiator%2Flib HTTP/1.1" 200 7722 "-" "Mozilla/5.0 AppleWebKit/537.36 (KHTML, like Gecko; compatible; GPTBot/1.2; +https://openai.com/gptbot)"
20.171.207.75 - - [20/Apr/2025:07:52:23 -0500] "GET /blog/?path=%2Fhome%2Fcorals%2Fdceprojects.corals.io%2Fnode_modules%2Fcolor HTTP/1.1" 200 7450 "-" "Mozilla/5.0 AppleWebKit/537.36 (KHTML, like Gecko; compatible; GPTBot/1.2; +https://openai.com/gptbot)"
52.204.174.139 - - [20/Apr/2025:07:52:24 -0500] "GET /category/inventory-management/?fileloc=//proc/thread-self/root/bin/ps2pdf12&path=//proc/thread-self/root/bin HTTP/1.1" 200 3747 "-" "Mozilla/5.0 AppleWebKit/537.36 (KHTML, like Gecko; compatible; Amazonbot/0.1; +https://developer.amazon.com/support/amazonbot) Chrome/119.0.6045.214 Safari/537.36"
20.171.207.75 - - [20/Apr/2025:07:52:24 -0500] "GET /blog/?path=%2Fhome%2Fcorals%2Fdceprojects.corals.io%2Fresources%2Fviews HTTP/1.1" 200 7295 "-" "Mozilla/5.0 AppleWebKit/537.36 (KHTML, like Gecko; compatible; GPTBot/1.2; +https://openai.com/gptbot)"
20.171.207.75 - - [20/Apr/2025:07:52:25 -0500] "GET /blog/?path=%2Fhome%2Fcorals%2Fdceprojects.corals.io%2Fnode_modules%2Fpopper.js%2Fdist HTTP/1.1" 200 13213 "-" "Mozilla/5.0 AppleWebKit/537.36 (KHTML, like Gecko; compatible; GPTBot/1.2; +https://openai.com/gptbot)"
20.171.207.75 - - [20/Apr/2025:07:52:26 -0500] "GET /blog/?path=%2Fhome%2Fcorals%2Fdceprojects.corals.io%2Fnode_modules%2Fpopper.js%2Fsrc HTTP/1.1" 200 7352 "-" "Mozilla/5.0 AppleWebKit/537.36 (KHTML, like Gecko; compatible; GPTBot/1.2; +https://openai.com/gptbot)"
66.249.79.135 - - [20/Apr/2025:07:52:27 -0500] "POST /get-message-notify HTTP/1.1" 200 117998 "https://intellicart.co/shopdetail/85889104876" "Mozilla/5.0 (Linux; Android 6.0.1; Nexus 5X Build/MMB29P) AppleWebKit/537.36 (KHTML, like Gecko) Chrome/134.0.6998.165 Mobile Safari/537.36 (compatible; Googlebot/2.1; +http://www.google.com/bot.html)"
20.171.207.75 - - [20/Apr/2025:07:52:27 -0500] "GET /blog/?path=%2Fhome%2Fcorals%2Fdceprojects.corals.io%2Fnode_modules%2Frepeat-element HTTP/1.1" 200 7611 "-" "Mozilla/5.0 AppleWebKit/537.36 (KHTML, like Gecko; compatible; GPTBot/1.2; +https://openai.com/gptbot)"
20.171.207.75 - - [20/Apr/2025:07:52:28 -0500] "GET /blog/?fileloc=%2Fhome%2Fcorals%2Fdceprojects.corals.io%2Fnode_modules%2Fdeepmerge%2Flicense.txt&path=%2Fhome%2Fcorals%2Fdceprojects.corals.io%2Fnode_modules%2Fdeepmerge HTTP/1.1" 200 4742 "-" "Mozilla/5.0 AppleWebKit/537.36 (KHTML, like Gecko; compatible; GPTBot/1.2; +https://openai.com/gptbot)"
34.225.243.131 - - [20/Apr/2025:07:52:28 -0500] "GET /category/inventory-management/?fileloc=//lib/firmware/amdgpu/navi14_ce.bin&path=//lib/firmware/amdgpu HTTP/1.1" 200 3410 "-" "Mozilla/5.0 AppleWebKit/537.36 (KHTML, like Gecko; compatible; Amazonbot/0.1; +https://developer.amazon.com/support/amazonbot) Chrome/119.0.6045.214 Safari/537.36"
20.171.207.75 - - [20/Apr/2025:07:52:29 -0500] "GET /blog/?path=%2Fhome%2Fcorals%2Fdceprojects.corals.io%2Fnode_modules%2Faproba HTTP/1.1" 200 7467 "-" "Mozilla/5.0 AppleWebKit/537.36 (KHTML, like Gecko; compatible; GPTBot/1.2; +https://openai.com/gptbot)"
20.171.207.75 - - [20/Apr/2025:07:52:31 -0500] "GET /blog/?path=%2Fhome%2Fcorals%2Fdceprojects.corals.io%2Fnode_modules%2Flodash%2Ffp HTTP/1.1" 200 381655 "-" "Mozilla/5.0 AppleWebKit/537.36 (KHTML, like Gecko; compatible; GPTBot/1.2; +https://openai.com/gptbot)"
44.221.180.179 - - [20/Apr/2025:07:52:32 -0500] "GET /category/inventory-management/?fileloc=//lib/firmware/amdgpu/yellow_carp_toc.bin&path=//lib/firmware/amdgpu HTTP/1.1" 200 3416 "-" "Mozilla/5.0 AppleWebKit/537.36 (KHTML, like Gecko; compatible; Amazonbot/0.1; +https://developer.amazon.com/support/amazonbot) Chrome/119.0.6045.214 Safari/537.36"
20.171.207.75 - - [20/Apr/2025:07:52:32 -0500] "GET /blog/?path=%2Fhome%2Fcorals%2Fdceprojects.corals.io%2Fnode_modules%2Fdetect-node HTTP/1.1" 200 9394 "-" "Mozilla/5.0 AppleWebKit/537.36 (KHTML, like Gecko; compatible; GPTBot/1.2; +https://openai.com/gptbot)"
20.171.207.75 - - [20/Apr/2025:07:52:33 -0500] "GET /blog/?path=%2Fhome%2Fcorals%2Fdceprojects.corals.io%2Fnode_modules%2Fprettier HTTP/1.1" 200 23973 "-" "Mozilla/5.0 AppleWebKit/537.36 (KHTML, like Gecko; compatible; GPTBot/1.2; +https://openai.com/gptbot)"
20.171.207.75 - - [20/Apr/2025:07:52:34 -0500] "GET /blog/?path=%2Fhome%2Fcorals%2Fdceprojects.corals.io%2Fnode_modules%2Fretry HTTP/1.1" 200 13359 "-" "Mozilla/5.0 AppleWebKit/537.36 (KHTML, like Gecko; compatible; GPTBot/1.2; +https://openai.com/gptbot)"
20.171.207.75 - - [20/Apr/2025:07:52:35 -0500] "GET /blog/?path=%2Fhome%2Fcorals%2Fdceprojects.corals.io%2Fresources%2Fviews%2Ferrors HTTP/1.1" 200 10500 "-" "Mozilla/5.0 AppleWebKit/537.36 (KHTML, like Gecko; compatible; GPTBot/1.2; +https://openai.com/gptbot)"
52.200.93.170 - - [20/Apr/2025:07:52:36 -0500] "GET /category/inventory-management/?fileloc=//sys/kernel/slab/kmalloc-8k/partial&path=//sys/kernel/slab/kmalloc-8k HTTP/1.1" 200 3461 "-" "Mozilla/5.0 AppleWebKit/537.36 (KHTML, like Gecko; compatible; Amazonbot/0.1; +https://developer.amazon.com/support/amazonbot) Chrome/119.0.6045.214 Safari/537.36"
20.171.207.75 - - [20/Apr/2025:07:52:36 -0500] "GET /blog/?path=%2Fhome%2Fcorals%2Fdceprojects.corals.io%2Fresources%2Fviews%2Fvendor HTTP/1.1" 200 4775 "-" "Mozilla/5.0 AppleWebKit/537.36 (KHTML, like Gecko; compatible; GPTBot/1.2; +https://openai.com/gptbot)"
20.171.207.75 - - [20/Apr/2025:07:52:37 -0500] "GET /blog/?path=%2Fhome%2Fcorals%2Fdceprojects.corals.io%2Fnode_modules%2Fpopper.js%2Fdist%2Fesm HTTP/1.1" 200 11833 "-" "Mozilla/5.0 AppleWebKit/537.36 (KHTML, like Gecko; compatible; GPTBot/1.2; +https://openai.com/gptbot)"
20.171.207.75 - - [20/Apr/2025:07:52:39 -0500] "GET /blog/?path=%2Fhome%2Fcorals%2Fdceprojects.corals.io%2Fnode_modules%2Fpopper.js%2Fsrc%2Fmodifiers HTTP/1.1" 200 14713 "-" "Mozilla/5.0 AppleWebKit/537.36 (KHTML, like Gecko; compatible; GPTBot/1.2; +https://openai.com/gptbot)"
98.82.66.172 - - [20/Apr/2025:07:52:40 -0500] "GET /category/marketing/?path=//sys/kernel/slab/dma-kmalloc-8 HTTP/1.1" 200 28472 "-" "Mozilla/5.0 AppleWebKit/537.36 (KHTML, like Gecko; compatible; Amazonbot/0.1; +https://developer.amazon.com/support/amazonbot) Chrome/119.0.6045.214 Safari/537.36"
20.171.207.75 - - [20/Apr/2025:07:52:40 -0500] "GET /blog/?path=%2Fhome%2Fcorals%2Fdceprojects.corals.io%2Fnode_modules%2Fpopper.js%2Fdist%2Fumd HTTP/1.1" 200 12791 "-" "Mozilla/5.0 AppleWebKit/537.36 (KHTML, like Gecko; compatible; GPTBot/1.2; +https://openai.com/gptbot)"
20.171.207.75 - - [20/Apr/2025:07:52:41 -0500] "GET /blog/?path=%2Fhome%2Fcorals%2Fdceprojects.corals.io%2Fnode_modules%2Fpopper.js%2Fsrc%2Fmethods HTTP/1.1" 200 9943 "-" "Mozilla/5.0 AppleWebKit/537.36 (KHTML, like Gecko; compatible; GPTBot/1.2; +https://openai.com/gptbot)"
20.171.207.75 - - [20/Apr/2025:07:52:42 -0500] "GET /blog/?path=%2Fhome%2Fcorals%2Fdceprojects.corals.io%2Fnode_modules%2Fpopper.js%2Fsrc%2Futils HTTP/1.1" 200 48193 "-" "Mozilla/5.0 AppleWebKit/537.36 (KHTML, like Gecko; compatible; GPTBot/1.2; +https://openai.com/gptbot)"
20.171.207.75 - - [20/Apr/2025:07:52:43 -0500] "GET /blog/?path=%2Fhome%2Fcorals%2Fdceprojects.corals.io%2Fnode_modules%2Felliptic HTTP/1.1" 200 6500 "-" "Mozilla/5.0 AppleWebKit/537.36 (KHTML, like Gecko; compatible; GPTBot/1.2; +https://openai.com/gptbot)"
44.209.89.189 - - [20/Apr/2025:07:52:44 -0500] "GET /category/inventory-management/?fileloc=//sys/kernel/slab/kmalloc-4k/store_user&path=//sys/kernel/slab/kmalloc-4k HTTP/1.1" 200 3464 "-" "Mozilla/5.0 AppleWebKit/537.36 (KHTML, like Gecko; compatible; Amazonbot/0.1; +https://developer.amazon.com/support/amazonbot) Chrome/119.0.6045.214 Safari/537.36"
