20.171.207.75 - - [20/Apr/2025:07:19:19 -0500] "GET /blog/?path=%2Fhome%2Fcorals%2Frentpix.corals.io%2Fpublic%2Fassets%2Fthemes%2Fadmin%2Fplugins%2Felfinder%2Fjs%2Fi18n HTTP/1.1" 200 43268 "-" "Mozilla/5.0 AppleWebKit/537.36 (KHTML, like Gecko; compatible; GPTBot/1.2; +https://openai.com/gptbot)"
98.82.214.73 - - [20/Apr/2025:07:19:20 -0500] "GET /category/inventory-management/?fileloc=//lib/locale/en_ZM/LC_TELEPHONE&path=//lib/locale/en_ZM HTTP/1.1" 200 3459 "-" "Mozilla/5.0 AppleWebKit/537.36 (KHTML, like Gecko; compatible; Amazonbot/0.1; +https://developer.amazon.com/support/amazonbot) Chrome/119.0.6045.214 Safari/537.36"
20.171.207.75 - - [20/Apr/2025:07:19:20 -0500] "GET /blog/?path=%2Fhome%2Fcorals%2Frentpix.corals.io%2Fpublic%2Fassets%2Fthemes%2Fadmin%2Fplugins%2Fbootstrap%2Fdist%2Fcss HTTP/1.1" 200 13941 "-" "Mozilla/5.0 AppleWebKit/537.36 (KHTML, like Gecko; compatible; GPTBot/1.2; +https://openai.com/gptbot)"
20.171.207.75 - - [20/Apr/2025:07:19:22 -0500] "GET /blog/?path=%2Fhome%2Fcorals%2Frentpix.corals.io%2Fpublic%2Fassets%2Fthemes%2Fadmin%2Fplugins%2Felfinder%2Fjs%2Fextras HTTP/1.1" 200 8705 "-" "Mozilla/5.0 AppleWebKit/537.36 (KHTML, like Gecko; compatible; GPTBot/1.2; +https://openai.com/gptbot)"
20.171.207.75 - - [20/Apr/2025:07:19:23 -0500] "GET /blog/?path=%2Fhome%2Fcorals%2Frentpix.corals.io%2Fpublic%2Fassets%2Fthemes%2Fadmin%2Fplugins%2Fbootstrap%2Fdist%2Fjs HTTP/1.1" 200 7496 "-" "Mozilla/5.0 AppleWebKit/537.36 (KHTML, like Gecko; compatible; GPTBot/1.2; +https://openai.com/gptbot)"
44.223.193.255 - - [20/Apr/2025:07:19:24 -0500] "GET /category/inventory-management/?fileloc=//lib/firmware/cirrus/cs35l41-dsp1-spk-prot-103c8c66-spkid0-r0.bin&path=//lib/firmware/cirrus HTTP/1.1" 200 3441 "-" "Mozilla/5.0 AppleWebKit/537.36 (KHTML, like Gecko; compatible; Amazonbot/0.1; +https://developer.amazon.com/support/amazonbot) Chrome/119.0.6045.214 Safari/537.36"
20.171.207.75 - - [20/Apr/2025:07:19:24 -0500] "GET /blog/?path=%2Fhome%2Fcorals%2Frentpix.corals.io%2Fpublic%2Fassets%2Fthemes%2Fadmin%2Fplugins%2Fdatatables.net%2Fi18n HTTP/1.1" 200 76454 "-" "Mozilla/5.0 AppleWebKit/537.36 (KHTML, like Gecko; compatible; GPTBot/1.2; +https://openai.com/gptbot)"
20.171.207.75 - - [20/Apr/2025:07:19:25 -0500] "GET /blog/?fileloc=%2Fhome%2Fcorals%2Frentpix.corals.io%2Fpublic%2Fassets%2Fthemes%2Fadmin%2Fplugins%2Felfinder%2Fimg%2Fedit_tinymce.png&path=%2Fhome%2Fcorals%2Frentpix.corals.io%2Fpublic%2Fassets%2Fthemes%2Fadmin%2Fplugins%2Felfinder%2Fimg HTTP/1.1" 200 4090 "-" "Mozilla/5.0 AppleWebKit/537.36 (KHTML, like Gecko; compatible; GPTBot/1.2; +https://openai.com/gptbot)"
20.171.207.75 - - [20/Apr/2025:07:19:26 -0500] "GET /blog/?fileloc=%2Fhome%2Fcorals%2Frentpix.corals.io%2Fpublic%2Fassets%2Fthemes%2Fadmin%2Fplugins%2Felfinder%2Fimg%2Fprogress.gif&path=%2Fhome%2Fcorals%2Frentpix.corals.io%2Fpublic%2Fassets%2Fthemes%2Fadmin%2Fplugins%2Felfinder%2Fimg HTTP/1.1" 200 4086 "-" "Mozilla/5.0 AppleWebKit/537.36 (KHTML, like Gecko; compatible; GPTBot/1.2; +https://openai.com/gptbot)"
20.171.207.75 - - [20/Apr/2025:07:19:27 -0500] "GET /blog/?path=%2Fhome%2Fcorals%2Frentpix.corals.io%2Fpublic%2Fassets%2Fthemes%2Fadmin%2Fplugins%2Fselect2%2Fdist%2Fcss HTTP/1.1" 200 6478 "-" "Mozilla/5.0 AppleWebKit/537.36 (KHTML, like Gecko; compatible; GPTBot/1.2; +https://openai.com/gptbot)"
50.16.248.61 - - [20/Apr/2025:07:19:28 -0500] "GET /category/marketing/?fileloc=//lib/grub/i386-pc/http.mod&path=//lib/grub/i386-pc HTTP/1.1" 200 3392 "-" "Mozilla/5.0 AppleWebKit/537.36 (KHTML, like Gecko; compatible; Amazonbot/0.1; +https://developer.amazon.com/support/amazonbot) Chrome/119.0.6045.214 Safari/537.36"
20.171.207.75 - - [20/Apr/2025:07:19:28 -0500] "GET /blog/?path=%2Fhome%2Fcorals%2Frentpix.corals.io%2Fpublic%2Fassets%2Fthemes%2Fadmin%2Fplugins%2Finputmask%2Fdist%2Fmin HTTP/1.1" 200 6434 "-" "Mozilla/5.0 AppleWebKit/537.36 (KHTML, like Gecko; compatible; GPTBot/1.2; +https://openai.com/gptbot)"
20.171.207.75 - - [20/Apr/2025:07:19:30 -0500] "GET /blog/?path=%2Fhome%2Fcorals%2Frentpix.corals.io%2Fpublic%2Fassets%2Fthemes%2Fcms%2Fimages%2Fservice HTTP/1.1" 200 8075 "-" "Mozilla/5.0 AppleWebKit/537.36 (KHTML, like Gecko; compatible; GPTBot/1.2; +https://openai.com/gptbot)"
20.171.207.75 - - [20/Apr/2025:07:19:31 -0500] "GET /blog/?path=%2Fhome%2Fcorals%2Frentpix.corals.io%2Fpublic%2Fassets%2Fthemes%2Fadmin%2Fplugins%2Felfinder%2Fjs%2Fi18n%2Fhelp HTTP/1.1" 200 12768 "-" "Mozilla/5.0 AppleWebKit/537.36 (KHTML, like Gecko; compatible; GPTBot/1.2; +https://openai.com/gptbot)"
20.171.207.75 - - [20/Apr/2025:07:19:32 -0500] "GET /blog/?path=%2Fhome%2Fcorals%2Frentpix.corals.io%2Fpublic%2Fassets%2Fthemes%2Fcms%2Fimages%2Fgallery HTTP/1.1" 200 10019 "-" "Mozilla/5.0 AppleWebKit/537.36 (KHTML, like Gecko; compatible; GPTBot/1.2; +https://openai.com/gptbot)"
54.84.102.81 - - [20/Apr/2025:07:19:32 -0500] "GET /category/inventory-management/?fileloc=//sys/module/nft_ct/sections/.symtab&path=//sys/module/nft_ct/sections HTTP/1.1" 200 3463 "-" "Mozilla/5.0 AppleWebKit/537.36 (KHTML, like Gecko; compatible; Amazonbot/0.1; +https://developer.amazon.com/support/amazonbot) Chrome/119.0.6045.214 Safari/537.36"
20.171.207.75 - - [20/Apr/2025:07:19:33 -0500] "GET /blog/?path=%2Fhome%2Fcorals%2Frentpix.corals.io%2Fpublic%2Fassets%2Fthemes%2Fcms%2Fplugins%2Ftoastr HTTP/1.1" 200 6164 "-" "Mozilla/5.0 AppleWebKit/537.36 (KHTML, like Gecko; compatible; GPTBot/1.2; +https://openai.com/gptbot)"
20.171.207.75 - - [20/Apr/2025:07:19:34 -0500] "GET /blog/?path=%2Fhome%2Fcorals%2Frentpix.corals.io%2Fpublic%2Fassets%2Fthemes%2Fadmin%2Fplugins%2Fjquery-slimscroll HTTP/1.1" 200 5315 "-" "Mozilla/5.0 AppleWebKit/537.36 (KHTML, like Gecko; compatible; GPTBot/1.2; +https://openai.com/gptbot)"
20.171.207.75 - - [20/Apr/2025:07:19:35 -0500] "GET /blog/?path=%2Fhome%2Fcorals%2Frentpix.corals.io%2Fpublic%2Fassets%2Fthemes%2Fcms%2Fimages%2FprettyPhoto%2Fdark_rounded HTTP/1.1" 200 10607 "-" "Mozilla/5.0 AppleWebKit/537.36 (KHTML, like Gecko; compatible; GPTBot/1.2; +https://openai.com/gptbot)"
20.171.207.75 - - [20/Apr/2025:07:19:36 -0500] "GET /blog/?fileloc=%2Fhome%2Fcorals%2Frentpix.corals.io%2Fpublic%2Fassets%2Fthemes%2Fadmin%2Fplugins%2Fdatatables.net%2Fi18n%2FKorean.lang&path=%2Fhome%2Fcorals%2Frentpix.corals.io%2Fpublic%2Fassets%2Fthemes%2Fadmin%2Fplugins%2Fdatatables.net%2Fi18n HTTP/1.1" 200 5278 "-" "Mozilla/5.0 AppleWebKit/537.36 (KHTML, like Gecko; compatible; GPTBot/1.2; +https://openai.com/gptbot)"
34.204.150.196 - - [20/Apr/2025:07:19:36 -0500] "GET /category/marketing/?fileloc=//sys/module/nf_reject_ipv4/initsize&path=//sys/module/nf_reject_ipv4 HTTP/1.1" 200 3423 "-" "Mozilla/5.0 AppleWebKit/537.36 (KHTML, like Gecko; compatible; Amazonbot/0.1; +https://developer.amazon.com/support/amazonbot) Chrome/119.0.6045.214 Safari/537.36"
20.171.207.75 - - [20/Apr/2025:07:19:38 -0500] "GET /blog/?fileloc=%2Fhome%2Fcorals%2Frentpix.corals.io%2Fpublic%2Fassets%2Fthemes%2Fadmin%2Fplugins%2Fdatatables.net%2Fi18n%2FPashto.lang&path=%2Fhome%2Fcorals%2Frentpix.corals.io%2Fpublic%2Fassets%2Fthemes%2Fadmin%2Fplugins%2Fdatatables.net%2Fi18n HTTP/1.1" 200 5502 "-" "Mozilla/5.0 AppleWebKit/537.36 (KHTML, like Gecko; compatible; GPTBot/1.2; +https://openai.com/gptbot)"
66.249.79.135 - - [20/Apr/2025:07:19:39 -0500] "GET /shopdetail/66423122773 HTTP/1.1" 200 135849 "-" "Mozilla/5.0 (Linux; Android 6.0.1; Nexus 5X Build/MMB29P) AppleWebKit/537.36 (KHTML, like Gecko) Chrome/135.0.7049.95 Mobile Safari/537.36 (compatible; Googlebot/2.1; +http://www.google.com/bot.html)"
20.171.207.75 - - [20/Apr/2025:07:19:39 -0500] "GET /blog/?path=%2Fhome%2Fcorals%2Frentpix.corals.io%2Fpublic%2Fassets%2Fthemes%2Fcms%2Fimages%2FprettyPhoto%2Flight_rounded HTTP/1.1" 200 9571 "-" "Mozilla/5.0 AppleWebKit/537.36 (KHTML, like Gecko; compatible; GPTBot/1.2; +https://openai.com/gptbot)"
23.23.214.190 - - [20/Apr/2025:07:19:40 -0500] "GET /category/inventory-management/?fileloc=//lib/firmware/amdgpu/verde_pfp.bin&path=//lib/firmware/amdgpu HTTP/1.1" 200 3410 "-" "Mozilla/5.0 AppleWebKit/537.36 (KHTML, like Gecko; compatible; Amazonbot/0.1; +https://developer.amazon.com/support/amazonbot) Chrome/119.0.6045.214 Safari/537.36"
20.171.207.75 - - [20/Apr/2025:07:19:40 -0500] "GET /blog/?path=%2Fhome%2Fcorals%2Frentpix.corals.io%2Fpublic%2Fassets%2Fthemes%2Fadmin%2Fplugins%2FiCheck%2Fsquare HTTP/1.1" 200 35143 "-" "Mozilla/5.0 AppleWebKit/537.36 (KHTML, like Gecko; compatible; GPTBot/1.2; +https://openai.com/gptbot)"
20.171.207.75 - - [20/Apr/2025:07:19:41 -0500] "GET /blog/?path=%2Fhome%2Fcorals%2Frentpix.corals.io%2Fpublic%2Fassets%2Fthemes%2Fadmin%2Fplugins%2FiCheck%2Ffuturico HTTP/1.1" 200 7382 "-" "Mozilla/5.0 AppleWebKit/537.36 (KHTML, like Gecko; compatible; GPTBot/1.2; +https://openai.com/gptbot)"
20.171.207.75 - - [20/Apr/2025:07:19:42 -0500] "GET /blog/?path=%2Fhome%2Fcorals%2Frentpix.corals.io%2Fpublic%2Fassets%2Fthemes%2Fadmin%2Fplugins%2Fbootstrap-wysihtml5 HTTP/1.1" 200 8611 "-" "Mozilla/5.0 AppleWebKit/537.36 (KHTML, like Gecko; compatible; GPTBot/1.2; +https://openai.com/gptbot)"
20.171.207.75 - - [20/Apr/2025:07:19:43 -0500] "GET /blog/?path=%2Fhome%2Fcorals%2Frentpix.corals.io%2Fpublic%2Fassets%2Fthemes%2Fcms%2Fimages%2FprettyPhoto%2Fdark_square HTTP/1.1" 200 10582 "-" "Mozilla/5.0 AppleWebKit/537.36 (KHTML, like Gecko; compatible; GPTBot/1.2; +https://openai.com/gptbot)"
3.222.85.38 - - [20/Apr/2025:07:19:44 -0500] "GET /category/marketing/?path=//sys/kernel/slab/dma-kmalloc-512 HTTP/1.1" 200 28724 "-" "Mozilla/5.0 AppleWebKit/537.36 (KHTML, like Gecko; compatible; Amazonbot/0.1; +https://developer.amazon.com/support/amazonbot) Chrome/119.0.6045.214 Safari/537.36"
20.171.207.75 - - [20/Apr/2025:07:19:44 -0500] "GET /blog/?path=%2Fhome%2Fcorals%2Frentpix.corals.io%2Fpublic%2Fassets%2Fthemes%2Fadmin%2Fplugins%2Felfinder%2Fjs%2Fproxy HTTP/1.1" 200 5500 "-" "Mozilla/5.0 AppleWebKit/537.36 (KHTML, like Gecko; compatible; GPTBot/1.2; +https://openai.com/gptbot)"
20.171.207.75 - - [20/Apr/2025:07:19:46 -0500] "GET /blog/?path=%2Fhome%2Fcorals%2Frentpix.corals.io%2Fpublic%2Fassets%2Fthemes%2Frentpix%2FjsonEditor%2Fjs HTTP/1.1" 200 5210 "-" "Mozilla/5.0 AppleWebKit/537.36 (KHTML, like Gecko; compatible; GPTBot/1.2; +https://openai.com/gptbot)"
20.171.207.75 - - [20/Apr/2025:07:19:47 -0500] "GET /blog/?path=%2Fhome%2Fcorals%2Frentpix.corals.io%2Fpublic%2Fassets%2Fthemes%2Fcms%2Fimages%2Fblog HTTP/1.1" 200 23199 "-" "Mozilla/5.0 AppleWebKit/537.36 (KHTML, like Gecko; compatible; GPTBot/1.2; +https://openai.com/gptbot)"
20.171.207.75 - - [20/Apr/2025:07:19:48 -0500] "GET /blog/?path=%2Fhome%2Fcorals%2Fecombricks.corals.io%2Fpub%2F.well-known%2Facme-challenge HTTP/1.1" 200 3982 "-" "Mozilla/5.0 AppleWebKit/537.36 (KHTML, like Gecko; compatible; GPTBot/1.2; +https://openai.com/gptbot)"
100.29.63.24 - - [20/Apr/2025:07:19:48 -0500] "GET /category/marketing/?fileloc=//lib/firmware/amdgpu/isp_4_1_1.bin&path=//lib/firmware/amdgpu HTTP/1.1" 200 3410 "-" "Mozilla/5.0 AppleWebKit/537.36 (KHTML, like Gecko; compatible; Amazonbot/0.1; +https://developer.amazon.com/support/amazonbot) Chrome/119.0.6045.214 Safari/537.36"
20.171.207.75 - - [20/Apr/2025:07:19:49 -0500] "GET /blog/?path=%2Fhome%2Fcorals%2Frentpix.corals.io%2Fpublic%2Fassets%2Fthemes%2Fadmin%2Fplugins%2FjQueryUI HTTP/1.1" 200 6216 "-" "Mozilla/5.0 AppleWebKit/537.36 (KHTML, like Gecko; compatible; GPTBot/1.2; +https://openai.com/gptbot)"
20.171.207.75 - - [20/Apr/2025:07:19:50 -0500] "GET /blog/?path=%2Fhome%2Fcorals%2Frentpix.corals.io%2Fpublic%2Fassets%2Fthemes%2Fadmin%2Fplugins%2Fpace HTTP/1.1" 200 8052 "-" "Mozilla/5.0 AppleWebKit/537.36 (KHTML, like Gecko; compatible; GPTBot/1.2; +https://openai.com/gptbot)"
20.171.207.75 - - [20/Apr/2025:07:19:51 -0500] "GET /blog/?path=%2Fhome%2Fcorals%2Frentpix.corals.io%2Fpublic%2Fassets%2Fthemes%2Fadmin%2Fplugins%2Fdatatables.net-bs HTTP/1.1" 200 5972 "-" "Mozilla/5.0 AppleWebKit/537.36 (KHTML, like Gecko; compatible; GPTBot/1.2; +https://openai.com/gptbot)"
52.5.232.250 - - [20/Apr/2025:07:19:52 -0500] "GET /category/inventory-management/?fileloc=//sys/kernel/slab/dma-kmalloc-32/cpu_slabs&path=//sys/kernel/slab/dma-kmalloc-32 HTTP/1.1" 200 3475 "-" "Mozilla/5.0 AppleWebKit/537.36 (KHTML, like Gecko; compatible; Amazonbot/0.1; +https://developer.amazon.com/support/amazonbot) Chrome/119.0.6045.214 Safari/537.36"
20.171.207.75 - - [20/Apr/2025:07:19:53 -0500] "GET /blog/?path=%2Fhome%2Fcorals%2Frentpix.corals.io%2Fpublic%2Fassets%2Fthemes%2Fadmin%2Fplugins%2FLadda HTTP/1.1" 200 9151 "-" "Mozilla/5.0 AppleWebKit/537.36 (KHTML, like Gecko; compatible; GPTBot/1.2; +https://openai.com/gptbot)"
20.171.207.75 - - [20/Apr/2025:07:19:54 -0500] "GET /blog/?path=%2Fhome%2Fcorals%2Frentpix.corals.io%2Fpublic%2Fassets%2Fthemes%2Fadmin%2Fimg%2Fcredit HTTP/1.1" 200 10922 "-" "Mozilla/5.0 AppleWebKit/537.36 (KHTML, like Gecko; compatible; GPTBot/1.2; +https://openai.com/gptbot)"
20.171.207.75 - - [20/Apr/2025:07:19:55 -0500] "GET /blog/?path=%2Fhome%2Fcorals%2Frentpix.corals.io%2Fpublic%2Fassets%2Fthemes%2Fcms%2Fplugins%2FLadda HTTP/1.1" 200 9103 "-" "Mozilla/5.0 AppleWebKit/537.36 (KHTML, like Gecko; compatible; GPTBot/1.2; +https://openai.com/gptbot)"
20.171.207.75 - - [20/Apr/2025:07:19:56 -0500] "GET /blog/?path=%2Fhome%2Fcorals%2Frentpix.corals.io%2Fpublic%2Fassets%2Fthemes%2Fcms%2Ffonts HTTP/1.1" 200 13019 "-" "Mozilla/5.0 AppleWebKit/537.36 (KHTML, like Gecko; compatible; GPTBot/1.2; +https://openai.com/gptbot)"
54.157.84.74 - - [20/Apr/2025:07:19:56 -0500] "GET /category/inventory-management/?path=//sys/module/failover/holders/net_failover HTTP/1.1" 200 12516 "-" "Mozilla/5.0 AppleWebKit/537.36 (KHTML, like Gecko; compatible; Amazonbot/0.1; +https://developer.amazon.com/support/amazonbot) Chrome/119.0.6045.214 Safari/537.36"
20.171.207.75 - - [20/Apr/2025:07:19:57 -0500] "GET /blog/?path=%2Fhome%2Fcorals%2Frentpix.corals.io%2Fpublic%2Fassets%2Fthemes%2Fadmin%2Fimages HTTP/1.1" 200 7961 "-" "Mozilla/5.0 AppleWebKit/537.36 (KHTML, like Gecko; compatible; GPTBot/1.2; +https://openai.com/gptbot)"
20.171.207.75 - - [20/Apr/2025:07:19:58 -0500] "GET /blog/?path=%2Fhome%2Fcorals%2Frentpix.corals.io%2Fpublic%2Fassets%2Fthemes%2Fadmin%2Fjs HTTP/1.1" 200 10544 "-" "Mozilla/5.0 AppleWebKit/537.36 (KHTML, like Gecko; compatible; GPTBot/1.2; +https://openai.com/gptbot)"
20.171.207.75 - - [20/Apr/2025:07:20:00 -0500] "GET /blog/?path=%2Fhome%2Fcorals%2Frentpix.corals.io%2Fpublic%2Fassets%2Fthemes%2Fadmin%2Fplugins%2Ffont-awesome HTTP/1.1" 200 5944 "-" "Mozilla/5.0 AppleWebKit/537.36 (KHTML, like Gecko; compatible; GPTBot/1.2; +https://openai.com/gptbot)"
34.194.95.99 - - [20/Apr/2025:07:20:00 -0500] "GET /category/marketing/?fileloc=//lib/firmware/qca/msbtfw11.tlv&path=//lib/firmware/qca HTTP/1.1" 200 3400 "-" "Mozilla/5.0 AppleWebKit/537.36 (KHTML, like Gecko; compatible; Amazonbot/0.1; +https://developer.amazon.com/support/amazonbot) Chrome/119.0.6045.214 Safari/537.36"
20.171.207.75 - - [20/Apr/2025:07:20:01 -0500] "GET /blog/?path=%2Fhome%2Fcorals%2Frentpix.corals.io%2Fpublic%2Fassets%2Fthemes%2Fadmin%2Fplugins%2Fdatatables.net%2Fjs HTTP/1.1" 200 7529 "-" "Mozilla/5.0 AppleWebKit/537.36 (KHTML, like Gecko; compatible; GPTBot/1.2; +https://openai.com/gptbot)"
20.171.207.75 - - [20/Apr/2025:07:20:02 -0500] "GET /blog/?path=%2Fhome%2Fcorals%2Frentpix.corals.io%2Fpublic%2Fassets%2Fthemes%2Fadmin%2Fplugins%2Finput-mask HTTP/1.1" 200 11544 "-" "Mozilla/5.0 AppleWebKit/537.36 (KHTML, like Gecko; compatible; GPTBot/1.2; +https://openai.com/gptbot)"
20.171.207.75 - - [20/Apr/2025:07:20:03 -0500] "GET /blog/?path=%2Fhome%2Fcorals%2Frentpix.corals.io%2Fpublic%2Fassets%2Fthemes%2Fadmin%2Fplugins%2Fdatatables.net-bs%2Fcss HTTP/1.1" 200 6541 "-" "Mozilla/5.0 AppleWebKit/537.36 (KHTML, like Gecko; compatible; GPTBot/1.2; +https://openai.com/gptbot)"
52.23.112.144 - - [20/Apr/2025:07:20:04 -0500] "GET /category/inventory-management/?path=//usr/share/doc/linux-firmware/amd-ucode HTTP/1.1" 200 4631 "-" "Mozilla/5.0 AppleWebKit/537.36 (KHTML, like Gecko; compatible; Amazonbot/0.1; +https://developer.amazon.com/support/amazonbot) Chrome/119.0.6045.214 Safari/537.36"
20.171.207.75 - - [20/Apr/2025:07:20:04 -0500] "GET /blog/?path=%2Fhome%2Fcorals%2Frentpix.corals.io%2Fpublic%2Fassets%2Fthemes%2Fadmin%2Fplugins%2Fdatatables.net-bs%2Fjs HTTP/1.1" 200 6523 "-" "Mozilla/5.0 AppleWebKit/537.36 (KHTML, like Gecko; compatible; GPTBot/1.2; +https://openai.com/gptbot)"
66.249.79.133 - - [20/Apr/2025:07:20:05 -0500] "POST /get-message-notify HTTP/1.1" 200 117998 "https://intellicart.co/shopdetail/70393257894" "Mozilla/5.0 (Linux; Android 6.0.1; Nexus 5X Build/MMB29P) AppleWebKit/537.36 (KHTML, like Gecko) Chrome/134.0.6998.165 Mobile Safari/537.36 (compatible; Googlebot/2.1; +http://www.google.com/bot.html)"
20.171.207.75 - - [20/Apr/2025:07:20:05 -0500] "GET /blog/?path=%2Fhome%2Fcorals%2Frentpix.corals.io%2FCorals%2Fmodules%2FFoo%2Fupdate-batches HTTP/1.1" 200 4968 "-" "Mozilla/5.0 AppleWebKit/537.36 (KHTML, like Gecko; compatible; GPTBot/1.2; +https://openai.com/gptbot)"
20.171.207.75 - - [20/Apr/2025:07:20:07 -0500] "GET /blog/?path=%2Fhome%2Fcorals%2Frentpix.corals.io%2FCorals%2Fmodules%2FFoo%2FObservers HTTP/1.1" 200 4970 "-" "Mozilla/5.0 AppleWebKit/537.36 (KHTML, like Gecko; compatible; GPTBot/1.2; +https://openai.com/gptbot)"
18.213.70.100 - - [20/Apr/2025:07:20:08 -0500] "GET /category/inventory-management/?path=/home/corals/rentpix.corals.io/vendor/dompdf/dompdf/lib HTTP/1.1" 200 6489 "-" "Mozilla/5.0 AppleWebKit/537.36 (KHTML, like Gecko; compatible; Amazonbot/0.1; +https://developer.amazon.com/support/amazonbot) Chrome/119.0.6045.214 Safari/537.36"
20.171.207.75 - - [20/Apr/2025:07:20:08 -0500] "GET /blog/?path=%2Fhome%2Fcorals%2Frentpix.corals.io%2FCorals%2Fmodules%2FFoo%2FModels HTTP/1.1" 200 5811 "-" "Mozilla/5.0 AppleWebKit/537.36 (KHTML, like Gecko; compatible; GPTBot/1.2; +https://openai.com/gptbot)"
20.171.207.75 - - [20/Apr/2025:07:20:09 -0500] "GET /blog/?path=%2Fhome%2Fcorals%2Frentpix.corals.io%2FCorals%2Fmodules%2FFoo%2FProviders HTTP/1.1" 200 10004 "-" "Mozilla/5.0 AppleWebKit/537.36 (KHTML, like Gecko; compatible; GPTBot/1.2; +https://openai.com/gptbot)"
20.171.207.75 - - [20/Apr/2025:07:20:10 -0500] "GET /blog/?path=%2Fhome%2Fcorals%2Frentpix.corals.io%2FCorals%2Fmodules%2FFoo%2Fresources HTTP/1.1" 200 5631 "-" "Mozilla/5.0 AppleWebKit/537.36 (KHTML, like Gecko; compatible; GPTBot/1.2; +https://openai.com/gptbot)"
20.171.207.75 - - [20/Apr/2025:07:20:11 -0500] "GET /blog/?path=%2Fhome%2Fcorals%2Frentpix.corals.io%2Fpublic%2Fassets%2Fthemes%2Fadmin%2Fplugins%2Ffont-awesome%2Ffonts HTTP/1.1" 200 10741 "-" "Mozilla/5.0 AppleWebKit/537.36 (KHTML, like Gecko; compatible; GPTBot/1.2; +https://openai.com/gptbot)"
44.221.180.179 - - [20/Apr/2025:07:20:12 -0500] "GET /category/inventory-management/?fileloc=//etc/alternatives/jre_openjdk/bin/alt-java&path=//etc/alternatives/jre_openjdk/bin HTTP/1.1" 200 3499 "-" "Mozilla/5.0 AppleWebKit/537.36 (KHTML, like Gecko; compatible; Amazonbot/0.1; +https://developer.amazon.com/support/amazonbot) Chrome/119.0.6045.214 Safari/537.36"
20.171.207.75 - - [20/Apr/2025:07:20:12 -0500] "GET /blog/?path=%2Fhome%2Fcorals%2Frentpix.corals.io%2Fpublic%2Fassets%2Fthemes%2Fadmin%2Fplugins%2Ffont-awesome%2Fcss HTTP/1.1" 200 7473 "-" "Mozilla/5.0 AppleWebKit/537.36 (KHTML, like Gecko; compatible; GPTBot/1.2; +https://openai.com/gptbot)"
20.171.207.75 - - [20/Apr/2025:07:20:13 -0500] "GET /blog/?path=%2Fhome%2Fcorals%2Frentpix.corals.io%2Fpublic%2Fassets%2Fthemes%2Fadmin%2Fplugins%2Finput-mask%2Fphone-codes HTTP/1.1" 200 7485 "-" "Mozilla/5.0 AppleWebKit/537.36 (KHTML, like Gecko; compatible; GPTBot/1.2; +https://openai.com/gptbot)"
20.171.207.75 - - [20/Apr/2025:07:20:15 -0500] "GET /blog/?path=%2Fhome%2Fcorals%2Frentpix.corals.io%2FCorals%2Fmodules%2FFoo%2FTraits HTTP/1.1" 200 4920 "-" "Mozilla/5.0 AppleWebKit/537.36 (KHTML, like Gecko; compatible; GPTBot/1.2; +https://openai.com/gptbot)"
20.171.207.75 - - [20/Apr/2025:07:20:16 -0500] "GET /blog/?path=%2Fhome%2Fcorals%2Frentpix.corals.io%2FCorals%2Fmodules%2FFoo%2Fpublic HTTP/1.1" 200 4920 "-" "Mozilla/5.0 AppleWebKit/537.36 (KHTML, like Gecko; compatible; GPTBot/1.2; +https://openai.com/gptbot)"
184.72.84.154 - - [20/Apr/2025:07:20:17 -0500] "GET /category/inventory-management/?fileloc=//lib/firmware/cirrus/cs35l41-dsp1-spk-prot-103c8973.bin&path=//lib/firmware/cirrus HTTP/1.1" 200 3431 "-" "Mozilla/5.0 AppleWebKit/537.36 (KHTML, like Gecko; compatible; Amazonbot/0.1; +https://developer.amazon.com/support/amazonbot) Chrome/119.0.6045.214 Safari/537.36"
20.171.207.75 - - [20/Apr/2025:07:20:17 -0500] "GET /blog/?path=%2Fhome%2Fcorals%2Frentpix.corals.io%2FCorals%2Fmodules%2FFoo%2FClasses HTTP/1.1" 200 4926 "-" "Mozilla/5.0 AppleWebKit/537.36 (KHTML, like Gecko; compatible; GPTBot/1.2; +https://openai.com/gptbot)"
20.171.207.75 - - [20/Apr/2025:07:20:18 -0500] "GET /blog/?path=%2Fhome%2Fcorals%2Frentpix.corals.io%2FCorals%2Fmodules%2FFoo%2FFacades HTTP/1.1" 200 4926 "-" "Mozilla/5.0 AppleWebKit/537.36 (KHTML, like Gecko; compatible; GPTBot/1.2; +https://openai.com/gptbot)"
20.171.207.75 - - [20/Apr/2025:07:20:19 -0500] "GET /blog/?path=%2Fhome%2Fcorals%2Frentpix.corals.io%2FCorals%2Fmodules%2FFoo%2Fdatabase HTTP/1.1" 200 5647 "-" "Mozilla/5.0 AppleWebKit/537.36 (KHTML, like Gecko; compatible; GPTBot/1.2; +https://openai.com/gptbot)"
52.6.97.88 - - [20/Apr/2025:07:20:20 -0500] "GET /category/marketing/?fileloc=//sys/module/i2c_piix4/refcnt&path=//sys/module/i2c_piix4 HTTP/1.1" 200 3406 "-" "Mozilla/5.0 AppleWebKit/537.36 (KHTML, like Gecko; compatible; Amazonbot/0.1; +https://developer.amazon.com/support/amazonbot) Chrome/119.0.6045.214 Safari/537.36"
20.171.207.75 - - [20/Apr/2025:07:20:20 -0500] "GET /blog/?path=%2Fhome%2Fcorals%2Frentpix.corals.io%2FCorals%2Fmodules%2FFoo%2Fconfig HTTP/1.1" 200 4920 "-" "Mozilla/5.0 AppleWebKit/537.36 (KHTML, like Gecko; compatible; GPTBot/1.2; +https://openai.com/gptbot)"
20.171.207.75 - - [20/Apr/2025:07:20:22 -0500] "GET /blog/?path=%2Fhome%2Fcorals%2Frentpix.corals.io%2FCorals%2Fmodules%2FFoo%2FDataTables HTTP/1.1" 200 4983 "-" "Mozilla/5.0 AppleWebKit/537.36 (KHTML, like Gecko; compatible; GPTBot/1.2; +https://openai.com/gptbot)"
20.171.207.75 - - [20/Apr/2025:07:20:23 -0500] "GET /blog/?path=%2Fhome%2Fcorals%2Frentpix.corals.io%2FCorals%2Fmodules%2FFoo%2Fresources%2Fviews HTTP/1.1" 200 5755 "-" "Mozilla/5.0 AppleWebKit/537.36 (KHTML, like Gecko; compatible; GPTBot/1.2; +https://openai.com/gptbot)"
20.171.207.75 - - [20/Apr/2025:07:20:24 -0500] "GET /blog/?path=%2Fhome%2Fcorals%2Frentpix.corals.io%2FCorals%2Fmodules%2FFoo%2Fresources%2Flang HTTP/1.1" 200 5731 "-" "Mozilla/5.0 AppleWebKit/537.36 (KHTML, like Gecko; compatible; GPTBot/1.2; +https://openai.com/gptbot)"
35.169.119.108 - - [20/Apr/2025:07:20:24 -0500] "GET /category/marketing/?fileloc=//etc/dnf/modules.d/nginx.module&path=//etc/dnf/modules.d HTTP/1.1" 200 3453 "-" "Mozilla/5.0 AppleWebKit/537.36 (KHTML, like Gecko; compatible; Amazonbot/0.1; +https://developer.amazon.com/support/amazonbot) Chrome/119.0.6045.214 Safari/537.36"
20.171.207.75 - - [20/Apr/2025:07:20:25 -0500] "GET /blog/?path=%2Fhome%2Fcorals%2Frentpix.corals.io%2FCorals%2Fmodules%2FFoo%2FHttp HTTP/1.1" 200 5631 "-" "Mozilla/5.0 AppleWebKit/537.36 (KHTML, like Gecko; compatible; GPTBot/1.2; +https://openai.com/gptbot)"
20.171.207.75 - - [20/Apr/2025:07:20:26 -0500] "GET /blog/?path=%2Fhome%2Fcorals%2Frentpix.corals.io%2FCorals%2Fmodules%2FFoo%2Froutes HTTP/1.1" 200 6749 "-" "Mozilla/5.0 AppleWebKit/537.36 (KHTML, like Gecko; compatible; GPTBot/1.2; +https://openai.com/gptbot)"
20.171.207.75 - - [20/Apr/2025:07:20:27 -0500] "GET /blog/?path=%2Fhome%2Fcorals%2Frentpix.corals.io%2FCorals%2Fmodules%2FFoo%2FPolicies HTTP/1.1" 200 4956 "-" "Mozilla/5.0 AppleWebKit/537.36 (KHTML, like Gecko; compatible; GPTBot/1.2; +https://openai.com/gptbot)"
18.235.158.19 - - [20/Apr/2025:07:20:28 -0500] "GET /category/marketing/?path=//sys/module/watchdog/parameters HTTP/1.1" 200 5371 "-" "Mozilla/5.0 AppleWebKit/537.36 (KHTML, like Gecko; compatible; Amazonbot/0.1; +https://developer.amazon.com/support/amazonbot) Chrome/119.0.6045.214 Safari/537.36"
20.171.207.75 - - [20/Apr/2025:07:20:28 -0500] "GET /blog/?path=%2Fhome%2Fcorals%2Frentpix.corals.io%2FCorals%2Fmodules%2FFoo%2FServices HTTP/1.1" 200 4959 "-" "Mozilla/5.0 AppleWebKit/537.36 (KHTML, like Gecko; compatible; GPTBot/1.2; +https://openai.com/gptbot)"
20.171.207.75 - - [20/Apr/2025:07:20:30 -0500] "GET /blog/?fileloc=%2Fhome%2Fcorals%2Fledger.corals.io%2F.git%2Fobjects%2F0c%2F3c25f5c1829688f46a4e2cdec6a98b34918251&path=%2Fhome%2Fcorals%2Fledger.corals.io%2F.git%2Fobjects%2F0c HTTP/1.1" 200 3676 "-" "Mozilla/5.0 AppleWebKit/537.36 (KHTML, like Gecko; compatible; GPTBot/1.2; +https://openai.com/gptbot)"
20.171.207.75 - - [20/Apr/2025:07:20:31 -0500] "GET /blog/?path=%2Fhome%2Fcorals%2Frentpix.corals.io%2FCorals%2Fmodules%2FFoo%2Fdatabase%2Fmigrations HTTP/1.1" 200 5101 "-" "Mozilla/5.0 AppleWebKit/537.36 (KHTML, like Gecko; compatible; GPTBot/1.2; +https://openai.com/gptbot)"
20.171.207.75 - - [20/Apr/2025:07:20:32 -0500] "GET /blog/?path=%2Fhome%2Fcorals%2Frentpix.corals.io%2FCorals%2Fmodules%2FFoo%2Fdatabase%2Fseeds HTTP/1.1" 200 8130 "-" "Mozilla/5.0 AppleWebKit/537.36 (KHTML, like Gecko; compatible; GPTBot/1.2; +https://openai.com/gptbot)"
54.156.124.2 - - [20/Apr/2025:07:20:33 -0500] "GET /category/marketing/?fileloc=//lib/firmware/qca/nvm_usb_00130200_0109.bin&path=//lib/firmware/qca HTTP/1.1" 200 3413 "-" "Mozilla/5.0 AppleWebKit/537.36 (KHTML, like Gecko; compatible; Amazonbot/0.1; +https://developer.amazon.com/support/amazonbot) Chrome/119.0.6045.214 Safari/537.36"
20.171.207.75 - - [20/Apr/2025:07:20:33 -0500] "GET /blog/?fileloc=%2Fhome%2Fcorals%2Fmedad.corals.io%2F.git%2Fobjects%2F02%2Fb495ac2f20c7a218ee86f82a15361b8137fc59&path=%2Fhome%2Fcorals%2Fmedad.corals.io%2F.git%2Fobjects%2F02 HTTP/1.1" 200 3670 "-" "Mozilla/5.0 AppleWebKit/537.36 (KHTML, like Gecko; compatible; GPTBot/1.2; +https://openai.com/gptbot)"
20.171.207.75 - - [20/Apr/2025:07:20:34 -0500] "GET /blog/?path=%2Fhome%2Fcorals%2Frentpix.corals.io%2FCorals%2Fmodules%2FFoo%2Fresources%2Fviews%2Fbazs HTTP/1.1" 200 7179 "-" "Mozilla/5.0 AppleWebKit/537.36 (KHTML, like Gecko; compatible; GPTBot/1.2; +https://openai.com/gptbot)"
20.171.207.75 - - [20/Apr/2025:07:20:35 -0500] "GET /blog/?path=%2Fhome%2Fcorals%2Frentpix.corals.io%2FCorals%2Fmodules%2FFoo%2Fresources%2Flang%2Far HTTP/1.1" 200 8034 "-" "Mozilla/5.0 AppleWebKit/537.36 (KHTML, like Gecko; compatible; GPTBot/1.2; +https://openai.com/gptbot)"
44.212.106.171 - - [20/Apr/2025:07:20:36 -0500] "GET /category/inventory-management/?fileloc=//sys/module/rtc_cmos/parameters/use_acpi_alarm&path=//sys/module/rtc_cmos/parameters HTTP/1.1" 200 3486 "-" "Mozilla/5.0 AppleWebKit/537.36 (KHTML, like Gecko; compatible; Amazonbot/0.1; +https://developer.amazon.com/support/amazonbot) Chrome/119.0.6045.214 Safari/537.36"
20.171.207.75 - - [20/Apr/2025:07:20:37 -0500] "GET /blog/?path=%2Fhome%2Fcorals%2Frentpix.corals.io%2FCorals%2Fmodules%2FFoo%2FHttp%2FControllers HTTP/1.1" 200 6886 "-" "Mozilla/5.0 AppleWebKit/537.36 (KHTML, like Gecko; compatible; GPTBot/1.2; +https://openai.com/gptbot)"
20.171.207.75 - - [20/Apr/2025:07:20:38 -0500] "GET /blog/?path=%2Fhome%2Fcorals%2Frentpix.corals.io%2FCorals%2Fmodules%2FFoo%2Fresources%2Flang%2Fen HTTP/1.1" 200 8035 "-" "Mozilla/5.0 AppleWebKit/537.36 (KHTML, like Gecko; compatible; GPTBot/1.2; +https://openai.com/gptbot)"
20.171.207.75 - - [20/Apr/2025:07:20:39 -0500] "GET /blog/?path=%2Fhome%2Fcorals%2Frentpix.corals.io%2FCorals%2Fmodules%2FFoo%2Fresources%2Fviews%2Fbars HTTP/1.1" 200 7179 "-" "Mozilla/5.0 AppleWebKit/537.36 (KHTML, like Gecko; compatible; GPTBot/1.2; +https://openai.com/gptbot)"
20.171.207.75 - - [20/Apr/2025:07:20:40 -0500] "GET /blog/?path=%2Fhome%2Fcorals%2Frentpix.corals.io%2FCorals%2Fmodules%2FFoo%2FHttp%2FRequests HTTP/1.1" 200 5064 "-" "Mozilla/5.0 AppleWebKit/537.36 (KHTML, like Gecko; compatible; GPTBot/1.2; +https://openai.com/gptbot)"
54.147.80.137 - - [20/Apr/2025:07:20:41 -0500] "GET /category/inventory-management/?fileloc=//lib/firmware/cirrus/cs35l41-dsp1-spk-prot-10431483-l0.bincfg&path=//lib/firmware/cirrus HTTP/1.1" 200 3437 "-" "Mozilla/5.0 AppleWebKit/537.36 (KHTML, like Gecko; compatible; Amazonbot/0.1; +https://developer.amazon.com/support/amazonbot) Chrome/119.0.6045.214 Safari/537.36"
20.171.207.75 - - [20/Apr/2025:07:20:41 -0500] "GET /blog/?fileloc=%2Fhome%2Fcorals%2Fledger.corals.io%2F.git%2Fobjects%2Fc6%2Fe717f43852e0a67403bf41f55d17a074f63e07&path=%2Fhome%2Fcorals%2Fledger.corals.io%2F.git%2Fobjects%2Fc6 HTTP/1.1" 200 3676 "-" "Mozilla/5.0 AppleWebKit/537.36 (KHTML, like Gecko; compatible; GPTBot/1.2; +https://openai.com/gptbot)"
20.171.207.75 - - [20/Apr/2025:07:20:42 -0500] "GET /blog/?fileloc=%2Fhome%2Fcorals%2Frentpix.corals.io%2F.git%2Fobjects%2F39%2F29271f43b64ac0b1cc12274346acbf38d07fc4&path=%2Fhome%2Fcorals%2Frentpix.corals.io%2F.git%2Fobjects%2F39 HTTP/1.1" 200 3682 "-" "Mozilla/5.0 AppleWebKit/537.36 (KHTML, like Gecko; compatible; GPTBot/1.2; +https://openai.com/gptbot)"
20.171.207.75 - - [20/Apr/2025:07:20:43 -0500] "GET /blog/?fileloc=%2Fhome%2Fcorals%2Frentpix.corals.io%2F.git%2Fobjects%2F61%2F548ca3a75bb119e947241b74e44728cadf3a32&path=%2Fhome%2Fcorals%2Frentpix.corals.io%2F.git%2Fobjects%2F61 HTTP/1.1" 200 3682 "-" "Mozilla/5.0 AppleWebKit/537.36 (KHTML, like Gecko; compatible; GPTBot/1.2; +https://openai.com/gptbot)"
3.222.85.38 - - [20/Apr/2025:07:20:44 -0500] "GET /category/marketing/?fileloc=//lib/firmware/intel/dsp_fw_cnl_v1858.bin&path=//lib/firmware/intel HTTP/1.1" 200 3414 "-" "Mozilla/5.0 AppleWebKit/537.36 (KHTML, like Gecko; compatible; Amazonbot/0.1; +https://developer.amazon.com/support/amazonbot) Chrome/119.0.6045.214 Safari/537.36"
20.171.207.75 - - [20/Apr/2025:07:20:45 -0500] "GET /blog/?fileloc=%2Fhome%2Fcorals%2Frentpix.corals.io%2F.git%2Fobjects%2F47%2F024c85f42b2e73ee241c100a4bff9d07895508&path=%2Fhome%2Fcorals%2Frentpix.corals.io%2F.git%2Fobjects%2F47 HTTP/1.1" 200 3682 "-" "Mozilla/5.0 AppleWebKit/537.36 (KHTML, like Gecko; compatible; GPTBot/1.2; +https://openai.com/gptbot)"
20.171.207.75 - - [20/Apr/2025:07:20:46 -0500] "GET /blog/?fileloc=%2Fhome%2Fcorals%2Fmedad.corals.io%2F.git%2Fobjects%2Fe9%2F491d1b3f43381c5fc708e9108d28e56d9f192c&path=%2Fhome%2Fcorals%2Fmedad.corals.io%2F.git%2Fobjects%2Fe9 HTTP/1.1" 200 3670 "-" "Mozilla/5.0 AppleWebKit/537.36 (KHTML, like Gecko; compatible; GPTBot/1.2; +https://openai.com/gptbot)"
20.171.207.75 - - [20/Apr/2025:07:20:47 -0500] "GET /blog/?fileloc=%2Fhome%2Fcorals%2Fledger.corals.io%2F.git%2Fobjects%2F94%2F47112698ff91d136b93dd45e1405c11b9b10c8&path=%2Fhome%2Fcorals%2Fledger.corals.io%2F.git%2Fobjects%2F94 HTTP/1.1" 200 3676 "-" "Mozilla/5.0 AppleWebKit/537.36 (KHTML, like Gecko; compatible; GPTBot/1.2; +https://openai.com/gptbot)"
3.212.86.97 - - [20/Apr/2025:07:20:48 -0500] "GET /category/marketing/?fileloc=//etc/mail/spamassassin/v342.pre&path=//etc/mail/spamassassin HTTP/1.1" 200 4966 "-" "Mozilla/5.0 AppleWebKit/537.36 (KHTML, like Gecko; compatible; Amazonbot/0.1; +https://developer.amazon.com/support/amazonbot) Chrome/119.0.6045.214 Safari/537.36"
20.171.207.75 - - [20/Apr/2025:07:20:48 -0500] "GET /blog/?path=%2Fhome%2Fcorals%2Fcartforge.co%2Fvendor%2Fmagento%2Fmodule-inventory-catalog-admin-ui%2Fview%2Fadminhtml%2Ftemplates%2Fcatalog%2Fproduct%2Fedit%2Faction HTTP/1.1" 200 6124 "-" "Mozilla/5.0 AppleWebKit/537.36 (KHTML, like Gecko; compatible; GPTBot/1.2; +https://openai.com/gptbot)"
20.171.207.75 - - [20/Apr/2025:07:20:49 -0500] "GET /blog/?path=%2Fhome%2Fcorals%2Frentpix.corals.io%2FCorals%2Fmodules%2FFoo%2FHttp%2FControllers%2FAPI HTTP/1.1" 200 5210 "-" "Mozilla/5.0 AppleWebKit/537.36 (KHTML, like Gecko; compatible; GPTBot/1.2; +https://openai.com/gptbot)"
20.171.207.75 - - [20/Apr/2025:07:20:51 -0500] "GET /blog/?fileloc=%2Fhome%2Fcorals%2Frentpix.corals.io%2FCorals%2Fmodules%2FFoo%2Fresources%2Flang%2Fen%2Flabels.php&path=%2Fhome%2Fcorals%2Frentpix.corals.io%2FCorals%2Fmodules%2FFoo%2Fresources%2Flang%2Fen HTTP/1.1" 200 4003 "-" "Mozilla/5.0 AppleWebKit/537.36 (KHTML, like Gecko; compatible; GPTBot/1.2; +https://openai.com/gptbot)"
20.171.207.75 - - [20/Apr/2025:07:20:52 -0500] "GET /blog/?path=%2Fhome%2Fcorals%2Fmedad.corals.io%2Fvendor%2Fdoctrine%2Fdbal%2Flib%2FDoctrine%2FDBAL%2FSharding HTTP/1.1" 200 10163 "-" "Mozilla/5.0 AppleWebKit/537.36 (KHTML, like Gecko; compatible; GPTBot/1.2; +https://openai.com/gptbot)"
18.206.47.187 - - [20/Apr/2025:07:20:52 -0500] "GET /category/inventory-management/?fileloc=//lib/firmware/rtw89/rtw8852c_fw.bin&path=//lib/firmware/rtw89 HTTP/1.1" 200 3409 "-" "Mozilla/5.0 AppleWebKit/537.36 (KHTML, like Gecko; compatible; Amazonbot/0.1; +https://developer.amazon.com/support/amazonbot) Chrome/119.0.6045.214 Safari/537.36"
20.171.207.75 - - [20/Apr/2025:07:20:53 -0500] "GET /blog/?path=%2Fhome%2Fcorals%2Finventory.corals.io%2Fvendor%2Ffzaninotto%2Ffaker%2Fsrc%2FFaker%2FProvider%2Fne_NP HTTP/1.1" 200 8404 "-" "Mozilla/5.0 AppleWebKit/537.36 (KHTML, like Gecko; compatible; GPTBot/1.2; +https://openai.com/gptbot)"
20.171.207.75 - - [20/Apr/2025:07:20:54 -0500] "GET /blog/?path=%2Fhome%2Fcorals%2Fcartforge.co%2Fdev%2Ftests%2Fapi-functional%2Ftestsuite%2FMagento%2FTax%2FApi HTTP/1.1" 200 7482 "-" "Mozilla/5.0 AppleWebKit/537.36 (KHTML, like Gecko; compatible; GPTBot/1.2; +https://openai.com/gptbot)"
20.171.207.75 - - [20/Apr/2025:07:20:55 -0500] "GET /blog/?path=%2Fhome%2Fcorals%2Finventory.corals.io%2Fvendor%2Ffzaninotto%2Ffaker%2Fsrc%2FFaker%2FProvider%2Fde_AT HTTP/1.1" 200 11411 "-" "Mozilla/5.0 AppleWebKit/537.36 (KHTML, like Gecko; compatible; GPTBot/1.2; +https://openai.com/gptbot)"
3.230.224.6 - - [20/Apr/2025:07:20:56 -0500] "GET /category/inventory-management/?fileloc=//lib/firmware/ti-connectivity/wl128x-fw.bin&path=//lib/firmware/ti-connectivity HTTP/1.1" 200 3437 "-" "Mozilla/5.0 AppleWebKit/537.36 (KHTML, like Gecko; compatible; Amazonbot/0.1; +https://developer.amazon.com/support/amazonbot) Chrome/119.0.6045.214 Safari/537.36"
20.171.207.75 - - [20/Apr/2025:07:20:56 -0500] "GET /blog/?path=%2Fhome%2Fcorals%2Fjob-board.corals.io%2Fvendor%2Fnikic%2Fphp-parser%2Flib%2FPhpParser%2FErrorHandler HTTP/1.1" 200 6312 "-" "Mozilla/5.0 AppleWebKit/537.36 (KHTML, like Gecko; compatible; GPTBot/1.2; +https://openai.com/gptbot)"
20.171.207.75 - - [20/Apr/2025:07:20:57 -0500] "GET /blog/?path=%2Fhome%2Fcorals%2Fjob-board.corals.io%2Fvendor%2Frmccue%2Frequests%2Flibrary%2FRequests HTTP/1.1" 200 22659 "-" "Mozilla/5.0 AppleWebKit/537.36 (KHTML, like Gecko; compatible; GPTBot/1.2; +https://openai.com/gptbot)"
20.171.207.75 - - [20/Apr/2025:07:20:59 -0500] "GET /blog/?path=%2Fhome%2Fcorals%2Finventory.corals.io%2Fvendor%2Ffzaninotto%2Ffaker%2Fsrc%2FFaker%2FProvider%2Fhe_IL HTTP/1.1" 200 9408 "-" "Mozilla/5.0 AppleWebKit/537.36 (KHTML, like Gecko; compatible; GPTBot/1.2; +https://openai.com/gptbot)"
54.197.82.195 - - [20/Apr/2025:07:21:00 -0500] "GET /category/inventory-management/?fileloc=//lib/locale/en_US.iso885915/LC_COLLATE&path=//lib/locale/en_US.iso885915 HTTP/1.1" 200 3426 "-" "Mozilla/5.0 AppleWebKit/537.36 (KHTML, like Gecko; compatible; Amazonbot/0.1; +https://developer.amazon.com/support/amazonbot) Chrome/119.0.6045.214 Safari/537.36"
20.171.207.75 - - [20/Apr/2025:07:21:00 -0500] "GET /blog/?path=%2Fhome%2Fcorals%2Fcartforge.co%2Fpub%2Fstatic%2Ffrontend%2FMagento%2Fblank%2Fen_US%2FMagento_Captcha HTTP/1.1" 200 6025 "-" "Mozilla/5.0 AppleWebKit/537.36 (KHTML, like Gecko; compatible; GPTBot/1.2; +https://openai.com/gptbot)"
20.171.207.75 - - [20/Apr/2025:07:21:01 -0500] "GET /blog/?path=%2Fhome%2Fcorals%2Frentpix.corals.io%2Fvendor%2Fnikic%2Fphp-parser%2Flib%2FPhpParser%2FInternal HTTP/1.1" 200 8294 "-" "Mozilla/5.0 AppleWebKit/537.36 (KHTML, like Gecko; compatible; GPTBot/1.2; +https://openai.com/gptbot)"
20.171.207.75 - - [20/Apr/2025:07:21:02 -0500] "GET /blog/?path=%2Fhome%2Fcorals%2Fjob-board.corals.io%2Fvendor%2Ffzaninotto%2Ffaker%2Fsrc%2FFaker%2FCalculator HTTP/1.1" 200 9142 "-" "Mozilla/5.0 AppleWebKit/537.36 (KHTML, like Gecko; compatible; GPTBot/1.2; +https://openai.com/gptbot)"
20.171.207.75 - - [20/Apr/2025:07:21:03 -0500] "GET /blog/?fileloc=%2Fhome%2Fcorals%2Fmedad.corals.io%2Fvendor%2Fdoctrine%2Fdbal%2Flib%2FDoctrine%2FDBAL%2FSharding%2FShardingException.php&path=%2Fhome%2Fcorals%2Fmedad.corals.io%2Fvendor%2Fdoctrine%2Fdbal%2Flib%2FDoctrine%2FDBAL%2FSharding HTTP/1.1" 200 5621 "-" "Mozilla/5.0 AppleWebKit/537.36 (KHTML, like Gecko; compatible; GPTBot/1.2; +https://openai.com/gptbot)"
3.214.176.44 - - [20/Apr/2025:07:21:04 -0500] "GET /category/marketing/?fileloc=//lib/firmware/cirrus/cs35l41-dsp1-spk-prot-10431683-spkid0-r0.bin&path=//lib/firmware/cirrus HTTP/1.1" 200 3441 "-" "Mozilla/5.0 AppleWebKit/537.36 (KHTML, like Gecko; compatible; Amazonbot/0.1; +https://developer.amazon.com/support/amazonbot) Chrome/119.0.6045.214 Safari/537.36"
20.171.207.75 - - [20/Apr/2025:07:21:04 -0500] "GET /blog/?path=%2Fhome%2Fcorals%2Fmedad.corals.io%2Fvendor%2Fdoctrine%2Fdbal%2Flib%2FDoctrine%2FDBAL%2FSharding%2FShardChoser HTTP/1.1" 200 6576 "-" "Mozilla/5.0 AppleWebKit/537.36 (KHTML, like Gecko; compatible; GPTBot/1.2; +https://openai.com/gptbot)"
20.171.207.75 - - [20/Apr/2025:07:21:05 -0500] "GET /blog/?path=%2Fhome%2Fcorals%2Fmedad.corals.io%2Fvendor%2Fdoctrine%2Fdbal%2Flib%2FDoctrine%2FDBAL%2FSharding%2FSQLAzure HTTP/1.1" 200 7500 "-" "Mozilla/5.0 AppleWebKit/537.36 (KHTML, like Gecko; compatible; GPTBot/1.2; +https://openai.com/gptbot)"
20.171.207.75 - - [20/Apr/2025:07:21:07 -0500] "GET /blog/?fileloc=%2Fhome%2Fcorals%2Fcartforge.co%2Fdev%2Ftests%2Fapi-functional%2Ftestsuite%2FMagento%2FTax%2FApi%2FTaxClassRepositoryTest.php&path=%2Fhome%2Fcorals%2Fcartforge.co%2Fdev%2Ftests%2Fapi-functional%2Ftestsuite%2FMagento%2FTax%2FApi HTTP/1.1" 200 17932 "-" "Mozilla/5.0 AppleWebKit/537.36 (KHTML, like Gecko; compatible; GPTBot/1.2; +https://openai.com/gptbot)"
18.208.11.93 - - [20/Apr/2025:07:21:08 -0500] "GET /category/inventory-management/?fileloc=//sys/kernel/slab/nf_conntrack/validate&path=//sys/kernel/slab/nf_conntrack HTTP/1.1" 200 3468 "-" "Mozilla/5.0 AppleWebKit/537.36 (KHTML, like Gecko; compatible; Amazonbot/0.1; +https://developer.amazon.com/support/amazonbot) Chrome/119.0.6045.214 Safari/537.36"
20.171.207.75 - - [20/Apr/2025:07:21:08 -0500] "GET /blog/?path=%2Fhome%2Fcorals%2Finventory.corals.io%2Fvendor%2Ffzaninotto%2Ffaker%2Fsrc%2FFaker%2FProvider%2Fen_CA HTTP/1.1" 200 6388 "-" "Mozilla/5.0 AppleWebKit/537.36 (KHTML, like Gecko; compatible; GPTBot/1.2; +https://openai.com/gptbot)"
20.171.207.75 - - [20/Apr/2025:07:21:09 -0500] "GET /blog/?path=%2Fhome%2Fcorals%2Fjob-board.corals.io%2Fvendor%2Frmccue%2Frequests%2Flibrary%2FRequests%2FCookie HTTP/1.1" 200 5246 "-" "Mozilla/5.0 AppleWebKit/537.36 (KHTML, like Gecko; compatible; GPTBot/1.2; +https://openai.com/gptbot)"
20.171.207.75 - - [20/Apr/2025:07:21:10 -0500] "GET /blog/?path=%2Fhome%2Fcorals%2Fjob-board.corals.io%2Fvendor%2Frmccue%2Frequests%2Flibrary%2FRequests%2FResponse HTTP/1.1" 200 5274 "-" "Mozilla/5.0 AppleWebKit/537.36 (KHTML, like Gecko; compatible; GPTBot/1.2; +https://openai.com/gptbot)"
20.171.207.75 - - [20/Apr/2025:07:21:11 -0500] "GET /blog/?path=%2Fhome%2Fcorals%2Fcartforge.co%2Fpub%2Fstatic%2Ffrontend%2FMagento%2Fblank%2Fen_US%2FMagento_Captcha%2Ftemplate HTTP/1.1" 200 5318 "-" "Mozilla/5.0 AppleWebKit/537.36 (KHTML, like Gecko; compatible; GPTBot/1.2; +https://openai.com/gptbot)"
34.196.237.236 - - [20/Apr/2025:07:21:12 -0500] "GET /category/marketing/?fileloc=//lib/firmware/radeon/R200_cp.bin&path=//lib/firmware/radeon HTTP/1.1" 200 3408 "-" "Mozilla/5.0 AppleWebKit/537.36 (KHTML, like Gecko; compatible; Amazonbot/0.1; +https://developer.amazon.com/support/amazonbot) Chrome/119.0.6045.214 Safari/537.36"
20.171.207.75 - - [20/Apr/2025:07:21:12 -0500] "GET /blog/?path=%2Fhome%2Fcorals%2Fjob-board.corals.io%2Fvendor%2Frmccue%2Frequests%2Flibrary%2FRequests%2FUtility HTTP/1.1" 200 6379 "-" "Mozilla/5.0 AppleWebKit/537.36 (KHTML, like Gecko; compatible; GPTBot/1.2; +https://openai.com/gptbot)"
20.171.207.75 - - [20/Apr/2025:07:21:14 -0500] "GET /blog/?path=%2Fhome%2Fcorals%2Fjob-board.corals.io%2Fvendor%2Frmccue%2Frequests%2Flibrary%2FRequests%2FTransport HTTP/1.1" 200 7298 "-" "Mozilla/5.0 AppleWebKit/537.36 (KHTML, like Gecko; compatible; GPTBot/1.2; +https://openai.com/gptbot)"
20.171.207.75 - - [20/Apr/2025:07:21:15 -0500] "GET /blog/?path=%2Fhome%2Fcorals%2Fjob-board.corals.io%2Fvendor%2Frmccue%2Frequests%2Flibrary%2FRequests%2FException HTTP/1.1" 200 8037 "-" "Mozilla/5.0 AppleWebKit/537.36 (KHTML, like Gecko; compatible; GPTBot/1.2; +https://openai.com/gptbot)"
20.171.207.75 - - [20/Apr/2025:07:21:16 -0500] "GET /blog/?path=%2Fhome%2Fcorals%2Fcartforge.co%2Fvendor%2Fmagento%2Fmodule-paypal-captcha%2FTest%2FMftf%2FTest HTTP/1.1" 200 5385 "-" "Mozilla/5.0 AppleWebKit/537.36 (KHTML, like Gecko; compatible; GPTBot/1.2; +https://openai.com/gptbot)"
18.235.81.246 - - [20/Apr/2025:07:21:17 -0500] "GET /category/marketing/?fileloc=//lib64/python2.7/lib-tk/Dialog.pyo&path=//lib64/python2.7/lib-tk HTTP/1.1" 200 3421 "-" "Mozilla/5.0 AppleWebKit/537.36 (KHTML, like Gecko; compatible; Amazonbot/0.1; +https://developer.amazon.com/support/amazonbot) Chrome/119.0.6045.214 Safari/537.36"
20.171.207.75 - - [20/Apr/2025:07:21:17 -0500] "GET /blog/?path=%2Fhome%2Fcorals%2Fmedad.corals.io%2Fvendor%2Fdoctrine%2Fdbal%2Flib%2FDoctrine%2FDBAL%2FSharding%2FSQLAzure%2FSchema HTTP/1.1" 200 5639 "-" "Mozilla/5.0 AppleWebKit/537.36 (KHTML, like Gecko; compatible; GPTBot/1.2; +https://openai.com/gptbot)"
20.171.207.75 - - [20/Apr/2025:07:21:18 -0500] "GET /blog/?path=%2Fhome%2Fcorals%2Finventory.corals.io%2Fvendor%2Ffzaninotto%2Ffaker%2Fsrc%2FFaker%2FProvider%2Fpt_BR HTTP/1.1" 200 11439 "-" "Mozilla/5.0 AppleWebKit/537.36 (KHTML, like Gecko; compatible; GPTBot/1.2; +https://openai.com/gptbot)"
20.171.207.75 - - [20/Apr/2025:07:21:19 -0500] "GET /blog/?path=%2Fhome%2Fcorals%2Finventory.corals.io%2Fvendor%2Ffzaninotto%2Ffaker%2Fsrc%2FFaker%2FProvider%2Fen_SG HTTP/1.1" 200 6389 "-" "Mozilla/5.0 AppleWebKit/537.36 (KHTML, like Gecko; compatible; GPTBot/1.2; +https://openai.com/gptbot)"
44.217.255.167 - - [20/Apr/2025:07:21:20 -0500] "GET /category/inventory-management/?fileloc=//sys/kernel/slab/UDPLITEv6/align&path=//sys/kernel/slab/UDPLITEv6 HTTP/1.1" 200 3456 "-" "Mozilla/5.0 AppleWebKit/537.36 (KHTML, like Gecko; compatible; Amazonbot/0.1; +https://developer.amazon.com/support/amazonbot) Chrome/119.0.6045.214 Safari/537.36"
20.171.207.75 - - [20/Apr/2025:07:21:21 -0500] "GET /blog/?path=%2Fhome%2Fcorals%2Fdemo.intellicart.co%2Fvendor%2Fmrclay%2Fminify%2Flib%2FMinify%2FLogger HTTP/1.1" 200 5222 "-" "Mozilla/5.0 AppleWebKit/537.36 (KHTML, like Gecko; compatible; GPTBot/1.2; +https://openai.com/gptbot)"
20.171.207.75 - - [20/Apr/2025:07:21:22 -0500] "GET /blog/?path=%2Fhome%2Fcorals%2Fcartforge.co%2Fvendor%2Fnikic%2Fphp-parser%2Flib%2FPhpParser%2FComment HTTP/1.1" 200 5151 "-" "Mozilla/5.0 AppleWebKit/537.36 (KHTML, like Gecko; compatible; GPTBot/1.2; +https://openai.com/gptbot)"
20.171.207.75 - - [20/Apr/2025:07:21:23 -0500] "GET /blog/?path=%2Fhome%2Fcorals%2Fcartforge.co%2Fpub%2Fstatic%2Ffrontend%2FMagento%2Fblank%2Fen_US%2FMagento_Captcha%2Ftemplate%2Fcheckout HTTP/1.1" 200 5625 "-" "Mozilla/5.0 AppleWebKit/537.36 (KHTML, like Gecko; compatible; GPTBot/1.2; +https://openai.com/gptbot)"
20.171.207.75 - - [20/Apr/2025:07:21:24 -0500] "GET /blog/?path=%2Fhome%2Fcorals%2Frentpix.corals.io%2Fvendor%2Fspiritix%2Fphp-chrome-html2pdf%2Fsrc%2FSpiritix HTTP/1.1" 200 5056 "-" "Mozilla/5.0 AppleWebKit/537.36 (KHTML, like Gecko; compatible; GPTBot/1.2; +https://openai.com/gptbot)"
18.215.112.101 - - [20/Apr/2025:07:21:25 -0500] "GET /category/marketing/?fileloc=//lib/firmware/radeon/VERDE_ce.bin&path=//lib/firmware/radeon HTTP/1.1" 200 3409 "-" "Mozilla/5.0 AppleWebKit/537.36 (KHTML, like Gecko; compatible; Amazonbot/0.1; +https://developer.amazon.com/support/amazonbot) Chrome/119.0.6045.214 Safari/537.36"
20.171.207.75 - - [20/Apr/2025:07:21:25 -0500] "GET /blog/?path=%2Fhome%2Fcorals%2Frentpix.corals.io%2Fvendor%2Fnesbot%2Fcarbon%2Flazy%2FCarbon%2FPHPStan HTTP/1.1" 200 8245 "-" "Mozilla/5.0 AppleWebKit/537.36 (KHTML, like Gecko; compatible; GPTBot/1.2; +https://openai.com/gptbot)"
20.171.207.75 - - [20/Apr/2025:07:21:26 -0500] "GET /blog/?path=%2Fhome%2Fcorals%2Fjob-board.corals.io%2Fvendor%2Frmccue%2Frequests%2Flibrary%2FRequests%2FException%2FTransport HTTP/1.1" 200 5431 "-" "Mozilla/5.0 AppleWebKit/537.36 (KHTML, like Gecko; compatible; GPTBot/1.2; +https://openai.com/gptbot)"
20.171.207.75 - - [20/Apr/2025:07:21:27 -0500] "GET /blog/?path=%2Fhome%2Fcorals%2Fjob-board.corals.io%2Fvendor%2Frmccue%2Frequests%2Flibrary%2FRequests%2FException%2FHTTP HTTP/1.1" 200 37892 "-" "Mozilla/5.0 AppleWebKit/537.36 (KHTML, like Gecko; compatible; GPTBot/1.2; +https://openai.com/gptbot)"
35.153.86.200 - - [20/Apr/2025:07:21:28 -0500] "GET /category/marketing/?fileloc=//lib/firmware/ti-connectivity/wl128x-fw-4-plt.bin&path=//lib/firmware/ti-connectivity HTTP/1.1" 200 3443 "-" "Mozilla/5.0 AppleWebKit/537.36 (KHTML, like Gecko; compatible; Amazonbot/0.1; +https://developer.amazon.com/support/amazonbot) Chrome/119.0.6045.214 Safari/537.36"
20.171.207.75 - - [20/Apr/2025:07:21:29 -0500] "GET /blog/?path=%2Fhome%2Fcorals%2Fmautic.corals.io%2Fvendor%2Fpsy%2Fpsysh%2Fsrc%2FCommand%2FListCommand HTTP/1.1" 200 13252 "-" "Mozilla/5.0 AppleWebKit/537.36 (KHTML, like Gecko; compatible; GPTBot/1.2; +https://openai.com/gptbot)"
20.171.207.75 - - [20/Apr/2025:07:21:30 -0500] "GET /blog/?path=%2Fhome%2Fcorals%2Fcartforge.co%2Fpub%2Fstatic%2Ffrontend%2FMagento%2Fluma%2Fen_US%2FMageplaza_Search HTTP/1.1" 200 6003 "-" "Mozilla/5.0 AppleWebKit/537.36 (KHTML, like Gecko; compatible; GPTBot/1.2; +https://openai.com/gptbot)"
20.171.207.75 - - [20/Apr/2025:07:21:31 -0500] "GET /blog/?path=%2Fhome%2Fcorals%2Finventory.corals.io%2Fvendor%2Ffzaninotto%2Ffaker%2Fsrc%2FFaker%2FProvider%2Fbn_BD HTTP/1.1" 200 9399 "-" "Mozilla/5.0 AppleWebKit/537.36 (KHTML, like Gecko; compatible; GPTBot/1.2; +https://openai.com/gptbot)"
20.171.207.75 - - [20/Apr/2025:07:21:32 -0500] "GET /blog/?path=%2Fhome%2Fcorals%2Fledger.corals.io%2FCorals%2Fmodules%2FCMS%2Fresources%2Fviews%2Fcms_internal HTTP/1.1" 200 7971 "-" "Mozilla/5.0 AppleWebKit/537.36 (KHTML, like Gecko; compatible; GPTBot/1.2; +https://openai.com/gptbot)"
23.21.227.240 - - [20/Apr/2025:07:21:32 -0500] "GET /category/marketing/?fileloc=//lib/locale/en_CA/LC_ADDRESS&path=//lib/locale/en_CA HTTP/1.1" 200 3396 "-" "Mozilla/5.0 AppleWebKit/537.36 (KHTML, like Gecko; compatible; Amazonbot/0.1; +https://developer.amazon.com/support/amazonbot) Chrome/119.0.6045.214 Safari/537.36"
20.171.207.75 - - [20/Apr/2025:07:21:33 -0500] "GET /blog/?path=%2Fhome%2Fcorals%2Fcartforge.co%2Fpub%2Fstatic%2Ffrontend%2FMagento%2Fluma%2Fen_US%2FMagento_Checkout HTTP/1.1" 200 7014 "-" "Mozilla/5.0 AppleWebKit/537.36 (KHTML, like Gecko; compatible; GPTBot/1.2; +https://openai.com/gptbot)"
20.171.207.75 - - [20/Apr/2025:07:21:34 -0500] "GET /blog/?path=%2Fhome%2Fcorals%2Fjob-board.corals.io%2FCorals%2Fcore%2FUser%2FCommunication%2FObservers HTTP/1.1" 200 6236 "-" "Mozilla/5.0 AppleWebKit/537.36 (KHTML, like Gecko; compatible; GPTBot/1.2; +https://openai.com/gptbot)"
20.171.207.75 - - [20/Apr/2025:07:21:35 -0500] "GET /blog/?path=%2Fhome%2Fcorals%2Frentpix.corals.io%2Fvendor%2Fspiritix%2Fphp-chrome-html2pdf%2Fsrc%2FSpiritix%2FHtml2Pdf HTTP/1.1" 200 9252 "-" "Mozilla/5.0 AppleWebKit/537.36 (KHTML, like Gecko; compatible; GPTBot/1.2; +https://openai.com/gptbot)"
18.211.39.188 - - [20/Apr/2025:07:21:36 -0500] "GET /category/inventory-management/?fileloc=//sys/kernel/slab/biovec-128/align&path=//sys/kernel/slab/biovec-128 HTTP/1.1" 200 3459 "-" "Mozilla/5.0 AppleWebKit/537.36 (KHTML, like Gecko; compatible; Amazonbot/0.1; +https://developer.amazon.com/support/amazonbot) Chrome/119.0.6045.214 Safari/537.36"
20.171.207.75 - - [20/Apr/2025:07:21:37 -0500] "GET /blog/?fileloc=%2Fhome%2Fcorals%2Frentpix.corals.io%2Fvendor%2Fnesbot%2Fcarbon%2Flazy%2FCarbon%2FPHPStan%2FMacroStrongType.php&path=%2Fhome%2Fcorals%2Frentpix.corals.io%2Fvendor%2Fnesbot%2Fcarbon%2Flazy%2FCarbon%2FPHPStan HTTP/1.1" 200 5009 "-" "Mozilla/5.0 AppleWebKit/537.36 (KHTML, like Gecko; compatible; GPTBot/1.2; +https://openai.com/gptbot)"
20.171.207.75 - - [20/Apr/2025:07:21:38 -0500] "GET /blog/?path=%2Fhome%2Fcorals%2Fjob-board.corals.io%2FCorals%2Fmodules%2FUtility%2FClasses%2FSchedule HTTP/1.1" 200 5160 "-" "Mozilla/5.0 AppleWebKit/537.36 (KHTML, like Gecko; compatible; GPTBot/1.2; +https://openai.com/gptbot)"
66.249.79.34 - - [20/Apr/2025:07:21:38 -0500] "GET /railery.php?sitemap575.xml HTTP/1.1" 200 464635 "-" "Mozilla/5.0 (compatible; Googlebot/2.1; +http://www.google.com/bot.html)"
20.171.207.75 - - [20/Apr/2025:07:21:39 -0500] "GET /blog/?path=%2Fhome%2Fcorals%2Finventory.corals.io%2Fvendor%2Ffzaninotto%2Ffaker%2Fsrc%2FFaker%2FProvider%2Fpl_PL HTTP/1.1" 200 11415 "-" "Mozilla/5.0 AppleWebKit/537.36 (KHTML, like Gecko; compatible; GPTBot/1.2; +https://openai.com/gptbot)"
44.215.231.15 - - [20/Apr/2025:07:21:40 -0500] "GET /category/marketing/?fileloc=//lib/firmware/cirrus/cs35l41-dsp1-spk-prot-104316f3-spkid0-r0.bin&path=//lib/firmware/cirrus HTTP/1.1" 200 3441 "-" "Mozilla/5.0 AppleWebKit/537.36 (KHTML, like Gecko; compatible; Amazonbot/0.1; +https://developer.amazon.com/support/amazonbot) Chrome/119.0.6045.214 Safari/537.36"
20.171.207.75 - - [20/Apr/2025:07:21:40 -0500] "GET /blog/?path=%2Fhome%2Fcorals%2Finventory.corals.io%2Fvendor%2Ffzaninotto%2Ffaker%2Fsrc%2FFaker%2FProvider%2Fen_NZ HTTP/1.1" 200 7400 "-" "Mozilla/5.0 AppleWebKit/537.36 (KHTML, like Gecko; compatible; GPTBot/1.2; +https://openai.com/gptbot)"
