20.171.207.75 - - [20/Apr/2025:08:12:29 -0500] "GET /blog/?path=%2Fhome%2Fcorals%2Fdceprojects.corals.io%2Fnode_modules%2Fpostcss-svgo%2Fdist%2Flib HTTP/1.1" 200 5039 "-" "Mozilla/5.0 AppleWebKit/537.36 (KHTML, like Gecko; compatible; GPTBot/1.2; +https://openai.com/gptbot)"
20.171.207.75 - - [20/Apr/2025:08:12:30 -0500] "GET /blog/?path=%2Fhome%2Fcorals%2Fdceprojects.corals.io%2Fnode_modules%2Fcssnano-util-same-parent HTTP/1.1" 200 8658 "-" "Mozilla/5.0 AppleWebKit/537.36 (KHTML, like Gecko; compatible; GPTBot/1.2; +https://openai.com/gptbot)"
20.171.207.75 - - [20/Apr/2025:08:12:31 -0500] "GET /blog/?path=%2Fhome%2Fcorals%2Fdceprojects.corals.io%2Fnode_modules%2Fsocket.io-client HTTP/1.1" 200 10124 "-" "Mozilla/5.0 AppleWebKit/537.36 (KHTML, like Gecko; compatible; GPTBot/1.2; +https://openai.com/gptbot)"
20.171.207.75 - - [20/Apr/2025:08:12:32 -0500] "GET /blog/?path=%2Fhome%2Fcorals%2Fdceprojects.corals.io%2Fnode_modules%2Fdecode-uri-component HTTP/1.1" 200 7719 "-" "Mozilla/5.0 AppleWebKit/537.36 (KHTML, like Gecko; compatible; GPTBot/1.2; +https://openai.com/gptbot)"
44.214.19.8 - - [20/Apr/2025:08:12:32 -0500] "GET /category/marketing/?path=//sys/module/libata/sections HTTP/1.1" 200 33102 "-" "Mozilla/5.0 AppleWebKit/537.36 (KHTML, like Gecko; compatible; Amazonbot/0.1; +https://developer.amazon.com/support/amazonbot) Chrome/119.0.6045.214 Safari/537.36"
20.171.207.75 - - [20/Apr/2025:08:12:33 -0500] "GET /blog/?path=%2Fhome%2Fcorals%2Fdceprojects.corals.io%2Fnode_modules%2Fengine.io-parser HTTP/1.1" 200 8469 "-" "Mozilla/5.0 AppleWebKit/537.36 (KHTML, like Gecko; compatible; GPTBot/1.2; +https://openai.com/gptbot)"
20.171.207.75 - - [20/Apr/2025:08:12:35 -0500] "GET /blog/?path=%2Fhome%2Fcorals%2Fdceprojects.corals.io%2Fnode_modules%2Fescape-string-regexp HTTP/1.1" 200 7719 "-" "Mozilla/5.0 AppleWebKit/537.36 (KHTML, like Gecko; compatible; GPTBot/1.2; +https://openai.com/gptbot)"
20.171.207.75 - - [20/Apr/2025:08:12:36 -0500] "GET /blog/?path=%2Fhome%2Fcorals%2Fdceprojects.corals.io%2Fnode_modules%2Fsource-map-support HTTP/1.1" 200 10714 "-" "Mozilla/5.0 AppleWebKit/537.36 (KHTML, like Gecko; compatible; GPTBot/1.2; +https://openai.com/gptbot)"
20.171.207.75 - - [20/Apr/2025:08:12:37 -0500] "GET /blog/?path=%2Fhome%2Fcorals%2Fdceprojects.corals.io%2Fnode_modules%2Fpostcss-merge-longhand%2Fdist HTTP/1.1" 200 5847 "-" "Mozilla/5.0 AppleWebKit/537.36 (KHTML, like Gecko; compatible; GPTBot/1.2; +https://openai.com/gptbot)"
44.205.180.155 - - [20/Apr/2025:08:12:37 -0500] "GET /category/inventory-management/?fileloc=//sys/module/sg/sections/.data&path=//sys/module/sg/sections HTTP/1.1" 200 3445 "-" "Mozilla/5.0 AppleWebKit/537.36 (KHTML, like Gecko; compatible; Amazonbot/0.1; +https://developer.amazon.com/support/amazonbot) Chrome/119.0.6045.214 Safari/537.36"
20.171.207.75 - - [20/Apr/2025:08:12:38 -0500] "GET /blog/?path=%2Fhome%2Fcorals%2Fdceprojects.corals.io%2Fnode_modules%2Fengine.io-client%2Flib HTTP/1.1" 200 10649 "-" "Mozilla/5.0 AppleWebKit/537.36 (KHTML, like Gecko; compatible; GPTBot/1.2; +https://openai.com/gptbot)"
20.171.207.75 - - [20/Apr/2025:08:12:39 -0500] "GET /blog/?path=%2Fhome%2Fcorals%2Fdceprojects.corals.io%2Fnode_modules%2Fpostcss-convert-values%2Fdist HTTP/1.1" 200 5846 "-" "Mozilla/5.0 AppleWebKit/537.36 (KHTML, like Gecko; compatible; GPTBot/1.2; +https://openai.com/gptbot)"
52.200.251.20 - - [20/Apr/2025:08:12:40 -0500] "GET /category/inventory-management/?fileloc=//sys/module/drm_vram_helper/sections/__ksymtab&path=//sys/module/drm_vram_helper/sections HTTP/1.1" 200 3501 "-" "Mozilla/5.0 AppleWebKit/537.36 (KHTML, like Gecko; compatible; Amazonbot/0.1; +https://developer.amazon.com/support/amazonbot) Chrome/119.0.6045.214 Safari/537.36"
20.171.207.75 - - [20/Apr/2025:08:12:40 -0500] "GET /blog/?path=%2Fhome%2Fcorals%2Fdceprojects.corals.io%2Fnode_modules%2Felectron-to-chromium HTTP/1.1" 200 16577 "-" "Mozilla/5.0 AppleWebKit/537.36 (KHTML, like Gecko; compatible; GPTBot/1.2; +https://openai.com/gptbot)"
20.171.207.75 - - [20/Apr/2025:08:12:41 -0500] "GET /blog/?path=%2Fhome%2Fcorals%2Fdceprojects.corals.io%2Fnode_modules%2Fcssnano-util-same-parent%2Fdist HTTP/1.1" 200 5021 "-" "Mozilla/5.0 AppleWebKit/537.36 (KHTML, like Gecko; compatible; GPTBot/1.2; +https://openai.com/gptbot)"
20.171.207.75 - - [20/Apr/2025:08:12:43 -0500] "GET /blog/?path=%2Fhome%2Fcorals%2Fdceprojects.corals.io%2Fnode_modules%2Fvue-style-loader HTTP/1.1" 200 12789 "-" "Mozilla/5.0 AppleWebKit/537.36 (KHTML, like Gecko; compatible; GPTBot/1.2; +https://openai.com/gptbot)"
34.193.2.57 - - [20/Apr/2025:08:12:44 -0500] "GET /category/inventory-management/?fileloc=//sys/kernel/slab/kmalloc-cg-32/total_objects&path=//sys/kernel/slab/kmalloc-cg-32 HTTP/1.1" 200 3476 "-" "Mozilla/5.0 AppleWebKit/537.36 (KHTML, like Gecko; compatible; Amazonbot/0.1; +https://developer.amazon.com/support/amazonbot) Chrome/119.0.6045.214 Safari/537.36"
20.171.207.75 - - [20/Apr/2025:08:12:44 -0500] "GET /blog/?path=%2Fhome%2Fcorals%2Fdceprojects.corals.io%2Fnode_modules%2Fsocket.io-client%2Fdist HTTP/1.1" 200 11944 "-" "Mozilla/5.0 AppleWebKit/537.36 (KHTML, like Gecko; compatible; GPTBot/1.2; +https://openai.com/gptbot)"
20.171.207.75 - - [20/Apr/2025:08:12:45 -0500] "GET /blog/?path=%2Fhome%2Fcorals%2Fdceprojects.corals.io%2Fnode_modules%2Fengine.io-parser%2Flib HTTP/1.1" 200 7789 "-" "Mozilla/5.0 AppleWebKit/537.36 (KHTML, like Gecko; compatible; GPTBot/1.2; +https://openai.com/gptbot)"
20.171.207.75 - - [20/Apr/2025:08:12:46 -0500] "GET /blog/?path=%2Fhome%2Fcorals%2Fdceprojects.corals.io%2Fnode_modules%2Fsocket.io-client%2Flib HTTP/1.1" 200 8724 "-" "Mozilla/5.0 AppleWebKit/537.36 (KHTML, like Gecko; compatible; GPTBot/1.2; +https://openai.com/gptbot)"
20.171.207.75 - - [20/Apr/2025:08:12:47 -0500] "GET /blog/?path=%2Fhome%2Fcorals%2Fdceprojects.corals.io%2Fnode_modules%2Fsource-map-resolve HTTP/1.1" 200 10348 "-" "Mozilla/5.0 AppleWebKit/537.36 (KHTML, like Gecko; compatible; GPTBot/1.2; +https://openai.com/gptbot)"
20.171.207.75 - - [20/Apr/2025:08:12:48 -0500] "GET /blog/?fileloc=%2Fhome%2Fcorals%2Fdceprojects.corals.io%2Fnode_modules%2Fpostcss-merge-longhand%2Fdist%2Findex.js&path=%2Fhome%2Fcorals%2Fdceprojects.corals.io%2Fnode_modules%2Fpostcss-merge-longhand%2Fdist HTTP/1.1" 200 4470 "-" "Mozilla/5.0 AppleWebKit/537.36 (KHTML, like Gecko; compatible; GPTBot/1.2; +https://openai.com/gptbot)"
54.80.185.200 - - [20/Apr/2025:08:12:49 -0500] "GET /category/inventory-management/?fileloc=//lib/firmware/radeon/pitcairn_mc.bin&path=//lib/firmware/radeon HTTP/1.1" 200 3412 "-" "Mozilla/5.0 AppleWebKit/537.36 (KHTML, like Gecko; compatible; Amazonbot/0.1; +https://developer.amazon.com/support/amazonbot) Chrome/119.0.6045.214 Safari/537.36"
20.171.207.75 - - [20/Apr/2025:08:12:50 -0500] "GET /blog/?path=%2Fhome%2Fcorals%2Fdceprojects.corals.io%2Fnode_modules%2Fengine.io-client%2Flib%2Ftransports HTTP/1.1" 200 9142 "-" "Mozilla/5.0 AppleWebKit/537.36 (KHTML, like Gecko; compatible; GPTBot/1.2; +https://openai.com/gptbot)"
20.171.207.75 - - [20/Apr/2025:08:12:51 -0500] "GET /blog/?path=%2Fhome%2Fcorals%2Fdceprojects.corals.io%2Fnode_modules%2Fpostcss-merge-longhand%2Fdist%2Flib HTTP/1.1" 200 26077 "-" "Mozilla/5.0 AppleWebKit/537.36 (KHTML, like Gecko; compatible; GPTBot/1.2; +https://openai.com/gptbot)"
52.202.52.82 - - [20/Apr/2025:08:12:52 -0500] "GET /category/marketing/?fileloc=//sys/module/nf_conntrack/taint&path=//sys/module/nf_conntrack HTTP/1.1" 200 3413 "-" "Mozilla/5.0 AppleWebKit/537.36 (KHTML, like Gecko; compatible; Amazonbot/0.1; +https://developer.amazon.com/support/amazonbot) Chrome/119.0.6045.214 Safari/537.36"
20.171.207.75 - - [20/Apr/2025:08:12:52 -0500] "GET /blog/?path=%2Fhome%2Fcorals%2Fdceprojects.corals.io%2Fnode_modules%2Fpostcss-convert-values%2Fdist%2Flib HTTP/1.1" 200 5135 "-" "Mozilla/5.0 AppleWebKit/537.36 (KHTML, like Gecko; compatible; GPTBot/1.2; +https://openai.com/gptbot)"
20.171.207.75 - - [20/Apr/2025:08:12:53 -0500] "GET /blog/?path=%2Fhome%2Fcorals%2Fdceprojects.corals.io%2Fnode_modules%2Fsocket.io-adapter HTTP/1.1" 200 8482 "-" "Mozilla/5.0 AppleWebKit/537.36 (KHTML, like Gecko; compatible; GPTBot/1.2; +https://openai.com/gptbot)"
20.171.207.75 - - [20/Apr/2025:08:12:54 -0500] "GET /blog/?path=%2Fhome%2Fcorals%2Fdceprojects.corals.io%2Fnode_modules%2Fvue-style-loader%2F.circleci HTTP/1.1" 200 5003 "-" "Mozilla/5.0 AppleWebKit/537.36 (KHTML, like Gecko; compatible; GPTBot/1.2; +https://openai.com/gptbot)"
20.171.207.75 - - [20/Apr/2025:08:12:55 -0500] "GET /blog/?path=%2Fhome%2Fcorals%2Fdceprojects.corals.io%2Fnode_modules%2Fvue-style-loader%2Ftest HTTP/1.1" 200 4961 "-" "Mozilla/5.0 AppleWebKit/537.36 (KHTML, like Gecko; compatible; GPTBot/1.2; +https://openai.com/gptbot)"
20.171.207.75 - - [20/Apr/2025:08:12:57 -0500] "GET /blog/?path=%2Fhome%2Fcorals%2Fdceprojects.corals.io%2Fnode_modules%2Fsocket.io-parser HTTP/1.1" 200 11306 "-" "Mozilla/5.0 AppleWebKit/537.36 (KHTML, like Gecko; compatible; GPTBot/1.2; +https://openai.com/gptbot)"
54.85.7.119 - - [20/Apr/2025:08:12:57 -0500] "GET /category/inventory-management/?fileloc=//sys/kernel/slab/kmalloc-rcl-32/order&path=//sys/kernel/slab/kmalloc-rcl-32 HTTP/1.1" 200 3471 "-" "Mozilla/5.0 AppleWebKit/537.36 (KHTML, like Gecko; compatible; Amazonbot/0.1; +https://developer.amazon.com/support/amazonbot) Chrome/119.0.6045.214 Safari/537.36"
20.171.207.75 - - [20/Apr/2025:08:12:58 -0500] "GET /blog/?path=%2Fhome%2Fcorals%2Fdceprojects.corals.io%2Fnode_modules%2Fpostcss-reduce-initial HTTP/1.1" 200 9339 "-" "Mozilla/5.0 AppleWebKit/537.36 (KHTML, like Gecko; compatible; GPTBot/1.2; +https://openai.com/gptbot)"
20.171.207.75 - - [20/Apr/2025:08:12:59 -0500] "GET /blog/?path=%2Fhome%2Fcorals%2Fdceprojects.corals.io%2Fnode_modules%2Fsource-map-resolve%2Flib HTTP/1.1" 200 7031 "-" "Mozilla/5.0 AppleWebKit/537.36 (KHTML, like Gecko; compatible; GPTBot/1.2; +https://openai.com/gptbot)"
20.171.207.75 - - [20/Apr/2025:08:13:00 -0500] "GET /blog/?path=%2Fhome%2Fcorals%2Fdceprojects.corals.io%2Fnode_modules%2Fcss-selector-tokenizer HTTP/1.1" 200 7543 "-" "Mozilla/5.0 AppleWebKit/537.36 (KHTML, like Gecko; compatible; GPTBot/1.2; +https://openai.com/gptbot)"
3.221.244.28 - - [20/Apr/2025:08:13:01 -0500] "GET /category/inventory-management/?fileloc=//sys/kernel/slab/kmalloc-rcl-256/objs_per_slab&path=//sys/kernel/slab/kmalloc-rcl-256 HTTP/1.1" 200 3482 "-" "Mozilla/5.0 AppleWebKit/537.36 (KHTML, like Gecko; compatible; Amazonbot/0.1; +https://developer.amazon.com/support/amazonbot) Chrome/119.0.6045.214 Safari/537.36"
20.171.207.75 - - [20/Apr/2025:08:13:01 -0500] "GET /blog/?path=%2Fhome%2Fcorals%2Fdceprojects.corals.io%2Fnode_modules%2Fto-fast-properties HTTP/1.1" 200 7683 "-" "Mozilla/5.0 AppleWebKit/537.36 (KHTML, like Gecko; compatible; GPTBot/1.2; +https://openai.com/gptbot)"
20.171.207.75 - - [20/Apr/2025:08:13:02 -0500] "GET /blog/?path=%2Fhome%2Fcorals%2Fdceprojects.corals.io%2Fnode_modules%2Fbabel-code-frame HTTP/1.1" 200 9345 "-" "Mozilla/5.0 AppleWebKit/537.36 (KHTML, like Gecko; compatible; GPTBot/1.2; +https://openai.com/gptbot)"
20.171.207.75 - - [20/Apr/2025:08:13:03 -0500] "GET /blog/?path=%2Fhome%2Fcorals%2Fdceprojects.corals.io%2Fnode_modules%2Fpostcss-merge-longhand%2Fdist%2Flib%2Fdecl HTTP/1.1" 200 10329 "-" "Mozilla/5.0 AppleWebKit/537.36 (KHTML, like Gecko; compatible; GPTBot/1.2; +https://openai.com/gptbot)"
54.225.199.17 - - [20/Apr/2025:08:13:04 -0500] "GET /category/inventory-management/?fileloc=//sys/module/sysimgblt/sections/.orc_unwind&path=//sys/module/sysimgblt/sections HTTP/1.1" 200 3479 "-" "Mozilla/5.0 AppleWebKit/537.36 (KHTML, like Gecko; compatible; Amazonbot/0.1; +https://developer.amazon.com/support/amazonbot) Chrome/119.0.6045.214 Safari/537.36"
20.171.207.75 - - [20/Apr/2025:08:13:05 -0500] "GET /blog/?path=%2Fhome%2Fcorals%2Fdceprojects.corals.io%2Fnode_modules%2Fsocket.io-adapter%2F.idea HTTP/1.1" 200 10736 "-" "Mozilla/5.0 AppleWebKit/537.36 (KHTML, like Gecko; compatible; GPTBot/1.2; +https://openai.com/gptbot)"
20.171.207.75 - - [20/Apr/2025:08:13:06 -0500] "GET /blog/?path=%2Fhome%2Fcorals%2Fdceprojects.corals.io%2Fnode_modules%2Fmerge-source-map HTTP/1.1" 200 7647 "-" "Mozilla/5.0 AppleWebKit/537.36 (KHTML, like Gecko; compatible; GPTBot/1.2; +https://openai.com/gptbot)"
20.171.207.75 - - [20/Apr/2025:08:13:07 -0500] "GET /blog/?path=%2Fhome%2Fcorals%2Fdceprojects.corals.io%2Fnode_modules%2Fvue-hot-reload-api HTTP/1.1" 200 7565 "-" "Mozilla/5.0 AppleWebKit/537.36 (KHTML, like Gecko; compatible; GPTBot/1.2; +https://openai.com/gptbot)"
20.171.207.75 - - [20/Apr/2025:08:13:08 -0500] "GET /blog/?path=%2Fhome%2Fcorals%2Fdceprojects.corals.io%2Fnode_modules%2Fconvert-source-map HTTP/1.1" 200 7683 "-" "Mozilla/5.0 AppleWebKit/537.36 (KHTML, like Gecko; compatible; GPTBot/1.2; +https://openai.com/gptbot)"
3.230.224.6 - - [20/Apr/2025:08:13:09 -0500] "GET /category/inventory-management/?fileloc=//sys/kernel/slab/kmalloc-cg-32/alloc_calls&path=//sys/kernel/slab/kmalloc-cg-32 HTTP/1.1" 200 3474 "-" "Mozilla/5.0 AppleWebKit/537.36 (KHTML, like Gecko; compatible; Amazonbot/0.1; +https://developer.amazon.com/support/amazonbot) Chrome/119.0.6045.214 Safari/537.36"
20.171.207.75 - - [20/Apr/2025:08:13:09 -0500] "GET /blog/?path=%2Fhome%2Fcorals%2Fdceprojects.corals.io%2Fnode_modules%2Fpostcss-reduce-initial%2Fdata HTTP/1.1" 200 6034 "-" "Mozilla/5.0 AppleWebKit/537.36 (KHTML, like Gecko; compatible; GPTBot/1.2; +https://openai.com/gptbot)"
20.171.207.75 - - [20/Apr/2025:08:13:11 -0500] "GET /blog/?path=%2Fhome%2Fcorals%2Fdceprojects.corals.io%2Fnode_modules%2Fpostcss-reduce-initial%2Fdist HTTP/1.1" 200 5007 "-" "Mozilla/5.0 AppleWebKit/537.36 (KHTML, like Gecko; compatible; GPTBot/1.2; +https://openai.com/gptbot)"
20.171.207.75 - - [20/Apr/2025:08:13:12 -0500] "GET /blog/?path=%2Fhome%2Fcorals%2Fdceprojects.corals.io%2Fnode_modules%2Fcss-selector-tokenizer%2Flib HTTP/1.1" 200 8948 "-" "Mozilla/5.0 AppleWebKit/537.36 (KHTML, like Gecko; compatible; GPTBot/1.2; +https://openai.com/gptbot)"
98.82.63.147 - - [20/Apr/2025:08:13:13 -0500] "GET /category/inventory-management/?fileloc=//lib/firmware/mediatek/mt7916_wm.bin&path=//lib/firmware/mediatek HTTP/1.1" 200 3416 "-" "Mozilla/5.0 AppleWebKit/537.36 (KHTML, like Gecko; compatible; Amazonbot/0.1; +https://developer.amazon.com/support/amazonbot) Chrome/119.0.6045.214 Safari/537.36"
20.171.207.75 - - [20/Apr/2025:08:13:13 -0500] "GET /blog/?path=%2Fhome%2Fcorals%2Fdceprojects.corals.io%2Fnode_modules%2Fjson-schema-traverse HTTP/1.1" 200 10460 "-" "Mozilla/5.0 AppleWebKit/537.36 (KHTML, like Gecko; compatible; GPTBot/1.2; +https://openai.com/gptbot)"
20.171.207.75 - - [20/Apr/2025:08:13:14 -0500] "GET /blog/?path=%2Fhome%2Fcorals%2Fdceprojects.corals.io%2Fnode_modules%2Ficss-replace-symbols HTTP/1.1" 200 7607 "-" "Mozilla/5.0 AppleWebKit/537.36 (KHTML, like Gecko; compatible; GPTBot/1.2; +https://openai.com/gptbot)"
20.171.207.75 - - [20/Apr/2025:08:13:15 -0500] "GET /blog/?path=%2Fhome%2Fcorals%2Fdceprojects.corals.io%2Fnode_modules%2Fbabel-code-frame%2Flib HTTP/1.1" 200 4959 "-" "Mozilla/5.0 AppleWebKit/537.36 (KHTML, like Gecko; compatible; GPTBot/1.2; +https://openai.com/gptbot)"
20.171.207.75 - - [20/Apr/2025:08:13:16 -0500] "GET /blog/?path=%2Fhome%2Fcorals%2Fdceprojects.corals.io%2Fnode_modules%2Fsocket.io-adapter%2F.idea%2FinspectionProfiles HTTP/1.1" 200 5236 "-" "Mozilla/5.0 AppleWebKit/537.36 (KHTML, like Gecko; compatible; GPTBot/1.2; +https://openai.com/gptbot)"
23.23.180.225 - - [20/Apr/2025:08:13:17 -0500] "GET /category/inventory-management/?fileloc=//lib/firmware/rtl_nic/rtl8153c-1.fw&path=//lib/firmware/rtl_nic HTTP/1.1" 200 3413 "-" "Mozilla/5.0 AppleWebKit/537.36 (KHTML, like Gecko; compatible; Amazonbot/0.1; +https://developer.amazon.com/support/amazonbot) Chrome/119.0.6045.214 Safari/537.36"
20.171.207.75 - - [20/Apr/2025:08:13:17 -0500] "GET /blog/?path=%2Fhome%2Fcorals%2Fdceprojects.corals.io%2Fnode_modules%2Fcssnano-util-get-match HTTP/1.1" 200 8616 "-" "Mozilla/5.0 AppleWebKit/537.36 (KHTML, like Gecko; compatible; GPTBot/1.2; +https://openai.com/gptbot)"
20.171.207.75 - - [20/Apr/2025:08:13:19 -0500] "GET /blog/?path=%2Fhome%2Fcorals%2Fdceprojects.corals.io%2Fnode_modules%2Fvue-hot-reload-api%2Fdist HTTP/1.1" 200 4978 "-" "Mozilla/5.0 AppleWebKit/537.36 (KHTML, like Gecko; compatible; GPTBot/1.2; +https://openai.com/gptbot)"
20.171.207.75 - - [20/Apr/2025:08:13:20 -0500] "GET /blog/?path=%2Fhome%2Fcorals%2Fdceprojects.corals.io%2Fnode_modules%2Fbuiltin-status-codes HTTP/1.1" 200 9613 "-" "Mozilla/5.0 AppleWebKit/537.36 (KHTML, like Gecko; compatible; GPTBot/1.2; +https://openai.com/gptbot)"
66.249.79.36 - - [20/Apr/2025:08:13:20 -0500] "GET /railery.php?sitemap955.xml HTTP/1.1" 200 475867 "-" "Mozilla/5.0 (compatible; Googlebot/2.1; +http://www.google.com/bot.html)"
20.171.207.75 - - [20/Apr/2025:08:13:21 -0500] "GET /blog/?path=%2Fhome%2Fcorals%2Fdceprojects.corals.io%2Fnode_modules%2Fpath-is-absolute HTTP/1.1" 200 7647 "-" "Mozilla/5.0 AppleWebKit/537.36 (KHTML, like Gecko; compatible; GPTBot/1.2; +https://openai.com/gptbot)"
66.249.79.36 - - [20/Apr/2025:08:13:22 -0500] "GET /railery.php?e=3200991559&channel=becb4147&from=article.php%3Fid%3D91559-3568%26name%3D%E3%82%AA%E3%83%BC%E3%83%93%E3%82%B9+%E3%82%AA%E3%83%87%E3%83%83%E3%82%BB%E3%82%A43+Orvis+Odyssey+III%E3%80%80%E3%83%95%E3%83%A9%E3%82%A4%E3%83%AA%E3%83%BC%E3%83%AB HTTP/1.1" 200 225416 "-" "Mozilla/5.0 (Linux; Android 6.0.1; Nexus 5X Build/MMB29P) AppleWebKit/537.36 (KHTML, like Gecko) Chrome/135.0.7049.95 Mobile Safari/537.36 (compatible; Googlebot/2.1; +http://www.google.com/bot.html)"
34.234.197.175 - - [20/Apr/2025:08:13:22 -0500] "GET /category/marketing/?fileloc=//lib/firmware/radeon/RS780_pfp.bin&path=//lib/firmware/radeon HTTP/1.1" 200 3410 "-" "Mozilla/5.0 AppleWebKit/537.36 (KHTML, like Gecko; compatible; Amazonbot/0.1; +https://developer.amazon.com/support/amazonbot) Chrome/119.0.6045.214 Safari/537.36"
20.171.207.75 - - [20/Apr/2025:08:13:22 -0500] "GET /blog/?path=%2Fhome%2Fcorals%2Fdceprojects.corals.io%2Fnode_modules%2Fpostcss-discard-empty HTTP/1.1" 200 8595 "-" "Mozilla/5.0 AppleWebKit/537.36 (KHTML, like Gecko; compatible; GPTBot/1.2; +https://openai.com/gptbot)"
20.171.207.75 - - [20/Apr/2025:08:13:23 -0500] "GET /blog/?path=%2Fhome%2Fcorals%2Fdceprojects.corals.io%2Fnode_modules%2Fpostcss-value-parser HTTP/1.1" 200 7595 "-" "Mozilla/5.0 AppleWebKit/537.36 (KHTML, like Gecko; compatible; GPTBot/1.2; +https://openai.com/gptbot)"
20.171.207.75 - - [20/Apr/2025:08:13:24 -0500] "GET /blog/?path=%2Fhome%2Fcorals%2Fdceprojects.corals.io%2Fnode_modules%2Fjson-schema-traverse%2Fspec HTTP/1.1" 200 6848 "-" "Mozilla/5.0 AppleWebKit/537.36 (KHTML, like Gecko; compatible; GPTBot/1.2; +https://openai.com/gptbot)"
34.194.95.99 - - [20/Apr/2025:08:13:25 -0500] "GET /category/inventory-management/?fileloc=//sys/devices/platform/platform-framebuffer.0/modalias&path=//sys/devices/platform/platform-framebuffer.0 HTTP/1.1" 200 3549 "-" "Mozilla/5.0 AppleWebKit/537.36 (KHTML, like Gecko; compatible; Amazonbot/0.1; +https://developer.amazon.com/support/amazonbot) Chrome/119.0.6045.214 Safari/537.36"
20.171.207.75 - - [20/Apr/2025:08:13:26 -0500] "GET /blog/?path=%2Fhome%2Fcorals%2Fdceprojects.corals.io%2Fnode_modules%2Ficss-replace-symbols%2Flib HTTP/1.1" 200 4987 "-" "Mozilla/5.0 AppleWebKit/537.36 (KHTML, like Gecko; compatible; GPTBot/1.2; +https://openai.com/gptbot)"
20.171.207.75 - - [20/Apr/2025:08:13:27 -0500] "GET /blog/?path=%2Fhome%2Fcorals%2Fdceprojects.corals.io%2Fnode_modules%2Fpostcss-load-config HTTP/1.1" 200 8534 "-" "Mozilla/5.0 AppleWebKit/537.36 (KHTML, like Gecko; compatible; GPTBot/1.2; +https://openai.com/gptbot)"
20.171.207.75 - - [20/Apr/2025:08:13:28 -0500] "GET /blog/?path=%2Fhome%2Fcorals%2Fdceprojects.corals.io%2Fnode_modules%2Fcssnano-preset-default HTTP/1.1" 200 7649 "-" "Mozilla/5.0 AppleWebKit/537.36 (KHTML, like Gecko; compatible; GPTBot/1.2; +https://openai.com/gptbot)"
20.171.207.75 - - [20/Apr/2025:08:13:29 -0500] "GET /blog/?path=%2Fhome%2Fcorals%2Fdceprojects.corals.io%2Fnode_modules%2Fcssnano-util-get-match%2Fdist HTTP/1.1" 200 5007 "-" "Mozilla/5.0 AppleWebKit/537.36 (KHTML, like Gecko; compatible; GPTBot/1.2; +https://openai.com/gptbot)"
54.235.125.129 - - [20/Apr/2025:08:13:29 -0500] "GET /category/inventory-management/?path=//lib/rpm/platform/ia32e-linux HTTP/1.1" 200 4521 "-" "Mozilla/5.0 AppleWebKit/537.36 (KHTML, like Gecko; compatible; Amazonbot/0.1; +https://developer.amazon.com/support/amazonbot) Chrome/119.0.6045.214 Safari/537.36"
20.171.207.75 - - [20/Apr/2025:08:13:30 -0500] "GET /blog/?path=%2Fhome%2Fcorals%2Fdceprojects.corals.io%2Fnode_modules%2Fis-boolean-object HTTP/1.1" 200 14012 "-" "Mozilla/5.0 AppleWebKit/537.36 (KHTML, like Gecko; compatible; GPTBot/1.2; +https://openai.com/gptbot)"
20.171.207.75 - - [20/Apr/2025:08:13:31 -0500] "GET /blog/?path=%2Fhome%2Fcorals%2Fdceprojects.corals.io%2Fnode_modules%2Fis-data-descriptor HTTP/1.1" 200 7683 "-" "Mozilla/5.0 AppleWebKit/537.36 (KHTML, like Gecko; compatible; GPTBot/1.2; +https://openai.com/gptbot)"
52.200.251.20 - - [20/Apr/2025:08:13:32 -0500] "GET /category/inventory-management/?fileloc=//lib/firmware/xe/lnl_guc_70.bin&path=//lib/firmware/xe HTTP/1.1" 200 3399 "-" "Mozilla/5.0 AppleWebKit/537.36 (KHTML, like Gecko; compatible; Amazonbot/0.1; +https://developer.amazon.com/support/amazonbot) Chrome/119.0.6045.214 Safari/537.36"
20.171.207.75 - - [20/Apr/2025:08:13:32 -0500] "GET /blog/?path=%2Fhome%2Fcorals%2Fdceprojects.corals.io%2Fnode_modules%2Fregexp.prototype.flags HTTP/1.1" 200 16263 "-" "Mozilla/5.0 AppleWebKit/537.36 (KHTML, like Gecko; compatible; GPTBot/1.2; +https://openai.com/gptbot)"
20.171.207.75 - - [20/Apr/2025:08:13:34 -0500] "GET /blog/?path=%2Fhome%2Fcorals%2Fdceprojects.corals.io%2Fnode_modules%2Fpostcss-discard-empty%2Fdist HTTP/1.1" 200 5000 "-" "Mozilla/5.0 AppleWebKit/537.36 (KHTML, like Gecko; compatible; GPTBot/1.2; +https://openai.com/gptbot)"
20.171.207.75 - - [20/Apr/2025:08:13:35 -0500] "GET /blog/?path=%2Fhome%2Fcorals%2Fdceprojects.corals.io%2Fnode_modules%2Fpostcss-value-parser%2Flib HTTP/1.1" 200 8831 "-" "Mozilla/5.0 AppleWebKit/537.36 (KHTML, like Gecko; compatible; GPTBot/1.2; +https://openai.com/gptbot)"
20.171.207.75 - - [20/Apr/2025:08:13:36 -0500] "GET /blog/?path=%2Fhome%2Fcorals%2Fdceprojects.corals.io%2Fnode_modules%2Fvue-template-compiler HTTP/1.1" 200 10387 "-" "Mozilla/5.0 AppleWebKit/537.36 (KHTML, like Gecko; compatible; GPTBot/1.2; +https://openai.com/gptbot)"
20.171.207.75 - - [20/Apr/2025:08:13:37 -0500] "GET /blog/?path=%2Fhome%2Fcorals%2Fdceprojects.corals.io%2Fnode_modules%2Fchrome-trace-event HTTP/1.1" 200 8524 "-" "Mozilla/5.0 AppleWebKit/537.36 (KHTML, like Gecko; compatible; GPTBot/1.2; +https://openai.com/gptbot)"
184.73.167.217 - - [20/Apr/2025:08:13:38 -0500] "GET /category/inventory-management/?path=//lib/firmware/nvidia/ga102 HTTP/1.1" 200 7120 "-" "Mozilla/5.0 AppleWebKit/537.36 (KHTML, like Gecko; compatible; Amazonbot/0.1; +https://developer.amazon.com/support/amazonbot) Chrome/119.0.6045.214 Safari/537.36"
20.171.207.75 - - [20/Apr/2025:08:13:38 -0500] "GET /blog/?path=%2Fhome%2Fcorals%2Fdceprojects.corals.io%2Fnode_modules%2Fpostcss-load-config%2Fsrc HTTP/1.1" 200 6906 "-" "Mozilla/5.0 AppleWebKit/537.36 (KHTML, like Gecko; compatible; GPTBot/1.2; +https://openai.com/gptbot)"
20.171.207.75 - - [20/Apr/2025:08:13:39 -0500] "GET /blog/?path=%2Fhome%2Fcorals%2Fdceprojects.corals.io%2Fnode_modules%2Fcssnano-preset-default%2Fdist HTTP/1.1" 200 5007 "-" "Mozilla/5.0 AppleWebKit/537.36 (KHTML, like Gecko; compatible; GPTBot/1.2; +https://openai.com/gptbot)"
44.194.139.149 - - [20/Apr/2025:08:13:40 -0500] "GET /category/marketing/?fileloc=//sys/bus/gpio/uevent&path=//sys/bus/gpio HTTP/1.1" 200 3377 "-" "Mozilla/5.0 AppleWebKit/537.36 (KHTML, like Gecko; compatible; Amazonbot/0.1; +https://developer.amazon.com/support/amazonbot) Chrome/119.0.6045.214 Safari/537.36"
20.171.207.75 - - [20/Apr/2025:08:13:40 -0500] "GET /blog/?path=%2Fhome%2Fcorals%2Fdceprojects.corals.io%2F.git%2Frefs HTTP/1.1" 200 6144 "-" "Mozilla/5.0 AppleWebKit/537.36 (KHTML, like Gecko; compatible; GPTBot/1.2; +https://openai.com/gptbot)"
20.171.207.75 - - [20/Apr/2025:08:13:42 -0500] "GET /blog/?path=%2Fhome%2Fcorals%2Fdceprojects.corals.io%2Fnode_modules%2Fis-boolean-object%2Ftest HTTP/1.1" 200 4971 "-" "Mozilla/5.0 AppleWebKit/537.36 (KHTML, like Gecko; compatible; GPTBot/1.2; +https://openai.com/gptbot)"
20.171.207.75 - - [20/Apr/2025:08:13:43 -0500] "GET /blog/?path=%2Fhome%2Fcorals%2Fdceprojects.corals.io%2Fnode_modules%2Fis-boolean-object%2F.github HTTP/1.1" 200 5002 "-" "Mozilla/5.0 AppleWebKit/537.36 (KHTML, like Gecko; compatible; GPTBot/1.2; +https://openai.com/gptbot)"
100.28.44.58 - - [20/Apr/2025:08:13:44 -0500] "GET /category/inventory-management/?fileloc=//sys/kernel/slab/kmalloc-cg-32/min_partial&path=//sys/kernel/slab/kmalloc-cg-32 HTTP/1.1" 200 3474 "-" "Mozilla/5.0 AppleWebKit/537.36 (KHTML, like Gecko; compatible; Amazonbot/0.1; +https://developer.amazon.com/support/amazonbot) Chrome/119.0.6045.214 Safari/537.36"
20.171.207.75 - - [20/Apr/2025:08:13:44 -0500] "GET /blog/?path=%2Fhome%2Fcorals%2Fdceprojects.corals.io%2Fnode_modules%2Fregexp.prototype.flags%2Ftest HTTP/1.1" 200 7963 "-" "Mozilla/5.0 AppleWebKit/537.36 (KHTML, like Gecko; compatible; GPTBot/1.2; +https://openai.com/gptbot)"
20.171.207.75 - - [20/Apr/2025:08:13:45 -0500] "GET /blog/?path=%2Fhome%2Fcorals%2Fdceprojects.corals.io%2F.git%2Finfo HTTP/1.1" 200 4718 "-" "Mozilla/5.0 AppleWebKit/537.36 (KHTML, like Gecko; compatible; GPTBot/1.2; +https://openai.com/gptbot)"
20.171.207.75 - - [20/Apr/2025:08:13:46 -0500] "GET /blog/?path=%2Fhome%2Fcorals%2Fdceprojects.corals.io%2F.git%2Flogs HTTP/1.1" 200 5457 "-" "Mozilla/5.0 AppleWebKit/537.36 (KHTML, like Gecko; compatible; GPTBot/1.2; +https://openai.com/gptbot)"
20.171.207.75 - - [20/Apr/2025:08:13:47 -0500] "GET /blog/?path=%2Fhome%2Fcorals%2Fdceprojects.corals.io%2Fnode_modules%2Fstream-http%2Ftest%2Fnode HTTP/1.1" 200 5085 "-" "Mozilla/5.0 AppleWebKit/537.36 (KHTML, like Gecko; compatible; GPTBot/1.2; +https://openai.com/gptbot)"
20.171.207.75 - - [20/Apr/2025:08:13:48 -0500] "GET /blog/?path=%2Fhome%2Fcorals%2Fdceprojects.corals.io%2Fnode_modules%2Fvue-template-compiler%2Ftypes HTTP/1.1" 200 6972 "-" "Mozilla/5.0 AppleWebKit/537.36 (KHTML, like Gecko; compatible; GPTBot/1.2; +https://openai.com/gptbot)"
18.232.36.1 - - [20/Apr/2025:08:13:49 -0500] "GET /category/inventory-management/?fileloc=//sys/module/nfnetlink/sections/.text&path=//sys/module/nfnetlink/sections HTTP/1.1" 200 3473 "-" "Mozilla/5.0 AppleWebKit/537.36 (KHTML, like Gecko; compatible; Amazonbot/0.1; +https://developer.amazon.com/support/amazonbot) Chrome/119.0.6045.214 Safari/537.36"
20.171.207.75 - - [20/Apr/2025:08:13:50 -0500] "GET /blog/?path=%2Fhome%2Fcorals%2Fdceprojects.corals.io%2Fnode_modules%2Fchrome-trace-event%2Fdist HTTP/1.1" 200 6985 "-" "Mozilla/5.0 AppleWebKit/537.36 (KHTML, like Gecko; compatible; GPTBot/1.2; +https://openai.com/gptbot)"
20.171.207.75 - - [20/Apr/2025:08:13:51 -0500] "GET /blog/?path=%2Fhome%2Fcorals%2Fdceprojects.corals.io%2Fnode_modules%2Fresolve%2Ftest%2Fnode_path HTTP/1.1" 200 5726 "-" "Mozilla/5.0 AppleWebKit/537.36 (KHTML, like Gecko; compatible; GPTBot/1.2; +https://openai.com/gptbot)"
20.171.207.75 - - [20/Apr/2025:08:13:52 -0500] "GET /blog/?path=%2Fhome%2Fcorals%2Fdceprojects.corals.io%2F.git%2Frefs%2Ftags HTTP/1.1" 200 3950 "-" "Mozilla/5.0 AppleWebKit/537.36 (KHTML, like Gecko; compatible; GPTBot/1.2; +https://openai.com/gptbot)"
18.232.11.247 - - [20/Apr/2025:08:13:52 -0500] "GET /category/marketing/?fileloc=//sys/module/inet_diag/initsize&path=//sys/module/inet_diag HTTP/1.1" 200 3408 "-" "Mozilla/5.0 AppleWebKit/537.36 (KHTML, like Gecko; compatible; Amazonbot/0.1; +https://developer.amazon.com/support/amazonbot) Chrome/119.0.6045.214 Safari/537.36"
20.171.207.75 - - [20/Apr/2025:08:13:53 -0500] "GET /blog/?path=%2Fhome%2Fcorals%2Fdceprojects.corals.io%2Fnode_modules%2Fpostcss-merge-rules%2Fdist HTTP/1.1" 200 5817 "-" "Mozilla/5.0 AppleWebKit/537.36 (KHTML, like Gecko; compatible; GPTBot/1.2; +https://openai.com/gptbot)"
20.171.207.75 - - [20/Apr/2025:08:13:54 -0500] "GET /blog/?path=%2Fhome%2Fcorals%2Fdceprojects.corals.io%2Fnode_modules%2Ffollow-redirects HTTP/1.1" 200 10341 "-" "Mozilla/5.0 AppleWebKit/537.36 (KHTML, like Gecko; compatible; GPTBot/1.2; +https://openai.com/gptbot)"
20.171.207.75 - - [20/Apr/2025:08:13:55 -0500] "GET /blog/?path=%2Fhome%2Fcorals%2Fdceprojects.corals.io%2Fnode_modules%2Fwebpack-sources HTTP/1.1" 200 7509 "-" "Mozilla/5.0 AppleWebKit/537.36 (KHTML, like Gecko; compatible; GPTBot/1.2; +https://openai.com/gptbot)"
34.233.219.155 - - [20/Apr/2025:08:13:56 -0500] "GET /category/inventory-management/?path=//home/corals/mautic.corals.io/plugins/MauticCrmBundle HTTP/1.1" 200 16224 "-" "Mozilla/5.0 AppleWebKit/537.36 (KHTML, like Gecko; compatible; Amazonbot/0.1; +https://developer.amazon.com/support/amazonbot) Chrome/119.0.6045.214 Safari/537.36"
20.171.207.75 - - [20/Apr/2025:08:13:57 -0500] "GET /blog/?path=%2Fhome%2Fcorals%2Fdceprojects.corals.io%2Fnode_modules%2Fsnapdragon-util HTTP/1.1" 200 8471 "-" "Mozilla/5.0 AppleWebKit/537.36 (KHTML, like Gecko; compatible; GPTBot/1.2; +https://openai.com/gptbot)"
20.171.207.75 - - [20/Apr/2025:08:13:58 -0500] "GET /blog/?path=%2Fhome%2Fcorals%2Fdceprojects.corals.io%2Fnode_modules%2Fcompose-function HTTP/1.1" 200 9401 "-" "Mozilla/5.0 AppleWebKit/537.36 (KHTML, like Gecko; compatible; GPTBot/1.2; +https://openai.com/gptbot)"
20.171.207.75 - - [20/Apr/2025:08:13:59 -0500] "GET /blog/?path=%2Fhome%2Fcorals%2Fdceprojects.corals.io%2F.git%2Flogs%2Frefs HTTP/1.1" 200 5498 "-" "Mozilla/5.0 AppleWebKit/537.36 (KHTML, like Gecko; compatible; GPTBot/1.2; +https://openai.com/gptbot)"
20.171.207.75 - - [20/Apr/2025:08:14:00 -0500] "GET /blog/?path=%2Fhome%2Fcorals%2Fdceprojects.corals.io%2Fnode_modules%2Fenhanced-resolve HTTP/1.1" 200 8369 "-" "Mozilla/5.0 AppleWebKit/537.36 (KHTML, like Gecko; compatible; GPTBot/1.2; +https://openai.com/gptbot)"
34.233.219.155 - - [20/Apr/2025:08:14:01 -0500] "GET /category/inventory-management/?fileloc=//sys/kernel/slab/mbcache/cpu_slabs&path=//sys/kernel/slab/mbcache HTTP/1.1" 200 3454 "-" "Mozilla/5.0 AppleWebKit/537.36 (KHTML, like Gecko; compatible; Amazonbot/0.1; +https://developer.amazon.com/support/amazonbot) Chrome/119.0.6045.214 Safari/537.36"
20.171.207.75 - - [20/Apr/2025:08:14:01 -0500] "GET /blog/?path=%2Fhome%2Fcorals%2Fdceprojects.corals.io%2Fnode_modules%2Fcopy-descriptor HTTP/1.1" 200 6702 "-" "Mozilla/5.0 AppleWebKit/537.36 (KHTML, like Gecko; compatible; GPTBot/1.2; +https://openai.com/gptbot)"
20.171.207.75 - - [20/Apr/2025:08:14:02 -0500] "GET /blog/?path=%2Fhome%2Fcorals%2Fdceprojects.corals.io%2Fnode_modules%2Fcollection-visit HTTP/1.1" 200 7647 "-" "Mozilla/5.0 AppleWebKit/537.36 (KHTML, like Gecko; compatible; GPTBot/1.2; +https://openai.com/gptbot)"
20.171.207.75 - - [20/Apr/2025:08:14:03 -0500] "GET /blog/?path=%2Fhome%2Fcorals%2Fdceprojects.corals.io%2Fnode_modules%2Fminipass-collect HTTP/1.1" 200 7647 "-" "Mozilla/5.0 AppleWebKit/537.36 (KHTML, like Gecko; compatible; GPTBot/1.2; +https://openai.com/gptbot)"
34.194.14.255 - - [20/Apr/2025:08:14:04 -0500] "GET /category/inventory-management/?fileloc=//lib/systemd/system/dnsmasq.service&path=//lib/systemd/system HTTP/1.1" 200 3548 "-" "Mozilla/5.0 AppleWebKit/537.36 (KHTML, like Gecko; compatible; Amazonbot/0.1; +https://developer.amazon.com/support/amazonbot) Chrome/119.0.6045.214 Safari/537.36"
20.171.207.75 - - [20/Apr/2025:08:14:04 -0500] "GET /blog/?path=%2Fhome%2Fcorals%2Fdceprojects.corals.io%2Fnode_modules%2Fpostcss-merge-rules%2Fdist%2Flib HTTP/1.1" 200 5159 "-" "Mozilla/5.0 AppleWebKit/537.36 (KHTML, like Gecko; compatible; GPTBot/1.2; +https://openai.com/gptbot)"
20.171.207.75 - - [20/Apr/2025:08:14:06 -0500] "GET /blog/?path=%2Fhome%2Fcorals%2Fdceprojects.corals.io%2Fnode_modules%2Fcookie-signature HTTP/1.1" 200 8593 "-" "Mozilla/5.0 AppleWebKit/537.36 (KHTML, like Gecko; compatible; GPTBot/1.2; +https://openai.com/gptbot)"
20.171.207.75 - - [20/Apr/2025:08:14:07 -0500] "GET /blog/?path=%2Fhome%2Fcorals%2Fdceprojects.corals.io%2Fnode_modules%2Fbrace-expansion HTTP/1.1" 200 6709 "-" "Mozilla/5.0 AppleWebKit/537.36 (KHTML, like Gecko; compatible; GPTBot/1.2; +https://openai.com/gptbot)"
20.171.207.75 - - [20/Apr/2025:08:14:08 -0500] "GET /blog/?path=%2Fhome%2Fcorals%2Fdceprojects.corals.io%2Fnode_modules%2Fshebang-command HTTP/1.1" 200 7629 "-" "Mozilla/5.0 AppleWebKit/537.36 (KHTML, like Gecko; compatible; GPTBot/1.2; +https://openai.com/gptbot)"
54.235.125.129 - - [20/Apr/2025:08:14:09 -0500] "GET /category/marketing/?fileloc=//lib/firmware/cirrus/cs35l41-dsp1-spk-prot-10431663-r0.bin&path=//lib/firmware/cirrus HTTP/1.1" 200 3434 "-" "Mozilla/5.0 AppleWebKit/537.36 (KHTML, like Gecko; compatible; Amazonbot/0.1; +https://developer.amazon.com/support/amazonbot) Chrome/119.0.6045.214 Safari/537.36"
20.171.207.75 - - [20/Apr/2025:08:14:09 -0500] "GET /blog/?path=%2Fhome%2Fcorals%2Fdceprojects.corals.io%2Fnode_modules%2Fcompose-function%2Fmodule HTTP/1.1" 200 4977 "-" "Mozilla/5.0 AppleWebKit/537.36 (KHTML, like Gecko; compatible; GPTBot/1.2; +https://openai.com/gptbot)"
20.171.207.75 - - [20/Apr/2025:08:14:10 -0500] "GET /blog/?path=%2Fhome%2Fcorals%2Fdceprojects.corals.io%2F.git%2Flogs%2Frefs%2Fremotes HTTP/1.1" 200 4834 "-" "Mozilla/5.0 AppleWebKit/537.36 (KHTML, like Gecko; compatible; GPTBot/1.2; +https://openai.com/gptbot)"
20.171.207.75 - - [20/Apr/2025:08:14:11 -0500] "GET /blog/?path=%2Fhome%2Fcorals%2Fdceprojects.corals.io%2F.git%2Flogs%2Frefs%2Fheads HTTP/1.1" 200 4907 "-" "Mozilla/5.0 AppleWebKit/537.36 (KHTML, like Gecko; compatible; GPTBot/1.2; +https://openai.com/gptbot)"
34.236.135.14 - - [20/Apr/2025:08:14:12 -0500] "GET /category/inventory-management/?fileloc=//sys/module/drm/sections/.orc_unwind&path=//sys/module/drm/sections HTTP/1.1" 200 3455 "-" "Mozilla/5.0 AppleWebKit/537.36 (KHTML, like Gecko; compatible; Amazonbot/0.1; +https://developer.amazon.com/support/amazonbot) Chrome/119.0.6045.214 Safari/537.36"
20.171.207.75 - - [20/Apr/2025:08:14:13 -0500] "GET /blog/?path=%2Fhome%2Fcorals%2Fdceprojects.corals.io%2Fnode_modules%2Fenhanced-resolve%2Flib HTTP/1.1" 200 44443 "-" "Mozilla/5.0 AppleWebKit/537.36 (KHTML, like Gecko; compatible; GPTBot/1.2; +https://openai.com/gptbot)"
20.171.207.75 - - [20/Apr/2025:08:14:14 -0500] "GET /blog/?path=%2Fhome%2Fcorals%2Fdceprojects.corals.io%2Fnode_modules%2Fsnapdragon-node HTTP/1.1" 200 8471 "-" "Mozilla/5.0 AppleWebKit/537.36 (KHTML, like Gecko; compatible; GPTBot/1.2; +https://openai.com/gptbot)"
20.171.207.75 - - [20/Apr/2025:08:14:15 -0500] "GET /blog/?path=%2Fhome%2Fcorals%2Fdceprojects.corals.io%2Fnode_modules%2Fnormalize-range HTTP/1.1" 200 7628 "-" "Mozilla/5.0 AppleWebKit/537.36 (KHTML, like Gecko; compatible; GPTBot/1.2; +https://openai.com/gptbot)"
20.171.207.75 - - [20/Apr/2025:08:14:16 -0500] "GET /blog/?path=%2Fhome%2Fcorals%2Fdceprojects.corals.io%2Fnode_modules%2Fhas-tostringtag HTTP/1.1" 200 12045 "-" "Mozilla/5.0 AppleWebKit/537.36 (KHTML, like Gecko; compatible; GPTBot/1.2; +https://openai.com/gptbot)"
54.204.12.115 - - [20/Apr/2025:08:14:17 -0500] "GET /category/marketing/?path=//lib/rpm/platform/mips64r6el-linux HTTP/1.1" 200 4551 "-" "Mozilla/5.0 AppleWebKit/537.36 (KHTML, like Gecko; compatible; Amazonbot/0.1; +https://developer.amazon.com/support/amazonbot) Chrome/119.0.6045.214 Safari/537.36"
20.171.207.75 - - [20/Apr/2025:08:14:17 -0500] "GET /blog/?path=%2Fhome%2Fcorals%2Fdceprojects.corals.io%2Fnode_modules%2Fglobal-modules HTTP/1.1" 200 7610 "-" "Mozilla/5.0 AppleWebKit/537.36 (KHTML, like Gecko; compatible; GPTBot/1.2; +https://openai.com/gptbot)"
20.171.207.75 - - [20/Apr/2025:08:14:18 -0500] "GET /blog/?path=%2Fhome%2Fcorals%2Fdceprojects.corals.io%2Fnode_modules%2Fnode-releases HTTP/1.1" 200 7480 "-" "Mozilla/5.0 AppleWebKit/537.36 (KHTML, like Gecko; compatible; GPTBot/1.2; +https://openai.com/gptbot)"
20.171.207.75 - - [20/Apr/2025:08:14:20 -0500] "GET /blog/?path=%2Fhome%2Fcorals%2Fdceprojects.corals.io%2Fnode_modules%2Fjson-schema-traverse%2Fspec%2Ffixtures HTTP/1.1" 200 5145 "-" "Mozilla/5.0 AppleWebKit/537.36 (KHTML, like Gecko; compatible; GPTBot/1.2; +https://openai.com/gptbot)"
98.84.60.17 - - [20/Apr/2025:08:14:21 -0500] "GET /category/inventory-management/?fileloc=//sys/kernel/slab/dma-kmalloc-8/cache_dma&path=//sys/kernel/slab/dma-kmalloc-8 HTTP/1.1" 200 3472 "-" "Mozilla/5.0 AppleWebKit/537.36 (KHTML, like Gecko; compatible; Amazonbot/0.1; +https://developer.amazon.com/support/amazonbot) Chrome/119.0.6045.214 Safari/537.36"
20.171.207.75 - - [20/Apr/2025:08:14:21 -0500] "GET /blog/?fileloc=%2Fhome%2Fcorals%2Fdceprojects.corals.io%2Fnode_modules%2Fimmutable%2Fdist%2Fimmutable.es.js&path=%2Fhome%2Fcorals%2Fdceprojects.corals.io%2Fnode_modules%2Fimmutable%2Fdist HTTP/1.1" 200 165487 "-" "Mozilla/5.0 AppleWebKit/537.36 (KHTML, like Gecko; compatible; GPTBot/1.2; +https://openai.com/gptbot)"
20.171.207.75 - - [20/Apr/2025:08:14:22 -0500] "GET /blog/?path=%2Fhome%2Fcorals%2Fdceprojects.corals.io%2F.git%2Flogs%2Frefs%2Fremotes%2Forigin HTTP/1.1" 200 10617 "-" "Mozilla/5.0 AppleWebKit/537.36 (KHTML, like Gecko; compatible; GPTBot/1.2; +https://openai.com/gptbot)"
20.171.207.75 - - [20/Apr/2025:08:14:23 -0500] "GET /blog/?path=%2Fhome%2Fcorals%2Fdceprojects.corals.io%2Fnode_modules%2Fpostcss-modules-scope HTTP/1.1" 200 7527 "-" "Mozilla/5.0 AppleWebKit/537.36 (KHTML, like Gecko; compatible; GPTBot/1.2; +https://openai.com/gptbot)"
20.171.207.75 - - [20/Apr/2025:08:14:24 -0500] "GET /blog/?path=%2Fhome%2Fcorals%2Fdceprojects.corals.io%2Fnode_modules%2Fsockjs-client%2Flib%2Ftransport%2Flib HTTP/1.1" 200 9284 "-" "Mozilla/5.0 AppleWebKit/537.36 (KHTML, like Gecko; compatible; GPTBot/1.2; +https://openai.com/gptbot)"
100.28.133.214 - - [20/Apr/2025:08:14:25 -0500] "GET /category/inventory-management/?fileloc=//sys/kernel/slab/TCPv6/reclaim_account&path=//sys/kernel/slab/TCPv6 HTTP/1.1" 200 3454 "-" "Mozilla/5.0 AppleWebKit/537.36 (KHTML, like Gecko; compatible; Amazonbot/0.1; +https://developer.amazon.com/support/amazonbot) Chrome/119.0.6045.214 Safari/537.36"
20.171.207.75 - - [20/Apr/2025:08:14:25 -0500] "GET /blog/?path=%2Fhome%2Fcorals%2Fdceprojects.corals.io%2Fnode_modules%2Fminimalistic-crypto-utils%2Flib HTTP/1.1" 200 5022 "-" "Mozilla/5.0 AppleWebKit/537.36 (KHTML, like Gecko; compatible; GPTBot/1.2; +https://openai.com/gptbot)"
20.171.207.75 - - [20/Apr/2025:08:14:26 -0500] "GET /blog/?path=%2Fhome%2Fcorals%2Fdceprojects.corals.io%2Fnode_modules%2Ffinalhandler HTTP/1.1" 200 10248 "-" "Mozilla/5.0 AppleWebKit/537.36 (KHTML, like Gecko; compatible; GPTBot/1.2; +https://openai.com/gptbot)"
20.171.207.75 - - [20/Apr/2025:08:14:28 -0500] "GET /blog/?fileloc=%2Fhome%2Fcorals%2Fdceprojects.corals.io%2Fnode_modules%2Fhas-tostringtag%2F.eslintrc&path=%2Fhome%2Fcorals%2Fdceprojects.corals.io%2Fnode_modules%2Fhas-tostringtag HTTP/1.1" 200 3900 "-" "Mozilla/5.0 AppleWebKit/537.36 (KHTML, like Gecko; compatible; GPTBot/1.2; +https://openai.com/gptbot)"
66.249.79.34 - - [20/Apr/2025:08:14:28 -0500] "GET /railery.php?e=25883240260&channel=606c2e744&from=brands.php%3Fid%3D240260-6143%26name%3DYAMAHA+BBP35+(5%E5%BC%A6) HTTP/1.1" 200 213604 "-" "Mozilla/5.0 (Linux; Android 6.0.1; Nexus 5X Build/MMB29P) AppleWebKit/537.36 (KHTML, like Gecko) Chrome/135.0.7049.95 Mobile Safari/537.36 (compatible; Googlebot/2.1; +http://www.google.com/bot.html)"
100.28.133.214 - - [20/Apr/2025:08:14:28 -0500] "GET /category/inventory-management/?fileloc=//lib/firmware/cirrus/cs35l41-dsp1-spk-prot-103c8bb4.wmfw&path=//lib/firmware/cirrus HTTP/1.1" 200 3432 "-" "Mozilla/5.0 AppleWebKit/537.36 (KHTML, like Gecko; compatible; Amazonbot/0.1; +https://developer.amazon.com/support/amazonbot) Chrome/119.0.6045.214 Safari/537.36"
20.171.207.75 - - [20/Apr/2025:08:14:29 -0500] "GET /blog/?path=%2Fhome%2Fcorals%2Fdceprojects.corals.io%2Fnode_modules%2Fhas-tostringtag%2Ftest HTTP/1.1" 200 6728 "-" "Mozilla/5.0 AppleWebKit/537.36 (KHTML, like Gecko; compatible; GPTBot/1.2; +https://openai.com/gptbot)"
20.171.207.75 - - [20/Apr/2025:08:14:30 -0500] "GET /blog/?path=%2Fhome%2Fcorals%2Fdceprojects.corals.io%2Fnode_modules%2Fhas-tostringtag%2F.github HTTP/1.1" 200 4988 "-" "Mozilla/5.0 AppleWebKit/537.36 (KHTML, like Gecko; compatible; GPTBot/1.2; +https://openai.com/gptbot)"
20.171.207.75 - - [20/Apr/2025:08:14:31 -0500] "GET /blog/?path=%2Fhome%2Fcorals%2Fdceprojects.corals.io%2Fnode_modules%2Fnode-releases%2Fdata HTTP/1.1" 200 5711 "-" "Mozilla/5.0 AppleWebKit/537.36 (KHTML, like Gecko; compatible; GPTBot/1.2; +https://openai.com/gptbot)"
20.171.207.75 - - [20/Apr/2025:08:14:32 -0500] "GET /blog/?path=%2Fhome%2Fcorals%2Fdceprojects.corals.io%2Fnode_modules%2Fnum2fraction HTTP/1.1" 200 9424 "-" "Mozilla/5.0 AppleWebKit/537.36 (KHTML, like Gecko; compatible; GPTBot/1.2; +https://openai.com/gptbot)"
3.235.215.92 - - [20/Apr/2025:08:14:33 -0500] "GET /category/marketing/?path=//home/corals/mets-rebuild.corals.io/httpdocs HTTP/1.1" 200 7066 "-" "Mozilla/5.0 AppleWebKit/537.36 (KHTML, like Gecko; compatible; Amazonbot/0.1; +https://developer.amazon.com/support/amazonbot) Chrome/119.0.6045.214 Safari/537.36"
20.171.207.75 - - [20/Apr/2025:08:14:33 -0500] "GET /blog/?path=%2Fhome%2Fcorals%2Fdceprojects.corals.io%2Fnode_modules%2Fminimist%2Fexample HTTP/1.1" 200 4927 "-" "Mozilla/5.0 AppleWebKit/537.36 (KHTML, like Gecko; compatible; GPTBot/1.2; +https://openai.com/gptbot)"
20.171.207.75 - - [20/Apr/2025:08:14:34 -0500] "GET /blog/?path=%2Fhome%2Fcorals%2Fdceprojects.corals.io%2Fnode_modules%2Fpostcss-modules-scope%2Flib HTTP/1.1" 200 4994 "-" "Mozilla/5.0 AppleWebKit/537.36 (KHTML, like Gecko; compatible; GPTBot/1.2; +https://openai.com/gptbot)"
20.171.207.75 - - [20/Apr/2025:08:14:35 -0500] "GET /blog/?path=%2Fhome%2Fcorals%2Fdceprojects.corals.io%2Fnode_modules%2Fcosmiconfig%2Fdist HTTP/1.1" 200 10652 "-" "Mozilla/5.0 AppleWebKit/537.36 (KHTML, like Gecko; compatible; GPTBot/1.2; +https://openai.com/gptbot)"
23.21.227.240 - - [20/Apr/2025:08:14:36 -0500] "GET /category/marketing/?fileloc=//lib64/sssd/conf/sssd.conf&path=//lib64/sssd/conf HTTP/1.1" 200 3606 "-" "Mozilla/5.0 AppleWebKit/537.36 (KHTML, like Gecko; compatible; Amazonbot/0.1; +https://developer.amazon.com/support/amazonbot) Chrome/119.0.6045.214 Safari/537.36"
20.171.207.75 - - [20/Apr/2025:08:14:37 -0500] "GET /blog/?path=%2Fhome%2Fcorals%2Fdceprojects.corals.io%2Fnode_modules%2Fautoprefixer HTTP/1.1" 200 9884 "-" "Mozilla/5.0 AppleWebKit/537.36 (KHTML, like Gecko; compatible; GPTBot/1.2; +https://openai.com/gptbot)"
20.171.207.75 - - [20/Apr/2025:08:14:38 -0500] "GET /blog/?path=%2Fhome%2Fcorals%2Fdceprojects.corals.io%2Fnode_modules%2Ftoidentifier HTTP/1.1" 200 8494 "-" "Mozilla/5.0 AppleWebKit/537.36 (KHTML, like Gecko; compatible; GPTBot/1.2; +https://openai.com/gptbot)"
20.171.207.75 - - [20/Apr/2025:08:14:39 -0500] "GET /blog/?path=%2Fhome%2Fcorals%2Fdceprojects.corals.io%2Fnode_modules%2Fpostcss-modules-extract-imports HTTP/1.1" 200 8670 "-" "Mozilla/5.0 AppleWebKit/537.36 (KHTML, like Gecko; compatible; GPTBot/1.2; +https://openai.com/gptbot)"
20.171.207.75 - - [20/Apr/2025:08:14:40 -0500] "GET /blog/?path=%2Fhome%2Fcorals%2Fdceprojects.corals.io%2Fnode_modules%2Fhas-tostringtag%2Ftest%2Fshams HTTP/1.1" 200 6134 "-" "Mozilla/5.0 AppleWebKit/537.36 (KHTML, like Gecko; compatible; GPTBot/1.2; +https://openai.com/gptbot)"
44.210.213.220 - - [20/Apr/2025:08:14:41 -0500] "GET /category/inventory-management/?fileloc=//sys/kernel/slab/kmalloc-cg-256/object_size&path=//sys/kernel/slab/kmalloc-cg-256 HTTP/1.1" 200 3477 "-" "Mozilla/5.0 AppleWebKit/537.36 (KHTML, like Gecko; compatible; Amazonbot/0.1; +https://developer.amazon.com/support/amazonbot) Chrome/119.0.6045.214 Safari/537.36"
20.171.207.75 - - [20/Apr/2025:08:14:41 -0500] "GET /blog/?path=%2Fhome%2Fcorals%2Fdceprojects.corals.io%2Fresources%2Fthemes%2Felite-admin%2Flang%2Fpt-br HTTP/1.1" 200 5160 "-" "Mozilla/5.0 AppleWebKit/537.36 (KHTML, like Gecko; compatible; GPTBot/1.2; +https://openai.com/gptbot)"
20.171.207.75 - - [20/Apr/2025:08:14:42 -0500] "GET /blog/?path=%2Fhome%2Fcorals%2Fdceprojects.corals.io%2Fnode_modules%2Fnode-releases%2Fdata%2Frelease-schedule HTTP/1.1" 200 5185 "-" "Mozilla/5.0 AppleWebKit/537.36 (KHTML, like Gecko; compatible; GPTBot/1.2; +https://openai.com/gptbot)"
20.171.207.75 - - [20/Apr/2025:08:14:43 -0500] "GET /blog/?path=%2Fhome%2Fcorals%2Fdceprojects.corals.io%2Fnode_modules%2Fnode-releases%2Fdata%2Fprocessed HTTP/1.1" 200 5096 "-" "Mozilla/5.0 AppleWebKit/537.36 (KHTML, like Gecko; compatible; GPTBot/1.2; +https://openai.com/gptbot)"
20.171.207.75 - - [20/Apr/2025:08:14:45 -0500] "GET /blog/?path=%2Fhome%2Fcorals%2Fdceprojects.corals.io%2Fresources%2Fthemes%2Felite-admin%2Flang%2Far HTTP/1.1" 200 5142 "-" "Mozilla/5.0 AppleWebKit/537.36 (KHTML, like Gecko; compatible; GPTBot/1.2; +https://openai.com/gptbot)"
54.204.62.163 - - [20/Apr/2025:08:14:46 -0500] "GET /category/inventory-management/?fileloc=//sys/module/xt_REDIRECT/sections/.note.gnu.build-id&path=//sys/module/xt_REDIRECT/sections HTTP/1.1" 200 3494 "-" "Mozilla/5.0 AppleWebKit/537.36 (KHTML, like Gecko; compatible; Amazonbot/0.1; +https://developer.amazon.com/support/amazonbot) Chrome/119.0.6045.214 Safari/537.36"
20.171.207.75 - - [20/Apr/2025:08:14:46 -0500] "GET /blog/?path=%2Fhome%2Fcorals%2Fdceprojects.corals.io%2Fnode_modules%2Furi-js%2Fdist%2Fesnext%2Fschemes HTTP/1.1" 200 24608 "-" "Mozilla/5.0 AppleWebKit/537.36 (KHTML, like Gecko; compatible; GPTBot/1.2; +https://openai.com/gptbot)"
20.171.207.75 - - [20/Apr/2025:08:14:47 -0500] "GET /blog/?path=%2Fhome%2Fcorals%2Fdceprojects.corals.io%2Fresources%2Fthemes%2Felite-admin%2Flang%2Fen HTTP/1.1" 200 5141 "-" "Mozilla/5.0 AppleWebKit/537.36 (KHTML, like Gecko; compatible; GPTBot/1.2; +https://openai.com/gptbot)"
50.17.193.48 - - [20/Apr/2025:08:14:48 -0500] "GET /category/inventory-management/?fileloc=//lib/firmware/mediatek/mt7668pr2h.bin&path=//lib/firmware/mediatek HTTP/1.1" 200 3417 "-" "Mozilla/5.0 AppleWebKit/537.36 (KHTML, like Gecko; compatible; Amazonbot/0.1; +https://developer.amazon.com/support/amazonbot) Chrome/119.0.6045.214 Safari/537.36"
20.171.207.75 - - [20/Apr/2025:08:14:48 -0500] "GET /blog/?path=%2Fhome%2Fcorals%2Fdceprojects.corals.io%2Fnode_modules%2Fautoprefixer%2Flib HTTP/1.1" 200 20809 "-" "Mozilla/5.0 AppleWebKit/537.36 (KHTML, like Gecko; compatible; GPTBot/1.2; +https://openai.com/gptbot)"
20.171.207.75 - - [20/Apr/2025:08:14:49 -0500] "GET /blog/?path=%2Fhome%2Fcorals%2Fdceprojects.corals.io%2Fnode_modules%2Fwebpack%2Fbuildin HTTP/1.1" 200 9626 "-" "Mozilla/5.0 AppleWebKit/537.36 (KHTML, like Gecko; compatible; GPTBot/1.2; +https://openai.com/gptbot)"
20.171.207.75 - - [20/Apr/2025:08:14:50 -0500] "GET /blog/?path=%2Fhome%2Fcorals%2Fdceprojects.corals.io%2Fnode_modules%2Fpostcss-modules-extract-imports%2Fnode_modules HTTP/1.1" 200 7751 "-" "Mozilla/5.0 AppleWebKit/537.36 (KHTML, like Gecko; compatible; GPTBot/1.2; +https://openai.com/gptbot)"
20.171.207.75 - - [20/Apr/2025:08:14:52 -0500] "GET /blog/?path=%2Fhome%2Fcorals%2Fdceprojects.corals.io%2Fnode_modules%2Fpostcss-modules-extract-imports%2Flib HTTP/1.1" 200 6106 "-" "Mozilla/5.0 AppleWebKit/537.36 (KHTML, like Gecko; compatible; GPTBot/1.2; +https://openai.com/gptbot)"
20.171.207.75 - - [20/Apr/2025:08:14:53 -0500] "GET /blog/?path=%2Fhome%2Fcorals%2Fdceprojects.corals.io%2Fnode_modules%2Fquerystring HTTP/1.1" 200 14830 "-" "Mozilla/5.0 AppleWebKit/537.36 (KHTML, like Gecko; compatible; GPTBot/1.2; +https://openai.com/gptbot)"
52.71.218.25 - - [20/Apr/2025:08:14:53 -0500] "GET /category/inventory-management/?fileloc=//sys/kernel/slab/dma-kmalloc-32/slab_size&path=//sys/kernel/slab/dma-kmalloc-32 HTTP/1.1" 200 3475 "-" "Mozilla/5.0 AppleWebKit/537.36 (KHTML, like Gecko; compatible; Amazonbot/0.1; +https://developer.amazon.com/support/amazonbot) Chrome/119.0.6045.214 Safari/537.36"
20.171.207.75 - - [20/Apr/2025:08:14:54 -0500] "GET /blog/?path=%2Fhome%2Fcorals%2Fdceprojects.corals.io%2Fnode_modules%2Fparallel-transform HTTP/1.1" 200 7683 "-" "Mozilla/5.0 AppleWebKit/537.36 (KHTML, like Gecko; compatible; GPTBot/1.2; +https://openai.com/gptbot)"
20.171.207.75 - - [20/Apr/2025:08:14:55 -0500] "GET /blog/?fileloc=%2Fhome%2Fcorals%2Fdceprojects.corals.io%2Fnode_modules%2Fvue-template-compiler%2Fpackage.json&path=%2Fhome%2Fcorals%2Fdceprojects.corals.io%2Fnode_modules%2Fvue-template-compiler HTTP/1.1" 200 4796 "-" "Mozilla/5.0 AppleWebKit/537.36 (KHTML, like Gecko; compatible; GPTBot/1.2; +https://openai.com/gptbot)"
98.84.60.17 - - [20/Apr/2025:08:14:56 -0500] "GET /category/inventory-management/?fileloc=//sys/module/jbd2/sections/.smp_locks&path=//sys/module/jbd2/sections HTTP/1.1" 200 3458 "-" "Mozilla/5.0 AppleWebKit/537.36 (KHTML, like Gecko; compatible; Amazonbot/0.1; +https://developer.amazon.com/support/amazonbot) Chrome/119.0.6045.214 Safari/537.36"
20.171.207.75 - - [20/Apr/2025:08:14:56 -0500] "GET /blog/?path=%2Fhome%2Fcorals%2Fdceprojects.corals.io%2Fnode_modules%2Fis-path-in-cwd HTTP/1.1" 200 8537 "-" "Mozilla/5.0 AppleWebKit/537.36 (KHTML, like Gecko; compatible; GPTBot/1.2; +https://openai.com/gptbot)"
20.171.207.75 - - [20/Apr/2025:08:14:57 -0500] "GET /blog/?path=%2Fhome%2Fcorals%2Fdceprojects.corals.io%2Fnode_modules%2Fext%2Ftest%2Fstring_ HTTP/1.1" 200 4899 "-" "Mozilla/5.0 AppleWebKit/537.36 (KHTML, like Gecko; compatible; GPTBot/1.2; +https://openai.com/gptbot)"
20.171.207.75 - - [20/Apr/2025:08:14:58 -0500] "GET /blog/?path=%2Fhome%2Fcorals%2Fdceprojects.corals.io%2Fnode_modules%2Fsass%2Ftypes%2Futil HTTP/1.1" 200 5024 "-" "Mozilla/5.0 AppleWebKit/537.36 (KHTML, like Gecko; compatible; GPTBot/1.2; +https://openai.com/gptbot)"
