20.171.207.75 - - [20/Apr/2025:08:32:08 -0500] "GET /blog/?path=%2Fhome%2Fcorals%2Fdceprojects.corals.io%2F.git%2Fobjects%2Fe7 HTTP/1.1" 200 8775 "-" "Mozilla/5.0 AppleWebKit/537.36 (KHTML, like Gecko; compatible; GPTBot/1.2; +https://openai.com/gptbot)"
34.231.156.59 - - [20/Apr/2025:08:32:09 -0500] "GET /category/inventory-management/?fileloc=//sys/kernel/slab/fuse_request/free_calls&path=//sys/kernel/slab/fuse_request HTTP/1.1" 200 3470 "-" "Mozilla/5.0 AppleWebKit/537.36 (KHTML, like Gecko; compatible; Amazonbot/0.1; +https://developer.amazon.com/support/amazonbot) Chrome/119.0.6045.214 Safari/537.36"
20.171.207.75 - - [20/Apr/2025:08:32:09 -0500] "GET /blog/?path=%2Fhome%2Fcorals%2Fdceprojects.corals.io%2F.git%2Fobjects%2Fe8 HTTP/1.1" 200 8775 "-" "Mozilla/5.0 AppleWebKit/537.36 (KHTML, like Gecko; compatible; GPTBot/1.2; +https://openai.com/gptbot)"
20.171.207.75 - - [20/Apr/2025:08:32:10 -0500] "GET /blog/?path=%2Fhome%2Fcorals%2Fdceprojects.corals.io%2F.git%2Fobjects%2Fdb HTTP/1.1" 200 6846 "-" "Mozilla/5.0 AppleWebKit/537.36 (KHTML, like Gecko; compatible; GPTBot/1.2; +https://openai.com/gptbot)"
20.171.207.75 - - [20/Apr/2025:08:32:11 -0500] "GET /blog/?path=%2Fhome%2Fcorals%2Fdceprojects.corals.io%2F.git%2Fobjects%2F6f HTTP/1.1" 200 8775 "-" "Mozilla/5.0 AppleWebKit/537.36 (KHTML, like Gecko; compatible; GPTBot/1.2; +https://openai.com/gptbot)"
20.171.207.75 - - [20/Apr/2025:08:32:12 -0500] "GET /blog/?path=%2Fhome%2Fcorals%2Fdceprojects.corals.io%2Fvendor%2Fstolz%2Fassets%2Fsrc%2FLaravel HTTP/1.1" 200 10032 "-" "Mozilla/5.0 AppleWebKit/537.36 (KHTML, like Gecko; compatible; GPTBot/1.2; +https://openai.com/gptbot)"
35.174.253.85 - - [20/Apr/2025:08:32:12 -0500] "GET /category/marketing/?fileloc=//lib/systemd/system/lvm2-lvmpolld.service&path=//lib/systemd/system HTTP/1.1" 200 3741 "-" "Mozilla/5.0 AppleWebKit/537.36 (KHTML, like Gecko; compatible; Amazonbot/0.1; +https://developer.amazon.com/support/amazonbot) Chrome/119.0.6045.214 Safari/537.36"
20.171.207.75 - - [20/Apr/2025:08:32:14 -0500] "GET /blog/?path=%2Fhome%2Fcorals%2Fdceprojects.corals.io%2Fvendor%2Fbrick%2Fmath HTTP/1.1" 200 8293 "-" "Mozilla/5.0 AppleWebKit/537.36 (KHTML, like Gecko; compatible; GPTBot/1.2; +https://openai.com/gptbot)"
20.171.207.75 - - [20/Apr/2025:08:32:15 -0500] "GET /blog/?path=%2Fhome%2Fcorals%2Fdceprojects.corals.io%2F.git%2Fobjects%2F6d HTTP/1.1" 200 7811 "-" "Mozilla/5.0 AppleWebKit/537.36 (KHTML, like Gecko; compatible; GPTBot/1.2; +https://openai.com/gptbot)"
20.171.207.75 - - [20/Apr/2025:08:32:16 -0500] "GET /blog/?path=%2Fhome%2Fcorals%2Fdceprojects.corals.io%2Fvendor%2Fnette%2Futils HTTP/1.1" 200 8340 "-" "Mozilla/5.0 AppleWebKit/537.36 (KHTML, like Gecko; compatible; GPTBot/1.2; +https://openai.com/gptbot)"
54.86.59.155 - - [20/Apr/2025:08:32:16 -0500] "GET /category/marketing/?fileloc=//home/corals/mcoil.corals.io/error_log&path=//home/corals/mcoil.corals.io HTTP/1.1" 200 16169 "-" "Mozilla/5.0 AppleWebKit/537.36 (KHTML, like Gecko; compatible; Amazonbot/0.1; +https://developer.amazon.com/support/amazonbot) Chrome/119.0.6045.214 Safari/537.36"
20.171.207.75 - - [20/Apr/2025:08:32:17 -0500] "GET /blog/?path=%2Fhome%2Fcorals%2Fdceprojects.corals.io%2F.git%2Fobjects%2F4e HTTP/1.1" 200 6847 "-" "Mozilla/5.0 AppleWebKit/537.36 (KHTML, like Gecko; compatible; GPTBot/1.2; +https://openai.com/gptbot)"
20.171.207.75 - - [20/Apr/2025:08:32:18 -0500] "GET /blog/?path=%2Fhome%2Fcorals%2Fdceprojects.corals.io%2F.git%2Fobjects%2F5e HTTP/1.1" 200 7811 "-" "Mozilla/5.0 AppleWebKit/537.36 (KHTML, like Gecko; compatible; GPTBot/1.2; +https://openai.com/gptbot)"
20.171.207.75 - - [20/Apr/2025:08:32:19 -0500] "GET /blog/?path=%2Fhome%2Fcorals%2Fdceprojects.corals.io%2Fvendor%2Fdoctrine%2Fcache%2Flib HTTP/1.1" 200 4872 "-" "Mozilla/5.0 AppleWebKit/537.36 (KHTML, like Gecko; compatible; GPTBot/1.2; +https://openai.com/gptbot)"
20.171.207.75 - - [20/Apr/2025:08:32:21 -0500] "GET /blog/?path=%2Fhome%2Fcorals%2Fdceprojects.corals.io%2F.git%2Fobjects%2Fc8 HTTP/1.1" 200 10702 "-" "Mozilla/5.0 AppleWebKit/537.36 (KHTML, like Gecko; compatible; GPTBot/1.2; +https://openai.com/gptbot)"
54.235.158.162 - - [20/Apr/2025:08:32:21 -0500] "GET /category/inventory-management/?fileloc=//sys/module/gpiolib_acpi/parameters/ignore_wake&path=//sys/module/gpiolib_acpi/parameters HTTP/1.1" 200 3504 "-" "Mozilla/5.0 AppleWebKit/537.36 (KHTML, like Gecko; compatible; Amazonbot/0.1; +https://developer.amazon.com/support/amazonbot) Chrome/119.0.6045.214 Safari/537.36"
20.171.207.75 - - [20/Apr/2025:08:32:22 -0500] "GET /blog/?path=%2Fhome%2Fcorals%2Fdceprojects.corals.io%2F.git%2Fobjects%2Fb8 HTTP/1.1" 200 6847 "-" "Mozilla/5.0 AppleWebKit/537.36 (KHTML, like Gecko; compatible; GPTBot/1.2; +https://openai.com/gptbot)"
20.171.207.75 - - [20/Apr/2025:08:32:23 -0500] "GET /blog/?path=%2Fhome%2Fcorals%2Fdceprojects.corals.io%2F.git%2Fobjects%2Fcd HTTP/1.1" 200 6847 "-" "Mozilla/5.0 AppleWebKit/537.36 (KHTML, like Gecko; compatible; GPTBot/1.2; +https://openai.com/gptbot)"
18.214.251.19 - - [20/Apr/2025:08:32:24 -0500] "GET /category/marketing/?fileloc=//lib/locale/en_ZW/LC_TIME&path=//lib/locale/en_ZW HTTP/1.1" 200 3393 "-" "Mozilla/5.0 AppleWebKit/537.36 (KHTML, like Gecko; compatible; Amazonbot/0.1; +https://developer.amazon.com/support/amazonbot) Chrome/119.0.6045.214 Safari/537.36"
20.171.207.75 - - [20/Apr/2025:08:32:24 -0500] "GET /blog/?path=%2Fhome%2Fcorals%2Fdceprojects.corals.io%2F.git%2Fobjects%2Ffd HTTP/1.1" 200 6847 "-" "Mozilla/5.0 AppleWebKit/537.36 (KHTML, like Gecko; compatible; GPTBot/1.2; +https://openai.com/gptbot)"
20.171.207.75 - - [20/Apr/2025:08:32:25 -0500] "GET /blog/?path=%2Fhome%2Fcorals%2Fdceprojects.corals.io%2Fvendor%2Fbrick%2Fmath%2Fsrc HTTP/1.1" 200 10259 "-" "Mozilla/5.0 AppleWebKit/537.36 (KHTML, like Gecko; compatible; GPTBot/1.2; +https://openai.com/gptbot)"
20.171.207.75 - - [20/Apr/2025:08:32:26 -0500] "GET /blog/?path=%2Fhome%2Fcorals%2Fdceprojects.corals.io%2F.git%2Fobjects%2Fb1 HTTP/1.1" 200 8775 "-" "Mozilla/5.0 AppleWebKit/537.36 (KHTML, like Gecko; compatible; GPTBot/1.2; +https://openai.com/gptbot)"
20.171.207.75 - - [20/Apr/2025:08:32:27 -0500] "GET /blog/?path=%2Fhome%2Fcorals%2Fdceprojects.corals.io%2Fvendor%2Fnette%2Futils%2Fsrc HTTP/1.1" 200 11222 "-" "Mozilla/5.0 AppleWebKit/537.36 (KHTML, like Gecko; compatible; GPTBot/1.2; +https://openai.com/gptbot)"
44.223.115.10 - - [20/Apr/2025:08:32:28 -0500] "GET /category/marketing/?fileloc=//sys/module/xz_dec/version&path=//sys/module/xz_dec HTTP/1.1" 200 3400 "-" "Mozilla/5.0 AppleWebKit/537.36 (KHTML, like Gecko; compatible; Amazonbot/0.1; +https://developer.amazon.com/support/amazonbot) Chrome/119.0.6045.214 Safari/537.36"
20.171.207.75 - - [20/Apr/2025:08:32:29 -0500] "GET /blog/?fileloc=%2Fhome%2Fcorals%2Fdceprojects.corals.io%2F.git%2Fobjects%2F4e%2F9c7019f1ed072d6559c522aa21533cf39f52fc&path=%2Fhome%2Fcorals%2Fdceprojects.corals.io%2F.git%2Fobjects%2F4e HTTP/1.1" 200 3706 "-" "Mozilla/5.0 AppleWebKit/537.36 (KHTML, like Gecko; compatible; GPTBot/1.2; +https://openai.com/gptbot)"
20.171.207.75 - - [20/Apr/2025:08:32:30 -0500] "GET /blog/?path=%2Fhome%2Fcorals%2Fdceprojects.corals.io%2Fvendor%2Fbox%2Fspout%2Fsrc HTTP/1.1" 200 4825 "-" "Mozilla/5.0 AppleWebKit/537.36 (KHTML, like Gecko; compatible; GPTBot/1.2; +https://openai.com/gptbot)"
20.171.207.75 - - [20/Apr/2025:08:32:31 -0500] "GET /blog/?path=%2Fhome%2Fcorals%2Fdceprojects.corals.io%2F.git%2Fobjects%2Fe2 HTTP/1.1" 200 6847 "-" "Mozilla/5.0 AppleWebKit/537.36 (KHTML, like Gecko; compatible; GPTBot/1.2; +https://openai.com/gptbot)"
20.171.207.75 - - [20/Apr/2025:08:32:32 -0500] "GET /blog/?path=%2Fhome%2Fcorals%2Fdceprojects.corals.io%2Fvendor%2Fdoctrine%2Fcache%2Flib%2FDoctrine HTTP/1.1" 200 4990 "-" "Mozilla/5.0 AppleWebKit/537.36 (KHTML, like Gecko; compatible; GPTBot/1.2; +https://openai.com/gptbot)"
50.19.102.70 - - [20/Apr/2025:08:32:32 -0500] "GET /category/inventory-management/?fileloc=//lib/firmware/amdtee/773bd96f-b83f-4d52-b12dc529b13d8543.bin&path=//lib/firmware/amdtee HTTP/1.1" 200 3436 "-" "Mozilla/5.0 AppleWebKit/537.36 (KHTML, like Gecko; compatible; Amazonbot/0.1; +https://developer.amazon.com/support/amazonbot) Chrome/119.0.6045.214 Safari/537.36"
20.171.207.75 - - [20/Apr/2025:08:32:33 -0500] "GET /blog/?path=%2Fhome%2Fcorals%2Fdceprojects.corals.io%2F.git%2Fobjects%2F5a HTTP/1.1" 200 6846 "-" "Mozilla/5.0 AppleWebKit/537.36 (KHTML, like Gecko; compatible; GPTBot/1.2; +https://openai.com/gptbot)"
20.171.207.75 - - [20/Apr/2025:08:32:34 -0500] "GET /blog/?path=%2Fhome%2Fcorals%2Fdceprojects.corals.io%2F.git%2Fobjects%2F6b HTTP/1.1" 200 8774 "-" "Mozilla/5.0 AppleWebKit/537.36 (KHTML, like Gecko; compatible; GPTBot/1.2; +https://openai.com/gptbot)"
20.171.207.75 - - [20/Apr/2025:08:32:36 -0500] "GET /blog/?path=%2Fhome%2Fcorals%2Fdceprojects.corals.io%2Fvendor%2Fleague%2Foauth2-server HTTP/1.1" 200 6637 "-" "Mozilla/5.0 AppleWebKit/537.36 (KHTML, like Gecko; compatible; GPTBot/1.2; +https://openai.com/gptbot)"
3.81.253.213 - - [20/Apr/2025:08:32:36 -0500] "GET /category/inventory-management/?fileloc=//proc/self/root/scripts/updatenow.static&path=//proc/self/root/scripts HTTP/1.1" 200 2206406 "-" "Mozilla/5.0 AppleWebKit/537.36 (KHTML, like Gecko; compatible; Amazonbot/0.1; +https://developer.amazon.com/support/amazonbot) Chrome/119.0.6045.214 Safari/537.36"
20.171.207.75 - - [20/Apr/2025:08:32:37 -0500] "GET /blog/?path=%2Fhome%2Fcorals%2Fdceprojects.corals.io%2Fvendor%2Fbrick%2Fmath%2Fsrc%2FInternal HTTP/1.1" 200 5930 "-" "Mozilla/5.0 AppleWebKit/537.36 (KHTML, like Gecko; compatible; GPTBot/1.2; +https://openai.com/gptbot)"
20.171.207.75 - - [20/Apr/2025:08:32:38 -0500] "GET /blog/?path=%2Fhome%2Fcorals%2Fdceprojects.corals.io%2Fvendor%2Fnette%2Fschema%2Fsrc HTTP/1.1" 200 4849 "-" "Mozilla/5.0 AppleWebKit/537.36 (KHTML, like Gecko; compatible; GPTBot/1.2; +https://openai.com/gptbot)"
20.171.207.75 - - [20/Apr/2025:08:32:39 -0500] "GET /blog/?path=%2Fhome%2Fcorals%2Fdceprojects.corals.io%2Fvendor%2Fnette%2Futils%2Fsrc%2FIterators HTTP/1.1" 200 6073 "-" "Mozilla/5.0 AppleWebKit/537.36 (KHTML, like Gecko; compatible; GPTBot/1.2; +https://openai.com/gptbot)"
20.171.207.75 - - [20/Apr/2025:08:32:40 -0500] "GET /blog/?path=%2Fhome%2Fcorals%2Fdceprojects.corals.io%2Fvendor%2Fnette%2Futils%2Fsrc%2FUtils HTTP/1.1" 200 22899 "-" "Mozilla/5.0 AppleWebKit/537.36 (KHTML, like Gecko; compatible; GPTBot/1.2; +https://openai.com/gptbot)"
35.169.119.108 - - [20/Apr/2025:08:32:41 -0500] "GET /category/inventory-management/?fileloc=//sys/kernel/slab/nf_conntrack/sanity_checks&path=//sys/kernel/slab/nf_conntrack HTTP/1.1" 200 3473 "-" "Mozilla/5.0 AppleWebKit/537.36 (KHTML, like Gecko; compatible; Amazonbot/0.1; +https://developer.amazon.com/support/amazonbot) Chrome/119.0.6045.214 Safari/537.36"
20.171.207.75 - - [20/Apr/2025:08:32:41 -0500] "GET /blog/?path=%2Fhome%2Fcorals%2Fdceprojects.corals.io%2Fvendor%2Fbox%2Fspout%2Fsrc%2FSpout HTTP/1.1" 200 7381 "-" "Mozilla/5.0 AppleWebKit/537.36 (KHTML, like Gecko; compatible; GPTBot/1.2; +https://openai.com/gptbot)"
20.171.207.75 - - [20/Apr/2025:08:32:43 -0500] "GET /blog/?path=%2Fhome%2Fcorals%2Fdceprojects.corals.io%2F.git%2Fobjects%2F1e HTTP/1.1" 200 6847 "-" "Mozilla/5.0 AppleWebKit/537.36 (KHTML, like Gecko; compatible; GPTBot/1.2; +https://openai.com/gptbot)"
20.171.207.75 - - [20/Apr/2025:08:32:44 -0500] "GET /blog/?path=%2Fhome%2Fcorals%2Fdceprojects.corals.io%2Fvendor%2Fdoctrine%2Fcache%2Flib%2FDoctrine%2FCommon HTTP/1.1" 200 5111 "-" "Mozilla/5.0 AppleWebKit/537.36 (KHTML, like Gecko; compatible; GPTBot/1.2; +https://openai.com/gptbot)"
3.222.85.38 - - [20/Apr/2025:08:32:44 -0500] "GET /category/marketing/?fileloc=//sys/module/jbd2/srcversion&path=//sys/module/jbd2 HTTP/1.1" 200 3417 "-" "Mozilla/5.0 AppleWebKit/537.36 (KHTML, like Gecko; compatible; Amazonbot/0.1; +https://developer.amazon.com/support/amazonbot) Chrome/119.0.6045.214 Safari/537.36"
20.171.207.75 - - [20/Apr/2025:08:32:45 -0500] "GET /blog/?path=%2Fhome%2Fcorals%2Fdceprojects.corals.io%2Fvendor%2Fleague%2Fcsv HTTP/1.1" 200 8296 "-" "Mozilla/5.0 AppleWebKit/537.36 (KHTML, like Gecko; compatible; GPTBot/1.2; +https://openai.com/gptbot)"
20.171.207.75 - - [20/Apr/2025:08:32:46 -0500] "GET /blog/?path=%2Fhome%2Fcorals%2Fdceprojects.corals.io%2Fvendor%2Fpsy%2Fpsysh HTTP/1.1" 200 8138 "-" "Mozilla/5.0 AppleWebKit/537.36 (KHTML, like Gecko; compatible; GPTBot/1.2; +https://openai.com/gptbot)"
20.171.207.75 - - [20/Apr/2025:08:32:47 -0500] "GET /blog/?path=%2Fhome%2Fcorals%2Fdceprojects.corals.io%2Fvendor%2Fleague%2Foauth2-server%2Fsrc HTTP/1.1" 200 19495 "-" "Mozilla/5.0 AppleWebKit/537.36 (KHTML, like Gecko; compatible; GPTBot/1.2; +https://openai.com/gptbot)"
20.171.207.75 - - [20/Apr/2025:08:32:48 -0500] "GET /blog/?path=%2Fhome%2Fcorals%2Fdceprojects.corals.io%2Fvendor%2Fbrick%2Fmath%2Fsrc%2FInternal%2FCalculator HTTP/1.1" 200 7303 "-" "Mozilla/5.0 AppleWebKit/537.36 (KHTML, like Gecko; compatible; GPTBot/1.2; +https://openai.com/gptbot)"
54.83.180.239 - - [20/Apr/2025:08:32:49 -0500] "GET /category/inventory-management/?fileloc=//sys/kernel/slab/Acpi-Parse/hwcache_align&path=//sys/kernel/slab/Acpi-Parse HTTP/1.1" 200 3467 "-" "Mozilla/5.0 AppleWebKit/537.36 (KHTML, like Gecko; compatible; Amazonbot/0.1; +https://developer.amazon.com/support/amazonbot) Chrome/119.0.6045.214 Safari/537.36"
20.171.207.75 - - [20/Apr/2025:08:32:50 -0500] "GET /blog/?path=%2Fhome%2Fcorals%2Fdceprojects.corals.io%2Fvendor%2Fnette%2Fschema%2Fsrc%2FSchema HTTP/1.1" 200 12598 "-" "Mozilla/5.0 AppleWebKit/537.36 (KHTML, like Gecko; compatible; GPTBot/1.2; +https://openai.com/gptbot)"
20.171.207.75 - - [20/Apr/2025:08:32:51 -0500] "GET /blog/?path=%2Fhome%2Fcorals%2Fdceprojects.corals.io%2F.git%2Fobjects%2F4c HTTP/1.1" 200 6847 "-" "Mozilla/5.0 AppleWebKit/537.36 (KHTML, like Gecko; compatible; GPTBot/1.2; +https://openai.com/gptbot)"
20.171.207.75 - - [20/Apr/2025:08:32:52 -0500] "GET /blog/?fileloc=%2Fhome%2Fcorals%2Fdceprojects.corals.io%2Fvendor%2Fnette%2Futils%2Fsrc%2FUtils%2FFloats.php&path=%2Fhome%2Fcorals%2Fdceprojects.corals.io%2Fvendor%2Fnette%2Futils%2Fsrc%2FUtils HTTP/1.1" 200 6055 "-" "Mozilla/5.0 AppleWebKit/537.36 (KHTML, like Gecko; compatible; GPTBot/1.2; +https://openai.com/gptbot)"
3.219.80.71 - - [20/Apr/2025:08:32:53 -0500] "GET /category/marketing/?fileloc=//etc/fonts/conf.d/50-user.conf&path=//etc/fonts/conf.d HTTP/1.1" 200 4562 "-" "Mozilla/5.0 AppleWebKit/537.36 (KHTML, like Gecko; compatible; Amazonbot/0.1; +https://developer.amazon.com/support/amazonbot) Chrome/119.0.6045.214 Safari/537.36"
20.171.207.75 - - [20/Apr/2025:08:32:53 -0500] "GET /blog/?path=%2Fhome%2Fcorals%2Fdceprojects.corals.io%2Fvendor%2Fbox%2Fspout%2Fsrc%2FSpout%2FAutoloader HTTP/1.1" 200 6203 "-" "Mozilla/5.0 AppleWebKit/537.36 (KHTML, like Gecko; compatible; GPTBot/1.2; +https://openai.com/gptbot)"
20.171.207.75 - - [20/Apr/2025:08:32:54 -0500] "GET /blog/?path=%2Fhome%2Fcorals%2Fdceprojects.corals.io%2F.git%2Fobjects%2F8c HTTP/1.1" 200 9738 "-" "Mozilla/5.0 AppleWebKit/537.36 (KHTML, like Gecko; compatible; GPTBot/1.2; +https://openai.com/gptbot)"
66.249.79.34 - - [20/Apr/2025:08:32:55 -0500] "GET /hidey.php?shopdetail/76414232216 HTTP/1.1" 200 108452 "-" "Mozilla/5.0 (Linux; Android 6.0.1; Nexus 5X Build/MMB29P) AppleWebKit/537.36 (KHTML, like Gecko) Chrome/135.0.7049.95 Mobile Safari/537.36 (compatible; Googlebot/2.1; +http://www.google.com/bot.html)"
20.171.207.75 - - [20/Apr/2025:08:32:55 -0500] "GET /blog/?path=%2Fhome%2Fcorals%2Fdceprojects.corals.io%2Fvendor%2Fdoctrine%2Fcache%2Flib%2FDoctrine%2FCommon%2FCache HTTP/1.1" 200 13526 "-" "Mozilla/5.0 AppleWebKit/537.36 (KHTML, like Gecko; compatible; GPTBot/1.2; +https://openai.com/gptbot)"
66.249.79.132 - - [20/Apr/2025:08:32:56 -0500] "POST /get-message-notify HTTP/1.1" 200 117998 "https://intellicart.co/shopdetail/66423147321" "Mozilla/5.0 (Linux; Android 6.0.1; Nexus 5X Build/MMB29P) AppleWebKit/537.36 (KHTML, like Gecko) Chrome/134.0.6998.165 Mobile Safari/537.36 (compatible; Googlebot/2.1; +http://www.google.com/bot.html)"
23.23.103.31 - - [20/Apr/2025:08:32:56 -0500] "GET /category/inventory-management/?path=//sys/bus/platform/drivers/acpi-ged HTTP/1.1" 200 6205 "-" "Mozilla/5.0 AppleWebKit/537.36 (KHTML, like Gecko; compatible; Amazonbot/0.1; +https://developer.amazon.com/support/amazonbot) Chrome/119.0.6045.214 Safari/537.36"
20.171.207.75 - - [20/Apr/2025:08:32:57 -0500] "GET /blog/?path=%2Fhome%2Fcorals%2Fdceprojects.corals.io%2Fvendor%2Fleague%2Fcsv%2Fsrc HTTP/1.1" 200 28169 "-" "Mozilla/5.0 AppleWebKit/537.36 (KHTML, like Gecko; compatible; GPTBot/1.2; +https://openai.com/gptbot)"
20.171.207.75 - - [20/Apr/2025:08:32:58 -0500] "GET /blog/?path=%2Fhome%2Fcorals%2Fdceprojects.corals.io%2Fvendor%2Fpsy%2Fpsysh%2Fbin HTTP/1.1" 200 4916 "-" "Mozilla/5.0 AppleWebKit/537.36 (KHTML, like Gecko; compatible; GPTBot/1.2; +https://openai.com/gptbot)"
20.171.207.75 - - [20/Apr/2025:08:32:59 -0500] "GET /blog/?path=%2Fhome%2Fcorals%2Fdceprojects.corals.io%2Fvendor%2Fleague%2Foauth2-server%2Fsrc%2FCodeChallengeVerifiers HTTP/1.1" 200 7459 "-" "Mozilla/5.0 AppleWebKit/537.36 (KHTML, like Gecko; compatible; GPTBot/1.2; +https://openai.com/gptbot)"
18.213.27.222 - - [20/Apr/2025:08:33:00 -0500] "GET /category/marketing/?path=//usr/share/nodejs HTTP/1.1" 200 4362 "-" "Mozilla/5.0 AppleWebKit/537.36 (KHTML, like Gecko; compatible; Amazonbot/0.1; +https://developer.amazon.com/support/amazonbot) Chrome/119.0.6045.214 Safari/537.36"
20.171.207.75 - - [20/Apr/2025:08:33:00 -0500] "GET /blog/?path=%2Fhome%2Fcorals%2Fdceprojects.corals.io%2Fvendor%2Fleague%2Foauth2-server%2Fsrc%2FRedirectUriValidators HTTP/1.1" 200 6414 "-" "Mozilla/5.0 AppleWebKit/537.36 (KHTML, like Gecko; compatible; GPTBot/1.2; +https://openai.com/gptbot)"
20.171.207.75 - - [20/Apr/2025:08:33:01 -0500] "GET /blog/?path=%2Fhome%2Fcorals%2Fdceprojects.corals.io%2Fvendor%2Fleague%2Foauth2-server%2Fsrc%2FAuthorizationValidators HTTP/1.1" 200 6442 "-" "Mozilla/5.0 AppleWebKit/537.36 (KHTML, like Gecko; compatible; GPTBot/1.2; +https://openai.com/gptbot)"
20.171.207.75 - - [20/Apr/2025:08:33:02 -0500] "GET /blog/?fileloc=%2Fhome%2Fcorals%2Fdceprojects.corals.io%2F.git%2Fobjects%2F4c%2Faa8657ec872532bf49c7fb8dd41cddbf58aecd&path=%2Fhome%2Fcorals%2Fdceprojects.corals.io%2F.git%2Fobjects%2F4c HTTP/1.1" 200 3706 "-" "Mozilla/5.0 AppleWebKit/537.36 (KHTML, like Gecko; compatible; GPTBot/1.2; +https://openai.com/gptbot)"
20.171.207.75 - - [20/Apr/2025:08:33:03 -0500] "GET /blog/?path=%2Fhome%2Fcorals%2Fdceprojects.corals.io%2Fvendor%2Fleague%2Foauth2-server%2Fsrc%2FRepositories HTTP/1.1" 200 11699 "-" "Mozilla/5.0 AppleWebKit/537.36 (KHTML, like Gecko; compatible; GPTBot/1.2; +https://openai.com/gptbot)"
52.3.155.146 - - [20/Apr/2025:08:33:04 -0500] "GET /category/inventory-management/?fileloc=//lib/systemd/system/rhnsd.service&path=//lib/systemd/system HTTP/1.1" 200 3666 "-" "Mozilla/5.0 AppleWebKit/537.36 (KHTML, like Gecko; compatible; Amazonbot/0.1; +https://developer.amazon.com/support/amazonbot) Chrome/119.0.6045.214 Safari/537.36"
20.171.207.75 - - [20/Apr/2025:08:33:05 -0500] "GET /blog/?path=%2Fhome%2Fcorals%2Fdceprojects.corals.io%2Fvendor%2Fleague%2Foauth2-server%2Fsrc%2FMiddleware HTTP/1.1" 200 6320 "-" "Mozilla/5.0 AppleWebKit/537.36 (KHTML, like Gecko; compatible; GPTBot/1.2; +https://openai.com/gptbot)"
20.171.207.75 - - [20/Apr/2025:08:33:06 -0500] "GET /blog/?path=%2Fhome%2Fcorals%2Fdceprojects.corals.io%2Fvendor%2Fleague%2Foauth2-server%2Fsrc%2FEntities HTTP/1.1" 200 12314 "-" "Mozilla/5.0 AppleWebKit/537.36 (KHTML, like Gecko; compatible; GPTBot/1.2; +https://openai.com/gptbot)"
20.171.207.75 - - [20/Apr/2025:08:33:07 -0500] "GET /blog/?path=%2Fhome%2Fcorals%2Fdceprojects.corals.io%2Fvendor%2Fdoctrine%2Fcache%2Flib%2FDoctrine%2FCommon%2FCache%2FPsr6 HTTP/1.1" 200 9760 "-" "Mozilla/5.0 AppleWebKit/537.36 (KHTML, like Gecko; compatible; GPTBot/1.2; +https://openai.com/gptbot)"
20.171.207.75 - - [20/Apr/2025:08:33:08 -0500] "GET /blog/?path=%2Fhome%2Fcorals%2Fdceprojects.corals.io%2Fvendor%2Fleague%2Foauth2-server%2Fsrc%2FRequestTypes HTTP/1.1" 200 5237 "-" "Mozilla/5.0 AppleWebKit/537.36 (KHTML, like Gecko; compatible; GPTBot/1.2; +https://openai.com/gptbot)"
54.144.185.255 - - [20/Apr/2025:08:33:08 -0500] "GET /category/inventory-management/?fileloc=//sys/kernel/slab/dmaengine-unmap-128/ctor&path=//sys/kernel/slab/dmaengine-unmap-128 HTTP/1.1" 200 3485 "-" "Mozilla/5.0 AppleWebKit/537.36 (KHTML, like Gecko; compatible; Amazonbot/0.1; +https://developer.amazon.com/support/amazonbot) Chrome/119.0.6045.214 Safari/537.36"
20.171.207.75 - - [20/Apr/2025:08:33:09 -0500] "GET /blog/?path=%2Fhome%2Fcorals%2Fdceprojects.corals.io%2Fvendor%2Fleague%2Foauth2-server%2Fsrc%2FException HTTP/1.1" 200 6375 "-" "Mozilla/5.0 AppleWebKit/537.36 (KHTML, like Gecko; compatible; GPTBot/1.2; +https://openai.com/gptbot)"
20.171.207.75 - - [20/Apr/2025:08:33:10 -0500] "GET /blog/?path=%2Fhome%2Fcorals%2Fdceprojects.corals.io%2Fvendor%2Fleague%2Foauth2-server%2Fsrc%2FResponseTypes HTTP/1.1" 200 8392 "-" "Mozilla/5.0 AppleWebKit/537.36 (KHTML, like Gecko; compatible; GPTBot/1.2; +https://openai.com/gptbot)"
20.171.207.75 - - [20/Apr/2025:08:33:11 -0500] "GET /blog/?path=%2Fhome%2Fcorals%2Fdceprojects.corals.io%2Fvendor%2Fnette%2Fschema%2Fsrc%2FSchema%2FElements HTTP/1.1" 200 8137 "-" "Mozilla/5.0 AppleWebKit/537.36 (KHTML, like Gecko; compatible; GPTBot/1.2; +https://openai.com/gptbot)"
44.195.145.102 - - [20/Apr/2025:08:33:12 -0500] "GET /category/marketing/?fileloc=//var/run/chkservd/clamd&path=//var/run/chkservd HTTP/1.1" 200 3389 "-" "Mozilla/5.0 AppleWebKit/537.36 (KHTML, like Gecko; compatible; Amazonbot/0.1; +https://developer.amazon.com/support/amazonbot) Chrome/119.0.6045.214 Safari/537.36"
20.171.207.75 - - [20/Apr/2025:08:33:13 -0500] "GET /blog/?path=%2Fhome%2Fcorals%2Fdceprojects.corals.io%2Fvendor%2Fleague%2Foauth2-server%2Fsrc%2FGrant HTTP/1.1" 200 12239 "-" "Mozilla/5.0 AppleWebKit/537.36 (KHTML, like Gecko; compatible; GPTBot/1.2; +https://openai.com/gptbot)"
20.171.207.75 - - [20/Apr/2025:08:33:14 -0500] "GET /blog/?path=%2Fhome%2Fcorals%2Fdceprojects.corals.io%2F.git%2Fobjects%2Fc7 HTTP/1.1" 200 8775 "-" "Mozilla/5.0 AppleWebKit/537.36 (KHTML, like Gecko; compatible; GPTBot/1.2; +https://openai.com/gptbot)"
20.171.207.75 - - [20/Apr/2025:08:33:15 -0500] "GET /blog/?path=%2Fhome%2Fcorals%2Fdceprojects.corals.io%2F.git%2Fobjects%2Fc1 HTTP/1.1" 200 9739 "-" "Mozilla/5.0 AppleWebKit/537.36 (KHTML, like Gecko; compatible; GPTBot/1.2; +https://openai.com/gptbot)"
20.171.207.75 - - [20/Apr/2025:08:33:16 -0500] "GET /blog/?path=%2Fhome%2Fcorals%2Fdceprojects.corals.io%2F.git%2Fobjects%2F6a HTTP/1.1" 200 5883 "-" "Mozilla/5.0 AppleWebKit/537.36 (KHTML, like Gecko; compatible; GPTBot/1.2; +https://openai.com/gptbot)"
54.221.203.24 - - [20/Apr/2025:08:33:16 -0500] "GET /category/inventory-management/?path=//home/corals/mautic.corals.io/var/spool HTTP/1.1" 200 3859 "-" "Mozilla/5.0 AppleWebKit/537.36 (KHTML, like Gecko; compatible; Amazonbot/0.1; +https://developer.amazon.com/support/amazonbot) Chrome/119.0.6045.214 Safari/537.36"
20.171.207.75 - - [20/Apr/2025:08:33:17 -0500] "GET /blog/?path=%2Fhome%2Fcorals%2Fdceprojects.corals.io%2Fvendor%2Fleague%2Foauth2-server%2Fsrc%2FEntities%2FTraits HTTP/1.1" 200 11545 "-" "Mozilla/5.0 AppleWebKit/537.36 (KHTML, like Gecko; compatible; GPTBot/1.2; +https://openai.com/gptbot)"
20.171.207.75 - - [20/Apr/2025:08:33:18 -0500] "GET /blog/?path=%2Fhome%2Fcorals%2Fdceprojects.corals.io%2F.git%2Fobjects%2Fde HTTP/1.1" 200 7810 "-" "Mozilla/5.0 AppleWebKit/537.36 (KHTML, like Gecko; compatible; GPTBot/1.2; +https://openai.com/gptbot)"
20.171.207.75 - - [20/Apr/2025:08:33:20 -0500] "GET /blog/?path=%2Fhome%2Fcorals%2Fdceprojects.corals.io%2Fnode_modules%2Fmerge2 HTTP/1.1" 200 7467 "-" "Mozilla/5.0 AppleWebKit/537.36 (KHTML, like Gecko; compatible; GPTBot/1.2; +https://openai.com/gptbot)"
20.171.207.75 - - [20/Apr/2025:08:33:21 -0500] "GET /blog/?fileloc=%2Fhome%2Fcorals%2Fdceprojects.corals.io%2Fvendor%2Fleague%2Foauth2-server%2Fsrc%2FException%2FUniqueTokenIdentifierConstraintViolationException.php&path=%2Fhome%2Fcorals%2Fdceprojects.corals.io%2Fvendor%2Fleague%2Foauth2-server%2Fsrc%2FException HTTP/1.1" 200 4608 "-" "Mozilla/5.0 AppleWebKit/537.36 (KHTML, like Gecko; compatible; GPTBot/1.2; +https://openai.com/gptbot)"
3.221.156.96 - - [20/Apr/2025:08:33:21 -0500] "GET /category/inventory-management/?fileloc=//sys/kernel/slab/biovec-64/poison&path=//sys/kernel/slab/biovec-64 HTTP/1.1" 200 3457 "-" "Mozilla/5.0 AppleWebKit/537.36 (KHTML, like Gecko; compatible; Amazonbot/0.1; +https://developer.amazon.com/support/amazonbot) Chrome/119.0.6045.214 Safari/537.36"
20.171.207.75 - - [20/Apr/2025:08:33:22 -0500] "GET /blog/?path=%2Fhome%2Fcorals%2Fdceprojects.corals.io%2F.git%2Fobjects%2Fea HTTP/1.1" 200 7809 "-" "Mozilla/5.0 AppleWebKit/537.36 (KHTML, like Gecko; compatible; GPTBot/1.2; +https://openai.com/gptbot)"
20.171.207.75 - - [20/Apr/2025:08:33:23 -0500] "GET /blog/?path=%2Fhome%2Fcorals%2Fdceprojects.corals.io%2F.git%2Fobjects%2Fa8 HTTP/1.1" 200 10703 "-" "Mozilla/5.0 AppleWebKit/537.36 (KHTML, like Gecko; compatible; GPTBot/1.2; +https://openai.com/gptbot)"
34.224.132.215 - - [20/Apr/2025:08:33:24 -0500] "GET /category/inventory-management/?fileloc=//lib/systemd/system/system-update-pre.target&path=//lib/systemd/system HTTP/1.1" 200 3960 "-" "Mozilla/5.0 AppleWebKit/537.36 (KHTML, like Gecko; compatible; Amazonbot/0.1; +https://developer.amazon.com/support/amazonbot) Chrome/119.0.6045.214 Safari/537.36"
20.171.207.75 - - [20/Apr/2025:08:33:24 -0500] "GET /blog/?path=%2Fhome%2Fcorals%2Fdceprojects.corals.io%2F.git%2Fobjects%2Fb6 HTTP/1.1" 200 6845 "-" "Mozilla/5.0 AppleWebKit/537.36 (KHTML, like Gecko; compatible; GPTBot/1.2; +https://openai.com/gptbot)"
20.171.207.75 - - [20/Apr/2025:08:33:25 -0500] "GET /blog/?path=%2Fhome%2Fcorals%2Fdceprojects.corals.io%2F.git%2Fobjects%2Fd8 HTTP/1.1" 200 5883 "-" "Mozilla/5.0 AppleWebKit/537.36 (KHTML, like Gecko; compatible; GPTBot/1.2; +https://openai.com/gptbot)"
20.171.207.75 - - [20/Apr/2025:08:33:27 -0500] "GET /blog/?path=%2Fhome%2Fcorals%2Fdceprojects.corals.io%2F.git%2Fobjects%2Fa7 HTTP/1.1" 200 5883 "-" "Mozilla/5.0 AppleWebKit/537.36 (KHTML, like Gecko; compatible; GPTBot/1.2; +https://openai.com/gptbot)"
20.171.207.75 - - [20/Apr/2025:08:33:28 -0500] "GET /blog/?path=%2Fhome%2Fcorals%2Fdceprojects.corals.io%2F.git%2Fobjects%2Ff4 HTTP/1.1" 200 4919 "-" "Mozilla/5.0 AppleWebKit/537.36 (KHTML, like Gecko; compatible; GPTBot/1.2; +https://openai.com/gptbot)"
3.218.35.239 - - [20/Apr/2025:08:33:29 -0500] "GET /category/inventory-management/?fileloc=//sys/fs/ext4/loop0/max_writeback_mb_bump&path=//sys/fs/ext4/loop0 HTTP/1.1" 200 3444 "-" "Mozilla/5.0 AppleWebKit/537.36 (KHTML, like Gecko; compatible; Amazonbot/0.1; +https://developer.amazon.com/support/amazonbot) Chrome/119.0.6045.214 Safari/537.36"
20.171.207.75 - - [20/Apr/2025:08:33:29 -0500] "GET /blog/?path=%2Fhome%2Fcorals%2Fdceprojects.corals.io%2F.git%2Fobjects%2Fae HTTP/1.1" 200 11667 "-" "Mozilla/5.0 AppleWebKit/537.36 (KHTML, like Gecko; compatible; GPTBot/1.2; +https://openai.com/gptbot)"
20.171.207.75 - - [20/Apr/2025:08:33:30 -0500] "GET /blog/?path=%2Fhome%2Fcorals%2Fdceprojects.corals.io%2F.git%2Fobjects%2F9f HTTP/1.1" 200 7811 "-" "Mozilla/5.0 AppleWebKit/537.36 (KHTML, like Gecko; compatible; GPTBot/1.2; +https://openai.com/gptbot)"
20.171.207.75 - - [20/Apr/2025:08:33:31 -0500] "GET /blog/?path=%2Fhome%2Fcorals%2Fdceprojects.corals.io%2F.git%2Fobjects%2Fb0 HTTP/1.1" 200 5883 "-" "Mozilla/5.0 AppleWebKit/537.36 (KHTML, like Gecko; compatible; GPTBot/1.2; +https://openai.com/gptbot)"
44.208.223.68 - - [20/Apr/2025:08:33:32 -0500] "GET /category/marketing/?path=//sys/kernel/slab/pool_workqueue HTTP/1.1" 200 28598 "-" "Mozilla/5.0 AppleWebKit/537.36 (KHTML, like Gecko; compatible; Amazonbot/0.1; +https://developer.amazon.com/support/amazonbot) Chrome/119.0.6045.214 Safari/537.36"
20.171.207.75 - - [20/Apr/2025:08:33:32 -0500] "GET /blog/?path=%2Fhome%2Fcorals%2Fdceprojects.corals.io%2F.git%2Fobjects%2F5f HTTP/1.1" 200 6847 "-" "Mozilla/5.0 AppleWebKit/537.36 (KHTML, like Gecko; compatible; GPTBot/1.2; +https://openai.com/gptbot)"
20.171.207.75 - - [20/Apr/2025:08:33:34 -0500] "GET /blog/?path=%2Fhome%2Fcorals%2Fdceprojects.corals.io%2F.git%2Fobjects%2Fac HTTP/1.1" 200 7810 "-" "Mozilla/5.0 AppleWebKit/537.36 (KHTML, like Gecko; compatible; GPTBot/1.2; +https://openai.com/gptbot)"
20.171.207.75 - - [20/Apr/2025:08:33:35 -0500] "GET /blog/?path=%2Fhome%2Fcorals%2Fdceprojects.corals.io%2F.git%2Fobjects%2Faa HTTP/1.1" 200 7811 "-" "Mozilla/5.0 AppleWebKit/537.36 (KHTML, like Gecko; compatible; GPTBot/1.2; +https://openai.com/gptbot)"
35.173.18.61 - - [20/Apr/2025:08:33:36 -0500] "GET /category/inventory-management/?path=/home/corals/public_html/wp-content/plugins/wordfence/views HTTP/1.1" 200 17924 "-" "Mozilla/5.0 AppleWebKit/537.36 (KHTML, like Gecko; compatible; Amazonbot/0.1; +https://developer.amazon.com/support/amazonbot) Chrome/119.0.6045.214 Safari/537.36"
20.171.207.75 - - [20/Apr/2025:08:33:36 -0500] "GET /blog/?path=%2Fhome%2Fcorals%2Fdceprojects.corals.io%2F.git%2Fobjects%2F0c HTTP/1.1" 200 7811 "-" "Mozilla/5.0 AppleWebKit/537.36 (KHTML, like Gecko; compatible; GPTBot/1.2; +https://openai.com/gptbot)"
20.171.207.75 - - [20/Apr/2025:08:33:37 -0500] "GET /blog/?fileloc=%2Fhome%2Fcorals%2Fdceprojects.corals.io%2F.git%2Fobjects%2Fd8%2Ff5728608513e536fa120878bc53270f6fdc573&path=%2Fhome%2Fcorals%2Fdceprojects.corals.io%2F.git%2Fobjects%2Fd8 HTTP/1.1" 200 3706 "-" "Mozilla/5.0 AppleWebKit/537.36 (KHTML, like Gecko; compatible; GPTBot/1.2; +https://openai.com/gptbot)"
20.171.207.75 - - [20/Apr/2025:08:33:38 -0500] "GET /blog/?path=%2Fhome%2Fcorals%2Fdceprojects.corals.io%2Fnode_modules%2Ffrom2 HTTP/1.1" 200 9234 "-" "Mozilla/5.0 AppleWebKit/537.36 (KHTML, like Gecko; compatible; GPTBot/1.2; +https://openai.com/gptbot)"
20.171.207.75 - - [20/Apr/2025:08:33:39 -0500] "GET /blog/?path=%2Fhome%2Fcorals%2Fdceprojects.corals.io%2Fnode_modules%2Fip%2Flib HTTP/1.1" 200 4850 "-" "Mozilla/5.0 AppleWebKit/537.36 (KHTML, like Gecko; compatible; GPTBot/1.2; +https://openai.com/gptbot)"
3.229.2.217 - - [20/Apr/2025:08:33:40 -0500] "GET /category/inventory-management/?fileloc=//lib/grub/i386-pc/serial.mod&path=//lib/grub/i386-pc HTTP/1.1" 200 3394 "-" "Mozilla/5.0 AppleWebKit/537.36 (KHTML, like Gecko; compatible; Amazonbot/0.1; +https://developer.amazon.com/support/amazonbot) Chrome/119.0.6045.214 Safari/537.36"
20.171.207.75 - - [20/Apr/2025:08:33:40 -0500] "GET /blog/?path=%2Fhome%2Fcorals%2Fdceprojects.corals.io%2F.git%2Fobjects%2F0a HTTP/1.1" 200 8775 "-" "Mozilla/5.0 AppleWebKit/537.36 (KHTML, like Gecko; compatible; GPTBot/1.2; +https://openai.com/gptbot)"
20.171.207.75 - - [20/Apr/2025:08:33:42 -0500] "GET /blog/?path=%2Fhome%2Fcorals%2Fdceprojects.corals.io%2F.git%2Fobjects%2F8f HTTP/1.1" 200 9738 "-" "Mozilla/5.0 AppleWebKit/537.36 (KHTML, like Gecko; compatible; GPTBot/1.2; +https://openai.com/gptbot)"
20.171.207.75 - - [20/Apr/2025:08:33:43 -0500] "GET /blog/?path=%2Fhome%2Fcorals%2Fdceprojects.corals.io%2F.git%2Fobjects%2Fef HTTP/1.1" 200 9737 "-" "Mozilla/5.0 AppleWebKit/537.36 (KHTML, like Gecko; compatible; GPTBot/1.2; +https://openai.com/gptbot)"
52.3.102.51 - - [20/Apr/2025:08:33:44 -0500] "GET /category/marketing/?fileloc=//lib64/python2.7/encodings/iso2022_jp.py&path=//lib64/python2.7/encodings HTTP/1.1" 200 4492 "-" "Mozilla/5.0 AppleWebKit/537.36 (KHTML, like Gecko; compatible; Amazonbot/0.1; +https://developer.amazon.com/support/amazonbot) Chrome/119.0.6045.214 Safari/537.36"
20.171.207.75 - - [20/Apr/2025:08:33:44 -0500] "GET /blog/?path=%2Fhome%2Fcorals%2Fdceprojects.corals.io%2F.git%2Fobjects%2Ff7 HTTP/1.1" 200 6847 "-" "Mozilla/5.0 AppleWebKit/537.36 (KHTML, like Gecko; compatible; GPTBot/1.2; +https://openai.com/gptbot)"
20.171.207.75 - - [20/Apr/2025:08:33:45 -0500] "GET /blog/?path=%2Fhome%2Fcorals%2Fdceprojects.corals.io%2F.git%2Fobjects%2Fa6 HTTP/1.1" 200 5883 "-" "Mozilla/5.0 AppleWebKit/537.36 (KHTML, like Gecko; compatible; GPTBot/1.2; +https://openai.com/gptbot)"
20.171.207.75 - - [20/Apr/2025:08:33:46 -0500] "GET /blog/?path=%2Fhome%2Fcorals%2Fdceprojects.corals.io%2F.git%2Fobjects%2F4f HTTP/1.1" 200 5883 "-" "Mozilla/5.0 AppleWebKit/537.36 (KHTML, like Gecko; compatible; GPTBot/1.2; +https://openai.com/gptbot)"
20.171.207.75 - - [20/Apr/2025:08:33:47 -0500] "GET /blog/?path=%2Fhome%2Fcorals%2Fdceprojects.corals.io%2F.git%2Fobjects%2Ff9 HTTP/1.1" 200 6847 "-" "Mozilla/5.0 AppleWebKit/537.36 (KHTML, like Gecko; compatible; GPTBot/1.2; +https://openai.com/gptbot)"
66.249.79.34 - - [20/Apr/2025:08:33:48 -0500] "GET /railery.php?e=14667244319&channel=36a3c631f&from=shop.php%3Fid%3D244319-8986%26name%3D2019%E5%B9%B4+%E5%AF%8C%E5%A3%AB%E9%80%9A%E3%82%BC%E3%83%8D%E3%83%A9%E3%83%AB+%E3%82%A8%E3%82%A2%E3%82%B3%E3%83%B3+2.2kw+nocria%EF%BC%88%E3%83%8E%E3%82%AF%E3%83%AA%E3%82%A2%EF%BC%89+AS-X22J-W+%E3%83%9B%E3%83%AF%E3%82%A4%E3%83%88%E3%80%80%E4%B8%BB%E3%81%AB6%E7%95%B3%E7%94%A8 HTTP/1.1" 200 222828 "-" "Mozilla/5.0 (Linux; Android 6.0.1; Nexus 5X Build/MMB29P) AppleWebKit/537.36 (KHTML, like Gecko) Chrome/135.0.7049.95 Mobile Safari/537.36 (compatible; Googlebot/2.1; +http://www.google.com/bot.html)"
98.83.72.38 - - [20/Apr/2025:08:33:49 -0500] "GET /category/inventory-management/?fileloc=//home/corals/mautic.corals.io/.github/CODEOWNERS&path=//home/corals/mautic.corals.io/.github HTTP/1.1" 200 3548 "-" "Mozilla/5.0 AppleWebKit/537.36 (KHTML, like Gecko; compatible; Amazonbot/0.1; +https://developer.amazon.com/support/amazonbot) Chrome/119.0.6045.214 Safari/537.36"
20.171.207.75 - - [20/Apr/2025:08:33:49 -0500] "GET /blog/?path=%2Fhome%2Fcorals%2Fdceprojects.corals.io%2F.git%2Fobjects%2Faf HTTP/1.1" 200 9739 "-" "Mozilla/5.0 AppleWebKit/537.36 (KHTML, like Gecko; compatible; GPTBot/1.2; +https://openai.com/gptbot)"
20.171.207.75 - - [20/Apr/2025:08:33:50 -0500] "GET /blog/?path=%2Fhome%2Fcorals%2Fdceprojects.corals.io%2F.git%2Fobjects%2Fad HTTP/1.1" 200 8775 "-" "Mozilla/5.0 AppleWebKit/537.36 (KHTML, like Gecko; compatible; GPTBot/1.2; +https://openai.com/gptbot)"
20.171.207.75 - - [20/Apr/2025:08:33:51 -0500] "GET /blog/?path=%2Fhome%2Fcorals%2Fdceprojects.corals.io%2Fvendor%2Fnesbot%2Fcarbon%2Flazy HTTP/1.1" 200 4861 "-" "Mozilla/5.0 AppleWebKit/537.36 (KHTML, like Gecko; compatible; GPTBot/1.2; +https://openai.com/gptbot)"
100.24.149.244 - - [20/Apr/2025:08:33:52 -0500] "GET /category/inventory-management/?fileloc=//lib/firmware/amdgpu/bonaire_ce.bin&path=//lib/firmware/amdgpu HTTP/1.1" 200 3411 "-" "Mozilla/5.0 AppleWebKit/537.36 (KHTML, like Gecko; compatible; Amazonbot/0.1; +https://developer.amazon.com/support/amazonbot) Chrome/119.0.6045.214 Safari/537.36"
20.171.207.75 - - [20/Apr/2025:08:33:52 -0500] "GET /blog/?fileloc=%2Fhome%2Fcorals%2Fdceprojects.corals.io%2F.git%2Fobjects%2F0a%2F08a9d0475507cef3857d12bb2f9ab3803231df&path=%2Fhome%2Fcorals%2Fdceprojects.corals.io%2F.git%2Fobjects%2F0a HTTP/1.1" 200 3706 "-" "Mozilla/5.0 AppleWebKit/537.36 (KHTML, like Gecko; compatible; GPTBot/1.2; +https://openai.com/gptbot)"
20.171.207.75 - - [20/Apr/2025:08:33:53 -0500] "GET /blog/?path=%2Fhome%2Fcorals%2Fdceprojects.corals.io%2Fvendor%2Fspatie%2Fimage%2Fsrc HTTP/1.1" 200 8627 "-" "Mozilla/5.0 AppleWebKit/537.36 (KHTML, like Gecko; compatible; GPTBot/1.2; +https://openai.com/gptbot)"
20.171.207.75 - - [20/Apr/2025:08:33:54 -0500] "GET /blog/?path=%2Fhome%2Fcorals%2Fdceprojects.corals.io%2Fvendor%2Fopis%2Fclosure%2Fsrc HTTP/1.1" 200 13502 "-" "Mozilla/5.0 AppleWebKit/537.36 (KHTML, like Gecko; compatible; GPTBot/1.2; +https://openai.com/gptbot)"
20.171.207.75 - - [20/Apr/2025:08:33:56 -0500] "GET /blog/?path=%2Fhome%2Fcorals%2Fdceprojects.corals.io%2Fpublic%2Fassets%2Fcore HTTP/1.1" 200 4758 "-" "Mozilla/5.0 AppleWebKit/537.36 (KHTML, like Gecko; compatible; GPTBot/1.2; +https://openai.com/gptbot)"
52.0.105.244 - - [20/Apr/2025:08:33:56 -0500] "GET /category/marketing/?fileloc=//lib/locale/en_PH.utf8/LC_IDENTIFICATION&path=//lib/locale/en_PH.utf8 HTTP/1.1" 200 3418 "-" "Mozilla/5.0 AppleWebKit/537.36 (KHTML, like Gecko; compatible; Amazonbot/0.1; +https://developer.amazon.com/support/amazonbot) Chrome/119.0.6045.214 Safari/537.36"
20.171.207.75 - - [20/Apr/2025:08:33:57 -0500] "GET /blog/?path=%2Fhome%2Fcorals%2Fdceprojects.corals.io%2F.git%2Fobjects%2F2a HTTP/1.1" 200 6847 "-" "Mozilla/5.0 AppleWebKit/537.36 (KHTML, like Gecko; compatible; GPTBot/1.2; +https://openai.com/gptbot)"
20.171.207.75 - - [20/Apr/2025:08:33:58 -0500] "GET /blog/?path=%2Fhome%2Fcorals%2Fdceprojects.corals.io%2F.git%2Fobjects%2F5b HTTP/1.1" 200 9739 "-" "Mozilla/5.0 AppleWebKit/537.36 (KHTML, like Gecko; compatible; GPTBot/1.2; +https://openai.com/gptbot)"
20.171.207.75 - - [20/Apr/2025:08:33:59 -0500] "GET /blog/?path=%2Fhome%2Fcorals%2Fdceprojects.corals.io%2F.git%2Fobjects%2Ff5 HTTP/1.1" 200 8775 "-" "Mozilla/5.0 AppleWebKit/537.36 (KHTML, like Gecko; compatible; GPTBot/1.2; +https://openai.com/gptbot)"
34.231.181.240 - - [20/Apr/2025:08:34:00 -0500] "GET /category/marketing/?fileloc=//lib/locale/en_ZW.utf8/LC_COLLATE&path=//lib/locale/en_ZW.utf8 HTTP/1.1" 200 3411 "-" "Mozilla/5.0 AppleWebKit/537.36 (KHTML, like Gecko; compatible; Amazonbot/0.1; +https://developer.amazon.com/support/amazonbot) Chrome/119.0.6045.214 Safari/537.36"
20.171.207.75 - - [20/Apr/2025:08:34:00 -0500] "GET /blog/?path=%2Fhome%2Fcorals%2Fdceprojects.corals.io%2F.git%2Fobjects%2Fb9 HTTP/1.1" 200 9739 "-" "Mozilla/5.0 AppleWebKit/537.36 (KHTML, like Gecko; compatible; GPTBot/1.2; +https://openai.com/gptbot)"
20.171.207.75 - - [20/Apr/2025:08:34:01 -0500] "GET /blog/?path=%2Fhome%2Fcorals%2Fdceprojects.corals.io%2F.git%2Fobjects%2F0e HTTP/1.1" 200 6846 "-" "Mozilla/5.0 AppleWebKit/537.36 (KHTML, like Gecko; compatible; GPTBot/1.2; +https://openai.com/gptbot)"
20.171.207.75 - - [20/Apr/2025:08:34:03 -0500] "GET /blog/?path=%2Fhome%2Fcorals%2Fdceprojects.corals.io%2Fvendor%2Fnesbot%2Fcarbon%2Flazy%2FCarbon HTTP/1.1" 200 7847 "-" "Mozilla/5.0 AppleWebKit/537.36 (KHTML, like Gecko; compatible; GPTBot/1.2; +https://openai.com/gptbot)"
20.171.207.75 - - [20/Apr/2025:08:34:04 -0500] "GET /blog/?path=%2Fhome%2Fcorals%2Fdceprojects.corals.io%2F.git%2Fobjects%2F3e HTTP/1.1" 200 4919 "-" "Mozilla/5.0 AppleWebKit/537.36 (KHTML, like Gecko; compatible; GPTBot/1.2; +https://openai.com/gptbot)"
3.217.171.106 - - [20/Apr/2025:08:34:04 -0500] "GET /category/marketing/?fileloc=//lib/firmware/intel/ibt-hw-37.8.bseq&path=//lib/firmware/intel HTTP/1.1" 200 3410 "-" "Mozilla/5.0 AppleWebKit/537.36 (KHTML, like Gecko; compatible; Amazonbot/0.1; +https://developer.amazon.com/support/amazonbot) Chrome/119.0.6045.214 Safari/537.36"
20.171.207.75 - - [20/Apr/2025:08:34:05 -0500] "GET /blog/?path=%2Fhome%2Fcorals%2Fdceprojects.corals.io%2Fvendor%2Fspatie%2Fimage%2Fsrc%2FExceptions HTTP/1.1" 200 8182 "-" "Mozilla/5.0 AppleWebKit/537.36 (KHTML, like Gecko; compatible; GPTBot/1.2; +https://openai.com/gptbot)"
20.171.207.75 - - [20/Apr/2025:08:34:06 -0500] "GET /blog/?path=%2Fhome%2Fcorals%2Fdceprojects.corals.io%2F.git%2Fobjects%2Fe5 HTTP/1.1" 200 6847 "-" "Mozilla/5.0 AppleWebKit/537.36 (KHTML, like Gecko; compatible; GPTBot/1.2; +https://openai.com/gptbot)"
20.171.207.75 - - [20/Apr/2025:08:34:07 -0500] "GET /blog/?path=%2Fhome%2Fcorals%2Fdceprojects.corals.io%2F.git%2Fobjects%2Fba HTTP/1.1" 200 7811 "-" "Mozilla/5.0 AppleWebKit/537.36 (KHTML, like Gecko; compatible; GPTBot/1.2; +https://openai.com/gptbot)"
44.197.76.210 - - [20/Apr/2025:08:34:08 -0500] "GET /category/inventory-management/?fileloc=//sys/module/nf_defrag_ipv6/sections/.exit.text&path=//sys/module/nf_defrag_ipv6/sections HTTP/1.1" 200 3498 "-" "Mozilla/5.0 AppleWebKit/537.36 (KHTML, like Gecko; compatible; Amazonbot/0.1; +https://developer.amazon.com/support/amazonbot) Chrome/119.0.6045.214 Safari/537.36"
20.171.207.75 - - [20/Apr/2025:08:34:08 -0500] "GET /blog/?path=%2Fhome%2Fcorals%2Fdceprojects.corals.io%2F.git%2Fobjects%2Fe3 HTTP/1.1" 200 4919 "-" "Mozilla/5.0 AppleWebKit/537.36 (KHTML, like Gecko; compatible; GPTBot/1.2; +https://openai.com/gptbot)"
20.171.207.75 - - [20/Apr/2025:08:34:10 -0500] "GET /blog/?path=%2Fhome%2Fcorals%2Fdceprojects.corals.io%2F.git%2Fobjects%2Fca HTTP/1.1" 200 7811 "-" "Mozilla/5.0 AppleWebKit/537.36 (KHTML, like Gecko; compatible; GPTBot/1.2; +https://openai.com/gptbot)"
20.171.207.75 - - [20/Apr/2025:08:34:11 -0500] "GET /blog/?path=%2Fhome%2Fcorals%2Fdceprojects.corals.io%2F.git%2Fobjects%2Ffe HTTP/1.1" 200 7811 "-" "Mozilla/5.0 AppleWebKit/537.36 (KHTML, like Gecko; compatible; GPTBot/1.2; +https://openai.com/gptbot)"
20.171.207.75 - - [20/Apr/2025:08:34:12 -0500] "GET /blog/?path=%2Fhome%2Fcorals%2Fdceprojects.corals.io%2F.git%2Frefs%2Fremotes HTTP/1.1" 200 4739 "-" "Mozilla/5.0 AppleWebKit/537.36 (KHTML, like Gecko; compatible; GPTBot/1.2; +https://openai.com/gptbot)"
44.223.193.255 - - [20/Apr/2025:08:34:12 -0500] "GET /category/inventory-management/?fileloc=//lib/firmware/rtlwifi/rtl8723befw_36.bin&path=//lib/firmware/rtlwifi HTTP/1.1" 200 3418 "-" "Mozilla/5.0 AppleWebKit/537.36 (KHTML, like Gecko; compatible; Amazonbot/0.1; +https://developer.amazon.com/support/amazonbot) Chrome/119.0.6045.214 Safari/537.36"
20.171.207.75 - - [20/Apr/2025:08:34:13 -0500] "GET /blog/?path=%2Fhome%2Fcorals%2Fdceprojects.corals.io%2Fvendor%2Flaravel%2Ftinker%2Fsrc HTTP/1.1" 200 7764 "-" "Mozilla/5.0 AppleWebKit/537.36 (KHTML, like Gecko; compatible; GPTBot/1.2; +https://openai.com/gptbot)"
20.171.207.75 - - [20/Apr/2025:08:34:14 -0500] "GET /blog/?path=%2Fhome%2Fcorals%2Fdceprojects.corals.io%2Fvendor%2Fnesbot%2Fcarbon%2Flazy%2FCarbon%2FMessageFormatter HTTP/1.1" 200 6500 "-" "Mozilla/5.0 AppleWebKit/537.36 (KHTML, like Gecko; compatible; GPTBot/1.2; +https://openai.com/gptbot)"
20.171.207.75 - - [20/Apr/2025:08:34:15 -0500] "GET /blog/?path=%2Fhome%2Fcorals%2Fdceprojects.corals.io%2Fvendor%2Fnesbot%2Fcarbon%2Flazy%2FCarbon%2FPHPStan HTTP/1.1" 200 8341 "-" "Mozilla/5.0 AppleWebKit/537.36 (KHTML, like Gecko; compatible; GPTBot/1.2; +https://openai.com/gptbot)"
54.84.93.8 - - [20/Apr/2025:08:34:16 -0500] "GET /category/inventory-management/?fileloc=//lib/firmware/amdgpu/vega20_vce.bin&path=//lib/firmware/amdgpu HTTP/1.1" 200 3411 "-" "Mozilla/5.0 AppleWebKit/537.36 (KHTML, like Gecko; compatible; Amazonbot/0.1; +https://developer.amazon.com/support/amazonbot) Chrome/119.0.6045.214 Safari/537.36"
20.171.207.75 - - [20/Apr/2025:08:34:16 -0500] "GET /blog/?path=%2Fhome%2Fcorals%2Fdceprojects.corals.io%2Fresources%2Flang%2Fen HTTP/1.1" 200 7550 "-" "Mozilla/5.0 AppleWebKit/537.36 (KHTML, like Gecko; compatible; GPTBot/1.2; +https://openai.com/gptbot)"
20.171.207.75 - - [20/Apr/2025:08:34:18 -0500] "GET /blog/?path=%2Fhome%2Fcorals%2Fdceprojects.corals.io%2F.git%2Fobjects%2F3d HTTP/1.1" 200 5883 "-" "Mozilla/5.0 AppleWebKit/537.36 (KHTML, like Gecko; compatible; GPTBot/1.2; +https://openai.com/gptbot)"
20.171.207.75 - - [20/Apr/2025:08:34:19 -0500] "GET /blog/?path=%2Fhome%2Fcorals%2Fdceprojects.corals.io%2Fvendor%2Fleague%2Fconfig%2Fsrc HTTP/1.1" 200 12768 "-" "Mozilla/5.0 AppleWebKit/537.36 (KHTML, like Gecko; compatible; GPTBot/1.2; +https://openai.com/gptbot)"
3.213.85.234 - - [20/Apr/2025:08:34:20 -0500] "GET /category/marketing/?fileloc=//lib/systemd/system/podman-clean-transient.service&path=//lib/systemd/system HTTP/1.1" 200 4090 "-" "Mozilla/5.0 AppleWebKit/537.36 (KHTML, like Gecko; compatible; Amazonbot/0.1; +https://developer.amazon.com/support/amazonbot) Chrome/119.0.6045.214 Safari/537.36"
20.171.207.75 - - [20/Apr/2025:08:34:20 -0500] "GET /blog/?path=%2Fhome%2Fcorals%2Fdceprojects.corals.io%2Fvendor%2Fpsr%2Fcontainer%2Fsrc HTTP/1.1" 200 7005 "-" "Mozilla/5.0 AppleWebKit/537.36 (KHTML, like Gecko; compatible; GPTBot/1.2; +https://openai.com/gptbot)"
20.171.207.75 - - [20/Apr/2025:08:34:21 -0500] "GET /blog/?path=%2Fhome%2Fcorals%2Fdceprojects.corals.io%2Fvendor%2Fpsy%2Fpsysh%2Fsrc HTTP/1.1" 200 28155 "-" "Mozilla/5.0 AppleWebKit/537.36 (KHTML, like Gecko; compatible; GPTBot/1.2; +https://openai.com/gptbot)"
66.249.79.131 - - [20/Apr/2025:08:34:22 -0500] "GET /shopdetail/47528180325 HTTP/1.1" 200 105482 "-" "Mozilla/5.0 (Linux; Android 6.0.1; Nexus 5X Build/MMB29P) AppleWebKit/537.36 (KHTML, like Gecko) Chrome/135.0.7049.95 Mobile Safari/537.36 (compatible; Googlebot/2.1; +http://www.google.com/bot.html)"
20.171.207.75 - - [20/Apr/2025:08:34:22 -0500] "GET /blog/?path=%2Fhome%2Fcorals%2Fdceprojects.corals.io%2F.git%2Fobjects%2Fcb HTTP/1.1" 200 6847 "-" "Mozilla/5.0 AppleWebKit/537.36 (KHTML, like Gecko; compatible; GPTBot/1.2; +https://openai.com/gptbot)"
66.249.79.131 - - [20/Apr/2025:08:34:23 -0500] "GET /shopdetail/66423165044 HTTP/1.1" 200 130915 "-" "Mozilla/5.0 (compatible; Googlebot/2.1; +http://www.google.com/bot.html)"
20.171.207.75 - - [20/Apr/2025:08:34:23 -0500] "GET /blog/?path=%2Fhome%2Fcorals%2Fdceprojects.corals.io%2F.git%2Frefs%2Fremotes%2Forigin HTTP/1.1" 200 10386 "-" "Mozilla/5.0 AppleWebKit/537.36 (KHTML, like Gecko; compatible; GPTBot/1.2; +https://openai.com/gptbot)"
44.209.89.189 - - [20/Apr/2025:08:34:24 -0500] "GET /category/marketing/?fileloc=//lib/firmware/mellanox/mlxsw_spectrum3-30.2008.2406.mfa2&path=//lib/firmware/mellanox HTTP/1.1" 200 3436 "-" "Mozilla/5.0 AppleWebKit/537.36 (KHTML, like Gecko; compatible; Amazonbot/0.1; +https://developer.amazon.com/support/amazonbot) Chrome/119.0.6045.214 Safari/537.36"
20.171.207.75 - - [20/Apr/2025:08:34:25 -0500] "GET /blog/?path=%2Fhome%2Fcorals%2Fdceprojects.corals.io%2Fvendor%2Flaravel%2Ftinker%2Fsrc%2FConsole HTTP/1.1" 200 5132 "-" "Mozilla/5.0 AppleWebKit/537.36 (KHTML, like Gecko; compatible; GPTBot/1.2; +https://openai.com/gptbot)"
20.171.207.75 - - [20/Apr/2025:08:34:26 -0500] "GET /blog/?path=%2Fhome%2Fcorals%2Fdceprojects.corals.io%2F.git%2Fobjects%2Fa3 HTTP/1.1" 200 8775 "-" "Mozilla/5.0 AppleWebKit/537.36 (KHTML, like Gecko; compatible; GPTBot/1.2; +https://openai.com/gptbot)"
20.171.207.75 - - [20/Apr/2025:08:34:27 -0500] "GET /blog/?path=%2Fhome%2Fcorals%2Fdceprojects.corals.io%2Fvendor%2Flcobucci%2Fjwt%2Fsrc HTTP/1.1" 200 19320 "-" "Mozilla/5.0 AppleWebKit/537.36 (KHTML, like Gecko; compatible; GPTBot/1.2; +https://openai.com/gptbot)"
23.23.103.31 - - [20/Apr/2025:08:34:28 -0500] "GET /category/inventory-management/?fileloc=//sys/kernel/slab/kmalloc-256/min_partial&path=//sys/kernel/slab/kmalloc-256 HTTP/1.1" 200 3468 "-" "Mozilla/5.0 AppleWebKit/537.36 (KHTML, like Gecko; compatible; Amazonbot/0.1; +https://developer.amazon.com/support/amazonbot) Chrome/119.0.6045.214 Safari/537.36"
20.171.207.75 - - [20/Apr/2025:08:34:28 -0500] "GET /blog/?path=%2Fhome%2Fcorals%2Fdceprojects.corals.io%2Fvendor%2Fdoctrine%2Flexer%2Flib HTTP/1.1" 200 4872 "-" "Mozilla/5.0 AppleWebKit/537.36 (KHTML, like Gecko; compatible; GPTBot/1.2; +https://openai.com/gptbot)"
20.171.207.75 - - [20/Apr/2025:08:34:29 -0500] "GET /blog/?path=%2Fhome%2Fcorals%2Fdceprojects.corals.io%2Fresources%2Flang%2Far HTTP/1.1" 200 7550 "-" "Mozilla/5.0 AppleWebKit/537.36 (KHTML, like Gecko; compatible; GPTBot/1.2; +https://openai.com/gptbot)"
20.171.207.75 - - [20/Apr/2025:08:34:30 -0500] "GET /blog/?path=%2Fhome%2Fcorals%2Fdceprojects.corals.io%2Fvendor%2Fleague%2Fconfig%2Fsrc%2FException HTTP/1.1" 200 8279 "-" "Mozilla/5.0 AppleWebKit/537.36 (KHTML, like Gecko; compatible; GPTBot/1.2; +https://openai.com/gptbot)"
20.171.207.75 - - [20/Apr/2025:08:34:31 -0500] "GET /blog/?path=%2Fhome%2Fcorals%2Fdceprojects.corals.io%2F.git%2Fobjects%2Fd0 HTTP/1.1" 200 7810 "-" "Mozilla/5.0 AppleWebKit/537.36 (KHTML, like Gecko; compatible; GPTBot/1.2; +https://openai.com/gptbot)"
52.70.123.241 - - [20/Apr/2025:08:34:32 -0500] "GET /category/inventory-management/?fileloc=//lib/firmware/nxp/sr150_fw.bin&path=//lib/firmware/nxp HTTP/1.1" 200 3400 "-" "Mozilla/5.0 AppleWebKit/537.36 (KHTML, like Gecko; compatible; Amazonbot/0.1; +https://developer.amazon.com/support/amazonbot) Chrome/119.0.6045.214 Safari/537.36"
20.171.207.75 - - [20/Apr/2025:08:34:33 -0500] "GET /blog/?path=%2Fhome%2Fcorals%2Fdceprojects.corals.io%2Fvendor%2Fpsy%2Fpsysh%2Fsrc%2FUtil HTTP/1.1" 200 7785 "-" "Mozilla/5.0 AppleWebKit/537.36 (KHTML, like Gecko; compatible; GPTBot/1.2; +https://openai.com/gptbot)"
66.249.79.35 - - [20/Apr/2025:08:34:33 -0500] "GET /railery.php?e=25713196802&channel=5fca03f02&from=blog.php%3Fid%3D196802-2515%26name%3Dvixen+%E5%A4%A9%E4%BD%93%E6%9C%9B%E9%81%A0%E9%8F%A1+R130SF HTTP/1.1" 200 220044 "-" "Mozilla/5.0 (Linux; Android 6.0.1; Nexus 5X Build/MMB29P) AppleWebKit/537.36 (KHTML, like Gecko) Chrome/135.0.7049.95 Mobile Safari/537.36 (compatible; Googlebot/2.1; +http://www.google.com/bot.html)"
20.171.207.75 - - [20/Apr/2025:08:34:34 -0500] "GET /blog/?fileloc=%2Fhome%2Fcorals%2Fdceprojects.corals.io%2F.git%2Fobjects%2Fcb%2F28e719f853afea43d27fe785c1e434a04c314c&path=%2Fhome%2Fcorals%2Fdceprojects.corals.io%2F.git%2Fobjects%2Fcb HTTP/1.1" 200 3706 "-" "Mozilla/5.0 AppleWebKit/537.36 (KHTML, like Gecko; compatible; GPTBot/1.2; +https://openai.com/gptbot)"
20.171.207.75 - - [20/Apr/2025:08:34:35 -0500] "GET /blog/?path=%2Fhome%2Fcorals%2Fdceprojects.corals.io%2Fvendor%2Fpsy%2Fpsysh%2Fsrc%2FReflection HTTP/1.1" 200 8211 "-" "Mozilla/5.0 AppleWebKit/537.36 (KHTML, like Gecko; compatible; GPTBot/1.2; +https://openai.com/gptbot)"
54.163.136.244 - - [20/Apr/2025:08:34:36 -0500] "GET /category/inventory-management/?fileloc=//sys/module/cpufreq/parameters/off&path=//sys/module/cpufreq/parameters HTTP/1.1" 200 3471 "-" "Mozilla/5.0 AppleWebKit/537.36 (KHTML, like Gecko; compatible; Amazonbot/0.1; +https://developer.amazon.com/support/amazonbot) Chrome/119.0.6045.214 Safari/537.36"
