20.171.207.75 - - [20/Apr/2025:07:21:41 -0500] "GET /blog/?path=%2Fhome%2Fcorals%2Finventory.corals.io%2Fvendor%2Ffzaninotto%2Ffaker%2Fsrc%2FFaker%2FProvider%2Fsv_SE HTTP/1.1" 200 9408 "-" "Mozilla/5.0 AppleWebKit/537.36 (KHTML, like Gecko; compatible; GPTBot/1.2; +https://openai.com/gptbot)"
20.171.207.75 - - [20/Apr/2025:07:21:42 -0500] "GET /blog/?path=%2Fhome%2Fcorals%2Fcartforge.co%2Fpub%2Fstatic%2Ffrontend%2FMagento%2Fluma%2Fen_US%2FMagento_Shipping HTTP/1.1" 200 6023 "-" "Mozilla/5.0 AppleWebKit/537.36 (KHTML, like Gecko; compatible; GPTBot/1.2; +https://openai.com/gptbot)"
20.171.207.75 - - [20/Apr/2025:07:21:43 -0500] "GET /blog/?path=%2Fhome%2Fcorals%2Fledger.corals.io%2FCorals%2Fmodules%2FCMS%2Fresources%2Fviews%2Fcms_internal%2Ftemplates HTTP/1.1" 200 9592 "-" "Mozilla/5.0 AppleWebKit/537.36 (KHTML, like Gecko; compatible; GPTBot/1.2; +https://openai.com/gptbot)"
54.225.181.161 - - [20/Apr/2025:07:21:44 -0500] "GET /category/marketing/?path=//sys/kernel/slab/UNIX HTTP/1.1" 200 27338 "-" "Mozilla/5.0 AppleWebKit/537.36 (KHTML, like Gecko; compatible; Amazonbot/0.1; +https://developer.amazon.com/support/amazonbot) Chrome/119.0.6045.214 Safari/537.36"
20.171.207.75 - - [20/Apr/2025:07:21:45 -0500] "GET /blog/?path=%2Fhome%2Fcorals%2Fcartforge.co%2Fpub%2Fstatic%2Ffrontend%2FMagento%2Fluma%2Fen_US%2FMagento_Checkout%2Ftemplate HTTP/1.1" 200 25234 "-" "Mozilla/5.0 AppleWebKit/537.36 (KHTML, like Gecko; compatible; GPTBot/1.2; +https://openai.com/gptbot)"
20.171.207.75 - - [20/Apr/2025:07:21:46 -0500] "GET /blog/?path=%2Fhome%2Fcorals%2Fledger.corals.io%2FCorals%2Fmodules%2FCMS%2Fresources%2Fviews%2Fcms_internal%2Fpartials HTTP/1.1" 200 7536 "-" "Mozilla/5.0 AppleWebKit/537.36 (KHTML, like Gecko; compatible; GPTBot/1.2; +https://openai.com/gptbot)"
20.171.207.75 - - [20/Apr/2025:07:21:47 -0500] "GET /blog/?path=%2Fhome%2Fcorals%2Frentpix.corals.io%2Fvendor%2Fspiritix%2Fphp-chrome-html2pdf%2Fsrc%2FSpiritix%2FHtml2Pdf%2FOutput HTTP/1.1" 200 12033 "-" "Mozilla/5.0 AppleWebKit/537.36 (KHTML, like Gecko; compatible; GPTBot/1.2; +https://openai.com/gptbot)"
44.195.145.102 - - [20/Apr/2025:07:21:48 -0500] "GET /category/marketing/?path=//sys/devices/platform/QEMUVGID:00 HTTP/1.1" 200 8271 "-" "Mozilla/5.0 AppleWebKit/537.36 (KHTML, like Gecko; compatible; Amazonbot/0.1; +https://developer.amazon.com/support/amazonbot) Chrome/119.0.6045.214 Safari/537.36"
20.171.207.75 - - [20/Apr/2025:07:21:48 -0500] "GET /blog/?path=%2Fhome%2Fcorals%2Frentpix.corals.io%2Fvendor%2Fspiritix%2Fphp-chrome-html2pdf%2Fsrc%2FSpiritix%2FHtml2Pdf%2FInput HTTP/1.1" 200 9817 "-" "Mozilla/5.0 AppleWebKit/537.36 (KHTML, like Gecko; compatible; GPTBot/1.2; +https://openai.com/gptbot)"
20.171.207.75 - - [20/Apr/2025:07:21:49 -0500] "GET /blog/?path=%2Fhome%2Fcorals%2Finventory.corals.io%2Fvendor%2Ffzaninotto%2Ffaker%2Fsrc%2FFaker%2FProvider%2Ffr_BE HTTP/1.1" 200 10416 "-" "Mozilla/5.0 AppleWebKit/537.36 (KHTML, like Gecko; compatible; GPTBot/1.2; +https://openai.com/gptbot)"
20.171.207.75 - - [20/Apr/2025:07:21:51 -0500] "GET /blog/?path=%2Fhome%2Fcorals%2Fcartforge.co%2Fvendor%2Fmagento%2Fmodule-wishlist%2FTest%2FMftf%2FTest HTTP/1.1" 200 41711 "-" "Mozilla/5.0 AppleWebKit/537.36 (KHTML, like Gecko; compatible; GPTBot/1.2; +https://openai.com/gptbot)"
44.194.139.149 - - [20/Apr/2025:07:21:52 -0500] "GET /category/marketing/?fileloc=//sys/module/nfnetlink/initsize&path=//sys/module/nfnetlink HTTP/1.1" 200 3408 "-" "Mozilla/5.0 AppleWebKit/537.36 (KHTML, like Gecko; compatible; Amazonbot/0.1; +https://developer.amazon.com/support/amazonbot) Chrome/119.0.6045.214 Safari/537.36"
20.171.207.75 - - [20/Apr/2025:07:21:52 -0500] "GET /blog/?path=%2Fhome%2Fcorals%2Finventory.corals.io%2Fvendor%2Ffzaninotto%2Ffaker%2Fsrc%2FFaker%2FProvider%2Fvi_VN HTTP/1.1" 200 9402 "-" "Mozilla/5.0 AppleWebKit/537.36 (KHTML, like Gecko; compatible; GPTBot/1.2; +https://openai.com/gptbot)"
20.171.207.75 - - [20/Apr/2025:07:21:53 -0500] "GET /blog/?path=%2Fhome%2Fcorals%2Finventory.corals.io%2Fvendor%2Fnikic%2Fphp-parser%2Flib%2FPhpParser%2FBuilder HTTP/1.1" 200 20271 "-" "Mozilla/5.0 AppleWebKit/537.36 (KHTML, like Gecko; compatible; GPTBot/1.2; +https://openai.com/gptbot)"
20.171.207.75 - - [20/Apr/2025:07:21:54 -0500] "GET /blog/?path=%2Fhome%2Fcorals%2Fcartforge.co%2Fpub%2Fstatic%2Ffrontend%2FMagento%2Fluma%2Fen_US%2FMagento_Shipping%2Ftemplate HTTP/1.1" 200 5316 "-" "Mozilla/5.0 AppleWebKit/537.36 (KHTML, like Gecko; compatible; GPTBot/1.2; +https://openai.com/gptbot)"
20.171.207.75 - - [20/Apr/2025:07:21:55 -0500] "GET /blog/?path=%2Fhome%2Fcorals%2Fcartforge.co%2Fvendor%2Ffriendsofphp%2Fphp-cs-fixer%2Fsrc%2FFixer%2FSemicolon HTTP/1.1" 200 9711 "-" "Mozilla/5.0 AppleWebKit/537.36 (KHTML, like Gecko; compatible; GPTBot/1.2; +https://openai.com/gptbot)"
34.194.165.45 - - [20/Apr/2025:07:21:56 -0500] "GET /category/marketing/?fileloc=//sys/module/ext4/initsize&path=//sys/module/ext4 HTTP/1.1" 200 3393 "-" "Mozilla/5.0 AppleWebKit/537.36 (KHTML, like Gecko; compatible; Amazonbot/0.1; +https://developer.amazon.com/support/amazonbot) Chrome/119.0.6045.214 Safari/537.36"
20.171.207.75 - - [20/Apr/2025:07:21:56 -0500] "GET /blog/?path=%2Fhome%2Fcorals%2Fcartforge.co%2Fpub%2Fstatic%2Ffrontend%2FMagento%2Fluma%2Fen_US%2FMagento_Checkout%2Ftemplate%2Fminicart HTTP/1.1" 200 8558 "-" "Mozilla/5.0 AppleWebKit/537.36 (KHTML, like Gecko; compatible; GPTBot/1.2; +https://openai.com/gptbot)"
20.171.207.75 - - [20/Apr/2025:07:21:57 -0500] "GET /blog/?path=%2Fhome%2Fcorals%2Fcartforge.co%2Fpub%2Fstatic%2Ffrontend%2FMagento%2Fluma%2Fen_US%2FMagento_Checkout%2Ftemplate%2Fform HTTP/1.1" 200 5448 "-" "Mozilla/5.0 AppleWebKit/537.36 (KHTML, like Gecko; compatible; GPTBot/1.2; +https://openai.com/gptbot)"
20.171.207.75 - - [20/Apr/2025:07:21:59 -0500] "GET /blog/?path=%2Fhome%2Fcorals%2Fcartforge.co%2Fpub%2Fstatic%2Ffrontend%2FMagento%2Fluma%2Fen_US%2FMagento_Checkout%2Ftemplate%2Fsummary HTTP/1.1" 200 10878 "-" "Mozilla/5.0 AppleWebKit/537.36 (KHTML, like Gecko; compatible; GPTBot/1.2; +https://openai.com/gptbot)"
54.147.80.137 - - [20/Apr/2025:07:22:00 -0500] "GET /category/inventory-management/?fileloc=//sys/kernel/slab/dmaengine-unmap-2/trace&path=//sys/kernel/slab/dmaengine-unmap-2 HTTP/1.1" 200 3480 "-" "Mozilla/5.0 AppleWebKit/537.36 (KHTML, like Gecko; compatible; Amazonbot/0.1; +https://developer.amazon.com/support/amazonbot) Chrome/119.0.6045.214 Safari/537.36"
20.171.207.75 - - [20/Apr/2025:07:22:00 -0500] "GET /blog/?path=%2Fhome%2Fcorals%2Fcartforge.co%2Fpub%2Fstatic%2Ffrontend%2FMagento%2Fluma%2Fen_US%2FMagento_Checkout%2Ftemplate%2Fcart HTTP/1.1" 200 8717 "-" "Mozilla/5.0 AppleWebKit/537.36 (KHTML, like Gecko; compatible; GPTBot/1.2; +https://openai.com/gptbot)"
20.171.207.75 - - [20/Apr/2025:07:22:01 -0500] "GET /blog/?path=%2Fhome%2Fcorals%2Fcartforge.co%2Fpub%2Fstatic%2Ffrontend%2FMagento%2Fluma%2Fen_US%2FMagento_Checkout%2Ftemplate%2Fpayment HTTP/1.1" 200 6764 "-" "Mozilla/5.0 AppleWebKit/537.36 (KHTML, like Gecko; compatible; GPTBot/1.2; +https://openai.com/gptbot)"
20.171.207.75 - - [20/Apr/2025:07:22:02 -0500] "GET /blog/?path=%2Fhome%2Fcorals%2Fcartforge.co%2Fpub%2Fstatic%2Ffrontend%2FMagento%2Fluma%2Fen_US%2FMagento_Checkout%2Ftemplate%2Freview HTTP/1.1" 200 6533 "-" "Mozilla/5.0 AppleWebKit/537.36 (KHTML, like Gecko; compatible; GPTBot/1.2; +https://openai.com/gptbot)"
20.171.207.75 - - [20/Apr/2025:07:22:03 -0500] "GET /blog/?path=%2Fhome%2Fcorals%2Fcartforge.co%2Fpub%2Fstatic%2Ffrontend%2FMagento%2Fluma%2Fen_US%2FMagento_Checkout%2Ftemplate%2Fshipping-information HTTP/1.1" 200 6683 "-" "Mozilla/5.0 AppleWebKit/537.36 (KHTML, like Gecko; compatible; GPTBot/1.2; +https://openai.com/gptbot)"
3.213.46.222 - - [20/Apr/2025:07:22:04 -0500] "GET /category/inventory-management/?fileloc=//sys/module/nft_chain_nat/sections/.orc_unwind_ip&path=//sys/module/nft_chain_nat/sections HTTP/1.1" 200 3498 "-" "Mozilla/5.0 AppleWebKit/537.36 (KHTML, like Gecko; compatible; Amazonbot/0.1; +https://developer.amazon.com/support/amazonbot) Chrome/119.0.6045.214 Safari/537.36"
20.171.207.75 - - [20/Apr/2025:07:22:04 -0500] "GET /blog/?path=%2Fhome%2Fcorals%2Fcartforge.co%2Fpub%2Fstatic%2Ffrontend%2FMagento%2Fluma%2Fen_US%2FMagento_Checkout%2Ftemplate%2Fpayment-methods HTTP/1.1" 200 5653 "-" "Mozilla/5.0 AppleWebKit/537.36 (KHTML, like Gecko; compatible; GPTBot/1.2; +https://openai.com/gptbot)"
20.171.207.75 - - [20/Apr/2025:07:22:06 -0500] "GET /blog/?path=%2Fhome%2Fcorals%2Fcartforge.co%2Fpub%2Fstatic%2Ffrontend%2FMagento%2Fluma%2Fen_US%2FMagento_Shipping%2Ftemplate%2Fcheckout HTTP/1.1" 200 5472 "-" "Mozilla/5.0 AppleWebKit/537.36 (KHTML, like Gecko; compatible; GPTBot/1.2; +https://openai.com/gptbot)"
20.171.207.75 - - [20/Apr/2025:07:22:07 -0500] "GET /blog/?path=%2Fhome%2Fcorals%2Fcartforge.co%2Fpub%2Fstatic%2Ffrontend%2FMagento%2Fluma%2Fen_US%2FMagento_Checkout%2Ftemplate%2Fbilling-address HTTP/1.1" 200 8974 "-" "Mozilla/5.0 AppleWebKit/537.36 (KHTML, like Gecko; compatible; GPTBot/1.2; +https://openai.com/gptbot)"
3.212.86.97 - - [20/Apr/2025:07:22:08 -0500] "GET /category/inventory-management/?fileloc=//sys/kernel/slab/ip4-frags/cpu_slabs&path=//sys/kernel/slab/ip4-frags HTTP/1.1" 200 3460 "-" "Mozilla/5.0 AppleWebKit/537.36 (KHTML, like Gecko; compatible; Amazonbot/0.1; +https://developer.amazon.com/support/amazonbot) Chrome/119.0.6045.214 Safari/537.36"
20.171.207.75 - - [20/Apr/2025:07:22:08 -0500] "GET /blog/?fileloc=%2Fhome%2Fcorals%2Fcartforge.co%2Fpub%2Fstatic%2Ffrontend%2FMagento%2Fluma%2Fen_US%2FMagento_Checkout%2Ftemplate%2Fminicart%2Fcontent.html&path=%2Fhome%2Fcorals%2Fcartforge.co%2Fpub%2Fstatic%2Ffrontend%2FMagento%2Fluma%2Fen_US%2FMagento_Checkout%2Ftemplate%2Fminicart HTTP/1.1" 200 9780 "-" "Mozilla/5.0 AppleWebKit/537.36 (KHTML, like Gecko; compatible; GPTBot/1.2; +https://openai.com/gptbot)"
20.171.207.75 - - [20/Apr/2025:07:22:09 -0500] "GET /blog/?path=%2Fhome%2Fcorals%2Fcartforge.co%2Fpub%2Fstatic%2Ffrontend%2FMagento%2Fluma%2Fen_US%2FMagento_Checkout%2Ftemplate%2Fform%2Felement HTTP/1.1" 200 5755 "-" "Mozilla/5.0 AppleWebKit/537.36 (KHTML, like Gecko; compatible; GPTBot/1.2; +https://openai.com/gptbot)"
20.171.207.75 - - [20/Apr/2025:07:22:10 -0500] "GET /blog/?path=%2Fhome%2Fcorals%2Fcartforge.co%2Fpub%2Fstatic%2Ffrontend%2FMagento%2Fluma%2Fen_US%2FMagento_Checkout%2Ftemplate%2Fminicart%2Fitem HTTP/1.1" 200 6868 "-" "Mozilla/5.0 AppleWebKit/537.36 (KHTML, like Gecko; compatible; GPTBot/1.2; +https://openai.com/gptbot)"
20.171.207.75 - - [20/Apr/2025:07:22:11 -0500] "GET /blog/?path=%2Fhome%2Fcorals%2Fcartforge.co%2Fpub%2Fstatic%2Ffrontend%2FMagento%2Fluma%2Fen_US%2FMagento_Checkout%2Ftemplate%2Fcart%2Ftotals HTTP/1.1" 200 7971 "-" "Mozilla/5.0 AppleWebKit/537.36 (KHTML, like Gecko; compatible; GPTBot/1.2; +https://openai.com/gptbot)"
34.231.45.47 - - [20/Apr/2025:07:22:12 -0500] "GET /category/marketing/?fileloc=//lib/firmware/i915/adlp_guc_69.0.3.bin&path=//lib/firmware/i915 HTTP/1.1" 200 3410 "-" "Mozilla/5.0 AppleWebKit/537.36 (KHTML, like Gecko; compatible; Amazonbot/0.1; +https://developer.amazon.com/support/amazonbot) Chrome/119.0.6045.214 Safari/537.36"
20.171.207.75 - - [20/Apr/2025:07:22:12 -0500] "GET /blog/?path=%2Fhome%2Fcorals%2Fcartforge.co%2Fpub%2Fstatic%2Ffrontend%2FMagento%2Fluma%2Fen_US%2FMagento_Checkout%2Ftemplate%2Fminicart%2Fsubtotal HTTP/1.1" 200 5793 "-" "Mozilla/5.0 AppleWebKit/537.36 (KHTML, like Gecko; compatible; GPTBot/1.2; +https://openai.com/gptbot)"
20.171.207.75 - - [20/Apr/2025:07:22:14 -0500] "GET /blog/?path=%2Fhome%2Fcorals%2Fcartforge.co%2Fpub%2Fstatic%2Ffrontend%2FMagento%2Fluma%2Fen_US%2FMagento_Checkout%2Ftemplate%2Fsummary%2Fitem HTTP/1.1" 200 6706 "-" "Mozilla/5.0 AppleWebKit/537.36 (KHTML, like Gecko; compatible; GPTBot/1.2; +https://openai.com/gptbot)"
20.171.207.75 - - [20/Apr/2025:07:22:15 -0500] "GET /blog/?path=%2Fhome%2Fcorals%2Fcartforge.co%2Fpub%2Fstatic%2Ffrontend%2FMagento%2Fluma%2Fen_US%2FMagento_Checkout%2Ftemplate%2Freview%2Factions HTTP/1.1" 200 5777 "-" "Mozilla/5.0 AppleWebKit/537.36 (KHTML, like Gecko; compatible; GPTBot/1.2; +https://openai.com/gptbot)"
20.171.207.75 - - [20/Apr/2025:07:22:16 -0500] "GET /blog/?path=%2Fhome%2Fcorals%2Fcartforge.co%2Fpub%2Fstatic%2Ffrontend%2FMagento%2Fluma%2Fen_US%2FMagento_Checkout%2Ftemplate%2Fshipping-address HTTP/1.1" 200 10084 "-" "Mozilla/5.0 AppleWebKit/537.36 (KHTML, like Gecko; compatible; GPTBot/1.2; +https://openai.com/gptbot)"
3.94.156.104 - - [20/Apr/2025:07:22:16 -0500] "GET /category/inventory-management/?path=//home/corals/vreg/node_modules/portal-vue HTTP/1.1" 200 9361 "-" "Mozilla/5.0 AppleWebKit/537.36 (KHTML, like Gecko; compatible; Amazonbot/0.1; +https://developer.amazon.com/support/amazonbot) Chrome/119.0.6045.214 Safari/537.36"
20.171.207.75 - - [20/Apr/2025:07:22:17 -0500] "GET /blog/?path=%2Fhome%2Fcorals%2Fcartforge.co%2Fpub%2Fstatic%2Ffrontend%2FMagento%2Fluma%2Fen_US%2FMagento_Shipping%2Ftemplate%2Fcheckout%2Fshipping HTTP/1.1" 200 5828 "-" "Mozilla/5.0 AppleWebKit/537.36 (KHTML, like Gecko; compatible; GPTBot/1.2; +https://openai.com/gptbot)"
20.171.207.75 - - [20/Apr/2025:07:22:18 -0500] "GET /blog/?path=%2Fhome%2Fcorals%2Finventory.corals.io%2Fvendor%2Ffzaninotto%2Ffaker%2Fsrc%2FFaker%2FProvider%2Fde_CH HTTP/1.1" 200 11413 "-" "Mozilla/5.0 AppleWebKit/537.36 (KHTML, like Gecko; compatible; GPTBot/1.2; +https://openai.com/gptbot)"
20.171.207.75 - - [20/Apr/2025:07:22:19 -0500] "GET /blog/?path=%2Fhome%2Fcorals%2Fcartforge.co%2Fvendor%2Fmagento%2Fmodule-catalog-widget%2FTest%2FMftf%2FTest HTTP/1.1" 200 8706 "-" "Mozilla/5.0 AppleWebKit/537.36 (KHTML, like Gecko; compatible; GPTBot/1.2; +https://openai.com/gptbot)"
66.249.79.133 - - [20/Apr/2025:07:22:20 -0500] "GET /shopdetail/85889292179 HTTP/1.1" 200 111975 "-" "Mozilla/5.0 (Linux; Android 6.0.1; Nexus 5X Build/MMB29P) AppleWebKit/537.36 (KHTML, like Gecko) Chrome/135.0.7049.95 Mobile Safari/537.36 (compatible; Googlebot/2.1; +http://www.google.com/bot.html)"
54.88.84.219 - - [20/Apr/2025:07:22:20 -0500] "GET /category/inventory-management/?path=//sys/devices/system/cpu/cpu0 HTTP/1.1" 200 11704 "-" "Mozilla/5.0 AppleWebKit/537.36 (KHTML, like Gecko; compatible; Amazonbot/0.1; +https://developer.amazon.com/support/amazonbot) Chrome/119.0.6045.214 Safari/537.36"
20.171.207.75 - - [20/Apr/2025:07:22:20 -0500] "GET /blog/?path=%2Fhome%2Fcorals%2Fcartforge.co%2Fpub%2Fstatic%2Ffrontend%2FMagento%2Fluma%2Fen_US%2FMagento_SalesRule HTTP/1.1" 200 6031 "-" "Mozilla/5.0 AppleWebKit/537.36 (KHTML, like Gecko; compatible; GPTBot/1.2; +https://openai.com/gptbot)"
20.171.207.75 - - [20/Apr/2025:07:22:21 -0500] "GET /blog/?path=%2Fhome%2Fcorals%2Fmautic.corals.io%2Fvendor%2Ftwilio%2Fsdk%2Fsrc%2FTwilio%2FRest%2FIpMessaging HTTP/1.1" 200 7894 "-" "Mozilla/5.0 AppleWebKit/537.36 (KHTML, like Gecko; compatible; GPTBot/1.2; +https://openai.com/gptbot)"
20.171.207.75 - - [20/Apr/2025:07:22:23 -0500] "GET /blog/?path=%2Fhome%2Fcorals%2Fcartforge.co%2Fpub%2Fstatic%2Ffrontend%2FMagento%2Fluma%2Fen_US%2FMagento_Directory HTTP/1.1" 200 5150 "-" "Mozilla/5.0 AppleWebKit/537.36 (KHTML, like Gecko; compatible; GPTBot/1.2; +https://openai.com/gptbot)"
3.89.170.186 - - [20/Apr/2025:07:22:24 -0500] "GET /category/inventory-management/?path=//home/corals/vreg/node_modules/moment-timezone-data-webpack-plugin HTTP/1.1" 200 8503 "-" "Mozilla/5.0 AppleWebKit/537.36 (KHTML, like Gecko; compatible; Amazonbot/0.1; +https://developer.amazon.com/support/amazonbot) Chrome/119.0.6045.214 Safari/537.36"
20.171.207.75 - - [20/Apr/2025:07:22:24 -0500] "GET /blog/?path=%2Fhome%2Fcorals%2Fcartforge.co%2Fvendor%2Fmagento%2Fmodule-inventory-cache%2FTest%2FMftf%2FTest HTTP/1.1" 200 5462 "-" "Mozilla/5.0 AppleWebKit/537.36 (KHTML, like Gecko; compatible; GPTBot/1.2; +https://openai.com/gptbot)"
20.171.207.75 - - [20/Apr/2025:07:22:25 -0500] "GET /blog/?path=%2Fhome%2Fcorals%2Fcartforge.co%2Fpub%2Fstatic%2Ffrontend%2FMagento%2Fluma%2Fen_US%2FMagento_Checkout%2Ftemplate%2Fsummary%2Fitem%2Fdetails HTTP/1.1" 200 8212 "-" "Mozilla/5.0 AppleWebKit/537.36 (KHTML, like Gecko; compatible; GPTBot/1.2; +https://openai.com/gptbot)"
20.171.207.75 - - [20/Apr/2025:07:22:26 -0500] "GET /blog/?path=%2Fhome%2Fcorals%2Finventory.corals.io%2Fvendor%2Ffzaninotto%2Ffaker%2Fsrc%2FFaker%2FProvider%2Fcs_CZ HTTP/1.1" 200 12426 "-" "Mozilla/5.0 AppleWebKit/537.36 (KHTML, like Gecko; compatible; GPTBot/1.2; +https://openai.com/gptbot)"
20.171.207.75 - - [20/Apr/2025:07:22:27 -0500] "GET /blog/?path=%2Fhome%2Fcorals%2Fjob-board.corals.io%2FCorals%2Fmodules%2FAdvert%2FDataTables%2FScopes HTTP/1.1" 200 7335 "-" "Mozilla/5.0 AppleWebKit/537.36 (KHTML, like Gecko; compatible; GPTBot/1.2; +https://openai.com/gptbot)"
3.94.156.104 - - [20/Apr/2025:07:22:28 -0500] "GET /category/inventory-management/?fileloc=//proc/thread-self/root/etc/dnsmasq.conf&path=//proc/thread-self/root/etc HTTP/1.1" 200 30820 "-" "Mozilla/5.0 AppleWebKit/537.36 (KHTML, like Gecko; compatible; Amazonbot/0.1; +https://developer.amazon.com/support/amazonbot) Chrome/119.0.6045.214 Safari/537.36"
20.171.207.75 - - [20/Apr/2025:07:22:28 -0500] "GET /blog/?path=%2Fhome%2Fcorals%2Finventory.corals.io%2Fvendor%2Ffzaninotto%2Ffaker%2Fsrc%2FFaker%2FProvider%2Fro_RO HTTP/1.1" 200 9397 "-" "Mozilla/5.0 AppleWebKit/537.36 (KHTML, like Gecko; compatible; GPTBot/1.2; +https://openai.com/gptbot)"
20.171.207.75 - - [20/Apr/2025:07:22:29 -0500] "GET /blog/?path=%2Fhome%2Fcorals%2Finventory.corals.io%2Fvendor%2Fdoctrine%2Fdbal%2Flib%2FDoctrine%2FDBAL HTTP/1.1" 200 36592 "-" "Mozilla/5.0 AppleWebKit/537.36 (KHTML, like Gecko; compatible; GPTBot/1.2; +https://openai.com/gptbot)"
20.171.207.75 - - [20/Apr/2025:07:22:31 -0500] "GET /blog/?path=%2Fhome%2Fcorals%2Fledger.corals.io%2Fvendor%2Fnesbot%2Fcarbon%2Flazy%2FCarbon%2FPHPStan HTTP/1.1" 200 8218 "-" "Mozilla/5.0 AppleWebKit/537.36 (KHTML, like Gecko; compatible; GPTBot/1.2; +https://openai.com/gptbot)"
54.166.126.132 - - [20/Apr/2025:07:22:32 -0500] "GET /category/inventory-management/?path=//sys/devices/system/machinecheck/machinecheck4 HTTP/1.1" 200 20209 "-" "Mozilla/5.0 AppleWebKit/537.36 (KHTML, like Gecko; compatible; Amazonbot/0.1; +https://developer.amazon.com/support/amazonbot) Chrome/119.0.6045.214 Safari/537.36"
20.171.207.75 - - [20/Apr/2025:07:22:32 -0500] "GET /blog/?path=%2Fhome%2Fcorals%2Fcartforge.co%2Fpub%2Fstatic%2Ffrontend%2FMagento%2Fluma%2Fen_US%2FMagento_SalesRule%2Ftemplate HTTP/1.1" 200 7114 "-" "Mozilla/5.0 AppleWebKit/537.36 (KHTML, like Gecko; compatible; GPTBot/1.2; +https://openai.com/gptbot)"
20.171.207.75 - - [20/Apr/2025:07:22:33 -0500] "GET /blog/?fileloc=%2Fhome%2Fcorals%2Fmautic.corals.io%2Fvendor%2Ftwilio%2Fsdk%2Fsrc%2FTwilio%2FRest%2FIpMessaging%2FV2.php&path=%2Fhome%2Fcorals%2Fmautic.corals.io%2Fvendor%2Ftwilio%2Fsdk%2Fsrc%2FTwilio%2FRest%2FIpMessaging HTTP/1.1" 200 6908 "-" "Mozilla/5.0 AppleWebKit/537.36 (KHTML, like Gecko; compatible; GPTBot/1.2; +https://openai.com/gptbot)"
20.171.207.75 - - [20/Apr/2025:07:22:34 -0500] "GET /blog/?path=%2Fhome%2Fcorals%2Fcartforge.co%2Fpub%2Fstatic%2Ffrontend%2FMagento%2Fluma%2Fen_US%2FMagento_Security HTTP/1.1" 200 5145 "-" "Mozilla/5.0 AppleWebKit/537.36 (KHTML, like Gecko; compatible; GPTBot/1.2; +https://openai.com/gptbot)"
20.171.207.75 - - [20/Apr/2025:07:22:35 -0500] "GET /blog/?path=%2Fhome%2Fcorals%2Finventory.corals.io%2Fvendor%2Ffzaninotto%2Ffaker%2Fsrc%2FFaker%2FProvider%2Fde_DE HTTP/1.1" 200 11413 "-" "Mozilla/5.0 AppleWebKit/537.36 (KHTML, like Gecko; compatible; GPTBot/1.2; +https://openai.com/gptbot)"
44.207.252.58 - - [20/Apr/2025:07:22:36 -0500] "GET /category/inventory-management/?fileloc=//lib/systemd/system/named.service&path=//lib/systemd/system HTTP/1.1" 200 4325 "-" "Mozilla/5.0 AppleWebKit/537.36 (KHTML, like Gecko; compatible; Amazonbot/0.1; +https://developer.amazon.com/support/amazonbot) Chrome/119.0.6045.214 Safari/537.36"
20.171.207.75 - - [20/Apr/2025:07:22:36 -0500] "GET /blog/?path=%2Fhome%2Fcorals%2Fcartforge.co%2Fvendor%2Flaminas%2Flaminas-db%2Fsrc%2FAdapter%2FDriver%2FPgsql HTTP/1.1" 200 8263 "-" "Mozilla/5.0 AppleWebKit/537.36 (KHTML, like Gecko; compatible; GPTBot/1.2; +https://openai.com/gptbot)"
20.171.207.75 - - [20/Apr/2025:07:22:38 -0500] "GET /blog/?path=%2Fhome%2Fcorals%2Finventory.corals.io%2Fvendor%2Ffzaninotto%2Ffaker%2Fsrc%2FFaker%2FProvider%2Fro_MD HTTP/1.1" 200 9397 "-" "Mozilla/5.0 AppleWebKit/537.36 (KHTML, like Gecko; compatible; GPTBot/1.2; +https://openai.com/gptbot)"
20.171.207.75 - - [20/Apr/2025:07:22:39 -0500] "GET /blog/?path=%2Fhome%2Fcorals%2Fcartforge.co%2Fdev%2Ftests%2Fapi-functional%2Ftestsuite%2FMagento%2FCms%2FApi HTTP/1.1" 200 6378 "-" "Mozilla/5.0 AppleWebKit/537.36 (KHTML, like Gecko; compatible; GPTBot/1.2; +https://openai.com/gptbot)"
3.227.180.70 - - [20/Apr/2025:07:22:40 -0500] "GET /category/inventory-management/?fileloc=//sys/module/crc32_pclmul/notes/.note.gnu.build-id&path=//sys/module/crc32_pclmul/notes HTTP/1.1" 200 3489 "-" "Mozilla/5.0 AppleWebKit/537.36 (KHTML, like Gecko; compatible; Amazonbot/0.1; +https://developer.amazon.com/support/amazonbot) Chrome/119.0.6045.214 Safari/537.36"
20.171.207.75 - - [20/Apr/2025:07:22:40 -0500] "GET /blog/?path=%2Fhome%2Fcorals%2Fjob-board.corals.io%2FCorals%2Fmodules%2FAdvert%2Fresources%2Fviews%2Fbanners HTTP/1.1" 200 7313 "-" "Mozilla/5.0 AppleWebKit/537.36 (KHTML, like Gecko; compatible; GPTBot/1.2; +https://openai.com/gptbot)"
20.171.207.75 - - [20/Apr/2025:07:22:41 -0500] "GET /blog/?path=%2Fhome%2Fcorals%2Finventory.corals.io%2Fvendor%2Fdoctrine%2Fdbal%2Flib%2FDoctrine%2FDBAL%2FTools HTTP/1.1" 200 6188 "-" "Mozilla/5.0 AppleWebKit/537.36 (KHTML, like Gecko; compatible; GPTBot/1.2; +https://openai.com/gptbot)"
20.171.207.75 - - [20/Apr/2025:07:22:42 -0500] "GET /blog/?fileloc=%2Fhome%2Fcorals%2Fledger.corals.io%2Fvendor%2Fnesbot%2Fcarbon%2Flazy%2FCarbon%2FPHPStan%2FMacroStrongType.php&path=%2Fhome%2Fcorals%2Fledger.corals.io%2Fvendor%2Fnesbot%2Fcarbon%2Flazy%2FCarbon%2FPHPStan HTTP/1.1" 200 4926 "-" "Mozilla/5.0 AppleWebKit/537.36 (KHTML, like Gecko; compatible; GPTBot/1.2; +https://openai.com/gptbot)"
20.171.207.75 - - [20/Apr/2025:07:22:43 -0500] "GET /blog/?path=%2Fhome%2Fcorals%2Finventory.corals.io%2Fvendor%2Fdoctrine%2Fdbal%2Flib%2FDoctrine%2FDBAL%2FTypes HTTP/1.1" 200 38822 "-" "Mozilla/5.0 AppleWebKit/537.36 (KHTML, like Gecko; compatible; GPTBot/1.2; +https://openai.com/gptbot)"
66.249.79.133 - - [20/Apr/2025:07:22:43 -0500] "GET /shopdetail/20298175434 HTTP/1.1" 200 115952 "-" "Mozilla/5.0 (Linux; Android 6.0.1; Nexus 5X Build/MMB29P) AppleWebKit/537.36 (KHTML, like Gecko) Chrome/135.0.7049.95 Mobile Safari/537.36 (compatible; Googlebot/2.1; +http://www.google.com/bot.html)"
54.156.124.2 - - [20/Apr/2025:07:22:44 -0500] "GET /category/marketing/?path=/home/corals/www/wp-content/plugins/wordfence/fonts HTTP/1.1" 200 15929 "-" "Mozilla/5.0 AppleWebKit/537.36 (KHTML, like Gecko; compatible; Amazonbot/0.1; +https://developer.amazon.com/support/amazonbot) Chrome/119.0.6045.214 Safari/537.36"
20.171.207.75 - - [20/Apr/2025:07:22:44 -0500] "GET /blog/?path=%2Fhome%2Fcorals%2Finventory.corals.io%2Fvendor%2Fdoctrine%2Fdbal%2Flib%2FDoctrine%2FDBAL%2FEvent HTTP/1.1" 200 18150 "-" "Mozilla/5.0 AppleWebKit/537.36 (KHTML, like Gecko; compatible; GPTBot/1.2; +https://openai.com/gptbot)"
20.171.207.75 - - [20/Apr/2025:07:22:45 -0500] "GET /blog/?path=%2Fhome%2Fcorals%2Finventory.corals.io%2Fvendor%2Fdoctrine%2Fdbal%2Flib%2FDoctrine%2FDBAL%2FCache HTTP/1.1" 200 8451 "-" "Mozilla/5.0 AppleWebKit/537.36 (KHTML, like Gecko; compatible; GPTBot/1.2; +https://openai.com/gptbot)"
20.171.207.75 - - [20/Apr/2025:07:22:47 -0500] "GET /blog/?path=%2Fhome%2Fcorals%2Finventory.corals.io%2Fvendor%2Fdoctrine%2Fdbal%2Flib%2FDoctrine%2FDBAL%2FQuery HTTP/1.1" 200 7244 "-" "Mozilla/5.0 AppleWebKit/537.36 (KHTML, like Gecko; compatible; GPTBot/1.2; +https://openai.com/gptbot)"
44.205.120.22 - - [20/Apr/2025:07:22:48 -0500] "GET /category/inventory-management/?path=//home/corals/vreg/node_modules/prepend-http HTTP/1.1" 200 7256 "-" "Mozilla/5.0 AppleWebKit/537.36 (KHTML, like Gecko; compatible; Amazonbot/0.1; +https://developer.amazon.com/support/amazonbot) Chrome/119.0.6045.214 Safari/537.36"
20.171.207.75 - - [20/Apr/2025:07:22:48 -0500] "GET /blog/?path=%2Fhome%2Fcorals%2Fcartforge.co%2Fpub%2Fstatic%2Ffrontend%2FMagento%2Fluma%2Fen_US%2FMagento_SalesRule%2Ftemplate%2Fcart HTTP/1.1" 200 5451 "-" "Mozilla/5.0 AppleWebKit/537.36 (KHTML, like Gecko; compatible; GPTBot/1.2; +https://openai.com/gptbot)"
20.171.207.75 - - [20/Apr/2025:07:22:49 -0500] "GET /blog/?path=%2Fhome%2Fcorals%2Fcartforge.co%2Fpub%2Fstatic%2Ffrontend%2FMagento%2Fluma%2Fen_US%2FMagento_SalesRule%2Ftemplate%2Fsummary HTTP/1.1" 200 5629 "-" "Mozilla/5.0 AppleWebKit/537.36 (KHTML, like Gecko; compatible; GPTBot/1.2; +https://openai.com/gptbot)"
20.171.207.75 - - [20/Apr/2025:07:22:50 -0500] "GET /blog/?path=%2Fhome%2Fcorals%2Fcartforge.co%2Fpub%2Fstatic%2Ffrontend%2FMagento%2Fluma%2Fen_US%2FMagento_SalesRule%2Ftemplate%2Fpayment HTTP/1.1" 200 5629 "-" "Mozilla/5.0 AppleWebKit/537.36 (KHTML, like Gecko; compatible; GPTBot/1.2; +https://openai.com/gptbot)"
20.171.207.75 - - [20/Apr/2025:07:22:51 -0500] "GET /blog/?path=%2Fhome%2Fcorals%2Finventory.corals.io%2Fvendor%2Fdoctrine%2Fdbal%2Flib%2FDoctrine%2FDBAL%2FAbstraction HTTP/1.1" 200 5362 "-" "Mozilla/5.0 AppleWebKit/537.36 (KHTML, like Gecko; compatible; GPTBot/1.2; +https://openai.com/gptbot)"
66.249.79.34 - - [20/Apr/2025:07:22:51 -0500] "GET /hidey.php?shopdetail/5700943311 HTTP/1.1" 200 111813 "-" "Mozilla/5.0 (Linux; Android 6.0.1; Nexus 5X Build/MMB29P) AppleWebKit/537.36 (KHTML, like Gecko) Chrome/135.0.7049.95 Mobile Safari/537.36 (compatible; Googlebot/2.1; +http://www.google.com/bot.html)"
35.171.117.160 - - [20/Apr/2025:07:22:52 -0500] "GET /category/inventory-management/?fileloc=//sys/kernel/slab/Acpi-ParseExt/cache_dma&path=//sys/kernel/slab/Acpi-ParseExt HTTP/1.1" 200 3472 "-" "Mozilla/5.0 AppleWebKit/537.36 (KHTML, like Gecko; compatible; Amazonbot/0.1; +https://developer.amazon.com/support/amazonbot) Chrome/119.0.6045.214 Safari/537.36"
20.171.207.75 - - [20/Apr/2025:07:22:52 -0500] "GET /blog/?path=%2Fhome%2Fcorals%2Finventory.corals.io%2Fvendor%2Fdoctrine%2Fdbal%2Flib%2FDoctrine%2FDBAL%2FTools%2FConsole HTTP/1.1" 200 10332 "-" "Mozilla/5.0 AppleWebKit/537.36 (KHTML, like Gecko; compatible; GPTBot/1.2; +https://openai.com/gptbot)"
20.171.207.75 - - [20/Apr/2025:07:22:53 -0500] "GET /blog/?path=%2Fhome%2Fcorals%2Finventory.corals.io%2Fvendor%2Fdoctrine%2Fdbal%2Flib%2FDoctrine%2FDBAL%2FPortability HTTP/1.1" 200 7441 "-" "Mozilla/5.0 AppleWebKit/537.36 (KHTML, like Gecko; compatible; GPTBot/1.2; +https://openai.com/gptbot)"
20.171.207.75 - - [20/Apr/2025:07:22:55 -0500] "GET /blog/?path=%2Fhome%2Fcorals%2Finventory.corals.io%2Fvendor%2Fdoctrine%2Fdbal%2Flib%2FDoctrine%2FDBAL%2FSchema HTTP/1.1" 200 31608 "-" "Mozilla/5.0 AppleWebKit/537.36 (KHTML, like Gecko; compatible; GPTBot/1.2; +https://openai.com/gptbot)"
66.249.79.35 - - [20/Apr/2025:07:22:55 -0500] "POST /get-message-notify HTTP/1.1" 200 118666 "https://www.intellicart.co/hidey.php?shopdetail/5700943311" "Mozilla/5.0 (Linux; Android 6.0.1; Nexus 5X Build/MMB29P) AppleWebKit/537.36 (KHTML, like Gecko) Chrome/134.0.6998.165 Mobile Safari/537.36 (compatible; Googlebot/2.1; +http://www.google.com/bot.html)"
3.213.213.161 - - [20/Apr/2025:07:22:56 -0500] "GET /category/inventory-management/?path=//etc/alternatives/jre_1.8.0_openjdk/lib/ext HTTP/1.1" 200 12233 "-" "Mozilla/5.0 AppleWebKit/537.36 (KHTML, like Gecko; compatible; Amazonbot/0.1; +https://developer.amazon.com/support/amazonbot) Chrome/119.0.6045.214 Safari/537.36"
20.171.207.75 - - [20/Apr/2025:07:22:56 -0500] "GET /blog/?path=%2Fhome%2Fcorals%2Finventory.corals.io%2Fvendor%2Fdoctrine%2Fdbal%2Flib%2FDoctrine%2FDBAL%2FEvent%2FListeners HTTP/1.1" 200 7654 "-" "Mozilla/5.0 AppleWebKit/537.36 (KHTML, like Gecko; compatible; GPTBot/1.2; +https://openai.com/gptbot)"
20.171.207.75 - - [20/Apr/2025:07:22:57 -0500] "GET /blog/?path=%2Fhome%2Fcorals%2Finventory.corals.io%2Fvendor%2Fdoctrine%2Fdbal%2Flib%2FDoctrine%2FDBAL%2FSharding HTTP/1.1" 200 10287 "-" "Mozilla/5.0 AppleWebKit/537.36 (KHTML, like Gecko; compatible; GPTBot/1.2; +https://openai.com/gptbot)"
66.249.79.133 - - [20/Apr/2025:07:22:58 -0500] "GET /shopdetail/78266259158 HTTP/1.1" 200 120391 "-" "Mozilla/5.0 (Linux; Android 6.0.1; Nexus 5X Build/MMB29P) AppleWebKit/537.36 (KHTML, like Gecko) Chrome/135.0.7049.95 Mobile Safari/537.36 (compatible; Googlebot/2.1; +http://www.google.com/bot.html)"
20.171.207.75 - - [20/Apr/2025:07:22:58 -0500] "GET /blog/?path=%2Fhome%2Fcorals%2Finventory.corals.io%2Fvendor%2Fdoctrine%2Fdbal%2Flib%2FDoctrine%2FDBAL%2FException HTTP/1.1" 200 26829 "-" "Mozilla/5.0 AppleWebKit/537.36 (KHTML, like Gecko; compatible; GPTBot/1.2; +https://openai.com/gptbot)"
20.171.207.75 - - [20/Apr/2025:07:22:59 -0500] "GET /blog/?path=%2Fhome%2Fcorals%2Fcartforge.co%2Fpub%2Fstatic%2Ffrontend%2FMagento%2Fluma%2Fen_US%2FMagento_SalesRule%2Ftemplate%2Fcart%2Ftotals HTTP/1.1" 200 5770 "-" "Mozilla/5.0 AppleWebKit/537.36 (KHTML, like Gecko; compatible; GPTBot/1.2; +https://openai.com/gptbot)"
44.215.231.15 - - [20/Apr/2025:07:23:00 -0500] "GET /category/marketing/?fileloc=//home/corals/demo.intellicart.co/yarn.lock&path=//home/corals/demo.intellicart.co HTTP/1.1" 200 257866 "-" "Mozilla/5.0 AppleWebKit/537.36 (KHTML, like Gecko; compatible; Amazonbot/0.1; +https://developer.amazon.com/support/amazonbot) Chrome/119.0.6045.214 Safari/537.36"
20.171.207.75 - - [20/Apr/2025:07:23:00 -0500] "GET /blog/?path=%2Fhome%2Fcorals%2Finventory.corals.io%2Fvendor%2Fdoctrine%2Fdbal%2Flib%2FDoctrine%2FDBAL%2FDriver HTTP/1.1" 200 43368 "-" "Mozilla/5.0 AppleWebKit/537.36 (KHTML, like Gecko; compatible; GPTBot/1.2; +https://openai.com/gptbot)"
20.171.207.75 - - [20/Apr/2025:07:23:01 -0500] "GET /blog/?path=%2Fhome%2Fcorals%2Finventory.corals.io%2Fvendor%2Fdoctrine%2Fdbal%2Flib%2FDoctrine%2FDBAL%2FLogging HTTP/1.1" 200 8399 "-" "Mozilla/5.0 AppleWebKit/537.36 (KHTML, like Gecko; compatible; GPTBot/1.2; +https://openai.com/gptbot)"
20.171.207.75 - - [20/Apr/2025:07:23:03 -0500] "GET /blog/?path=%2Fhome%2Fcorals%2Finventory.corals.io%2Fvendor%2Fdoctrine%2Fdbal%2Flib%2FDoctrine%2FDBAL%2FConnections HTTP/1.1" 200 6521 "-" "Mozilla/5.0 AppleWebKit/537.36 (KHTML, like Gecko; compatible; GPTBot/1.2; +https://openai.com/gptbot)"
3.210.223.61 - - [20/Apr/2025:07:23:04 -0500] "GET /category/inventory-management/?fileloc=//home/corals/mcoil.corals.io/routes/channels.php&path=//home/corals/mcoil.corals.io/routes HTTP/1.1" 200 4020 "-" "Mozilla/5.0 AppleWebKit/537.36 (KHTML, like Gecko; compatible; Amazonbot/0.1; +https://developer.amazon.com/support/amazonbot) Chrome/119.0.6045.214 Safari/537.36"
20.171.207.75 - - [20/Apr/2025:07:23:04 -0500] "GET /blog/?fileloc=%2Fhome%2Fcorals%2Finventory.corals.io%2Fvendor%2Fdoctrine%2Fdbal%2Flib%2FDoctrine%2FDBAL%2FTools%2FConsole%2FConnectionNotFound.php&path=%2Fhome%2Fcorals%2Finventory.corals.io%2Fvendor%2Fdoctrine%2Fdbal%2Flib%2FDoctrine%2FDBAL%2FTools%2FConsole HTTP/1.1" 200 4364 "-" "Mozilla/5.0 AppleWebKit/537.36 (KHTML, like Gecko; compatible; GPTBot/1.2; +https://openai.com/gptbot)"
20.171.207.75 - - [20/Apr/2025:07:23:05 -0500] "GET /blog/?path=%2Fhome%2Fcorals%2Finventory.corals.io%2Fvendor%2Fdoctrine%2Fdbal%2Flib%2FDoctrine%2FDBAL%2FTools%2FConsole%2FConnectionProvider HTTP/1.1" 200 5764 "-" "Mozilla/5.0 AppleWebKit/537.36 (KHTML, like Gecko; compatible; GPTBot/1.2; +https://openai.com/gptbot)"
20.171.207.75 - - [20/Apr/2025:07:23:06 -0500] "GET /blog/?fileloc=%2Fhome%2Fcorals%2Finventory.corals.io%2Fvendor%2Fdoctrine%2Fdbal%2Flib%2FDoctrine%2FDBAL%2FSchema%2FColumnDiff.php&path=%2Fhome%2Fcorals%2Finventory.corals.io%2Fvendor%2Fdoctrine%2Fdbal%2Flib%2FDoctrine%2FDBAL%2FSchema HTTP/1.1" 200 5366 "-" "Mozilla/5.0 AppleWebKit/537.36 (KHTML, like Gecko; compatible; GPTBot/1.2; +https://openai.com/gptbot)"
20.171.207.75 - - [20/Apr/2025:07:23:07 -0500] "GET /blog/?path=%2Fhome%2Fcorals%2Finventory.corals.io%2Fvendor%2Fdoctrine%2Fdbal%2Flib%2FDoctrine%2FDBAL%2FTools%2FConsole%2FHelper HTTP/1.1" 200 5660 "-" "Mozilla/5.0 AppleWebKit/537.36 (KHTML, like Gecko; compatible; GPTBot/1.2; +https://openai.com/gptbot)"
44.197.76.210 - - [20/Apr/2025:07:23:08 -0500] "GET /category/inventory-management/?fileloc=//sys/kernel/slab/dmaengine-unmap-2/remote_node_defrag_ratio&path=//sys/kernel/slab/dmaengine-unmap-2 HTTP/1.1" 200 3499 "-" "Mozilla/5.0 AppleWebKit/537.36 (KHTML, like Gecko; compatible; Amazonbot/0.1; +https://developer.amazon.com/support/amazonbot) Chrome/119.0.6045.214 Safari/537.36"
20.171.207.75 - - [20/Apr/2025:07:23:08 -0500] "GET /blog/?path=%2Fhome%2Fcorals%2Finventory.corals.io%2Fvendor%2Fdoctrine%2Fdbal%2Flib%2FDoctrine%2FDBAL%2FTools%2FConsole%2FCommand HTTP/1.1" 200 7840 "-" "Mozilla/5.0 AppleWebKit/537.36 (KHTML, like Gecko; compatible; GPTBot/1.2; +https://openai.com/gptbot)"
20.171.207.75 - - [20/Apr/2025:07:23:09 -0500] "GET /blog/?fileloc=%2Fhome%2Fcorals%2Finventory.corals.io%2Fvendor%2Fdoctrine%2Fdbal%2Flib%2FDoctrine%2FDBAL%2FException%2FTableExistsException.php&path=%2Fhome%2Fcorals%2Finventory.corals.io%2Fvendor%2Fdoctrine%2Fdbal%2Flib%2FDoctrine%2FDBAL%2FException HTTP/1.1" 200 4354 "-" "Mozilla/5.0 AppleWebKit/537.36 (KHTML, like Gecko; compatible; GPTBot/1.2; +https://openai.com/gptbot)"
20.171.207.75 - - [20/Apr/2025:07:23:11 -0500] "GET /blog/?path=%2Fhome%2Fcorals%2Finventory.corals.io%2Fvendor%2Fdoctrine%2Fdbal%2Flib%2FDoctrine%2FDBAL%2FSchema%2FVisitor HTTP/1.1" 200 12969 "-" "Mozilla/5.0 AppleWebKit/537.36 (KHTML, like Gecko; compatible; GPTBot/1.2; +https://openai.com/gptbot)"
34.205.170.13 - - [20/Apr/2025:07:23:12 -0500] "GET /category/marketing/?fileloc=//lib/firmware/i915/dg1_guc_62.0.0.bin&path=//lib/firmware/i915 HTTP/1.1" 200 3409 "-" "Mozilla/5.0 AppleWebKit/537.36 (KHTML, like Gecko; compatible; Amazonbot/0.1; +https://developer.amazon.com/support/amazonbot) Chrome/119.0.6045.214 Safari/537.36"
20.171.207.75 - - [20/Apr/2025:07:23:12 -0500] "GET /blog/?path=%2Fhome%2Fcorals%2Finventory.corals.io%2Fvendor%2Fdoctrine%2Fdbal%2Flib%2FDoctrine%2FDBAL%2FDriver%2FPDO HTTP/1.1" 200 11854 "-" "Mozilla/5.0 AppleWebKit/537.36 (KHTML, like Gecko; compatible; GPTBot/1.2; +https://openai.com/gptbot)"
20.171.207.75 - - [20/Apr/2025:07:23:13 -0500] "GET /blog/?path=%2Fhome%2Fcorals%2Finventory.corals.io%2Fvendor%2Fdoctrine%2Fdbal%2Flib%2FDoctrine%2FDBAL%2FDriver%2FSQLSrv HTTP/1.1" 200 12646 "-" "Mozilla/5.0 AppleWebKit/537.36 (KHTML, like Gecko; compatible; GPTBot/1.2; +https://openai.com/gptbot)"
20.171.207.75 - - [20/Apr/2025:07:23:14 -0500] "GET /blog/?path=%2Fhome%2Fcorals%2Finventory.corals.io%2Fvendor%2Fdoctrine%2Fdbal%2Flib%2FDoctrine%2FDBAL%2FDriver%2FAbstractOracleDriver HTTP/1.1" 200 5601 "-" "Mozilla/5.0 AppleWebKit/537.36 (KHTML, like Gecko; compatible; GPTBot/1.2; +https://openai.com/gptbot)"
20.171.207.75 - - [20/Apr/2025:07:23:15 -0500] "GET /blog/?path=%2Fhome%2Fcorals%2Finventory.corals.io%2Fvendor%2Fdoctrine%2Fdbal%2Flib%2FDoctrine%2FDBAL%2FDriver%2FIBMDB2 HTTP/1.1" 200 13648 "-" "Mozilla/5.0 AppleWebKit/537.36 (KHTML, like Gecko; compatible; GPTBot/1.2; +https://openai.com/gptbot)"
54.209.100.30 - - [20/Apr/2025:07:23:16 -0500] "GET /category/marketing/?fileloc=//etc/pki/nssdb/pkcs11.txt&path=//etc/pki/nssdb HTTP/1.1" 200 3835 "-" "Mozilla/5.0 AppleWebKit/537.36 (KHTML, like Gecko; compatible; Amazonbot/0.1; +https://developer.amazon.com/support/amazonbot) Chrome/119.0.6045.214 Safari/537.36"
20.171.207.75 - - [20/Apr/2025:07:23:16 -0500] "GET /blog/?path=%2Fhome%2Fcorals%2Finventory.corals.io%2Fvendor%2Fdoctrine%2Fdbal%2Flib%2FDoctrine%2FDBAL%2FDriver%2FMysqli HTTP/1.1" 200 11603 "-" "Mozilla/5.0 AppleWebKit/537.36 (KHTML, like Gecko; compatible; GPTBot/1.2; +https://openai.com/gptbot)"
20.171.207.75 - - [20/Apr/2025:07:23:18 -0500] "GET /blog/?path=%2Fhome%2Fcorals%2Finventory.corals.io%2Fvendor%2Fdoctrine%2Fdbal%2Flib%2FDoctrine%2FDBAL%2FDriver%2FPDOOracle HTTP/1.1" 200 5491 "-" "Mozilla/5.0 AppleWebKit/537.36 (KHTML, like Gecko; compatible; GPTBot/1.2; +https://openai.com/gptbot)"
20.171.207.75 - - [20/Apr/2025:07:23:19 -0500] "GET /blog/?path=%2Fhome%2Fcorals%2Finventory.corals.io%2Fvendor%2Fdoctrine%2Fdbal%2Flib%2FDoctrine%2FDBAL%2FSharding%2FShardChoser HTTP/1.1" 200 6648 "-" "Mozilla/5.0 AppleWebKit/537.36 (KHTML, like Gecko; compatible; GPTBot/1.2; +https://openai.com/gptbot)"
54.145.82.217 - - [20/Apr/2025:07:23:20 -0500] "GET /category/marketing/?fileloc=//lib/systemd/system/sssd-nss.service&path=//lib/systemd/system HTTP/1.1" 200 3760 "-" "Mozilla/5.0 AppleWebKit/537.36 (KHTML, like Gecko; compatible; Amazonbot/0.1; +https://developer.amazon.com/support/amazonbot) Chrome/119.0.6045.214 Safari/537.36"
20.171.207.75 - - [20/Apr/2025:07:23:20 -0500] "GET /blog/?path=%2Fhome%2Fcorals%2Finventory.corals.io%2Fvendor%2Fdoctrine%2Fdbal%2Flib%2FDoctrine%2FDBAL%2FDriver%2FPDOIbm HTTP/1.1" 200 5473 "-" "Mozilla/5.0 AppleWebKit/537.36 (KHTML, like Gecko; compatible; GPTBot/1.2; +https://openai.com/gptbot)"
20.171.207.75 - - [20/Apr/2025:07:23:21 -0500] "GET /blog/?path=%2Fhome%2Fcorals%2Finventory.corals.io%2Fvendor%2Fdoctrine%2Fdbal%2Flib%2FDoctrine%2FDBAL%2FDriver%2FOCI8 HTTP/1.1" 200 11521 "-" "Mozilla/5.0 AppleWebKit/537.36 (KHTML, like Gecko; compatible; GPTBot/1.2; +https://openai.com/gptbot)"
20.171.207.75 - - [20/Apr/2025:07:23:22 -0500] "GET /blog/?path=%2Fhome%2Fcorals%2Finventory.corals.io%2Fvendor%2Fdoctrine%2Fdbal%2Flib%2FDoctrine%2FDBAL%2FDriver%2FAbstractSQLServerDriver HTTP/1.1" 200 5433 "-" "Mozilla/5.0 AppleWebKit/537.36 (KHTML, like Gecko; compatible; GPTBot/1.2; +https://openai.com/gptbot)"
20.171.207.75 - - [20/Apr/2025:07:23:24 -0500] "GET /blog/?path=%2Fhome%2Fcorals%2Finventory.corals.io%2Fvendor%2Fdoctrine%2Fdbal%2Flib%2FDoctrine%2FDBAL%2FDriver%2FPDO%2FOCI HTTP/1.1" 200 5581 "-" "Mozilla/5.0 AppleWebKit/537.36 (KHTML, like Gecko; compatible; GPTBot/1.2; +https://openai.com/gptbot)"
3.208.146.193 - - [20/Apr/2025:07:23:24 -0500] "GET /category/inventory-management/?fileloc=//sys/kernel/slab/uhci_urb_priv/shrink&path=//sys/kernel/slab/uhci_urb_priv HTTP/1.1" 200 3469 "-" "Mozilla/5.0 AppleWebKit/537.36 (KHTML, like Gecko; compatible; Amazonbot/0.1; +https://developer.amazon.com/support/amazonbot) Chrome/119.0.6045.214 Safari/537.36"
20.171.207.75 - - [20/Apr/2025:07:23:25 -0500] "GET /blog/?path=%2Fhome%2Fcorals%2Finventory.corals.io%2Fvendor%2Fdoctrine%2Fdbal%2Flib%2FDoctrine%2FDBAL%2FDriver%2FPDO%2FSQLite HTTP/1.1" 200 5600 "-" "Mozilla/5.0 AppleWebKit/537.36 (KHTML, like Gecko; compatible; GPTBot/1.2; +https://openai.com/gptbot)"
20.171.207.75 - - [20/Apr/2025:07:23:26 -0500] "GET /blog/?path=%2Fhome%2Fcorals%2Finventory.corals.io%2Fvendor%2Fdoctrine%2Fdbal%2Flib%2FDoctrine%2FDBAL%2FDriver%2FPDOSqlite HTTP/1.1" 200 5491 "-" "Mozilla/5.0 AppleWebKit/537.36 (KHTML, like Gecko; compatible; GPTBot/1.2; +https://openai.com/gptbot)"
20.171.207.75 - - [20/Apr/2025:07:23:27 -0500] "GET /blog/?path=%2Fhome%2Fcorals%2Finventory.corals.io%2Fvendor%2Fdoctrine%2Fdbal%2Flib%2FDoctrine%2FDBAL%2FSchema%2FSynchronizer HTTP/1.1" 200 7803 "-" "Mozilla/5.0 AppleWebKit/537.36 (KHTML, like Gecko; compatible; GPTBot/1.2; +https://openai.com/gptbot)"
52.70.138.176 - - [20/Apr/2025:07:23:28 -0500] "GET /category/inventory-management/?fileloc=//usr/share/doc/python3-unbound/avahi-resolver.py&path=//usr/share/doc/python3-unbound HTTP/1.1" 200 21784 "-" "Mozilla/5.0 AppleWebKit/537.36 (KHTML, like Gecko; compatible; Amazonbot/0.1; +https://developer.amazon.com/support/amazonbot) Chrome/119.0.6045.214 Safari/537.36"
20.171.207.75 - - [20/Apr/2025:07:23:28 -0500] "GET /blog/?path=%2Fhome%2Fcorals%2Finventory.corals.io%2Fvendor%2Fdoctrine%2Fdbal%2Flib%2FDoctrine%2FDBAL%2FDriver%2FIBMDB2%2FException HTTP/1.1" 200 12357 "-" "Mozilla/5.0 AppleWebKit/537.36 (KHTML, like Gecko; compatible; GPTBot/1.2; +https://openai.com/gptbot)"
20.171.207.75 - - [20/Apr/2025:07:23:29 -0500] "GET /blog/?path=%2Fhome%2Fcorals%2Finventory.corals.io%2Fvendor%2Fdoctrine%2Fdbal%2Flib%2FDoctrine%2FDBAL%2FDriver%2FMysqli%2FException HTTP/1.1" 200 11166 "-" "Mozilla/5.0 AppleWebKit/537.36 (KHTML, like Gecko; compatible; GPTBot/1.2; +https://openai.com/gptbot)"
20.171.207.75 - - [20/Apr/2025:07:23:31 -0500] "GET /blog/?path=%2Fhome%2Fcorals%2Finventory.corals.io%2Fvendor%2Fdoctrine%2Fdbal%2Flib%2FDoctrine%2FDBAL%2FPlatforms HTTP/1.1" 200 31441 "-" "Mozilla/5.0 AppleWebKit/537.36 (KHTML, like Gecko; compatible; GPTBot/1.2; +https://openai.com/gptbot)"
52.0.63.151 - - [20/Apr/2025:07:23:32 -0500] "GET /category/marketing/?fileloc=//sys/module/nft_counter/taint&path=//sys/module/nft_counter HTTP/1.1" 200 3410 "-" "Mozilla/5.0 AppleWebKit/537.36 (KHTML, like Gecko; compatible; Amazonbot/0.1; +https://developer.amazon.com/support/amazonbot) Chrome/119.0.6045.214 Safari/537.36"
20.171.207.75 - - [20/Apr/2025:07:23:32 -0500] "GET /blog/?path=%2Fhome%2Fcorals%2Finventory.corals.io%2Fvendor%2Fdoctrine%2Fdbal%2Flib%2FDoctrine%2FDBAL%2FForwardCompatibility HTTP/1.1" 200 7606 "-" "Mozilla/5.0 AppleWebKit/537.36 (KHTML, like Gecko; compatible; GPTBot/1.2; +https://openai.com/gptbot)"
20.171.207.75 - - [20/Apr/2025:07:23:33 -0500] "GET /blog/?path=%2Fhome%2Fcorals%2Finventory.corals.io%2Fvendor%2Fdoctrine%2Fdbal%2Flib%2FDoctrine%2FDBAL%2FDriver%2FPDOPgSql HTTP/1.1" 200 5485 "-" "Mozilla/5.0 AppleWebKit/537.36 (KHTML, like Gecko; compatible; GPTBot/1.2; +https://openai.com/gptbot)"
20.171.207.75 - - [20/Apr/2025:07:23:34 -0500] "GET /blog/?path=%2Fhome%2Fcorals%2Finventory.corals.io%2Fvendor%2Fdoctrine%2Fdbal%2Flib%2FDoctrine%2FDBAL%2FQuery%2FExpression HTTP/1.1" 200 6617 "-" "Mozilla/5.0 AppleWebKit/537.36 (KHTML, like Gecko; compatible; GPTBot/1.2; +https://openai.com/gptbot)"
20.171.207.75 - - [20/Apr/2025:07:23:35 -0500] "GET /blog/?path=%2Fhome%2Fcorals%2Finventory.corals.io%2Fvendor%2Fdoctrine%2Fdbal%2Flib%2FDoctrine%2FDBAL%2FSharding%2FSQLAzure HTTP/1.1" 200 7584 "-" "Mozilla/5.0 AppleWebKit/537.36 (KHTML, like Gecko; compatible; GPTBot/1.2; +https://openai.com/gptbot)"
34.233.114.237 - - [20/Apr/2025:07:23:36 -0500] "GET /category/inventory-management/?fileloc=//sys/kernel/slab/trace_event_file/objs_per_slab&path=//sys/kernel/slab/trace_event_file HTTP/1.1" 200 3485 "-" "Mozilla/5.0 AppleWebKit/537.36 (KHTML, like Gecko; compatible; Amazonbot/0.1; +https://developer.amazon.com/support/amazonbot) Chrome/119.0.6045.214 Safari/537.36"
20.171.207.75 - - [20/Apr/2025:07:23:36 -0500] "GET /blog/?fileloc=%2Fhome%2Fcorals%2Finventory.corals.io%2Fvendor%2Fdoctrine%2Fdbal%2Flib%2FDoctrine%2FDBAL%2FDriver%2FPDO%2FOCI%2FDriver.php&path=%2Fhome%2Fcorals%2Finventory.corals.io%2Fvendor%2Fdoctrine%2Fdbal%2Flib%2FDoctrine%2FDBAL%2FDriver%2FPDO%2FOCI HTTP/1.1" 200 4454 "-" "Mozilla/5.0 AppleWebKit/537.36 (KHTML, like Gecko; compatible; GPTBot/1.2; +https://openai.com/gptbot)"
20.171.207.75 - - [20/Apr/2025:07:23:38 -0500] "GET /blog/?path=%2Fhome%2Fcorals%2Finventory.corals.io%2Fvendor%2Fdoctrine%2Fdbal%2Flib%2FDoctrine%2FDBAL%2FDriver%2FPDOSqlsrv HTTP/1.1" 200 7581 "-" "Mozilla/5.0 AppleWebKit/537.36 (KHTML, like Gecko; compatible; GPTBot/1.2; +https://openai.com/gptbot)"
20.171.207.75 - - [20/Apr/2025:07:23:39 -0500] "GET /blog/?path=%2Fhome%2Fcorals%2Finventory.corals.io%2Fvendor%2Fdoctrine%2Fdbal%2Flib%2FDoctrine%2FDBAL%2FDriver%2FDrizzlePDOMySql HTTP/1.1" 200 6598 "-" "Mozilla/5.0 AppleWebKit/537.36 (KHTML, like Gecko; compatible; GPTBot/1.2; +https://openai.com/gptbot)"
23.21.175.228 - - [20/Apr/2025:07:23:40 -0500] "GET /category/inventory-management/?fileloc=//lib/systemd/system/qemu-guest-agent.service&path=//lib/systemd/system HTTP/1.1" 200 3939 "-" "Mozilla/5.0 AppleWebKit/537.36 (KHTML, like Gecko; compatible; Amazonbot/0.1; +https://developer.amazon.com/support/amazonbot) Chrome/119.0.6045.214 Safari/537.36"
20.171.207.75 - - [20/Apr/2025:07:23:40 -0500] "GET /blog/?path=%2Fhome%2Fcorals%2Finventory.corals.io%2Fvendor%2Fdoctrine%2Fdbal%2Flib%2FDoctrine%2FDBAL%2FDriver%2FPDOMySql HTTP/1.1" 200 5485 "-" "Mozilla/5.0 AppleWebKit/537.36 (KHTML, like Gecko; compatible; GPTBot/1.2; +https://openai.com/gptbot)"
20.171.207.75 - - [20/Apr/2025:07:23:41 -0500] "GET /blog/?path=%2Fhome%2Fcorals%2Finventory.corals.io%2Fvendor%2Fdoctrine%2Fdbal%2Flib%2FDoctrine%2FDBAL%2FDriver%2FAbstractSQLServerDriver%2FException HTTP/1.1" 200 5794 "-" "Mozilla/5.0 AppleWebKit/537.36 (KHTML, like Gecko; compatible; GPTBot/1.2; +https://openai.com/gptbot)"
20.171.207.75 - - [20/Apr/2025:07:23:42 -0500] "GET /blog/?path=%2Fhome%2Fcorals%2Finventory.corals.io%2Fvendor%2Fdoctrine%2Fdbal%2Flib%2FDoctrine%2FDBAL%2FDriver%2FSQLAnywhere HTTP/1.1" 200 8793 "-" "Mozilla/5.0 AppleWebKit/537.36 (KHTML, like Gecko; compatible; GPTBot/1.2; +https://openai.com/gptbot)"
20.171.207.75 - - [20/Apr/2025:07:23:43 -0500] "GET /blog/?path=%2Fhome%2Fcorals%2Finventory.corals.io%2Fvendor%2Fdoctrine%2Fdbal%2Flib%2FDoctrine%2FDBAL%2FPlatforms%2FKeywords HTTP/1.1" 200 30527 "-" "Mozilla/5.0 AppleWebKit/537.36 (KHTML, like Gecko; compatible; GPTBot/1.2; +https://openai.com/gptbot)"
23.23.214.190 - - [20/Apr/2025:07:23:44 -0500] "GET /category/inventory-management/?fileloc=//sys/module/gpiolib_acpi/parameters/run_edge_events_on_boot&path=//sys/module/gpiolib_acpi/parameters HTTP/1.1" 200 3511 "-" "Mozilla/5.0 AppleWebKit/537.36 (KHTML, like Gecko; compatible; Amazonbot/0.1; +https://developer.amazon.com/support/amazonbot) Chrome/119.0.6045.214 Safari/537.36"
20.171.207.75 - - [20/Apr/2025:07:23:44 -0500] "GET /blog/?path=%2Fhome%2Fcorals%2Finventory.corals.io%2Fvendor%2Fdoctrine%2Fdbal%2Flib%2FDoctrine%2FDBAL%2FDriver%2FSQLSrv%2FException HTTP/1.1" 200 5635 "-" "Mozilla/5.0 AppleWebKit/537.36 (KHTML, like Gecko; compatible; GPTBot/1.2; +https://openai.com/gptbot)"
20.171.207.75 - - [20/Apr/2025:07:23:46 -0500] "GET /blog/?path=%2Fhome%2Fcorals%2Fcartforge.co%2Fpub%2Fstatic%2Ffrontend%2FMagento%2Fblank%2Fen_US%2FMagento_Reports HTTP/1.1" 200 5147 "-" "Mozilla/5.0 AppleWebKit/537.36 (KHTML, like Gecko; compatible; GPTBot/1.2; +https://openai.com/gptbot)"
20.171.207.75 - - [20/Apr/2025:07:23:47 -0500] "GET /blog/?path=%2Fhome%2Fcorals%2Finventory.corals.io%2Fvendor%2Fdoctrine%2Fdbal%2Flib%2FDoctrine%2FDBAL%2FSharding%2FSQLAzure%2FSchema HTTP/1.1" 200 5699 "-" "Mozilla/5.0 AppleWebKit/537.36 (KHTML, like Gecko; compatible; GPTBot/1.2; +https://openai.com/gptbot)"
34.193.2.57 - - [20/Apr/2025:07:23:48 -0500] "GET /category/inventory-management/?fileloc=//sys/devices/system/container/uevent&path=//sys/devices/system/container HTTP/1.1" 200 3470 "-" "Mozilla/5.0 AppleWebKit/537.36 (KHTML, like Gecko; compatible; Amazonbot/0.1; +https://developer.amazon.com/support/amazonbot) Chrome/119.0.6045.214 Safari/537.36"
20.171.207.75 - - [20/Apr/2025:07:23:48 -0500] "GET /blog/?path=%2Fhome%2Fcorals%2Finventory.corals.io%2Fvendor%2Ffzaninotto%2Ffaker%2Fsrc%2FFaker%2FProvider%2Fat_AT HTTP/1.1" 200 5366 "-" "Mozilla/5.0 AppleWebKit/537.36 (KHTML, like Gecko; compatible; GPTBot/1.2; +https://openai.com/gptbot)"
20.171.207.75 - - [20/Apr/2025:07:23:49 -0500] "GET /blog/?path=%2Fhome%2Fcorals%2Finventory.corals.io%2Fvendor%2Ffzaninotto%2Ffaker%2Fsrc%2FFaker%2FProvider%2Ffa_IR HTTP/1.1" 200 10408 "-" "Mozilla/5.0 AppleWebKit/537.36 (KHTML, like Gecko; compatible; GPTBot/1.2; +https://openai.com/gptbot)"
20.171.207.75 - - [20/Apr/2025:07:23:50 -0500] "GET /blog/?path=%2Fhome%2Fcorals%2Fjob-board.corals.io%2FCorals%2Fcore%2FUser%2FCommunication%2FProviders HTTP/1.1" 200 9513 "-" "Mozilla/5.0 AppleWebKit/537.36 (KHTML, like Gecko; compatible; GPTBot/1.2; +https://openai.com/gptbot)"
20.171.207.75 - - [20/Apr/2025:07:23:51 -0500] "GET /blog/?path=%2Fhome%2Fcorals%2Fcartforge.co%2Fpub%2Fstatic%2Ffrontend%2FMagento%2Fblank%2Fen_US%2FMagento_Catalog HTTP/1.1" 200 7769 "-" "Mozilla/5.0 AppleWebKit/537.36 (KHTML, like Gecko; compatible; GPTBot/1.2; +https://openai.com/gptbot)"
52.0.105.244 - - [20/Apr/2025:07:23:52 -0500] "GET /category/inventory-management/?fileloc=//sys/kernel/slab/dmaengine-unmap-256/alloc_calls&path=//sys/kernel/slab/dmaengine-unmap-256 HTTP/1.1" 200 3492 "-" "Mozilla/5.0 AppleWebKit/537.36 (KHTML, like Gecko; compatible; Amazonbot/0.1; +https://developer.amazon.com/support/amazonbot) Chrome/119.0.6045.214 Safari/537.36"
20.171.207.75 - - [20/Apr/2025:07:23:52 -0500] "GET /blog/?fileloc=%2Fhome%2Fcorals%2Finventory.corals.io%2Fvendor%2Fdoctrine%2Fdbal%2Flib%2FDoctrine%2FDBAL%2FDriver%2FAbstractSQLServerDriver%2FException%2FPortWithoutHost.php&path=%2Fhome%2Fcorals%2Finventory.corals.io%2Fvendor%2Fdoctrine%2Fdbal%2Flib%2FDoctrine%2FDBAL%2FDriver%2FAbstractSQLServerDriver%2FException HTTP/1.1" 200 4809 "-" "Mozilla/5.0 AppleWebKit/537.36 (KHTML, like Gecko; compatible; GPTBot/1.2; +https://openai.com/gptbot)"
20.171.207.75 - - [20/Apr/2025:07:23:54 -0500] "GET /blog/?path=%2Fhome%2Fcorals%2Fcartforge.co%2Fpub%2Fstatic%2Ffrontend%2FMagento%2Fblank%2Fen_US%2FMageplaza_Search HTTP/1.1" 200 6013 "-" "Mozilla/5.0 AppleWebKit/537.36 (KHTML, like Gecko; compatible; GPTBot/1.2; +https://openai.com/gptbot)"
20.171.207.75 - - [20/Apr/2025:07:23:55 -0500] "GET /blog/?path=%2Fhome%2Fcorals%2Finventory.corals.io%2Fvendor%2Ffzaninotto%2Ffaker%2Fsrc%2FFaker%2FProvider%2Fme_ME HTTP/1.1" 200 9408 "-" "Mozilla/5.0 AppleWebKit/537.36 (KHTML, like Gecko; compatible; GPTBot/1.2; +https://openai.com/gptbot)"
54.162.69.192 - - [20/Apr/2025:07:23:56 -0500] "GET /category/marketing/?fileloc=//var/run/chkservd/ipaliases&path=//var/run/chkservd HTTP/1.1" 200 3393 "-" "Mozilla/5.0 AppleWebKit/537.36 (KHTML, like Gecko; compatible; Amazonbot/0.1; +https://developer.amazon.com/support/amazonbot) Chrome/119.0.6045.214 Safari/537.36"
