20.171.207.75 - - [20/Apr/2025:07:43:13 -0500] "GET /blog/?path=%2Fhome%2Fcorals%2Fmets.corals.io%2Fwp-content%2Fplugins%2Fjetpack%2Fjetpack_vendor%2Fautomattic%2Fjetpack-videopress%2Fsrc%2Fclient%2Fadmin%2Fcomponents%2Fvideo-thumbnail HTTP/1.1" 200 9887 "-" "Mozilla/5.0 AppleWebKit/537.36 (KHTML, like Gecko; compatible; GPTBot/1.2; +https://openai.com/gptbot)"
20.171.207.75 - - [20/Apr/2025:07:43:14 -0500] "GET /blog/?path=%2Fhome%2Fcorals%2Fstore.intellicart.co%2Fwp-content%2Fplugins%2Fgenerate-random-orders-for-woocommerce%2Fvendor%2Ffakerphp%2Ffaker%2Fsrc%2FFaker%2FProvider%2Fka_GE HTTP/1.1" 200 16185 "-" "Mozilla/5.0 AppleWebKit/537.36 (KHTML, like Gecko; compatible; GPTBot/1.2; +https://openai.com/gptbot)"
20.171.207.75 - - [20/Apr/2025:07:43:15 -0500] "GET /blog/?path=%2Fhome%2Fcorals%2Fstore.intellicart.co%2Fwp-content%2Fplugins%2Fgenerate-random-orders-for-woocommerce%2Fvendor%2Ffakerphp%2Ffaker%2Fsrc%2FFaker%2FORM%2FSpot HTTP/1.1" 200 8764 "-" "Mozilla/5.0 AppleWebKit/537.36 (KHTML, like Gecko; compatible; GPTBot/1.2; +https://openai.com/gptbot)"
20.171.207.75 - - [20/Apr/2025:07:43:16 -0500] "GET /blog/?path=%2Fhome%2Fcorals%2Fstore.intellicart.co%2Fwp-content%2Fplugins%2Fgenerate-random-orders-for-woocommerce%2Fvendor%2Ffakerphp%2Ffaker%2Fsrc%2FFaker%2FProvider%2Fkk_KZ HTTP/1.1" 200 14945 "-" "Mozilla/5.0 AppleWebKit/537.36 (KHTML, like Gecko; compatible; GPTBot/1.2; +https://openai.com/gptbot)"
44.215.235.20 - - [20/Apr/2025:07:43:16 -0500] "GET /category/marketing/?fileloc=//lib/firmware/radeon/HAINAN_smc.bin&path=//lib/firmware/radeon HTTP/1.1" 200 3411 "-" "Mozilla/5.0 AppleWebKit/537.36 (KHTML, like Gecko; compatible; Amazonbot/0.1; +https://developer.amazon.com/support/amazonbot) Chrome/119.0.6045.214 Safari/537.36"
20.171.207.75 - - [20/Apr/2025:07:43:17 -0500] "GET /blog/?path=%2Fhome%2Fcorals%2Fstore.intellicart.co%2Fwp-content%2Fplugins%2Fgenerate-random-orders-for-woocommerce%2Fvendor%2Ffakerphp%2Ffaker%2Fsrc%2FFaker%2FProvider%2Fen_IN HTTP/1.1" 200 10025 "-" "Mozilla/5.0 AppleWebKit/537.36 (KHTML, like Gecko; compatible; GPTBot/1.2; +https://openai.com/gptbot)"
20.171.207.75 - - [20/Apr/2025:07:43:18 -0500] "GET /blog/?path=%2Fhome%2Fcorals%2Fstore.intellicart.co%2Fwp-content%2Fplugins%2Fgenerate-random-orders-for-woocommerce%2Fvendor%2Ffakerphp%2Ffaker%2Fsrc%2FFaker%2FProvider%2Fde_CH HTTP/1.1" 200 13720 "-" "Mozilla/5.0 AppleWebKit/537.36 (KHTML, like Gecko; compatible; GPTBot/1.2; +https://openai.com/gptbot)"
20.171.207.75 - - [20/Apr/2025:07:43:19 -0500] "GET /blog/?fileloc=%2Fhome%2Fcorals%2Fstore.intellicart.co%2Fwp-content%2Fplugins%2Fgenerate-random-orders-for-woocommerce%2Fvendor%2Ffakerphp%2Ffaker%2Fsrc%2FFaker%2FProvider%2Fhe_IL%2FCompany.php&path=%2Fhome%2Fcorals%2Fstore.intellicart.co%2Fwp-content%2Fplugins%2Fgenerate-random-orders-for-woocommerce%2Fvendor%2Ffakerphp%2Ffaker%2Fsrc%2FFaker%2FProvider%2Fhe_IL HTTP/1.1" 200 5264 "-" "Mozilla/5.0 AppleWebKit/537.36 (KHTML, like Gecko; compatible; GPTBot/1.2; +https://openai.com/gptbot)"
34.231.45.47 - - [20/Apr/2025:07:43:20 -0500] "GET /category/marketing/?fileloc=//lib/systemd/system/sssd-nss.socket&path=//lib/systemd/system HTTP/1.1" 200 3828 "-" "Mozilla/5.0 AppleWebKit/537.36 (KHTML, like Gecko; compatible; Amazonbot/0.1; +https://developer.amazon.com/support/amazonbot) Chrome/119.0.6045.214 Safari/537.36"
20.171.207.75 - - [20/Apr/2025:07:43:20 -0500] "GET /blog/?path=%2Fhome%2Fcorals%2Fstore.intellicart.co%2Fwp-content%2Fplugins%2Fgenerate-random-orders-for-woocommerce%2Fvendor%2Ffakerphp%2Ffaker%2Fsrc%2FFaker%2FProvider%2Ffr_CH HTTP/1.1" 200 14943 "-" "Mozilla/5.0 AppleWebKit/537.36 (KHTML, like Gecko; compatible; GPTBot/1.2; +https://openai.com/gptbot)"
20.171.207.75 - - [20/Apr/2025:07:43:21 -0500] "GET /blog/?path=%2Fhome%2Fcorals%2Fstore.intellicart.co%2Fwp-content%2Fplugins%2Fgenerate-random-orders-for-woocommerce%2Fvendor%2Ffakerphp%2Ffaker%2Fsrc%2FFaker%2FProvider%2Fde_DE HTTP/1.1" 200 13721 "-" "Mozilla/5.0 AppleWebKit/537.36 (KHTML, like Gecko; compatible; GPTBot/1.2; +https://openai.com/gptbot)"
20.171.207.75 - - [20/Apr/2025:07:43:23 -0500] "GET /blog/?path=%2Fhome%2Fcorals%2Fmets.corals.io%2Fwp-content%2Fplugins%2Fjetpack%2Fjetpack_vendor%2Fautomattic%2Fjetpack-wordads%2Fsrc%2Fdashboard%2Fcomponents%2Fform-toggle HTTP/1.1" 200 9540 "-" "Mozilla/5.0 AppleWebKit/537.36 (KHTML, like Gecko; compatible; GPTBot/1.2; +https://openai.com/gptbot)"
20.171.207.75 - - [20/Apr/2025:07:43:24 -0500] "GET /blog/?path=%2Fhome%2Fcorals%2Fmets.corals.io%2Fwp-content%2Fplugins%2Fjetpack%2Fjetpack_vendor%2Fautomattic%2Fjetpack-wordads%2Fsrc%2Fdashboard%2Fcomponents%2Fglobal-notices HTTP/1.1" 200 9395 "-" "Mozilla/5.0 AppleWebKit/537.36 (KHTML, like Gecko; compatible; GPTBot/1.2; +https://openai.com/gptbot)"
52.204.71.8 - - [20/Apr/2025:07:43:24 -0500] "GET /category/inventory-management/?fileloc=//etc/systemd/system/redis-sentinel.service.d/limit.conf&path=//etc/systemd/system/redis-sentinel.service.d HTTP/1.1" 200 3746 "-" "Mozilla/5.0 AppleWebKit/537.36 (KHTML, like Gecko; compatible; Amazonbot/0.1; +https://developer.amazon.com/support/amazonbot) Chrome/119.0.6045.214 Safari/537.36"
20.171.207.75 - - [20/Apr/2025:07:43:25 -0500] "GET /blog/?path=%2Fhome%2Fcorals%2Fmets.corals.io%2Fwp-content%2Fplugins%2Fjetpack%2Fjetpack_vendor%2Fautomattic%2Fjetpack-videopress%2Fsrc%2Fclient%2Futils%2Fvideo-extensions HTTP/1.1" 200 6093 "-" "Mozilla/5.0 AppleWebKit/537.36 (KHTML, like Gecko; compatible; GPTBot/1.2; +https://openai.com/gptbot)"
20.171.207.75 - - [20/Apr/2025:07:43:26 -0500] "GET /blog/?path=%2Fhome%2Fcorals%2Fmets.corals.io%2Fwp-content%2Fplugins%2Fjetpack%2Fjetpack_vendor%2Fautomattic%2Fjetpack-videopress%2Fsrc%2Fclient%2Fadmin%2Fcomponents%2Fvideo-thumbnail%2Fstories HTTP/1.1" 200 7828 "-" "Mozilla/5.0 AppleWebKit/537.36 (KHTML, like Gecko; compatible; GPTBot/1.2; +https://openai.com/gptbot)"
20.171.207.75 - - [20/Apr/2025:07:43:27 -0500] "GET /blog/?fileloc=%2Fhome%2Fcorals%2Fstore.intellicart.co%2Fwp-content%2Fplugins%2Fgenerate-random-orders-for-woocommerce%2Fvendor%2Ffakerphp%2Ffaker%2Fsrc%2FFaker%2FProvider%2Fka_GE%2FCompany.php&path=%2Fhome%2Fcorals%2Fstore.intellicart.co%2Fwp-content%2Fplugins%2Fgenerate-random-orders-for-woocommerce%2Fvendor%2Ffakerphp%2Ffaker%2Fsrc%2FFaker%2FProvider%2Fka_GE HTTP/1.1" 200 7087 "-" "Mozilla/5.0 AppleWebKit/537.36 (KHTML, like Gecko; compatible; GPTBot/1.2; +https://openai.com/gptbot)"
52.70.138.176 - - [20/Apr/2025:07:43:28 -0500] "GET /category/marketing/?fileloc=//lib/firmware/brcm/brcmfmac4354-sdio.bin&path=//lib/firmware/brcm HTTP/1.1" 200 3412 "-" "Mozilla/5.0 AppleWebKit/537.36 (KHTML, like Gecko; compatible; Amazonbot/0.1; +https://developer.amazon.com/support/amazonbot) Chrome/119.0.6045.214 Safari/537.36"
20.171.207.75 - - [20/Apr/2025:07:43:28 -0500] "GET /blog/?path=%2Fhome%2Fcorals%2Fstore.intellicart.co%2Fwp-content%2Fplugins%2Fgenerate-random-orders-for-woocommerce%2Fvendor%2Ffakerphp%2Ffaker%2Fsrc%2FFaker%2FProvider%2Fes_AR HTTP/1.1" 200 10021 "-" "Mozilla/5.0 AppleWebKit/537.36 (KHTML, like Gecko; compatible; GPTBot/1.2; +https://openai.com/gptbot)"
20.171.207.75 - - [20/Apr/2025:07:43:29 -0500] "GET /blog/?path=%2Fhome%2Fcorals%2Fstore.intellicart.co%2Fwp-content%2Fplugins%2Fgenerate-random-orders-for-woocommerce%2Fvendor%2Ffakerphp%2Ffaker%2Fsrc%2FFaker%2FProvider%2Ffr_CA HTTP/1.1" 200 11219 "-" "Mozilla/5.0 AppleWebKit/537.36 (KHTML, like Gecko; compatible; GPTBot/1.2; +https://openai.com/gptbot)"
20.171.207.75 - - [20/Apr/2025:07:43:31 -0500] "GET /blog/?path=%2Fhome%2Fcorals%2Fmets.corals.io%2Fwp-content%2Fplugins%2Fjetpack%2Fjetpack_vendor%2Fautomattic%2Fjetpack-backup%2Fsrc%2Fjs%2Fcomponents%2Freview-request HTTP/1.1" 200 9463 "-" "Mozilla/5.0 AppleWebKit/537.36 (KHTML, like Gecko; compatible; GPTBot/1.2; +https://openai.com/gptbot)"
52.22.87.224 - - [20/Apr/2025:07:43:32 -0500] "GET /category/inventory-management/?fileloc=//lib/firmware/i915/bxt_huc_2.0.0.bin&path=//lib/firmware/i915 HTTP/1.1" 200 3408 "-" "Mozilla/5.0 AppleWebKit/537.36 (KHTML, like Gecko; compatible; Amazonbot/0.1; +https://developer.amazon.com/support/amazonbot) Chrome/119.0.6045.214 Safari/537.36"
20.171.207.75 - - [20/Apr/2025:07:43:32 -0500] "GET /blog/?path=%2Fhome%2Fcorals%2Fmets-rebuild.corals.io%2Fwp-content%2Fplugins%2Fjetpack%2F_inc%2Flib%2Fcore-api%2Fwpcom-endpoints HTTP/1.1" 200 48640 "-" "Mozilla/5.0 AppleWebKit/537.36 (KHTML, like Gecko; compatible; GPTBot/1.2; +https://openai.com/gptbot)"
20.171.207.75 - - [20/Apr/2025:07:43:33 -0500] "GET /blog/?path=%2Fhome%2Fcorals%2Fmets.corals.io%2Fwp-content%2Fplugins%2Fwp-mail-smtp%2Fvendor_prefixed%2Fpsr%2Fhttp-message%2Fsrc HTTP/1.1" 200 12176 "-" "Mozilla/5.0 AppleWebKit/537.36 (KHTML, like Gecko; compatible; GPTBot/1.2; +https://openai.com/gptbot)"
20.171.207.75 - - [20/Apr/2025:07:43:34 -0500] "GET /blog/?path=%2Fhome%2Fcorals%2Fmets.corals.io%2Fwp-content%2Fplugins%2Fjetpack%2Fjetpack_vendor%2Fautomattic%2Fjetpack-wordads%2Fsrc%2Fdashboard%2Fcomponents%2Fform-toggle%2Ftest HTTP/1.1" 200 6300 "-" "Mozilla/5.0 AppleWebKit/537.36 (KHTML, like Gecko; compatible; GPTBot/1.2; +https://openai.com/gptbot)"
20.171.207.75 - - [20/Apr/2025:07:43:35 -0500] "GET /blog/?path=%2Fhome%2Fcorals%2Fmets.corals.io%2Fwp-content%2Fplugins%2Fjetpack%2Fjetpack_vendor%2Fautomattic%2Fjetpack-wordads%2Fsrc%2Fdashboard%2Fcomponents%2Fglobal-notices%2Fstore HTTP/1.1" 200 8812 "-" "Mozilla/5.0 AppleWebKit/537.36 (KHTML, like Gecko; compatible; GPTBot/1.2; +https://openai.com/gptbot)"
52.45.77.169 - - [20/Apr/2025:07:43:36 -0500] "GET /category/marketing/?fileloc=//lib/firmware/i915/icl_dmc_ver1_09.bin&path=//lib/firmware/i915 HTTP/1.1" 200 3410 "-" "Mozilla/5.0 AppleWebKit/537.36 (KHTML, like Gecko; compatible; Amazonbot/0.1; +https://developer.amazon.com/support/amazonbot) Chrome/119.0.6045.214 Safari/537.36"
20.171.207.75 - - [20/Apr/2025:07:43:36 -0500] "GET /blog/?path=%2Fhome%2Fcorals%2Fmets.corals.io%2Fwp-content%2Fplugins%2Fjetpack%2Fjetpack_vendor%2Fautomattic%2Fjetpack-wordads%2Fsrc%2Fdashboard%2Fcomponents%2Fglobal-notices%2Ftest HTTP/1.1" 200 6321 "-" "Mozilla/5.0 AppleWebKit/537.36 (KHTML, like Gecko; compatible; GPTBot/1.2; +https://openai.com/gptbot)"
20.171.207.75 - - [20/Apr/2025:07:43:38 -0500] "GET /blog/?path=%2Fhome%2Fcorals%2Fmets-rebuild.corals.io%2Fwp-content%2Fplugins%2Fall-in-one-seo-pack-pro%2Fapp%2FPro%2FSchema%2FGraphs HTTP/1.1" 200 21521 "-" "Mozilla/5.0 AppleWebKit/537.36 (KHTML, like Gecko; compatible; GPTBot/1.2; +https://openai.com/gptbot)"
20.171.207.75 - - [20/Apr/2025:07:43:39 -0500] "GET /blog/?path=%2Fhome%2Fcorals%2Fmets-rebuild.corals.io%2Fwp-content%2Fplugins%2Fall-in-one-seo-pack-pro%2Fapp%2FPro%2FAdmin%2FNotices HTTP/1.1" 200 5575 "-" "Mozilla/5.0 AppleWebKit/537.36 (KHTML, like Gecko; compatible; GPTBot/1.2; +https://openai.com/gptbot)"
3.213.106.226 - - [20/Apr/2025:07:43:40 -0500] "GET /category/inventory-management/?path=//sys/bus/platform/drivers/clk-pmc-atom HTTP/1.1" 200 6261 "-" "Mozilla/5.0 AppleWebKit/537.36 (KHTML, like Gecko; compatible; Amazonbot/0.1; +https://developer.amazon.com/support/amazonbot) Chrome/119.0.6045.214 Safari/537.36"
20.171.207.75 - - [20/Apr/2025:07:43:40 -0500] "GET /blog/?path=%2Fhome%2Fcorals%2Fmets-rebuild.corals.io%2Fwp-content%2Fplugins%2Fall-in-one-seo-pack-pro%2Fapp%2FPro%2FViews%2Fadmin HTTP/1.1" 200 5599 "-" "Mozilla/5.0 AppleWebKit/537.36 (KHTML, like Gecko; compatible; GPTBot/1.2; +https://openai.com/gptbot)"
20.171.207.75 - - [20/Apr/2025:07:43:41 -0500] "GET /blog/?path=%2Fhome%2Fcorals%2Fcartforge.co%2Fgenerated%2Fcode%2FStripeIntegration%2FPayments%2FCommands%2FWebhooks%2FAutomaticConfigurationCommand HTTP/1.1" 200 5594 "-" "Mozilla/5.0 AppleWebKit/537.36 (KHTML, like Gecko; compatible; GPTBot/1.2; +https://openai.com/gptbot)"
20.171.207.75 - - [20/Apr/2025:07:43:42 -0500] "GET /blog/?path=%2Fhome%2Fcorals%2Fcartforge.co%2Fgenerated%2Fcode%2FMagento%2FInventoryLowQuantityNotification%2FModel%2FResourceModel%2FLowQuantityCollection HTTP/1.1" 200 5673 "-" "Mozilla/5.0 AppleWebKit/537.36 (KHTML, like Gecko; compatible; GPTBot/1.2; +https://openai.com/gptbot)"
20.171.207.75 - - [20/Apr/2025:07:43:43 -0500] "GET /blog/?path=%2Fhome%2Fcorals%2Fcartforge.co%2Fvendor%2Fmagento%2Fmodule-swatches%2FTest%2FMftf%2FTest%2FStorefrontConfigurableProductSwatchMinimumPriceTest HTTP/1.1" 200 7210 "-" "Mozilla/5.0 AppleWebKit/537.36 (KHTML, like Gecko; compatible; GPTBot/1.2; +https://openai.com/gptbot)"
44.207.207.36 - - [20/Apr/2025:07:43:44 -0500] "GET /category/inventory-management/?fileloc=//lib/firmware/cirrus/cs35l41-dsp1-spk-prot-103c8be7-spkid0-l0.bin&path=//lib/firmware/cirrus HTTP/1.1" 200 3441 "-" "Mozilla/5.0 AppleWebKit/537.36 (KHTML, like Gecko; compatible; Amazonbot/0.1; +https://developer.amazon.com/support/amazonbot) Chrome/119.0.6045.214 Safari/537.36"
20.171.207.75 - - [20/Apr/2025:07:43:44 -0500] "GET /blog/?fileloc=%2Fhome%2Fcorals%2Fmets-rebuild.corals.io%2Fwp-content%2Fplugins%2Fjetpack%2F_inc%2Flib%2Fcore-api%2Fwpcom-endpoints%2Fclass-wpcom-rest-api-v2-endpoint-publicize-share-status.php&path=%2Fhome%2Fcorals%2Fmets-rebuild.corals.io%2Fwp-content%2Fplugins%2Fjetpack%2F_inc%2Flib%2Fcore-api%2Fwpcom-endpoints HTTP/1.1" 200 8333 "-" "Mozilla/5.0 AppleWebKit/537.36 (KHTML, like Gecko; compatible; GPTBot/1.2; +https://openai.com/gptbot)"
20.171.207.75 - - [20/Apr/2025:07:43:46 -0500] "GET /blog/?path=%2Fhome%2Fcorals%2Fcartforge.co%2Fgenerated%2Fcode%2FStripeIntegration%2FPayments%2FCommands%2FMftf%2FConfigureSubscriptionProductCommand HTTP/1.1" 200 5602 "-" "Mozilla/5.0 AppleWebKit/537.36 (KHTML, like Gecko; compatible; GPTBot/1.2; +https://openai.com/gptbot)"
20.171.207.75 - - [20/Apr/2025:07:43:47 -0500] "GET /blog/?path=%2Fhome%2Fcorals%2Fcartforge.co%2Fgenerated%2Fcode%2FStripeIntegration%2FPayments%2FCommands%2FWebhooks%2FProcessEventsDateRangeCommand HTTP/1.1" 200 5594 "-" "Mozilla/5.0 AppleWebKit/537.36 (KHTML, like Gecko; compatible; GPTBot/1.2; +https://openai.com/gptbot)"
20.171.207.75 - - [20/Apr/2025:07:43:48 -0500] "GET /blog/?path=%2Fhome%2Fcorals%2Fcartforge.co%2Fvendor%2Fleague%2Fflysystem-aws-s3-v3 HTTP/1.1" 200 8701 "-" "Mozilla/5.0 AppleWebKit/537.36 (KHTML, like Gecko; compatible; GPTBot/1.2; +https://openai.com/gptbot)"
98.82.66.172 - - [20/Apr/2025:07:43:48 -0500] "GET /category/marketing/?fileloc=//lib/firmware/cirrus/cs35l41-dsp1-spk-prot-17aa3855-spkid0-r0.bin&path=//lib/firmware/cirrus HTTP/1.1" 200 3441 "-" "Mozilla/5.0 AppleWebKit/537.36 (KHTML, like Gecko; compatible; Amazonbot/0.1; +https://developer.amazon.com/support/amazonbot) Chrome/119.0.6045.214 Safari/537.36"
20.171.207.75 - - [20/Apr/2025:07:43:49 -0500] "GET /blog/?path=%2Fhome%2Fcorals%2Fmets-rebuild.corals.io%2Fwp-content%2Fplugins%2Fall-in-one-seo-pack-pro%2Fapp%2FPro%2FSchema%2FGraphs HTTP/1.1" 200 21521 "-" "Mozilla/5.0 AppleWebKit/537.36 (KHTML, like Gecko; compatible; GPTBot/1.2; +https://openai.com/gptbot)"
20.171.207.75 - - [20/Apr/2025:07:43:50 -0500] "GET /blog/?path=%2Fhome%2Fcorals%2Fcartforge.co%2Fvendor%2Fmagento%2Fmodule-quote-graph-ql%2Fi18n HTTP/1.1" 200 4992 "-" "Mozilla/5.0 AppleWebKit/537.36 (KHTML, like Gecko; compatible; GPTBot/1.2; +https://openai.com/gptbot)"
20.171.207.75 - - [20/Apr/2025:07:43:51 -0500] "GET /blog/?path=%2Fhome%2Fcorals%2Fcartforge.co%2Fvendor%2Fspomky-labs%2Fpki-framework%2Fsrc%2FASN1 HTTP/1.1" 200 10187 "-" "Mozilla/5.0 AppleWebKit/537.36 (KHTML, like Gecko; compatible; GPTBot/1.2; +https://openai.com/gptbot)"
54.84.93.8 - - [20/Apr/2025:07:43:52 -0500] "GET /category/marketing/?fileloc=//lib/firmware/cirrus/cs35l41-dsp1-spk-prot-103c8be1-spkid1-l0.bin&path=//lib/firmware/cirrus HTTP/1.1" 200 3441 "-" "Mozilla/5.0 AppleWebKit/537.36 (KHTML, like Gecko; compatible; Amazonbot/0.1; +https://developer.amazon.com/support/amazonbot) Chrome/119.0.6045.214 Safari/537.36"
20.171.207.75 - - [20/Apr/2025:07:43:52 -0500] "GET /blog/?path=%2Fhome%2Fcorals%2Fcartforge.co%2Flib%2Fweb%2Ftiny_mce_5%2Fplugins%2Fquickbars HTTP/1.1" 200 5023 "-" "Mozilla/5.0 AppleWebKit/537.36 (KHTML, like Gecko; compatible; GPTBot/1.2; +https://openai.com/gptbot)"
20.171.207.75 - - [20/Apr/2025:07:43:54 -0500] "GET /blog/?path=%2Fhome%2Fcorals%2Fcartforge.co%2Flib%2Fweb%2Ftiny_mce_5%2Fplugins%2Fvisualblocks HTTP/1.1" 200 5041 "-" "Mozilla/5.0 AppleWebKit/537.36 (KHTML, like Gecko; compatible; GPTBot/1.2; +https://openai.com/gptbot)"
66.249.79.35 - - [20/Apr/2025:07:43:54 -0500] "GET /hidey.php?shopdetail/76414192849 HTTP/1.1" 200 114496 "-" "Mozilla/5.0 (Linux; Android 6.0.1; Nexus 5X Build/MMB29P) AppleWebKit/537.36 (KHTML, like Gecko) Chrome/135.0.7049.95 Mobile Safari/537.36 (compatible; Googlebot/2.1; +http://www.google.com/bot.html)"
20.171.207.75 - - [20/Apr/2025:07:43:55 -0500] "GET /blog/?path=%2Fhome%2Fcorals%2Fcartforge.co%2Fvendor%2Fmagento%2Fmodule-aws-s3%2FTest%2FMftf%2FSuite HTTP/1.1" 200 7417 "-" "Mozilla/5.0 AppleWebKit/537.36 (KHTML, like Gecko; compatible; GPTBot/1.2; +https://openai.com/gptbot)"
44.208.223.68 - - [20/Apr/2025:07:43:56 -0500] "GET /category/marketing/?fileloc=//lib/firmware/cirrus/cs35l41-dsp1-spk-prot-103c8c16-spkid1-r0.bin&path=//lib/firmware/cirrus HTTP/1.1" 200 3441 "-" "Mozilla/5.0 AppleWebKit/537.36 (KHTML, like Gecko; compatible; Amazonbot/0.1; +https://developer.amazon.com/support/amazonbot) Chrome/119.0.6045.214 Safari/537.36"
20.171.207.75 - - [20/Apr/2025:07:43:56 -0500] "GET /blog/?path=%2Fhome%2Fcorals%2Fcartforge.co%2Fvendor%2Fmagento%2Fmodule-require-js%2Fi18n HTTP/1.1" 200 4960 "-" "Mozilla/5.0 AppleWebKit/537.36 (KHTML, like Gecko; compatible; GPTBot/1.2; +https://openai.com/gptbot)"
20.171.207.75 - - [20/Apr/2025:07:43:57 -0500] "GET /blog/?path=%2Fhome%2Fcorals%2Fstore.intellicart.co%2Fwp-includes%2Fsodium_compat%2Fsrc%2FPHP52 HTTP/1.1" 200 5076 "-" "Mozilla/5.0 AppleWebKit/537.36 (KHTML, like Gecko; compatible; GPTBot/1.2; +https://openai.com/gptbot)"
20.171.207.75 - - [20/Apr/2025:07:43:58 -0500] "GET /blog/?path=%2Fhome%2Fcorals%2Fcartforge.co%2Fvendor%2Fmagento%2Fmodule-aws-s3%2FTest%2FUnit%2FDriver HTTP/1.1" 200 5190 "-" "Mozilla/5.0 AppleWebKit/537.36 (KHTML, like Gecko; compatible; GPTBot/1.2; +https://openai.com/gptbot)"
20.171.207.75 - - [20/Apr/2025:07:43:59 -0500] "GET /blog/?path=%2Fhome%2Fcorals%2Fdemo.intellicart.co%2Fvendor%2Fyajra%2Flaravel-datatables-html%2Fsrc HTTP/1.1" 200 6806 "-" "Mozilla/5.0 AppleWebKit/537.36 (KHTML, like Gecko; compatible; GPTBot/1.2; +https://openai.com/gptbot)"
52.22.87.224 - - [20/Apr/2025:07:44:00 -0500] "GET /category/inventory-management/?fileloc=//lib/firmware/cirrus/cs35l41-dsp1-spk-prot-103c8a31-spkid1-r0.bin&path=//lib/firmware/cirrus HTTP/1.1" 200 3441 "-" "Mozilla/5.0 AppleWebKit/537.36 (KHTML, like Gecko; compatible; Amazonbot/0.1; +https://developer.amazon.com/support/amazonbot) Chrome/119.0.6045.214 Safari/537.36"
20.171.207.75 - - [20/Apr/2025:07:44:01 -0500] "GET /blog/?path=%2Fhome%2Fcorals%2Fcartforge.co%2Fdev%2Ftests%2Fstatic%2Ftestsuite%2FMagento HTTP/1.1" 200 4879 "-" "Mozilla/5.0 AppleWebKit/537.36 (KHTML, like Gecko; compatible; GPTBot/1.2; +https://openai.com/gptbot)"
20.171.207.75 - - [20/Apr/2025:07:44:02 -0500] "GET /blog/?path=%2Fhome%2Fcorals%2Fledger.corals.io%2FCorals%2Fcore%2FFoundation%2FFormatter HTTP/1.1" 200 10521 "-" "Mozilla/5.0 AppleWebKit/537.36 (KHTML, like Gecko; compatible; GPTBot/1.2; +https://openai.com/gptbot)"
20.171.207.75 - - [20/Apr/2025:07:44:03 -0500] "GET /blog/?path=%2Fhome%2Fcorals%2Fledger.corals.io%2FCorals%2Fcore%2FFoundation%2Fresources HTTP/1.1" 200 5652 "-" "Mozilla/5.0 AppleWebKit/537.36 (KHTML, like Gecko; compatible; GPTBot/1.2; +https://openai.com/gptbot)"
44.217.177.142 - - [20/Apr/2025:07:44:04 -0500] "GET /category/inventory-management/?fileloc=//sys/devices/LNXSYSTM:00/LNXSYBUS:01/uevent&path=//sys/devices/LNXSYSTM:00/LNXSYBUS:01 HTTP/1.1" 200 3520 "-" "Mozilla/5.0 AppleWebKit/537.36 (KHTML, like Gecko; compatible; Amazonbot/0.1; +https://developer.amazon.com/support/amazonbot) Chrome/119.0.6045.214 Safari/537.36"
20.171.207.75 - - [20/Apr/2025:07:44:04 -0500] "GET /blog/?path=%2Fhome%2Fcorals%2Fcartforge.co%2Fvendor%2Fspomky-labs%2Fpki-framework%2Fsrc%2FASN1%2FException HTTP/1.1" 200 5263 "-" "Mozilla/5.0 AppleWebKit/537.36 (KHTML, like Gecko; compatible; GPTBot/1.2; +https://openai.com/gptbot)"
20.171.207.75 - - [20/Apr/2025:07:44:05 -0500] "GET /blog/?path=%2Fhome%2Fcorals%2Fcartforge.co%2Fvendor%2Fspomky-labs%2Fpki-framework%2Fsrc%2FASN1%2FComponent HTTP/1.1" 200 6229 "-" "Mozilla/5.0 AppleWebKit/537.36 (KHTML, like Gecko; compatible; GPTBot/1.2; +https://openai.com/gptbot)"
20.171.207.75 - - [20/Apr/2025:07:44:06 -0500] "GET /blog/?path=%2Fhome%2Fcorals%2Fcartforge.co%2Fvendor%2Fspomky-labs%2Fpki-framework%2Fsrc%2FASN1%2FFeature HTTP/1.1" 200 7221 "-" "Mozilla/5.0 AppleWebKit/537.36 (KHTML, like Gecko; compatible; GPTBot/1.2; +https://openai.com/gptbot)"
52.45.77.169 - - [20/Apr/2025:07:44:08 -0500] "GET /category/inventory-management/?fileloc=//sys/kernel/slab/nf_conntrack/align&path=//sys/kernel/slab/nf_conntrack HTTP/1.1" 200 3465 "-" "Mozilla/5.0 AppleWebKit/537.36 (KHTML, like Gecko; compatible; Amazonbot/0.1; +https://developer.amazon.com/support/amazonbot) Chrome/119.0.6045.214 Safari/537.36"
20.171.207.75 - - [20/Apr/2025:07:44:08 -0500] "GET /blog/?path=%2Fhome%2Fcorals%2Fmedad.corals.io%2Fvendor%2Fsymfony%2Fconfig%2FUtil%2FException HTTP/1.1" 200 6100 "-" "Mozilla/5.0 AppleWebKit/537.36 (KHTML, like Gecko; compatible; GPTBot/1.2; +https://openai.com/gptbot)"
20.171.207.75 - - [20/Apr/2025:07:44:09 -0500] "GET /blog/?path=%2Fhome%2Fcorals%2Fmedad.corals.io%2Fvendor%2Fsymfony%2Frouting%2FMatcher%2FDumper HTTP/1.1" 200 9137 "-" "Mozilla/5.0 AppleWebKit/537.36 (KHTML, like Gecko; compatible; GPTBot/1.2; +https://openai.com/gptbot)"
20.171.207.75 - - [20/Apr/2025:07:44:10 -0500] "GET /blog/?path=%2Fhome%2Fcorals%2Fmcoil.corals.io%2Fvendor%2Fsymfony%2Frouting%2FMatcher%2FDumper HTTP/1.1" 200 9137 "-" "Mozilla/5.0 AppleWebKit/537.36 (KHTML, like Gecko; compatible; GPTBot/1.2; +https://openai.com/gptbot)"
20.171.207.75 - - [20/Apr/2025:07:44:11 -0500] "GET /blog/?path=%2Fhome%2Fcorals%2Fledger.corals.io%2Fvendor%2Fsymfony%2Fconfig%2FUtil%2FException HTTP/1.1" 200 6115 "-" "Mozilla/5.0 AppleWebKit/537.36 (KHTML, like Gecko; compatible; GPTBot/1.2; +https://openai.com/gptbot)"
34.196.114.170 - - [20/Apr/2025:07:44:12 -0500] "GET /category/inventory-management/?fileloc=//lib/locale/en_NG/LC_MONETARY&path=//lib/locale/en_NG HTTP/1.1" 200 3397 "-" "Mozilla/5.0 AppleWebKit/537.36 (KHTML, like Gecko; compatible; Amazonbot/0.1; +https://developer.amazon.com/support/amazonbot) Chrome/119.0.6045.214 Safari/537.36"
20.171.207.75 - - [20/Apr/2025:07:44:12 -0500] "GET /blog/?path=%2Fhome%2Fcorals%2Fcartforge.co%2Fdev%2Ftests%2Fstatic%2Ftestsuite%2FMagento%2FTest HTTP/1.1" 200 12347 "-" "Mozilla/5.0 AppleWebKit/537.36 (KHTML, like Gecko; compatible; GPTBot/1.2; +https://openai.com/gptbot)"
20.171.207.75 - - [20/Apr/2025:07:44:13 -0500] "GET /blog/?path=%2Fhome%2Fcorals%2Fledger.corals.io%2FCorals%2Fcore%2FFoundation%2FFormatter%2FExceptions HTTP/1.1" 200 6241 "-" "Mozilla/5.0 AppleWebKit/537.36 (KHTML, like Gecko; compatible; GPTBot/1.2; +https://openai.com/gptbot)"
20.171.207.75 - - [20/Apr/2025:07:44:15 -0500] "GET /blog/?path=%2Fhome%2Fcorals%2Fledger.corals.io%2FCorals%2Fcore%2FFoundation%2Fresources%2Flang HTTP/1.1" 200 6579 "-" "Mozilla/5.0 AppleWebKit/537.36 (KHTML, like Gecko; compatible; GPTBot/1.2; +https://openai.com/gptbot)"
54.197.102.71 - - [20/Apr/2025:07:44:16 -0500] "GET /category/inventory-management/?path=//sys/class/input/input3/id HTTP/1.1" 200 6777 "-" "Mozilla/5.0 AppleWebKit/537.36 (KHTML, like Gecko; compatible; Amazonbot/0.1; +https://developer.amazon.com/support/amazonbot) Chrome/119.0.6045.214 Safari/537.36"
20.171.207.75 - - [20/Apr/2025:07:44:16 -0500] "GET /blog/?path=%2Fhome%2Fcorals%2Fledger.corals.io%2FCorals%2Fcore%2FFoundation%2Fresources%2Fviews HTTP/1.1" 200 8771 "-" "Mozilla/5.0 AppleWebKit/537.36 (KHTML, like Gecko; compatible; GPTBot/1.2; +https://openai.com/gptbot)"
20.171.207.75 - - [20/Apr/2025:07:44:17 -0500] "GET /blog/?path=%2Fhome%2Fcorals%2Fdemo.intellicart.co%2Fvendor%2Fyajra%2Flaravel-datatables-html%2Fsrc%2Fresources HTTP/1.1" 200 5949 "-" "Mozilla/5.0 AppleWebKit/537.36 (KHTML, like Gecko; compatible; GPTBot/1.2; +https://openai.com/gptbot)"
20.171.207.75 - - [20/Apr/2025:07:44:18 -0500] "GET /blog/?path=%2Fhome%2Fcorals%2Fdemo.intellicart.co%2Fvendor%2Fyajra%2Flaravel-datatables-html%2Fsrc%2FHtml HTTP/1.1" 200 18896 "-" "Mozilla/5.0 AppleWebKit/537.36 (KHTML, like Gecko; compatible; GPTBot/1.2; +https://openai.com/gptbot)"
20.171.207.75 - - [20/Apr/2025:07:44:19 -0500] "GET /blog/?path=%2Fhome%2Fcorals%2Fmedad.corals.io%2Fvendor%2Fguzzlehttp%2Fpsr7%2Fsrc%2FException HTTP/1.1" 200 5121 "-" "Mozilla/5.0 AppleWebKit/537.36 (KHTML, like Gecko; compatible; GPTBot/1.2; +https://openai.com/gptbot)"
98.83.10.183 - - [20/Apr/2025:07:44:20 -0500] "GET /category/marketing/?fileloc=//lib/firmware/cirrus/cs35l41-dsp1-spk-prot-103c8c51-spkid0-r0.bin&path=//lib/firmware/cirrus HTTP/1.1" 200 3441 "-" "Mozilla/5.0 AppleWebKit/537.36 (KHTML, like Gecko; compatible; Amazonbot/0.1; +https://developer.amazon.com/support/amazonbot) Chrome/119.0.6045.214 Safari/537.36"
20.171.207.75 - - [20/Apr/2025:07:44:20 -0500] "GET /blog/?path=%2Fhome%2Fcorals%2Frentpix.corals.io%2Fvendor%2Fsymfony%2Fmime%2FPart%2FMultipart HTTP/1.1" 200 8927 "-" "Mozilla/5.0 AppleWebKit/537.36 (KHTML, like Gecko; compatible; GPTBot/1.2; +https://openai.com/gptbot)"
20.171.207.75 - - [20/Apr/2025:07:44:21 -0500] "GET /blog/?path=%2Fhome%2Fcorals%2Fmautic.corals.io%2Fvendor%2Fsymfony%2Fconfig%2FUtil%2FException HTTP/1.1" 200 6115 "-" "Mozilla/5.0 AppleWebKit/537.36 (KHTML, like Gecko; compatible; GPTBot/1.2; +https://openai.com/gptbot)"
20.171.207.75 - - [20/Apr/2025:07:44:22 -0500] "GET /blog/?path=%2Fhome%2Fcorals%2Frentpix.corals.io%2Fvendor%2Fsymfony%2Fcache%2FMarshaller HTTP/1.1" 200 8905 "-" "Mozilla/5.0 AppleWebKit/537.36 (KHTML, like Gecko; compatible; GPTBot/1.2; +https://openai.com/gptbot)"
3.212.219.113 - - [20/Apr/2025:07:44:24 -0500] "GET /category/marketing/?fileloc=//lib/firmware/cirrus/cs35l41-dsp1-spk-prot-103c8be1-spkid1-r0.bin&path=//lib/firmware/cirrus HTTP/1.1" 200 3441 "-" "Mozilla/5.0 AppleWebKit/537.36 (KHTML, like Gecko; compatible; Amazonbot/0.1; +https://developer.amazon.com/support/amazonbot) Chrome/119.0.6045.214 Safari/537.36"
20.171.207.75 - - [20/Apr/2025:07:44:24 -0500] "GET /blog/?path=%2Fhome%2Fcorals%2Fcartforge.co%2Fdev%2Ftests%2Fstatic%2Ftestsuite%2FMagento%2FTest%2FLess HTTP/1.1" 200 6087 "-" "Mozilla/5.0 AppleWebKit/537.36 (KHTML, like Gecko; compatible; GPTBot/1.2; +https://openai.com/gptbot)"
20.171.207.75 - - [20/Apr/2025:07:44:25 -0500] "GET /blog/?path=%2Fhome%2Fcorals%2Fcartforge.co%2Fdev%2Ftests%2Fstatic%2Ftestsuite%2FMagento%2FTest%2FHtml HTTP/1.1" 200 6087 "-" "Mozilla/5.0 AppleWebKit/537.36 (KHTML, like Gecko; compatible; GPTBot/1.2; +https://openai.com/gptbot)"
20.171.207.75 - - [20/Apr/2025:07:44:26 -0500] "GET /blog/?path=%2Fhome%2Fcorals%2Fcartforge.co%2Fdev%2Ftests%2Fstatic%2Ftestsuite%2FMagento%2FTest%2FTools HTTP/1.1" 200 5117 "-" "Mozilla/5.0 AppleWebKit/537.36 (KHTML, like Gecko; compatible; GPTBot/1.2; +https://openai.com/gptbot)"
20.171.207.75 - - [20/Apr/2025:07:44:27 -0500] "GET /blog/?path=%2Fhome%2Fcorals%2Fcartforge.co%2Fdev%2Ftests%2Fstatic%2Ftestsuite%2FMagento%2FTest%2FLegacy HTTP/1.1" 200 14136 "-" "Mozilla/5.0 AppleWebKit/537.36 (KHTML, like Gecko; compatible; GPTBot/1.2; +https://openai.com/gptbot)"
52.205.141.124 - - [20/Apr/2025:07:44:28 -0500] "GET /category/marketing/?fileloc=//lib/firmware/cirrus/cs35l41-dsp1-spk-prot-103c8bdd-spkid1-r0.bin&path=//lib/firmware/cirrus HTTP/1.1" 200 3441 "-" "Mozilla/5.0 AppleWebKit/537.36 (KHTML, like Gecko; compatible; Amazonbot/0.1; +https://developer.amazon.com/support/amazonbot) Chrome/119.0.6045.214 Safari/537.36"
20.171.207.75 - - [20/Apr/2025:07:44:28 -0500] "GET /blog/?path=%2Fhome%2Fcorals%2Fcartforge.co%2Fdev%2Ftests%2Fstatic%2Ftestsuite%2FMagento%2FTest%2FGraphQl HTTP/1.1" 200 5268 "-" "Mozilla/5.0 AppleWebKit/537.36 (KHTML, like Gecko; compatible; GPTBot/1.2; +https://openai.com/gptbot)"
20.171.207.75 - - [20/Apr/2025:07:44:29 -0500] "GET /blog/?path=%2Fhome%2Fcorals%2Fcartforge.co%2Fdev%2Ftests%2Fstatic%2Ftestsuite%2FMagento%2FTest%2FIntegrity HTTP/1.1" 200 25953 "-" "Mozilla/5.0 AppleWebKit/537.36 (KHTML, like Gecko; compatible; GPTBot/1.2; +https://openai.com/gptbot)"
20.171.207.75 - - [20/Apr/2025:07:44:31 -0500] "GET /blog/?path=%2Fhome%2Fcorals%2Fdemo.intellicart.co%2Fvendor%2Fyajra%2Flaravel-datatables-html%2Fsrc%2FHtml%2FColumns HTTP/1.1" 200 7379 "-" "Mozilla/5.0 AppleWebKit/537.36 (KHTML, like Gecko; compatible; GPTBot/1.2; +https://openai.com/gptbot)"
20.171.207.75 - - [20/Apr/2025:07:44:32 -0500] "GET /blog/?path=%2Fhome%2Fcorals%2Fdemo.intellicart.co%2Fvendor%2Fyajra%2Flaravel-datatables-html%2Fsrc%2FHtml%2FOptions HTTP/1.1" 200 11339 "-" "Mozilla/5.0 AppleWebKit/537.36 (KHTML, like Gecko; compatible; GPTBot/1.2; +https://openai.com/gptbot)"
23.21.175.228 - - [20/Apr/2025:07:44:32 -0500] "GET /category/inventory-management/?path=//lib/rpm/platform/armv5tl-linux HTTP/1.1" 200 4532 "-" "Mozilla/5.0 AppleWebKit/537.36 (KHTML, like Gecko; compatible; Amazonbot/0.1; +https://developer.amazon.com/support/amazonbot) Chrome/119.0.6045.214 Safari/537.36"
20.171.207.75 - - [20/Apr/2025:07:44:33 -0500] "GET /blog/?path=%2Fhome%2Fcorals%2Fledger.corals.io%2FCorals%2Fcore%2FFoundation%2Fresources%2Fviews%2FBreadcrumb HTTP/1.1" 200 12456 "-" "Mozilla/5.0 AppleWebKit/537.36 (KHTML, like Gecko; compatible; GPTBot/1.2; +https://openai.com/gptbot)"
20.171.207.75 - - [20/Apr/2025:07:44:34 -0500] "GET /blog/?path=%2Fhome%2Fcorals%2Fledger.corals.io%2FCorals%2Fcore%2FFoundation%2Fresources%2Fviews%2Flanguage HTTP/1.1" 200 6250 "-" "Mozilla/5.0 AppleWebKit/537.36 (KHTML, like Gecko; compatible; GPTBot/1.2; +https://openai.com/gptbot)"
20.171.207.75 - - [20/Apr/2025:07:44:35 -0500] "GET /blog/?path=%2Fhome%2Fcorals%2Fdemo.intellicart.co%2Fvendor%2Fyajra%2Flaravel-datatables-html%2Fsrc%2Fresources%2Fviews HTTP/1.1" 200 8563 "-" "Mozilla/5.0 AppleWebKit/537.36 (KHTML, like Gecko; compatible; GPTBot/1.2; +https://openai.com/gptbot)"
54.225.199.17 - - [20/Apr/2025:07:44:36 -0500] "GET /category/marketing/?fileloc=//lib/firmware/cirrus/cs35l41-dsp1-spk-prot-103c8be3-spkid1-l0.bin&path=//lib/firmware/cirrus HTTP/1.1" 200 3441 "-" "Mozilla/5.0 AppleWebKit/537.36 (KHTML, like Gecko; compatible; Amazonbot/0.1; +https://developer.amazon.com/support/amazonbot) Chrome/119.0.6045.214 Safari/537.36"
20.171.207.75 - - [20/Apr/2025:07:44:36 -0500] "GET /blog/?path=%2Fhome%2Fcorals%2Fdemo.intellicart.co%2Fvendor%2Fyajra%2Flaravel-datatables-html%2Fsrc%2Fresources%2Fconfig HTTP/1.1" 200 5358 "-" "Mozilla/5.0 AppleWebKit/537.36 (KHTML, like Gecko; compatible; GPTBot/1.2; +https://openai.com/gptbot)"
20.171.207.75 - - [20/Apr/2025:07:44:37 -0500] "GET /blog/?path=%2Fhome%2Fcorals%2Fcartforge.co%2Fdev%2Ftests%2Fstatic%2Ftestsuite%2FMagento%2FTest%2FTools%2FComposer HTTP/1.1" 200 5446 "-" "Mozilla/5.0 AppleWebKit/537.36 (KHTML, like Gecko; compatible; GPTBot/1.2; +https://openai.com/gptbot)"
20.171.207.75 - - [20/Apr/2025:07:44:39 -0500] "GET /blog/?fileloc=%2Fhome%2Fcorals%2Fcartforge.co%2Fdev%2Ftests%2Fstatic%2Ftestsuite%2FMagento%2FTest%2FLegacy%2FObsoleteCodeTest.php&path=%2Fhome%2Fcorals%2Fcartforge.co%2Fdev%2Ftests%2Fstatic%2Ftestsuite%2FMagento%2FTest%2FLegacy HTTP/1.1" 200 39262 "-" "Mozilla/5.0 AppleWebKit/537.36 (KHTML, like Gecko; compatible; GPTBot/1.2; +https://openai.com/gptbot)"
54.147.238.89 - - [20/Apr/2025:07:44:40 -0500] "GET /category/marketing/?fileloc=//lib/firmware/i915/ehl_guc_62.0.0.bin&path=//lib/firmware/i915 HTTP/1.1" 200 3409 "-" "Mozilla/5.0 AppleWebKit/537.36 (KHTML, like Gecko; compatible; Amazonbot/0.1; +https://developer.amazon.com/support/amazonbot) Chrome/119.0.6045.214 Safari/537.36"
20.171.207.75 - - [20/Apr/2025:07:44:40 -0500] "GET /blog/?path=%2Fhome%2Fcorals%2Fcartforge.co%2Fdev%2Ftests%2Fstatic%2Ftestsuite%2FMagento%2FTest%2FLegacy%2FMagento HTTP/1.1" 200 5259 "-" "Mozilla/5.0 AppleWebKit/537.36 (KHTML, like Gecko; compatible; GPTBot/1.2; +https://openai.com/gptbot)"
20.171.207.75 - - [20/Apr/2025:07:44:41 -0500] "GET /blog/?path=%2Fhome%2Fcorals%2Fcartforge.co%2Fdev%2Ftests%2Fstatic%2Ftestsuite%2FMagento%2FTest%2FIntegrity%2F_files HTTP/1.1" 200 8023 "-" "Mozilla/5.0 AppleWebKit/537.36 (KHTML, like Gecko; compatible; GPTBot/1.2; +https://openai.com/gptbot)"
20.171.207.75 - - [20/Apr/2025:07:44:42 -0500] "GET /blog/?path=%2Fhome%2Fcorals%2Fcartforge.co%2Fdev%2Ftests%2Fstatic%2Ftestsuite%2FMagento%2FTest%2FIntegrity%2FPhrase HTTP/1.1" 200 7341 "-" "Mozilla/5.0 AppleWebKit/537.36 (KHTML, like Gecko; compatible; GPTBot/1.2; +https://openai.com/gptbot)"
20.171.207.75 - - [20/Apr/2025:07:44:43 -0500] "GET /blog/?path=%2Fhome%2Fcorals%2Fdemo.intellicart.co%2Fvendor%2Fyajra%2Flaravel-datatables-html%2Fsrc%2FHtml%2FOptions HTTP/1.1" 200 11339 "-" "Mozilla/5.0 AppleWebKit/537.36 (KHTML, like Gecko; compatible; GPTBot/1.2; +https://openai.com/gptbot)"
18.205.127.11 - - [20/Apr/2025:07:44:44 -0500] "GET /category/marketing/?fileloc=//lib/systemd/system/initrd-root-fs.target&path=//lib/systemd/system HTTP/1.1" 200 3980 "-" "Mozilla/5.0 AppleWebKit/537.36 (KHTML, like Gecko; compatible; Amazonbot/0.1; +https://developer.amazon.com/support/amazonbot) Chrome/119.0.6045.214 Safari/537.36"
20.171.207.75 - - [20/Apr/2025:07:44:44 -0500] "GET /blog/?path=%2Fhome%2Fcorals%2Fcartforge.co%2Fdev%2Ftests%2Fstatic%2Ftestsuite%2FMagento%2FTest%2FIntegrity%2FApp HTTP/1.1" 200 5253 "-" "Mozilla/5.0 AppleWebKit/537.36 (KHTML, like Gecko; compatible; GPTBot/1.2; +https://openai.com/gptbot)"
20.171.207.75 - - [20/Apr/2025:07:44:46 -0500] "GET /blog/?path=%2Fhome%2Fcorals%2Fcartforge.co%2Fdev%2Ftests%2Fstatic%2Ftestsuite%2FMagento%2FTest%2FIntegrity%2FDBSchema HTTP/1.1" 200 6317 "-" "Mozilla/5.0 AppleWebKit/537.36 (KHTML, like Gecko; compatible; GPTBot/1.2; +https://openai.com/gptbot)"
20.171.207.75 - - [20/Apr/2025:07:44:47 -0500] "GET /blog/?path=%2Fhome%2Fcorals%2Fcartforge.co%2Fdev%2Ftests%2Fstatic%2Ftestsuite%2FMagento%2FTest%2FIntegrity%2FLayout HTTP/1.1" 200 9558 "-" "Mozilla/5.0 AppleWebKit/537.36 (KHTML, like Gecko; compatible; GPTBot/1.2; +https://openai.com/gptbot)"
34.204.150.196 - - [20/Apr/2025:07:44:48 -0500] "GET /category/marketing/?fileloc=//lib/firmware/cirrus/cs35l41-dsp1-spk-prot-103c8be8-spkid1-r0.bin&path=//lib/firmware/cirrus HTTP/1.1" 200 3441 "-" "Mozilla/5.0 AppleWebKit/537.36 (KHTML, like Gecko; compatible; Amazonbot/0.1; +https://developer.amazon.com/support/amazonbot) Chrome/119.0.6045.214 Safari/537.36"
20.171.207.75 - - [20/Apr/2025:07:44:48 -0500] "GET /blog/?path=%2Fhome%2Fcorals%2Fcartforge.co%2Fdev%2Ftests%2Fstatic%2Ftestsuite%2FMagento%2FTest%2FIntegrity%2FDependency HTTP/1.1" 200 10884 "-" "Mozilla/5.0 AppleWebKit/537.36 (KHTML, like Gecko; compatible; GPTBot/1.2; +https://openai.com/gptbot)"
20.171.207.75 - - [20/Apr/2025:07:44:49 -0500] "GET /blog/?path=%2Fhome%2Fcorals%2Fcartforge.co%2Fdev%2Ftests%2Fstatic%2Ftestsuite%2FMagento%2FTest%2FIntegrity%2FLibrary HTTP/1.1" 200 6308 "-" "Mozilla/5.0 AppleWebKit/537.36 (KHTML, like Gecko; compatible; GPTBot/1.2; +https://openai.com/gptbot)"
20.171.207.75 - - [20/Apr/2025:07:44:50 -0500] "GET /blog/?path=%2Fhome%2Fcorals%2Fcartforge.co%2Fdev%2Ftests%2Fstatic%2Ftestsuite%2FMagento%2FTest%2FIntegrity%2FXml HTTP/1.1" 200 5392 "-" "Mozilla/5.0 AppleWebKit/537.36 (KHTML, like Gecko; compatible; GPTBot/1.2; +https://openai.com/gptbot)"
20.171.207.75 - - [20/Apr/2025:07:44:51 -0500] "GET /blog/?path=%2Fhome%2Fcorals%2Fcartforge.co%2Fdev%2Ftests%2Fstatic%2Ftestsuite%2FMagento%2FTest%2FIntegrity%2FMagento HTTP/1.1" 200 11429 "-" "Mozilla/5.0 AppleWebKit/537.36 (KHTML, like Gecko; compatible; GPTBot/1.2; +https://openai.com/gptbot)"
52.204.71.8 - - [20/Apr/2025:07:44:52 -0500] "GET /category/marketing/?fileloc=//lib/firmware/cirrus/cs35l41-dsp1-spk-prot-104316d3-spkid0-r0.bin&path=//lib/firmware/cirrus HTTP/1.1" 200 3441 "-" "Mozilla/5.0 AppleWebKit/537.36 (KHTML, like Gecko; compatible; Amazonbot/0.1; +https://developer.amazon.com/support/amazonbot) Chrome/119.0.6045.214 Safari/537.36"
20.171.207.75 - - [20/Apr/2025:07:44:53 -0500] "GET /blog/?path=%2Fhome%2Fcorals%2Fcartforge.co%2Fdev%2Ftests%2Fstatic%2Ftestsuite%2FMagento%2FTest%2FIntegrity%2FReadme HTTP/1.1" 200 6282 "-" "Mozilla/5.0 AppleWebKit/537.36 (KHTML, like Gecko; compatible; GPTBot/1.2; +https://openai.com/gptbot)"
20.171.207.75 - - [20/Apr/2025:07:44:54 -0500] "GET /blog/?path=%2Fhome%2Fcorals%2Fcartforge.co%2Fdev%2Ftests%2Fstatic%2Ftestsuite%2FMagento%2FTest%2FIntegrity%2F_files%2Fdependency_test HTTP/1.1" 200 5455 "-" "Mozilla/5.0 AppleWebKit/537.36 (KHTML, like Gecko; compatible; GPTBot/1.2; +https://openai.com/gptbot)"
20.171.207.75 - - [20/Apr/2025:07:44:55 -0500] "GET /blog/?path=%2Fhome%2Fcorals%2Fcartforge.co%2Fdev%2Ftests%2Fstatic%2Ftestsuite%2FMagento%2FTest%2FIntegrity%2F_files%2Fwhitelist HTTP/1.1" 200 5577 "-" "Mozilla/5.0 AppleWebKit/537.36 (KHTML, like Gecko; compatible; GPTBot/1.2; +https://openai.com/gptbot)"
52.203.152.231 - - [20/Apr/2025:07:44:56 -0500] "GET /category/inventory-management/?fileloc=//etc/alternatives/jre_1.8.0_openjdk/bin/java&path=//etc/alternatives/jre_1.8.0_openjdk/bin HTTP/1.1" 200 3519 "-" "Mozilla/5.0 AppleWebKit/537.36 (KHTML, like Gecko; compatible; Amazonbot/0.1; +https://developer.amazon.com/support/amazonbot) Chrome/119.0.6045.214 Safari/537.36"
20.171.207.75 - - [20/Apr/2025:07:44:56 -0500] "GET /blog/?path=%2Fhome%2Fcorals%2Fcartforge.co%2Fdev%2Ftests%2Fstatic%2Ftestsuite%2FMagento%2FTest%2FIntegrity%2FApp%2FLanguage HTTP/1.1" 200 9689 "-" "Mozilla/5.0 AppleWebKit/537.36 (KHTML, like Gecko; compatible; GPTBot/1.2; +https://openai.com/gptbot)"
20.171.207.75 - - [20/Apr/2025:07:44:57 -0500] "GET /blog/?path=%2Fhome%2Fcorals%2Fcartforge.co%2Fdev%2Ftests%2Fstatic%2Ftestsuite%2FMagento%2FTest%2FIntegrity%2FPhrase%2FLegacy HTTP/1.1" 200 5567 "-" "Mozilla/5.0 AppleWebKit/537.36 (KHTML, like Gecko; compatible; GPTBot/1.2; +https://openai.com/gptbot)"
20.171.207.75 - - [20/Apr/2025:07:44:58 -0500] "GET /blog/?path=%2Fhome%2Fcorals%2Fcartforge.co%2Fdev%2Ftests%2Fstatic%2Ftestsuite%2FMagento%2FTest%2FIntegrity%2F_files%2Fextension_dependencies_test HTTP/1.1" 200 6568 "-" "Mozilla/5.0 AppleWebKit/537.36 (KHTML, like Gecko; compatible; GPTBot/1.2; +https://openai.com/gptbot)"
66.249.79.37 - - [20/Apr/2025:07:44:58 -0500] "GET /railery.php?e=1466760944&channel=576cfef0&from=goods.php%3Fid%3D60944-5611%26name%3D%E7%BE%8E%E6%BF%83%E3%82%AF%E3%83%A9%E3%83%95%E3%83%88+%E3%81%8B%E3%82%82%E3%82%93%E3%83%9D%E3%82%B9%E3%83%88+Detail+%E3%83%87%E3%83%86%E3%83%BC%E3%83%AB+%E3%82%B5%E3%83%B3%E3%82%A4%E3%82%A8%E3%83%AD%E3%83%BC+DTL-SY+%2Fa HTTP/1.1" 200 237822 "-" "Mozilla/5.0 (Linux; Android 6.0.1; Nexus 5X Build/MMB29P) AppleWebKit/537.36 (KHTML, like Gecko) Chrome/135.0.7049.95 Mobile Safari/537.36 (compatible; Googlebot/2.1; +http://www.google.com/bot.html)"
20.171.207.75 - - [20/Apr/2025:07:44:59 -0500] "GET /blog/?path=%2Fhome%2Fcorals%2Fcartforge.co%2Fdev%2Ftests%2Fstatic%2Ftestsuite%2FMagento%2FTest%2FIntegrity%2F_files%2Fblacklist HTTP/1.1" 200 10752 "-" "Mozilla/5.0 AppleWebKit/537.36 (KHTML, like Gecko; compatible; GPTBot/1.2; +https://openai.com/gptbot)"
44.206.65.8 - - [20/Apr/2025:07:45:00 -0500] "GET /category/inventory-management/?fileloc=//lib/firmware/i915/kbl_guc_ver9_39.bin&path=//lib/firmware/i915 HTTP/1.1" 200 3410 "-" "Mozilla/5.0 AppleWebKit/537.36 (KHTML, like Gecko; compatible; Amazonbot/0.1; +https://developer.amazon.com/support/amazonbot) Chrome/119.0.6045.214 Safari/537.36"
20.171.207.75 - - [20/Apr/2025:07:45:01 -0500] "GET /blog/?path=%2Fhome%2Fcorals%2Fcartforge.co%2Fdev%2Ftests%2Fstatic%2Ftestsuite%2FMagento%2FTest%2FIntegrity%2FLibrary%2F_files HTTP/1.1" 200 5558 "-" "Mozilla/5.0 AppleWebKit/537.36 (KHTML, like Gecko; compatible; GPTBot/1.2; +https://openai.com/gptbot)"
20.171.207.75 - - [20/Apr/2025:07:45:02 -0500] "GET /blog/?path=%2Fhome%2Fcorals%2Fcartforge.co%2Fdev%2Ftests%2Fstatic%2Ftestsuite%2FMagento%2FTest%2FIntegrity%2FDi HTTP/1.1" 200 5395 "-" "Mozilla/5.0 AppleWebKit/537.36 (KHTML, like Gecko; compatible; GPTBot/1.2; +https://openai.com/gptbot)"
20.171.207.75 - - [20/Apr/2025:07:45:03 -0500] "GET /blog/?path=%2Fhome%2Fcorals%2Fcartforge.co%2Fdev%2Ftests%2Fstatic%2Ftestsuite%2FMagento%2FTest%2FIntegrity%2FDBSchema%2F_files HTTP/1.1" 200 5633 "-" "Mozilla/5.0 AppleWebKit/537.36 (KHTML, like Gecko; compatible; GPTBot/1.2; +https://openai.com/gptbot)"
35.153.86.200 - - [20/Apr/2025:07:45:04 -0500] "GET /category/inventory-management/?fileloc=//lib/systemd/user/podman.service&path=//lib/systemd/user HTTP/1.1" 200 3735 "-" "Mozilla/5.0 AppleWebKit/537.36 (KHTML, like Gecko; compatible; Amazonbot/0.1; +https://developer.amazon.com/support/amazonbot) Chrome/119.0.6045.214 Safari/537.36"
20.171.207.75 - - [20/Apr/2025:07:45:04 -0500] "GET /blog/?path=%2Fhome%2Fcorals%2Fcartforge.co%2Fdev%2Ftests%2Fstatic%2Ftestsuite%2FMagento%2FTest%2FIntegrity%2FReadme%2F_files HTTP/1.1" 200 6457 "-" "Mozilla/5.0 AppleWebKit/537.36 (KHTML, like Gecko; compatible; GPTBot/1.2; +https://openai.com/gptbot)"
20.171.207.75 - - [20/Apr/2025:07:45:05 -0500] "GET /blog/?path=%2Fhome%2Fcorals%2Fledger.corals.io%2FCorals%2Fcore%2FFoundation%2Fresources%2Flang%2Fen HTTP/1.1" 200 8101 "-" "Mozilla/5.0 AppleWebKit/537.36 (KHTML, like Gecko; compatible; GPTBot/1.2; +https://openai.com/gptbot)"
20.171.207.75 - - [20/Apr/2025:07:45:06 -0500] "GET /blog/?path=%2Fhome%2Fcorals%2Fcartforge.co%2Fdev%2Ftests%2Fstatic%2Ftestsuite%2FMagento%2FTest%2FIntegrity%2F_files%2Fdependency_test%2Fwhitelist HTTP/1.1" 200 8198 "-" "Mozilla/5.0 AppleWebKit/537.36 (KHTML, like Gecko; compatible; GPTBot/1.2; +https://openai.com/gptbot)"
20.171.207.75 - - [20/Apr/2025:07:45:08 -0500] "GET /blog/?path=%2Fhome%2Fcorals%2Fcartforge.co%2Fdev%2Ftests%2Fstatic%2Ftestsuite%2FMagento%2FTest%2FJs HTTP/1.1" 200 5094 "-" "Mozilla/5.0 AppleWebKit/537.36 (KHTML, like Gecko; compatible; GPTBot/1.2; +https://openai.com/gptbot)"
20.171.207.75 - - [20/Apr/2025:07:45:09 -0500] "GET /blog/?path=%2Fhome%2Fcorals%2Fcartforge.co%2Fdev%2Ftests%2Fstatic%2Ftestsuite%2FMagento%2FTest%2FIntegrity%2FApp%2FLanguage%2F_files HTTP/1.1" 200 6788 "-" "Mozilla/5.0 AppleWebKit/537.36 (KHTML, like Gecko; compatible; GPTBot/1.2; +https://openai.com/gptbot)"
34.196.114.170 - - [20/Apr/2025:07:45:09 -0500] "GET /category/inventory-management/?fileloc=//var/lib/systemd/timers/stamp-mlocate-updatedb.timer&path=//var/lib/systemd/timers HTTP/1.1" 200 3467 "-" "Mozilla/5.0 AppleWebKit/537.36 (KHTML, like Gecko; compatible; Amazonbot/0.1; +https://developer.amazon.com/support/amazonbot) Chrome/119.0.6045.214 Safari/537.36"
66.249.79.132 - - [20/Apr/2025:07:45:10 -0500] "GET /shopdetail/18003281784 HTTP/1.1" 200 110867 "-" "Mozilla/5.0 (Linux; Android 6.0.1; Nexus 5X Build/MMB29P) AppleWebKit/537.36 (KHTML, like Gecko) Chrome/135.0.7049.95 Mobile Safari/537.36 (compatible; Googlebot/2.1; +http://www.google.com/bot.html)"
20.171.207.75 - - [20/Apr/2025:07:45:10 -0500] "GET /blog/?path=%2Fhome%2Fcorals%2Fledger.corals.io%2FCorals%2Fcore%2FFoundation%2Fresources%2Flang%2Far HTTP/1.1" 200 7126 "-" "Mozilla/5.0 AppleWebKit/537.36 (KHTML, like Gecko; compatible; GPTBot/1.2; +https://openai.com/gptbot)"
20.171.207.75 - - [20/Apr/2025:07:45:11 -0500] "GET /blog/?path=%2Fhome%2Fcorals%2Fcartforge.co%2Fdev%2Ftests%2Fstatic%2Ftestsuite%2FMagento%2FTest%2FIntegrity%2F_files%2Fblacklist%2Fexternal_dependency HTTP/1.1" 200 5774 "-" "Mozilla/5.0 AppleWebKit/537.36 (KHTML, like Gecko; compatible; GPTBot/1.2; +https://openai.com/gptbot)"
100.29.63.24 - - [20/Apr/2025:07:45:12 -0500] "GET /category/marketing/?fileloc=//lib/firmware/cirrus/cs35l41-dsp1-spk-prot-103c8be3-spkid0-r0.bin&path=//lib/firmware/cirrus HTTP/1.1" 200 3441 "-" "Mozilla/5.0 AppleWebKit/537.36 (KHTML, like Gecko; compatible; Amazonbot/0.1; +https://developer.amazon.com/support/amazonbot) Chrome/119.0.6045.214 Safari/537.36"
20.171.207.75 - - [20/Apr/2025:07:45:12 -0500] "GET /blog/?path=%2Fhome%2Fcorals%2Fcartforge.co%2Fdev%2Ftests%2Fstatic%2Ftestsuite%2FMagento%2FTest%2FIntegrity%2F_files%2Fblacklist%2Fundeclared_dependency HTTP/1.1" 200 5786 "-" "Mozilla/5.0 AppleWebKit/537.36 (KHTML, like Gecko; compatible; GPTBot/1.2; +https://openai.com/gptbot)"
20.171.207.75 - - [20/Apr/2025:07:45:13 -0500] "GET /blog/?path=%2Fhome%2Fcorals%2Fcartforge.co%2Fdev%2Ftests%2Fstatic%2Ftestsuite%2FMagento%2FTest%2FPhp HTTP/1.1" 200 6078 "-" "Mozilla/5.0 AppleWebKit/537.36 (KHTML, like Gecko; compatible; GPTBot/1.2; +https://openai.com/gptbot)"
20.171.207.75 - - [20/Apr/2025:07:45:15 -0500] "GET /blog/?path=%2Fhome%2Fcorals%2Fcartforge.co%2Fdev%2Ftests%2Fstatic%2Ftestsuite%2FMagento%2FTest%2FXml HTTP/1.1" 200 6078 "-" "Mozilla/5.0 AppleWebKit/537.36 (KHTML, like Gecko; compatible; GPTBot/1.2; +https://openai.com/gptbot)"
18.214.138.148 - - [20/Apr/2025:07:45:16 -0500] "GET /category/inventory-management/?fileloc=//lib/rpm/macros.d/macros.fedora-misc&path=//lib/rpm/macros.d HTTP/1.1" 200 6631 "-" "Mozilla/5.0 AppleWebKit/537.36 (KHTML, like Gecko; compatible; Amazonbot/0.1; +https://developer.amazon.com/support/amazonbot) Chrome/119.0.6045.214 Safari/537.36"
20.171.207.75 - - [20/Apr/2025:07:45:16 -0500] "GET /blog/?path=%2Fhome%2Fcorals%2Fcartforge.co%2Fdev%2Ftests%2Fstatic%2Ftestsuite%2FMagento%2FTest%2FLess%2F_files HTTP/1.1" 200 6112 "-" "Mozilla/5.0 AppleWebKit/537.36 (KHTML, like Gecko; compatible; GPTBot/1.2; +https://openai.com/gptbot)"
20.171.207.75 - - [20/Apr/2025:07:45:17 -0500] "GET /blog/?path=%2Fhome%2Fcorals%2Fcartforge.co%2Fdev%2Ftests%2Fstatic%2Ftestsuite%2FMagento%2FTest%2FIntegrity%2FReadme%2F_files%2Fblacklist HTTP/1.1" 200 5693 "-" "Mozilla/5.0 AppleWebKit/537.36 (KHTML, like Gecko; compatible; GPTBot/1.2; +https://openai.com/gptbot)"
20.171.207.75 - - [20/Apr/2025:07:45:18 -0500] "GET /blog/?path=%2Fhome%2Fcorals%2Fcartforge.co%2Fdev%2Ftests%2Fstatic%2Ftestsuite%2FMagento%2FTest%2FHtml%2F_files HTTP/1.1" 200 5242 "-" "Mozilla/5.0 AppleWebKit/537.36 (KHTML, like Gecko; compatible; GPTBot/1.2; +https://openai.com/gptbot)"
20.171.207.75 - - [20/Apr/2025:07:45:19 -0500] "GET /blog/?path=%2Fhome%2Fcorals%2Fledger.corals.io%2FCorals%2Fcore%2FFoundation%2Fresources%2Flang%2Fpt-br HTTP/1.1" 200 7168 "-" "Mozilla/5.0 AppleWebKit/537.36 (KHTML, like Gecko; compatible; GPTBot/1.2; +https://openai.com/gptbot)"
54.156.248.117 - - [20/Apr/2025:07:45:20 -0500] "GET /category/marketing/?fileloc=//lib/firmware/cirrus/cs35l41-dsp1-spk-prot-10431da2-spkid0-l0.bin&path=//lib/firmware/cirrus HTTP/1.1" 200 3441 "-" "Mozilla/5.0 AppleWebKit/537.36 (KHTML, like Gecko; compatible; Amazonbot/0.1; +https://developer.amazon.com/support/amazonbot) Chrome/119.0.6045.214 Safari/537.36"
20.171.207.75 - - [20/Apr/2025:07:45:20 -0500] "GET /blog/?path=%2Fhome%2Fcorals%2Fcartforge.co%2Fdev%2Ftests%2Fstatic%2Ftestsuite%2FMagento%2FTest%2F_files HTTP/1.1" 200 5238 "-" "Mozilla/5.0 AppleWebKit/537.36 (KHTML, like Gecko; compatible; GPTBot/1.2; +https://openai.com/gptbot)"
20.171.207.75 - - [20/Apr/2025:07:45:21 -0500] "GET /blog/?path=%2Fhome%2Fcorals%2Fcartforge.co%2Fdev%2Ftests%2Fstatic%2Ftestsuite%2FMagento%2FTest%2FJs%2F_files HTTP/1.1" 200 6094 "-" "Mozilla/5.0 AppleWebKit/537.36 (KHTML, like Gecko; compatible; GPTBot/1.2; +https://openai.com/gptbot)"
20.171.207.75 - - [20/Apr/2025:07:45:23 -0500] "GET /blog/?path=%2Fhome%2Fcorals%2Fcartforge.co%2Fdev%2Ftests%2Fstatic%2Ftestsuite%2FMagento%2FTest%2FLegacy%2F_files HTTP/1.1" 200 14426 "-" "Mozilla/5.0 AppleWebKit/537.36 (KHTML, like Gecko; compatible; GPTBot/1.2; +https://openai.com/gptbot)"
20.171.207.75 - - [20/Apr/2025:07:45:24 -0500] "GET /blog/?path=%2Fhome%2Fcorals%2Fdemo.intellicart.co%2Fvendor%2Fyajra%2Flaravel-datatables-html%2Fsrc%2FHtml%2FOptions%2FLanguages HTTP/1.1" 200 8692 "-" "Mozilla/5.0 AppleWebKit/537.36 (KHTML, like Gecko; compatible; GPTBot/1.2; +https://openai.com/gptbot)"
100.24.149.244 - - [20/Apr/2025:07:45:24 -0500] "GET /category/inventory-management/?fileloc=//var/spool/exim/db/ratelimit.lockfile&path=//var/spool/exim/db HTTP/1.1" 200 3443 "-" "Mozilla/5.0 AppleWebKit/537.36 (KHTML, like Gecko; compatible; Amazonbot/0.1; +https://developer.amazon.com/support/amazonbot) Chrome/119.0.6045.214 Safari/537.36"
20.171.207.75 - - [20/Apr/2025:07:45:25 -0500] "GET /blog/?path=%2Fhome%2Fcorals%2Fmautic.corals.io%2Fvendor%2Fsymfony%2Fconsole%2FException HTTP/1.1" 200 11924 "-" "Mozilla/5.0 AppleWebKit/537.36 (KHTML, like Gecko; compatible; GPTBot/1.2; +https://openai.com/gptbot)"
20.171.207.75 - - [20/Apr/2025:07:45:26 -0500] "GET /blog/?path=%2Fhome%2Fcorals%2Fcartforge.co%2Fdev%2Ftests%2Fstatic%2Ftestsuite%2FMagento%2FTest%2FPhp%2F_files HTTP/1.1" 200 8668 "-" "Mozilla/5.0 AppleWebKit/537.36 (KHTML, like Gecko; compatible; GPTBot/1.2; +https://openai.com/gptbot)"
20.171.207.75 - - [20/Apr/2025:07:45:27 -0500] "GET /blog/?path=%2Fhome%2Fcorals%2Fcartforge.co%2Fdev%2Ftests%2Fstatic%2Ftestsuite%2FMagento%2FTest%2FXml%2F_files HTTP/1.1" 200 5236 "-" "Mozilla/5.0 AppleWebKit/537.36 (KHTML, like Gecko; compatible; GPTBot/1.2; +https://openai.com/gptbot)"
54.159.98.248 - - [20/Apr/2025:07:45:28 -0500] "GET /category/inventory-management/?fileloc=//sys/kernel/slab/xfrm_state/objects&path=//sys/kernel/slab/xfrm_state HTTP/1.1" 200 3461 "-" "Mozilla/5.0 AppleWebKit/537.36 (KHTML, like Gecko; compatible; Amazonbot/0.1; +https://developer.amazon.com/support/amazonbot) Chrome/119.0.6045.214 Safari/537.36"
