20.171.207.75 - - [20/Apr/2025:07:47:51 -0500] "GET /blog/?fileloc=%2Fhome%2Fcorals%2Fcartforge.co%2Fpub%2Fstatic%2Ffrontend%2FMagento%2Fblank%2Fen_US%2Fjquery%2Fbootstrap%2Fdom%2Fdata.js&path=%2Fhome%2Fcorals%2Fcartforge.co%2Fpub%2Fstatic%2Ffrontend%2FMagento%2Fblank%2Fen_US%2Fjquery%2Fbootstrap%2Fdom HTTP/1.1" 200 6177 "-" "Mozilla/5.0 AppleWebKit/537.36 (KHTML, like Gecko; compatible; GPTBot/1.2; +https://openai.com/gptbot)"
44.205.180.155 - - [20/Apr/2025:07:47:52 -0500] "GET /category/inventory-management/?fileloc=//proc/thread-self/root/etc/skipsmtpcheckhosts&path=//proc/thread-self/root/etc HTTP/1.1" 200 3482 "-" "Mozilla/5.0 AppleWebKit/537.36 (KHTML, like Gecko; compatible; Amazonbot/0.1; +https://developer.amazon.com/support/amazonbot) Chrome/119.0.6045.214 Safari/537.36"
20.171.207.75 - - [20/Apr/2025:07:47:53 -0500] "GET /blog/?path=%2Fhome%2Fcorals%2Fcartforge.co%2Fpub%2Fstatic%2Ffrontend%2FMagento%2Fblank%2Fen_US%2Fjquery%2FeditableMultiselect%2Fjs HTTP/1.1" 200 6721 "-" "Mozilla/5.0 AppleWebKit/537.36 (KHTML, like Gecko; compatible; GPTBot/1.2; +https://openai.com/gptbot)"
44.210.213.220 - - [20/Apr/2025:07:47:56 -0500] "GET /category/marketing/?fileloc=//etc/systemd/system/rc-local.service&path=//etc/systemd/system HTTP/1.1" 200 3593 "-" "Mozilla/5.0 AppleWebKit/537.36 (KHTML, like Gecko; compatible; Amazonbot/0.1; +https://developer.amazon.com/support/amazonbot) Chrome/119.0.6045.214 Safari/537.36"
20.171.207.75 - - [20/Apr/2025:07:47:58 -0500] "GET /blog/?path=%2Fhome%2Fcorals%2Fcartforge.co%2Fpub%2Fstatic%2Ffrontend%2FMagento%2Fblank%2Fen_US%2Fjquery%2FfileUploader%2Fcors HTTP/1.1" 200 6724 "-" "Mozilla/5.0 AppleWebKit/537.36 (KHTML, like Gecko; compatible; GPTBot/1.2; +https://openai.com/gptbot)"
20.171.207.75 - - [20/Apr/2025:07:48:00 -0500] "GET /blog/?path=%2Fhome%2Fcorals%2Fcartforge.co%2Fpub%2Fstatic%2Ffrontend%2FMagento%2Fblank%2Fen_US%2Fjquery%2FfileUploader%2Fimg HTTP/1.1" 200 6602 "-" "Mozilla/5.0 AppleWebKit/537.36 (KHTML, like Gecko; compatible; GPTBot/1.2; +https://openai.com/gptbot)"
20.171.207.75 - - [20/Apr/2025:07:48:00 -0500] "GET /blog/?path=%2Fhome%2Fcorals%2Fcartforge.co%2Fpub%2Fstatic%2Ffrontend%2FMagento%2Fblank%2Fen_US%2Fjquery%2FfileUploader%2Fcss HTTP/1.1" 200 8919 "-" "Mozilla/5.0 AppleWebKit/537.36 (KHTML, like Gecko; compatible; GPTBot/1.2; +https://openai.com/gptbot)"
3.208.156.9 - - [20/Apr/2025:07:48:00 -0500] "GET /category/marketing/?fileloc=//lib64/python2.7/hotshot/stones.py&path=//lib64/python2.7/hotshot HTTP/1.1" 200 4210 "-" "Mozilla/5.0 AppleWebKit/537.36 (KHTML, like Gecko; compatible; Amazonbot/0.1; +https://developer.amazon.com/support/amazonbot) Chrome/119.0.6045.214 Safari/537.36"
20.171.207.75 - - [20/Apr/2025:07:48:01 -0500] "GET /blog/?path=%2Fhome%2Fcorals%2Fcartforge.co%2Fpub%2Fstatic%2Ffrontend%2FMagento%2Fblank%2Fen_US%2Fjquery%2Fui-modules%2Fwidgets HTTP/1.1" 200 25495 "-" "Mozilla/5.0 AppleWebKit/537.36 (KHTML, like Gecko; compatible; GPTBot/1.2; +https://openai.com/gptbot)"
20.171.207.75 - - [20/Apr/2025:07:48:02 -0500] "GET /blog/?path=%2Fhome%2Fcorals%2Fcartforge.co%2Fpub%2Fstatic%2Ffrontend%2FMagento%2Fblank%2Fen_US%2Fjquery%2Fjstree%2Fthemes%2Fdefault HTTP/1.1" 200 9895 "-" "Mozilla/5.0 AppleWebKit/537.36 (KHTML, like Gecko; compatible; GPTBot/1.2; +https://openai.com/gptbot)"
20.171.207.75 - - [20/Apr/2025:07:48:04 -0500] "GET /blog/?path=%2Fhome%2Fcorals%2Fcartforge.co%2Fpub%2Fstatic%2Ffrontend%2FMagento%2Fblank%2Fen_US%2Fjquery%2Fui-modules%2Feffects HTTP/1.1" 200 20478 "-" "Mozilla/5.0 AppleWebKit/537.36 (KHTML, like Gecko; compatible; GPTBot/1.2; +https://openai.com/gptbot)"
54.147.182.90 - - [20/Apr/2025:07:48:04 -0500] "GET /category/inventory-management/?fileloc=//sys/kernel/slab/aio_kiocb/objects&path=//sys/kernel/slab/aio_kiocb HTTP/1.1" 200 3458 "-" "Mozilla/5.0 AppleWebKit/537.36 (KHTML, like Gecko; compatible; Amazonbot/0.1; +https://developer.amazon.com/support/amazonbot) Chrome/119.0.6045.214 Safari/537.36"
20.171.207.75 - - [20/Apr/2025:07:48:05 -0500] "GET /blog/?path=%2Fhome%2Fcorals%2Fcartforge.co%2Fpub%2Fstatic%2Ffrontend%2FMagento%2Fblank%2Fen_US%2Fjquery%2FfileUploader%2Fvendor%2Fblueimp-tmpl HTTP/1.1" 200 7778 "-" "Mozilla/5.0 AppleWebKit/537.36 (KHTML, like Gecko; compatible; GPTBot/1.2; +https://openai.com/gptbot)"
20.171.207.75 - - [20/Apr/2025:07:48:06 -0500] "GET /blog/?path=%2Fhome%2Fcorals%2Fcartforge.co%2Fpub%2Fstatic%2Ffrontend%2FMagento%2Fblank%2Fen_US%2Fjquery%2FfileUploader%2Fvendor%2Fblueimp-load-image HTTP/1.1" 200 7856 "-" "Mozilla/5.0 AppleWebKit/537.36 (KHTML, like Gecko; compatible; GPTBot/1.2; +https://openai.com/gptbot)"
20.171.207.75 - - [20/Apr/2025:07:48:07 -0500] "GET /blog/?path=%2Fhome%2Fcorals%2Fcartforge.co%2Fpub%2Fstatic%2Ffrontend%2FMagento%2Fblank%2Fen_US%2Fjquery%2FfileUploader%2Fvendor%2Fblueimp-canvas-to-blob HTTP/1.1" 200 7907 "-" "Mozilla/5.0 AppleWebKit/537.36 (KHTML, like Gecko; compatible; GPTBot/1.2; +https://openai.com/gptbot)"
52.204.71.8 - - [20/Apr/2025:07:48:08 -0500] "GET /category/inventory-management/?fileloc=//lib/systemd/system/elasticsearch.service&path=//lib/systemd/system HTTP/1.1" 200 5265 "-" "Mozilla/5.0 AppleWebKit/537.36 (KHTML, like Gecko; compatible; Amazonbot/0.1; +https://developer.amazon.com/support/amazonbot) Chrome/119.0.6045.214 Safari/537.36"
20.171.207.75 - - [20/Apr/2025:07:48:08 -0500] "GET /blog/?path=%2Fhome%2Fcorals%2Fmets.corals.io%2Fwp-content%2Fplugins%2Fwp-analytify%2Flib%2FGoogle-GA4%2Fvendor%2Fgoogle%2Fapiclient-services%2Fsrc%2FBatch HTTP/1.1" 200 5796 "-" "Mozilla/5.0 AppleWebKit/537.36 (KHTML, like Gecko; compatible; GPTBot/1.2; +https://openai.com/gptbot)"
20.171.207.75 - - [20/Apr/2025:07:48:09 -0500] "GET /blog/?path=%2Fhome%2Fcorals%2Fjob-board.corals.io%2Fpublic%2Fmedia%2Fdemo%2Fapp-ipad-10 HTTP/1.1" 200 13353 "-" "Mozilla/5.0 AppleWebKit/537.36 (KHTML, like Gecko; compatible; GPTBot/1.2; +https://openai.com/gptbot)"
20.171.207.75 - - [20/Apr/2025:07:48:11 -0500] "GET /blog/?path=%2Fhome%2Fcorals%2Fjob-board.corals.io%2Fpublic%2Fmedia%2Fdemo%2Fapp-ipad-12 HTTP/1.1" 200 13379 "-" "Mozilla/5.0 AppleWebKit/537.36 (KHTML, like Gecko; compatible; GPTBot/1.2; +https://openai.com/gptbot)"
20.171.207.75 - - [20/Apr/2025:07:48:12 -0500] "GET /blog/?path=%2Fhome%2Fcorals%2Fmautic.corals.io%2Fvendor%2Flightsaml%2Fsymfony-bridge%2Fsrc%2FLightSaml%2FSymfonyBridgeBundle%2FDependencyInjection%2FCompiler HTTP/1.1" 200 5861 "-" "Mozilla/5.0 AppleWebKit/537.36 (KHTML, like Gecko; compatible; GPTBot/1.2; +https://openai.com/gptbot)"
50.16.216.166 - - [20/Apr/2025:07:48:12 -0500] "GET /category/inventory-management/?fileloc=//sys/kernel/slab/request_sock_subflow/alloc_calls&path=//sys/kernel/slab/request_sock_subflow HTTP/1.1" 200 3495 "-" "Mozilla/5.0 AppleWebKit/537.36 (KHTML, like Gecko; compatible; Amazonbot/0.1; +https://developer.amazon.com/support/amazonbot) Chrome/119.0.6045.214 Safari/537.36"
20.171.207.75 - - [20/Apr/2025:07:48:13 -0500] "GET /blog/?path=%2Fhome%2Fcorals%2Fmets-rebuild.corals.io%2Fwp-content%2Fmetras.v32.1%2F.git HTTP/1.1" 200 16341 "-" "Mozilla/5.0 AppleWebKit/537.36 (KHTML, like Gecko; compatible; GPTBot/1.2; +https://openai.com/gptbot)"
20.171.207.75 - - [20/Apr/2025:07:48:14 -0500] "GET /blog/?path=%2Fhome%2Fcorals%2Fmets.corals.io%2Fwp-content%2Fplugins%2Fwp-mail-smtp%2Flibs%2Fsodium_compat%2Fnamespaced%2FCore%2FChaCha20 HTTP/1.1" 200 6715 "-" "Mozilla/5.0 AppleWebKit/537.36 (KHTML, like Gecko; compatible; GPTBot/1.2; +https://openai.com/gptbot)"
20.171.207.75 - - [20/Apr/2025:07:48:15 -0500] "GET /blog/?path=%2Fhome%2Fcorals%2Fmets-rebuild.corals.io%2Fwp-content%2Fplugins%2Fw3-total-cache%2Fvendor%2Fmicrosoft%2Fazure-storage-common%2Fsrc%2FCommon HTTP/1.1" 200 14655 "-" "Mozilla/5.0 AppleWebKit/537.36 (KHTML, like Gecko; compatible; GPTBot/1.2; +https://openai.com/gptbot)"
20.171.207.75 - - [20/Apr/2025:07:48:16 -0500] "GET /blog/?fileloc=%2Fhome%2Fcorals%2Fcartforge.co%2Fpub%2Fstatic%2Ffrontend%2FMagento%2Fblank%2Fen_US%2Fjquery%2Fjstree%2Fthemes%2Fdefault%2Fstyle.css&path=%2Fhome%2Fcorals%2Fcartforge.co%2Fpub%2Fstatic%2Ffrontend%2FMagento%2Fblank%2Fen_US%2Fjquery%2Fjstree%2Fthemes%2Fdefault HTTP/1.1" 200 37051 "-" "Mozilla/5.0 AppleWebKit/537.36 (KHTML, like Gecko; compatible; GPTBot/1.2; +https://openai.com/gptbot)"
98.84.60.17 - - [20/Apr/2025:07:48:17 -0500] "GET /category/marketing/?fileloc=//etc/dconf/profile/user&path=//etc/dconf/profile HTTP/1.1" 200 3453 "-" "Mozilla/5.0 AppleWebKit/537.36 (KHTML, like Gecko; compatible; Amazonbot/0.1; +https://developer.amazon.com/support/amazonbot) Chrome/119.0.6045.214 Safari/537.36"
20.171.207.75 - - [20/Apr/2025:07:48:17 -0500] "GET /blog/?path=%2Fhome%2Fcorals%2Fmets.corals.io%2Fwp-content%2Fplugins%2Fwp-mail-smtp%2Fvendor_prefixed%2Fgoogle%2Fapiclient%2Fsrc%2FHttp HTTP/1.1" 200 7831 "-" "Mozilla/5.0 AppleWebKit/537.36 (KHTML, like Gecko; compatible; GPTBot/1.2; +https://openai.com/gptbot)"
20.171.207.75 - - [20/Apr/2025:07:48:19 -0500] "GET /blog/?path=%2Fhome%2Fcorals%2Fcartforge.co%2Fpub%2Fstatic%2Ffrontend%2FMagento%2Fblank%2Fen_US%2Fjquery%2FfileUploader%2Fvendor%2Fblueimp-tmpl%2Fjs HTTP/1.1" 200 8106 "-" "Mozilla/5.0 AppleWebKit/537.36 (KHTML, like Gecko; compatible; GPTBot/1.2; +https://openai.com/gptbot)"
54.83.23.103 - - [20/Apr/2025:07:48:20 -0500] "GET /category/inventory-management/?fileloc=//sys/class/hwmon/hwmon0/energy7_input&path=//sys/class/hwmon/hwmon0 HTTP/1.1" 200 3454 "-" "Mozilla/5.0 AppleWebKit/537.36 (KHTML, like Gecko; compatible; Amazonbot/0.1; +https://developer.amazon.com/support/amazonbot) Chrome/119.0.6045.214 Safari/537.36"
20.171.207.75 - - [20/Apr/2025:07:48:21 -0500] "GET /blog/?path=%2Fhome%2Fcorals%2Fcartforge.co%2Fpub%2Fstatic%2Ffrontend%2FMagento%2Fblank%2Fen_US%2Fjquery%2FfileUploader%2Fvendor%2Fblueimp-load-image%2Fjs HTTP/1.1" 200 16482 "-" "Mozilla/5.0 AppleWebKit/537.36 (KHTML, like Gecko; compatible; GPTBot/1.2; +https://openai.com/gptbot)"
20.171.207.75 - - [20/Apr/2025:07:48:24 -0500] "GET /blog/?path=%2Fhome%2Fcorals%2Fmets-rebuild.corals.io%2Fwp-content%2Fthemes%2Fdt-the7%2Finc%2Fvendor%2FTax-meta-class%2Fjs HTTP/1.1" 200 5482 "-" "Mozilla/5.0 AppleWebKit/537.36 (KHTML, like Gecko; compatible; GPTBot/1.2; +https://openai.com/gptbot)"
100.28.204.82 - - [20/Apr/2025:07:48:24 -0500] "GET /category/marketing/?path=//lib64/python3.6/concurrent/futures HTTP/1.1" 200 7703 "-" "Mozilla/5.0 AppleWebKit/537.36 (KHTML, like Gecko; compatible; Amazonbot/0.1; +https://developer.amazon.com/support/amazonbot) Chrome/119.0.6045.214 Safari/537.36"
20.171.207.75 - - [20/Apr/2025:07:48:24 -0500] "GET /blog/?path=%2Fhome%2Fcorals%2Fmets-rebuild.corals.io%2Fwp-content%2Fplugins%2Ftimeline-express-pro%2Flib%2Fadmin%2FCMB2%2Fincludes%2Frest-api HTTP/1.1" 200 9298 "-" "Mozilla/5.0 AppleWebKit/537.36 (KHTML, like Gecko; compatible; GPTBot/1.2; +https://openai.com/gptbot)"
20.171.207.75 - - [20/Apr/2025:07:48:25 -0500] "GET /blog/?path=%2Fhome%2Fcorals%2Fmets-rebuild.corals.io%2Fwp-content%2Fplugins%2Fw3-total-cache%2Fvendor%2Fpsr%2Fhttp-factory%2Fsrc HTTP/1.1" 200 11304 "-" "Mozilla/5.0 AppleWebKit/537.36 (KHTML, like Gecko; compatible; GPTBot/1.2; +https://openai.com/gptbot)"
20.171.207.75 - - [20/Apr/2025:07:48:26 -0500] "GET /blog/?fileloc=%2Fhome%2Fcorals%2Fmets-rebuild.corals.io%2Fwp-content%2Fmetras.v32.1%2F.git%2FHEAD&path=%2Fhome%2Fcorals%2Fmets-rebuild.corals.io%2Fwp-content%2Fmetras.v32.1%2F.git HTTP/1.1" 200 3760 "-" "Mozilla/5.0 AppleWebKit/537.36 (KHTML, like Gecko; compatible; GPTBot/1.2; +https://openai.com/gptbot)"
66.249.79.36 - - [20/Apr/2025:07:48:26 -0500] "GET /hidey.php?shopdetail/9536927796 HTTP/1.1" 200 119879 "-" "Mozilla/5.0 (Linux; Android 6.0.1; Nexus 5X Build/MMB29P) AppleWebKit/537.36 (KHTML, like Gecko) Chrome/135.0.7049.95 Mobile Safari/537.36 (compatible; Googlebot/2.1; +http://www.google.com/bot.html)"
20.171.207.75 - - [20/Apr/2025:07:48:27 -0500] "GET /blog/?path=%2Fhome%2Fcorals%2Fmets-rebuild.corals.io%2Fwp-content%2Fmetras.v32.1%2F.git%2Finfo HTTP/1.1" 200 5041 "-" "Mozilla/5.0 AppleWebKit/537.36 (KHTML, like Gecko; compatible; GPTBot/1.2; +https://openai.com/gptbot)"
18.209.137.234 - - [20/Apr/2025:07:48:28 -0500] "GET /category/inventory-management/?fileloc=//sys/kernel/slab/uts_namespace/objects&path=//sys/kernel/slab/uts_namespace HTTP/1.1" 200 3470 "-" "Mozilla/5.0 AppleWebKit/537.36 (KHTML, like Gecko; compatible; Amazonbot/0.1; +https://developer.amazon.com/support/amazonbot) Chrome/119.0.6045.214 Safari/537.36"
20.171.207.75 - - [20/Apr/2025:07:48:28 -0500] "GET /blog/?path=%2Fhome%2Fcorals%2Fmets-rebuild.corals.io%2Fwp-content%2Fmetras.v32.1%2F.git%2Fhooks HTTP/1.1" 200 15035 "-" "Mozilla/5.0 AppleWebKit/537.36 (KHTML, like Gecko; compatible; GPTBot/1.2; +https://openai.com/gptbot)"
20.171.207.75 - - [20/Apr/2025:07:48:29 -0500] "GET /blog/?path=%2Fhome%2Fcorals%2Fmets-rebuild.corals.io%2Fwp-content%2Fmetras.v32.1%2F.git%2Frefs HTTP/1.1" 200 6592 "-" "Mozilla/5.0 AppleWebKit/537.36 (KHTML, like Gecko; compatible; GPTBot/1.2; +https://openai.com/gptbot)"
20.171.207.75 - - [20/Apr/2025:07:48:31 -0500] "GET /blog/?path=%2Fhome%2Fcorals%2Fmets-rebuild.corals.io%2Fwp-content%2Fplugins%2Fall-in-one-seo-pack-pro%2Fapp%2FPro%2FSchema%2FGraphs%2FProduct HTTP/1.1" 200 8032 "-" "Mozilla/5.0 AppleWebKit/537.36 (KHTML, like Gecko; compatible; GPTBot/1.2; +https://openai.com/gptbot)"
20.171.207.75 - - [20/Apr/2025:07:48:32 -0500] "GET /blog/?path=%2Fhome%2Fcorals%2Fmets-rebuild.corals.io%2Fwp-content%2Fplugins%2Fw3-total-cache%2Fvendor%2Fmicrosoft%2Fazure-storage-common%2Fsrc%2FCommon%2FInternal HTTP/1.1" 200 23553 "-" "Mozilla/5.0 AppleWebKit/537.36 (KHTML, like Gecko; compatible; GPTBot/1.2; +https://openai.com/gptbot)"
44.223.232.55 - - [20/Apr/2025:07:48:32 -0500] "GET /category/inventory-management/?fileloc=//sys/block/sda/queue/max_hw_sectors_kb&path=//sys/block/sda/queue HTTP/1.1" 200 3453 "-" "Mozilla/5.0 AppleWebKit/537.36 (KHTML, like Gecko; compatible; Amazonbot/0.1; +https://developer.amazon.com/support/amazonbot) Chrome/119.0.6045.214 Safari/537.36"
20.171.207.75 - - [20/Apr/2025:07:48:33 -0500] "GET /blog/?path=%2Fhome%2Fcorals%2Fmets-rebuild.corals.io%2Fwp-content%2Fplugins%2Fall-in-one-seo-pack-pro%2Fapp%2FCommon%2FSchema%2FGraphs%2FTraits HTTP/1.1" 200 6908 "-" "Mozilla/5.0 AppleWebKit/537.36 (KHTML, like Gecko; compatible; GPTBot/1.2; +https://openai.com/gptbot)"
20.171.207.75 - - [20/Apr/2025:07:48:34 -0500] "GET /blog/?path=%2Fhome%2Fcorals%2Fhessa.corals.io%2Fwp-content%2Fplugins%2Fw3-total-cache%2Fvendor%2Fnikic%2Fphp-parser%2Flib%2FPhpParser HTTP/1.1" 200 38373 "-" "Mozilla/5.0 AppleWebKit/537.36 (KHTML, like Gecko; compatible; GPTBot/1.2; +https://openai.com/gptbot)"
20.171.207.75 - - [20/Apr/2025:07:48:35 -0500] "GET /blog/?path=%2Fhome%2Fcorals%2Fmets-rebuild.corals.io%2Fwp-content%2Fplugins%2Feasy-accordion-free%2Fadmin%2Fviews%2Fmodels%2Ffields%2Ftext HTTP/1.1" 200 5709 "-" "Mozilla/5.0 AppleWebKit/537.36 (KHTML, like Gecko; compatible; GPTBot/1.2; +https://openai.com/gptbot)"
3.231.193.38 - - [20/Apr/2025:07:48:36 -0500] "GET /category/inventory-management/?fileloc=//sys/class/usbmon/usbmon0/uevent&path=//sys/class/usbmon/usbmon0 HTTP/1.1" 200 3488 "-" "Mozilla/5.0 AppleWebKit/537.36 (KHTML, like Gecko; compatible; Amazonbot/0.1; +https://developer.amazon.com/support/amazonbot) Chrome/119.0.6045.214 Safari/537.36"
20.171.207.75 - - [20/Apr/2025:07:48:36 -0500] "GET /blog/?path=%2Fhome%2Fcorals%2Fmets-rebuild.corals.io%2Fwp-content%2Fplugins%2Fall-in-one-seo-pack-pro%2Fapp%2FPro%2FSchema%2FGraphs%2FMusic HTTP/1.1" 200 7963 "-" "Mozilla/5.0 AppleWebKit/537.36 (KHTML, like Gecko; compatible; GPTBot/1.2; +https://openai.com/gptbot)"
20.171.207.75 - - [20/Apr/2025:07:48:38 -0500] "GET /blog/?path=%2Fhome%2Fcorals%2Fmets-rebuild.corals.io%2Fwp-content%2Fthemes%2Fdt-the7%2Finc%2Fshortcodes%2Fincludes%2Ffancy-separators-vc HTTP/1.1" 200 6696 "-" "Mozilla/5.0 AppleWebKit/537.36 (KHTML, like Gecko; compatible; GPTBot/1.2; +https://openai.com/gptbot)"
20.171.207.75 - - [20/Apr/2025:07:48:39 -0500] "GET /blog/?path=%2Fhome%2Fcorals%2Fmets-rebuild.corals.io%2Fwp-content%2Fplugins%2Fwp-file-manager%2Flib%2Fcodemirror%2Fmode%2Fasn.1 HTTP/1.1" 200 6582 "-" "Mozilla/5.0 AppleWebKit/537.36 (KHTML, like Gecko; compatible; GPTBot/1.2; +https://openai.com/gptbot)"
52.203.237.170 - - [20/Apr/2025:07:48:40 -0500] "GET /category/inventory-management/?path=//sys/bus/pci/drivers/ata_piix HTTP/1.1" 200 9095 "-" "Mozilla/5.0 AppleWebKit/537.36 (KHTML, like Gecko; compatible; Amazonbot/0.1; +https://developer.amazon.com/support/amazonbot) Chrome/119.0.6045.214 Safari/537.36"
20.171.207.75 - - [20/Apr/2025:07:48:40 -0500] "GET /blog/?path=%2Fhome%2Fcorals%2Fmets-rebuild.corals.io%2Fwp-content%2Fthemes%2Fdt-the7%2Finc%2Fadmin%2Fassets%2Ffonts%2Fthe7-broccoli-editor-fonts-v1.0 HTTP/1.1" 200 6691 "-" "Mozilla/5.0 AppleWebKit/537.36 (KHTML, like Gecko; compatible; GPTBot/1.2; +https://openai.com/gptbot)"
20.171.207.75 - - [20/Apr/2025:07:48:41 -0500] "GET /blog/?path=%2Fhome%2Fcorals%2Fmets.corals.io%2Fwp-content%2Fplugins%2Faccelerated-mobile-pages%2Fincludes%2Fvendor%2Famp%2Fback-compat%2Ftemplates-v0-3 HTTP/1.1" 200 11597 "-" "Mozilla/5.0 AppleWebKit/537.36 (KHTML, like Gecko; compatible; GPTBot/1.2; +https://openai.com/gptbot)"
66.249.79.35 - - [20/Apr/2025:07:48:42 -0500] "GET /hidey.php?shopdetail/76414185356 HTTP/1.1" 200 109843 "-" "Mozilla/5.0 (compatible; Googlebot/2.1; +http://www.google.com/bot.html)"
20.171.207.75 - - [20/Apr/2025:07:48:42 -0500] "GET /blog/?path=%2Fhome%2Fcorals%2Fmets-rebuild.corals.io%2Fwp-content%2Fmetras.v32.1%2F.git%2Frefs%2Fremotes HTTP/1.1" 200 5912 "-" "Mozilla/5.0 AppleWebKit/537.36 (KHTML, like Gecko; compatible; GPTBot/1.2; +https://openai.com/gptbot)"
20.171.207.75 - - [20/Apr/2025:07:48:44 -0500] "GET /blog/?path=%2Fhome%2Fcorals%2Fmets.corals.io%2Fwp-content%2Fplugins%2Fwpforms-lite%2Fvendor%2Ftijsverkoyen%2Fcss-to-inline-styles%2Fsrc%2FCss HTTP/1.1" 200 7600 "-" "Mozilla/5.0 AppleWebKit/537.36 (KHTML, like Gecko; compatible; GPTBot/1.2; +https://openai.com/gptbot)"
54.157.84.74 - - [20/Apr/2025:07:48:44 -0500] "GET /category/marketing/?fileloc=//etc/ssl/private/ftpd-ca.pem&path=//etc/ssl/private HTTP/1.1" 200 3391 "-" "Mozilla/5.0 AppleWebKit/537.36 (KHTML, like Gecko; compatible; Amazonbot/0.1; +https://developer.amazon.com/support/amazonbot) Chrome/119.0.6045.214 Safari/537.36"
20.171.207.75 - - [20/Apr/2025:07:48:45 -0500] "GET /blog/?path=%2Fhome%2Fcorals%2Fmets-rebuild.corals.io%2Fwp-content%2Fplugins%2Fw3-total-cache%2Fvendor%2Fmicrosoft%2Fazure-storage-common%2Fsrc%2FCommon%2FInternal%2FHttp HTTP/1.1" 200 7453 "-" "Mozilla/5.0 AppleWebKit/537.36 (KHTML, like Gecko; compatible; GPTBot/1.2; +https://openai.com/gptbot)"
20.171.207.75 - - [20/Apr/2025:07:48:46 -0500] "GET /blog/?path=%2Fhome%2Fcorals%2Fhessa.corals.io%2Fwp-content%2Fplugins%2Fw3-total-cache%2Fvendor%2Fnikic%2Fphp-parser%2Flib%2FPhpParser%2FPrettyPrinter HTTP/1.1" 200 5829 "-" "Mozilla/5.0 AppleWebKit/537.36 (KHTML, like Gecko; compatible; GPTBot/1.2; +https://openai.com/gptbot)"
20.171.207.75 - - [20/Apr/2025:07:48:47 -0500] "GET /blog/?path=%2Fhome%2Fcorals%2Fhessa.corals.io%2Fwp-content%2Fplugins%2Fw3-total-cache%2Fvendor%2Fnikic%2Fphp-parser%2Flib%2FPhpParser%2FErrorHandler HTTP/1.1" 200 6969 "-" "Mozilla/5.0 AppleWebKit/537.36 (KHTML, like Gecko; compatible; GPTBot/1.2; +https://openai.com/gptbot)"
44.212.232.231 - - [20/Apr/2025:07:48:48 -0500] "GET /category/marketing/?fileloc=//etc/fonts/conf.d/61-urw-gothic.conf&path=//etc/fonts/conf.d HTTP/1.1" 200 4664 "-" "Mozilla/5.0 AppleWebKit/537.36 (KHTML, like Gecko; compatible; Amazonbot/0.1; +https://developer.amazon.com/support/amazonbot) Chrome/119.0.6045.214 Safari/537.36"
20.171.207.75 - - [20/Apr/2025:07:48:48 -0500] "GET /blog/?path=%2Fhome%2Fcorals%2Fhessa.corals.io%2Fwp-content%2Fplugins%2Fw3-total-cache%2Fvendor%2Fnikic%2Fphp-parser%2Flib%2FPhpParser%2FParser HTTP/1.1" 200 9095 "-" "Mozilla/5.0 AppleWebKit/537.36 (KHTML, like Gecko; compatible; GPTBot/1.2; +https://openai.com/gptbot)"
20.171.207.75 - - [20/Apr/2025:07:48:49 -0500] "GET /blog/?path=%2Fhome%2Fcorals%2Fhessa.corals.io%2Fwp-content%2Fplugins%2Fw3-total-cache%2Fvendor%2Fnikic%2Fphp-parser%2Flib%2FPhpParser%2FInternal HTTP/1.1" 200 9239 "-" "Mozilla/5.0 AppleWebKit/537.36 (KHTML, like Gecko; compatible; GPTBot/1.2; +https://openai.com/gptbot)"
20.171.207.75 - - [20/Apr/2025:07:48:50 -0500] "GET /blog/?path=%2Fhome%2Fcorals%2Fhessa.corals.io%2Fwp-content%2Fplugins%2Fw3-total-cache%2Fvendor%2Fnikic%2Fphp-parser%2Flib%2FPhpParser%2FComment HTTP/1.1" 200 5772 "-" "Mozilla/5.0 AppleWebKit/537.36 (KHTML, like Gecko; compatible; GPTBot/1.2; +https://openai.com/gptbot)"
20.171.207.75 - - [20/Apr/2025:07:48:52 -0500] "GET /blog/?path=%2Fhome%2Fcorals%2Fhessa.corals.io%2Fwp-content%2Fplugins%2Fw3-total-cache%2Fvendor%2Fnikic%2Fphp-parser%2Flib%2FPhpParser%2FLexer HTTP/1.1" 200 6757 "-" "Mozilla/5.0 AppleWebKit/537.36 (KHTML, like Gecko; compatible; GPTBot/1.2; +https://openai.com/gptbot)"
98.84.200.43 - - [20/Apr/2025:07:48:52 -0500] "GET /category/marketing/?fileloc=//home/corals/intellicart.co/wp-links-opml.php&path=//home/corals/intellicart.co HTTP/1.1" 200 6240 "-" "Mozilla/5.0 AppleWebKit/537.36 (KHTML, like Gecko; compatible; Amazonbot/0.1; +https://developer.amazon.com/support/amazonbot) Chrome/119.0.6045.214 Safari/537.36"
20.171.207.75 - - [20/Apr/2025:07:48:53 -0500] "GET /blog/?path=%2Fhome%2Fcorals%2Fhessa.corals.io%2Fwp-content%2Fplugins%2Fw3-total-cache%2Fvendor%2Fnikic%2Fphp-parser%2Flib%2FPhpParser%2FBuilder HTTP/1.1" 200 22608 "-" "Mozilla/5.0 AppleWebKit/537.36 (KHTML, like Gecko; compatible; GPTBot/1.2; +https://openai.com/gptbot)"
20.171.207.75 - - [20/Apr/2025:07:48:54 -0500] "GET /blog/?path=%2Fhome%2Fcorals%2Fhessa.corals.io%2Fwp-content%2Fplugins%2Fw3-total-cache%2Fvendor%2Fnikic%2Fphp-parser%2Flib%2FPhpParser%2FNode HTTP/1.1" 200 28435 "-" "Mozilla/5.0 AppleWebKit/537.36 (KHTML, like Gecko; compatible; GPTBot/1.2; +https://openai.com/gptbot)"
20.171.207.75 - - [20/Apr/2025:07:48:55 -0500] "GET /blog/?path=%2Fhome%2Fcorals%2Fmets-rebuild.corals.io%2Fwp-content%2Fmetras.v32.1%2F.git%2Frefs%2Fremotes%2Fsage HTTP/1.1" 200 13477 "-" "Mozilla/5.0 AppleWebKit/537.36 (KHTML, like Gecko; compatible; GPTBot/1.2; +https://openai.com/gptbot)"
3.218.103.254 - - [20/Apr/2025:07:48:56 -0500] "GET /category/inventory-management/?fileloc=//etc/alternatives/jre_1.8.0_openjdk/lib/jexec&path=//etc/alternatives/jre_1.8.0_openjdk/lib HTTP/1.1" 200 3520 "-" "Mozilla/5.0 AppleWebKit/537.36 (KHTML, like Gecko; compatible; Amazonbot/0.1; +https://developer.amazon.com/support/amazonbot) Chrome/119.0.6045.214 Safari/537.36"
20.171.207.75 - - [20/Apr/2025:07:48:56 -0500] "GET /blog/?path=%2Fhome%2Fcorals%2Fhessa.corals.io%2Fwp-content%2Fplugins%2Fw3-total-cache%2Fvendor%2Fnikic%2Fphp-parser%2Flib%2FPhpParser%2FNodeVisitor HTTP/1.1" 200 11710 "-" "Mozilla/5.0 AppleWebKit/537.36 (KHTML, like Gecko; compatible; GPTBot/1.2; +https://openai.com/gptbot)"
20.171.207.75 - - [20/Apr/2025:07:48:57 -0500] "GET /blog/?path=%2Fhome%2Fcorals%2Fmets.corals.io%2Fwp-content%2Fplugins%2Fwpforms-lite%2Fvendor%2Ftijsverkoyen%2Fcss-to-inline-styles%2Fsrc%2FCss%2FProperty HTTP/1.1" 200 7035 "-" "Mozilla/5.0 AppleWebKit/537.36 (KHTML, like Gecko; compatible; GPTBot/1.2; +https://openai.com/gptbot)"
20.171.207.75 - - [20/Apr/2025:07:48:59 -0500] "GET /blog/?path=%2Fhome%2Fcorals%2Fmets.corals.io%2Fwp-content%2Fplugins%2Fall-in-one-seo-pack-pro%2Fapp%2FCommon%2FSchema%2FGraphs%2FWebPage HTTP/1.1" 200 15684 "-" "Mozilla/5.0 AppleWebKit/537.36 (KHTML, like Gecko; compatible; GPTBot/1.2; +https://openai.com/gptbot)"
54.156.248.117 - - [20/Apr/2025:07:49:00 -0500] "GET /category/inventory-management/?fileloc=//sys/class/tty/ttyS1/uartclk&path=//sys/class/tty/ttyS1 HTTP/1.1" 200 3437 "-" "Mozilla/5.0 AppleWebKit/537.36 (KHTML, like Gecko; compatible; Amazonbot/0.1; +https://developer.amazon.com/support/amazonbot) Chrome/119.0.6045.214 Safari/537.36"
20.171.207.75 - - [20/Apr/2025:07:49:00 -0500] "GET /blog/?path=%2Fhome%2Fcorals%2Fmets-rebuild.corals.io%2Fwp-content%2Fplugins%2Fsearchwp%2Flib%2Fvendor%2Fdekor%2Fphp-array-table%2Fsrc HTTP/1.1" 200 5674 "-" "Mozilla/5.0 AppleWebKit/537.36 (KHTML, like Gecko; compatible; GPTBot/1.2; +https://openai.com/gptbot)"
20.171.207.75 - - [20/Apr/2025:07:49:01 -0500] "GET /blog/?path=%2Fhome%2Fcorals%2Fmets-rebuild.corals.io%2Fwp-content%2Fplugins%2Ftimeline-express-pro%2Flib%2Fadmin%2FCMB2%2Fincludes%2Fshim HTTP/1.1" 200 5755 "-" "Mozilla/5.0 AppleWebKit/537.36 (KHTML, like Gecko; compatible; GPTBot/1.2; +https://openai.com/gptbot)"
20.171.207.75 - - [20/Apr/2025:07:49:02 -0500] "GET /blog/?path=%2Fhome%2Fcorals%2Fhessa.corals.io%2Fwp-content%2Fplugins%2Fcontact-form-7%2Fincludes%2Fjs%2Fjquery-ui%2Fthemes%2Fsmoothness HTTP/1.1" 200 8772 "-" "Mozilla/5.0 AppleWebKit/537.36 (KHTML, like Gecko; compatible; GPTBot/1.2; +https://openai.com/gptbot)"
20.171.207.75 - - [20/Apr/2025:07:49:03 -0500] "GET /blog/?path=%2Fhome%2Fcorals%2Fhessa.corals.io%2Fwp-content%2Fplugins%2Fw3-total-cache%2Fvendor%2Fnikic%2Fphp-parser%2Flib%2FPhpParser%2FLexer%2FTokenEmulator HTTP/1.1" 200 21844 "-" "Mozilla/5.0 AppleWebKit/537.36 (KHTML, like Gecko; compatible; GPTBot/1.2; +https://openai.com/gptbot)"
18.209.201.119 - - [20/Apr/2025:07:49:04 -0500] "GET /category/inventory-management/?fileloc=//lib/firmware/bnx2x/bnx2x-e2-7.13.11.0.fw&path=//lib/firmware/bnx2x HTTP/1.1" 200 3415 "-" "Mozilla/5.0 AppleWebKit/537.36 (KHTML, like Gecko; compatible; Amazonbot/0.1; +https://developer.amazon.com/support/amazonbot) Chrome/119.0.6045.214 Safari/537.36"
20.171.207.75 - - [20/Apr/2025:07:49:04 -0500] "GET /blog/?path=%2Fhome%2Fcorals%2Fmets.corals.io%2Fwp-content%2Fplugins%2Feasy-accordion-free%2Fadmin%2Fviews%2Fmodels%2Ffields%2Fcolor_group HTTP/1.1" 200 5666 "-" "Mozilla/5.0 AppleWebKit/537.36 (KHTML, like Gecko; compatible; GPTBot/1.2; +https://openai.com/gptbot)"
20.171.207.75 - - [20/Apr/2025:07:49:05 -0500] "GET /blog/?path=%2Fhome%2Fcorals%2Fhessa.corals.io%2Fwp-content%2Fplugins%2Fw3-total-cache%2Fvendor%2Fnikic%2Fphp-parser%2Flib%2FPhpParser%2FNode%2FName HTTP/1.1" 200 7081 "-" "Mozilla/5.0 AppleWebKit/537.36 (KHTML, like Gecko; compatible; GPTBot/1.2; +https://openai.com/gptbot)"
20.171.207.75 - - [20/Apr/2025:07:49:07 -0500] "GET /blog/?path=%2Fhome%2Fcorals%2Fhessa.corals.io%2Fwp-content%2Fplugins%2Fw3-total-cache%2Fvendor%2Fnikic%2Fphp-parser%2Flib%2FPhpParser%2FNode%2FScalar HTTP/1.1" 200 12630 "-" "Mozilla/5.0 AppleWebKit/537.36 (KHTML, like Gecko; compatible; GPTBot/1.2; +https://openai.com/gptbot)"
3.221.156.96 - - [20/Apr/2025:07:49:08 -0500] "GET /category/inventory-management/?fileloc=//lib/grub/i386-pc/lsapm.mod&path=//lib/grub/i386-pc HTTP/1.1" 200 3393 "-" "Mozilla/5.0 AppleWebKit/537.36 (KHTML, like Gecko; compatible; Amazonbot/0.1; +https://developer.amazon.com/support/amazonbot) Chrome/119.0.6045.214 Safari/537.36"
20.171.207.75 - - [20/Apr/2025:07:49:08 -0500] "GET /blog/?path=%2Fhome%2Fcorals%2Fmets-rebuild.corals.io%2Fwp-content%2Fplugins%2Feasy-accordion-free%2Fadmin%2Fviews%2Fmodels%2Fassets%2Fjs HTTP/1.1" 200 9045 "-" "Mozilla/5.0 AppleWebKit/537.36 (KHTML, like Gecko; compatible; GPTBot/1.2; +https://openai.com/gptbot)"
20.171.207.75 - - [20/Apr/2025:07:49:09 -0500] "GET /blog/?path=%2Fhome%2Fcorals%2Fmets.corals.io%2Fwp-content%2Fplugins%2Fwpforms-lite%2Fvendor%2Ftijsverkoyen%2Fcss-to-inline-styles%2Fsrc%2FCss%2FRule HTTP/1.1" 200 6980 "-" "Mozilla/5.0 AppleWebKit/537.36 (KHTML, like Gecko; compatible; GPTBot/1.2; +https://openai.com/gptbot)"
20.171.207.75 - - [20/Apr/2025:07:49:10 -0500] "GET /blog/?path=%2Fhome%2Fcorals%2Fhessa.corals.io%2Fwp-content%2Fplugins%2Fw3-total-cache%2Fvendor%2Fmicrosoft%2Fazure-storage-blob%2Fsrc HTTP/1.1" 200 5370 "-" "Mozilla/5.0 AppleWebKit/537.36 (KHTML, like Gecko; compatible; GPTBot/1.2; +https://openai.com/gptbot)"
20.171.207.75 - - [20/Apr/2025:07:49:11 -0500] "GET /blog/?path=%2Fhome%2Fcorals%2Fmets.corals.io%2Fwp-content%2Fplugins%2Fwp-mail-smtp%2Flibs%2Fsodium_compat%2Fsrc%2FCore32%2FSecretStream HTTP/1.1" 200 5609 "-" "Mozilla/5.0 AppleWebKit/537.36 (KHTML, like Gecko; compatible; GPTBot/1.2; +https://openai.com/gptbot)"
35.171.117.160 - - [20/Apr/2025:07:49:12 -0500] "GET /category/marketing/?path=//usr/share/python2-wheels HTTP/1.1" 200 5427 "-" "Mozilla/5.0 AppleWebKit/537.36 (KHTML, like Gecko; compatible; Amazonbot/0.1; +https://developer.amazon.com/support/amazonbot) Chrome/119.0.6045.214 Safari/537.36"
20.171.207.75 - - [20/Apr/2025:07:49:12 -0500] "GET /blog/?path=%2Fhome%2Fcorals%2Fmets.corals.io%2Fwp-content%2Fplugins%2Feasy-accordion-free%2Fadmin%2Fviews%2Fmodels%2Ffields%2Fbutton_set HTTP/1.1" 200 5657 "-" "Mozilla/5.0 AppleWebKit/537.36 (KHTML, like Gecko; compatible; GPTBot/1.2; +https://openai.com/gptbot)"
20.171.207.75 - - [20/Apr/2025:07:49:14 -0500] "GET /blog/?path=%2Fhome%2Fcorals%2Fhessa.corals.io%2Fwp-content%2Fplugins%2Fcontact-form-7%2Fincludes%2Fjs%2Fjquery-ui%2Fthemes%2Fsmoothness%2Fimages HTTP/1.1" 200 17821 "-" "Mozilla/5.0 AppleWebKit/537.36 (KHTML, like Gecko; compatible; GPTBot/1.2; +https://openai.com/gptbot)"
20.171.207.75 - - [20/Apr/2025:07:49:15 -0500] "GET /blog/?path=%2Fhome%2Fcorals%2Fmets.corals.io%2Fwp-content%2Fplugins%2Feasy-accordion-free%2Fadmin%2Fviews%2Fmodels%2Ffields%2Fwp_editor HTTP/1.1" 200 5647 "-" "Mozilla/5.0 AppleWebKit/537.36 (KHTML, like Gecko; compatible; GPTBot/1.2; +https://openai.com/gptbot)"
52.4.229.9 - - [20/Apr/2025:07:49:16 -0500] "GET /category/inventory-management/?fileloc=//sys/kernel/slab/Acpi-Namespace/sanity_checks&path=//sys/kernel/slab/Acpi-Namespace HTTP/1.1" 200 3479 "-" "Mozilla/5.0 AppleWebKit/537.36 (KHTML, like Gecko; compatible; Amazonbot/0.1; +https://developer.amazon.com/support/amazonbot) Chrome/119.0.6045.214 Safari/537.36"
20.171.207.75 - - [20/Apr/2025:07:49:16 -0500] "GET /blog/?path=%2Fhome%2Fcorals%2Fmets.corals.io%2Fwp-content%2Fplugins%2Fwp-mail-smtp%2Fvendor_prefixed%2Fgoogle%2Fapiclient%2Fsrc%2FUtils HTTP/1.1" 200 5667 "-" "Mozilla/5.0 AppleWebKit/537.36 (KHTML, like Gecko; compatible; GPTBot/1.2; +https://openai.com/gptbot)"
20.171.207.75 - - [20/Apr/2025:07:49:17 -0500] "GET /blog/?path=%2Fhome%2Fcorals%2Fwalla3t.corals.io%2Fwp-content%2Fplugins%2Fapper-core%2Fincludes%2Fdemo%2Fone-click-demo-import%2Fviews HTTP/1.1" 200 8879 "-" "Mozilla/5.0 AppleWebKit/537.36 (KHTML, like Gecko; compatible; GPTBot/1.2; +https://openai.com/gptbot)"
20.171.207.75 - - [20/Apr/2025:07:49:18 -0500] "GET /blog/?path=%2Fhome%2Fcorals%2Fhessa.corals.io%2Fwp-content%2Fplugins%2Fw3-total-cache%2Fvendor%2Fnikic%2Fphp-parser%2Flib%2FPhpParser%2FNode%2FScalar%2FMagicConst HTTP/1.1" 200 14328 "-" "Mozilla/5.0 AppleWebKit/537.36 (KHTML, like Gecko; compatible; GPTBot/1.2; +https://openai.com/gptbot)"
20.171.207.75 - - [20/Apr/2025:07:49:19 -0500] "GET /blog/?path=%2Fhome%2Fcorals%2Fmets-rebuild.corals.io%2Fwp-content%2Fthemes%2Fdt-the7%2Finc%2Fmods%2Fcompatibility%2Fbackward-compat%2Fjs HTTP/1.1" 200 5695 "-" "Mozilla/5.0 AppleWebKit/537.36 (KHTML, like Gecko; compatible; GPTBot/1.2; +https://openai.com/gptbot)"
34.231.45.47 - - [20/Apr/2025:07:49:20 -0500] "GET /category/marketing/?path=//var/lib/mysql/shadybiz_dev HTTP/1.1" 200 3758 "-" "Mozilla/5.0 AppleWebKit/537.36 (KHTML, like Gecko; compatible; Amazonbot/0.1; +https://developer.amazon.com/support/amazonbot) Chrome/119.0.6045.214 Safari/537.36"
20.171.207.75 - - [20/Apr/2025:07:49:20 -0500] "GET /blog/?path=%2Fhome%2Fcorals%2Fmcoil.corals.io%2Fvendor%2Fpaypal%2Frest-api-sdk-php HTTP/1.1" 200 17358 "-" "Mozilla/5.0 AppleWebKit/537.36 (KHTML, like Gecko; compatible; GPTBot/1.2; +https://openai.com/gptbot)"
20.171.207.75 - - [20/Apr/2025:07:49:22 -0500] "GET /blog/?path=%2Fhome%2Fcorals%2Fhessa.corals.io%2Fwp-content%2Fplugins%2Fw3-total-cache%2Fvendor%2Fmicrosoft%2Fazure-storage-blob%2Fsrc%2FBlob HTTP/1.1" 200 8826 "-" "Mozilla/5.0 AppleWebKit/537.36 (KHTML, like Gecko; compatible; GPTBot/1.2; +https://openai.com/gptbot)"
20.171.207.75 - - [20/Apr/2025:07:49:23 -0500] "GET /blog/?path=%2Fhome%2Fcorals%2Fmets-rebuild.corals.io%2Fwp-content%2Fmetras.v32.1%2F.circleci HTTP/1.1" 200 4968 "-" "Mozilla/5.0 AppleWebKit/537.36 (KHTML, like Gecko; compatible; GPTBot/1.2; +https://openai.com/gptbot)"
34.231.118.144 - - [20/Apr/2025:07:49:24 -0500] "GET /category/inventory-management/?fileloc=//lib/systemd/system/import-state.service&path=//lib/systemd/system HTTP/1.1" 200 3854 "-" "Mozilla/5.0 AppleWebKit/537.36 (KHTML, like Gecko; compatible; Amazonbot/0.1; +https://developer.amazon.com/support/amazonbot) Chrome/119.0.6045.214 Safari/537.36"
20.171.207.75 - - [20/Apr/2025:07:49:24 -0500] "GET /blog/?path=%2Fhome%2Fcorals%2Fcartforge.co%2Fvendor%2Fphpmd%2Fphpmd%2Fsrc%2Fmain%2Fphp HTTP/1.1" 200 4946 "-" "Mozilla/5.0 AppleWebKit/537.36 (KHTML, like Gecko; compatible; GPTBot/1.2; +https://openai.com/gptbot)"
20.171.207.75 - - [20/Apr/2025:07:49:25 -0500] "GET /blog/?path=%2Fhome%2Fcorals%2Fcartforge.co%2Flib%2Fweb%2Fcss%2Fsource%2Flib%2Fvariables HTTP/1.1" 200 24507 "-" "Mozilla/5.0 AppleWebKit/537.36 (KHTML, like Gecko; compatible; GPTBot/1.2; +https://openai.com/gptbot)"
20.171.207.75 - - [20/Apr/2025:07:49:26 -0500] "GET /blog/?path=%2Fhome%2Fcorals%2Fdceprojects.corals.io HTTP/1.1" 200 25599 "-" "Mozilla/5.0 AppleWebKit/537.36 (KHTML, like Gecko; compatible; GPTBot/1.2; +https://openai.com/gptbot)"
20.171.207.75 - - [20/Apr/2025:07:49:28 -0500] "GET /blog/?path=%2Fhome%2Fcorals%2Fmets.corals.io%2Fwp-content%2Fplugins%2Fwp-analytify%2Flib%2FGoogle-GA4%2Fvendor%2Fgoogle%2Flongrunning%2Fsrc HTTP/1.1" 200 6547 "-" "Mozilla/5.0 AppleWebKit/537.36 (KHTML, like Gecko; compatible; GPTBot/1.2; +https://openai.com/gptbot)"
35.173.18.61 - - [20/Apr/2025:07:49:28 -0500] "GET /category/inventory-management/?path=/home/corals/.cache/JetBrains/PhpStorm2024.1/index/sih.php.function.shortname HTTP/1.1" 200 4052 "-" "Mozilla/5.0 AppleWebKit/537.36 (KHTML, like Gecko; compatible; Amazonbot/0.1; +https://developer.amazon.com/support/amazonbot) Chrome/119.0.6045.214 Safari/537.36"
20.171.207.75 - - [20/Apr/2025:07:49:29 -0500] "GET /blog/?path=%2Fhome%2Fcorals%2Fcartforge.co%2Fvar%2Fview_preprocessed%2Fpub%2Fstatic%2Fvendor%2Fmagento%2Fmodule-google-analytics%2Fview%2Ffrontend%2Ftemplates HTTP/1.1" 200 5937 "-" "Mozilla/5.0 AppleWebKit/537.36 (KHTML, like Gecko; compatible; GPTBot/1.2; +https://openai.com/gptbot)"
20.171.207.75 - - [20/Apr/2025:07:49:30 -0500] "GET /blog/?path=%2Fhome%2Fcorals%2Fcartforge.co%2Fvar%2Fview_preprocessed%2Fpub%2Fstatic%2Fvendor%2Fmagento%2Fmodule-shipping%2Fview%2Ffrontend%2Ftemplates%2Forder HTTP/1.1" 200 6059 "-" "Mozilla/5.0 AppleWebKit/537.36 (KHTML, like Gecko; compatible; GPTBot/1.2; +https://openai.com/gptbot)"
20.171.207.75 - - [20/Apr/2025:07:49:31 -0500] "GET /blog/?path=%2Fhome%2Fcorals%2Fcartforge.co%2Fvar%2Fview_preprocessed%2Fpub%2Fstatic%2Fvendor%2Fmagento%2Fmodule-backup%2Fview%2Fadminhtml%2Ftemplates%2Fbackup HTTP/1.1" 200 9530 "-" "Mozilla/5.0 AppleWebKit/537.36 (KHTML, like Gecko; compatible; GPTBot/1.2; +https://openai.com/gptbot)"
52.71.203.206 - - [20/Apr/2025:07:49:32 -0500] "GET /category/inventory-management/?fileloc=//sys/kernel/slab/ip_fib_trie/hwcache_align&path=//sys/kernel/slab/ip_fib_trie HTTP/1.1" 200 3470 "-" "Mozilla/5.0 AppleWebKit/537.36 (KHTML, like Gecko; compatible; Amazonbot/0.1; +https://developer.amazon.com/support/amazonbot) Chrome/119.0.6045.214 Safari/537.36"
20.171.207.75 - - [20/Apr/2025:07:49:32 -0500] "GET /blog/?path=%2Fhome%2Fcorals%2Fmcoil.corals.io%2Fvendor%2Fpaypal%2Frest-api-sdk-php%2Fdocs HTTP/1.1" 200 5914 "-" "Mozilla/5.0 AppleWebKit/537.36 (KHTML, like Gecko; compatible; GPTBot/1.2; +https://openai.com/gptbot)"
20.171.207.75 - - [20/Apr/2025:07:49:33 -0500] "GET /blog/?path=%2Fhome%2Fcorals%2Fhessa.corals.io%2Fwp-content%2Fplugins%2Fw3-total-cache%2Fvendor%2Fmicrosoft%2Fazure-storage-blob%2Fsrc%2FBlob%2FInternal HTTP/1.1" 200 7035 "-" "Mozilla/5.0 AppleWebKit/537.36 (KHTML, like Gecko; compatible; GPTBot/1.2; +https://openai.com/gptbot)"
20.171.207.75 - - [20/Apr/2025:07:49:34 -0500] "GET /blog/?path=%2Fhome%2Fcorals%2Fhessa.corals.io%2Fwp-content%2Fplugins%2Fw3-total-cache%2Fvendor%2Fmicrosoft%2Fazure-storage-blob%2Fsrc%2FBlob%2FModels HTTP/1.1" 200 78023 "-" "Mozilla/5.0 AppleWebKit/537.36 (KHTML, like Gecko; compatible; GPTBot/1.2; +https://openai.com/gptbot)"
98.83.177.42 - - [20/Apr/2025:07:49:36 -0500] "GET /category/inventory-management/?fileloc=//proc/thread-self/root/sbin/mkdumprd&path=//proc/thread-self/root/sbin HTTP/1.1" 200 17878 "-" "Mozilla/5.0 AppleWebKit/537.36 (KHTML, like Gecko; compatible; Amazonbot/0.1; +https://developer.amazon.com/support/amazonbot) Chrome/119.0.6045.214 Safari/537.36"
20.171.207.75 - - [20/Apr/2025:07:49:36 -0500] "GET /blog/?path=%2Fhome%2Fcorals%2Fcartforge.co%2Fpub%2Fstatic%2Fadminhtml%2FMagento%2Fbackend%2Fen_US%2FMagento_PageBuilder%2Ftemplate%2Fmodal%2Ftemplate-manager HTTP/1.1" 200 5941 "-" "Mozilla/5.0 AppleWebKit/537.36 (KHTML, like Gecko; compatible; GPTBot/1.2; +https://openai.com/gptbot)"
20.171.207.75 - - [20/Apr/2025:07:49:37 -0500] "GET /blog/?path=%2Fhome%2Fcorals%2Fcartforge.co%2Fvar%2Fview_preprocessed%2Fpub%2Fstatic%2Fvendor%2Fmagento%2Fmodule-paypal%2Fview%2Ffrontend%2Ftemplates%2Fexpress HTTP/1.1" 200 11389 "-" "Mozilla/5.0 AppleWebKit/537.36 (KHTML, like Gecko; compatible; GPTBot/1.2; +https://openai.com/gptbot)"
20.171.207.75 - - [20/Apr/2025:07:49:38 -0500] "GET /blog/?path=%2Fhome%2Fcorals%2Fdceprojects.corals.io%2Fnode_modules HTTP/1.1" 200 618246 "-" "Mozilla/5.0 AppleWebKit/537.36 (KHTML, like Gecko; compatible; GPTBot/1.2; +https://openai.com/gptbot)"
20.171.207.75 - - [20/Apr/2025:07:49:39 -0500] "GET /blog/?path=%2Fhome%2Fcorals%2Fdceprojects.corals.io%2F.git HTTP/1.1" 200 13291 "-" "Mozilla/5.0 AppleWebKit/537.36 (KHTML, like Gecko; compatible; GPTBot/1.2; +https://openai.com/gptbot)"
3.230.69.161 - - [20/Apr/2025:07:49:40 -0500] "GET /category/marketing/?fileloc=//home/corals/demo.intellicart.co/.gitattributes&path=//home/corals/demo.intellicart.co HTTP/1.1" 200 3560 "-" "Mozilla/5.0 AppleWebKit/537.36 (KHTML, like Gecko; compatible; Amazonbot/0.1; +https://developer.amazon.com/support/amazonbot) Chrome/119.0.6045.214 Safari/537.36"
20.171.207.75 - - [20/Apr/2025:07:49:40 -0500] "GET /blog/?path=%2Fhome%2Fcorals%2Fmets.corals.io%2Fwp-content%2Fplugins%2Fwp-analytify%2Flib%2FGoogle-GA4%2Fvendor%2Fgoogle%2Flongrunning%2Fsrc%2FApiCore HTTP/1.1" 200 5769 "-" "Mozilla/5.0 AppleWebKit/537.36 (KHTML, like Gecko; compatible; GPTBot/1.2; +https://openai.com/gptbot)"
20.171.207.75 - - [20/Apr/2025:07:49:41 -0500] "GET /blog/?path=%2Fhome%2Fcorals%2Fmets.corals.io%2Fwp-content%2Fplugins%2Fwp-analytify%2Flib%2FGoogle-GA4%2Fvendor%2Fgoogle%2Flongrunning%2Fsrc%2FLongRunning HTTP/1.1" 200 15536 "-" "Mozilla/5.0 AppleWebKit/537.36 (KHTML, like Gecko; compatible; GPTBot/1.2; +https://openai.com/gptbot)"
20.171.207.75 - - [20/Apr/2025:07:49:43 -0500] "GET /blog/?path=%2Fhome%2Fcorals%2Fdceprojects.corals.io%2Fbootstrap HTTP/1.1" 200 5413 "-" "Mozilla/5.0 AppleWebKit/537.36 (KHTML, like Gecko; compatible; GPTBot/1.2; +https://openai.com/gptbot)"
3.229.2.217 - - [20/Apr/2025:07:49:44 -0500] "GET /category/marketing/?fileloc=//lib/systemd/system/sssd-kcm.service&path=//lib/systemd/system HTTP/1.1" 200 3852 "-" "Mozilla/5.0 AppleWebKit/537.36 (KHTML, like Gecko; compatible; Amazonbot/0.1; +https://developer.amazon.com/support/amazonbot) Chrome/119.0.6045.214 Safari/537.36"
20.171.207.75 - - [20/Apr/2025:07:49:44 -0500] "GET /blog/?path=%2Fhome%2Fcorals%2Fdceprojects.corals.io%2Fresources HTTP/1.1" 200 6839 "-" "Mozilla/5.0 AppleWebKit/537.36 (KHTML, like Gecko; compatible; GPTBot/1.2; +https://openai.com/gptbot)"
20.171.207.75 - - [20/Apr/2025:07:49:45 -0500] "GET /blog/?path=%2Fhome%2Fcorals%2Fdceprojects.corals.io%2Fconfig HTTP/1.1" 200 22483 "-" "Mozilla/5.0 AppleWebKit/537.36 (KHTML, like Gecko; compatible; GPTBot/1.2; +https://openai.com/gptbot)"
20.171.207.75 - - [20/Apr/2025:07:49:46 -0500] "GET /blog/?fileloc=%2Fhome%2Fcorals%2Fhessa.corals.io%2Fwp-content%2Fplugins%2Fw3-total-cache%2Fvendor%2Fmicrosoft%2Fazure-storage-blob%2Fsrc%2FBlob%2FModels%2FSetBlobMetadataResult.php&path=%2Fhome%2Fcorals%2Fhessa.corals.io%2Fwp-content%2Fplugins%2Fw3-total-cache%2Fvendor%2Fmicrosoft%2Fazure-storage-blob%2Fsrc%2FBlob%2FModels HTTP/1.1" 200 8438 "-" "Mozilla/5.0 AppleWebKit/537.36 (KHTML, like Gecko; compatible; GPTBot/1.2; +https://openai.com/gptbot)"
20.171.207.75 - - [20/Apr/2025:07:49:47 -0500] "GET /blog/?path=%2Fhome%2Fcorals%2Fdceprojects.corals.io%2Froutes HTTP/1.1" 200 7167 "-" "Mozilla/5.0 AppleWebKit/537.36 (KHTML, like Gecko; compatible; GPTBot/1.2; +https://openai.com/gptbot)"
98.82.107.102 - - [20/Apr/2025:07:49:48 -0500] "GET /category/marketing/?fileloc=//lib/firmware/amdgpu/vangogh_pfp.bin&path=//lib/firmware/amdgpu HTTP/1.1" 200 3412 "-" "Mozilla/5.0 AppleWebKit/537.36 (KHTML, like Gecko; compatible; Amazonbot/0.1; +https://developer.amazon.com/support/amazonbot) Chrome/119.0.6045.214 Safari/537.36"
20.171.207.75 - - [20/Apr/2025:07:49:48 -0500] "GET /blog/?path=%2Fhome%2Fcorals%2Fdceprojects.corals.io%2Fdatabase HTTP/1.1" 200 6956 "-" "Mozilla/5.0 AppleWebKit/537.36 (KHTML, like Gecko; compatible; GPTBot/1.2; +https://openai.com/gptbot)"
20.171.207.75 - - [20/Apr/2025:07:49:49 -0500] "GET /blog/?path=%2Fhome%2Fcorals%2Fdceprojects.corals.io%2Fnode_modules%2Fminipass-pipeline HTTP/1.1" 200 7665 "-" "Mozilla/5.0 AppleWebKit/537.36 (KHTML, like Gecko; compatible; GPTBot/1.2; +https://openai.com/gptbot)"
20.171.207.75 - - [20/Apr/2025:07:49:51 -0500] "GET /blog/?path=%2Fhome%2Fcorals%2Fdceprojects.corals.io%2Fnode_modules%2Fmerge-stream HTTP/1.1" 200 7575 "-" "Mozilla/5.0 AppleWebKit/537.36 (KHTML, like Gecko; compatible; GPTBot/1.2; +https://openai.com/gptbot)"
3.208.156.9 - - [20/Apr/2025:07:49:52 -0500] "GET /category/marketing/?fileloc=//lib/firmware/rtlwifi/rtl8723befw.bin&path=//lib/firmware/rtlwifi HTTP/1.1" 200 3415 "-" "Mozilla/5.0 AppleWebKit/537.36 (KHTML, like Gecko; compatible; Amazonbot/0.1; +https://developer.amazon.com/support/amazonbot) Chrome/119.0.6045.214 Safari/537.36"
20.171.207.75 - - [20/Apr/2025:07:49:52 -0500] "GET /blog/?path=%2Fhome%2Fcorals%2Fdceprojects.corals.io%2Fnode_modules%2Fpostcss-normalize-timing-functions HTTP/1.1" 200 7853 "-" "Mozilla/5.0 AppleWebKit/537.36 (KHTML, like Gecko; compatible; GPTBot/1.2; +https://openai.com/gptbot)"
20.171.207.75 - - [20/Apr/2025:07:49:53 -0500] "GET /blog/?path=%2Fhome%2Fcorals%2Fdceprojects.corals.io%2Fnode_modules%2Fpostcss-normalize-unicode HTTP/1.1" 200 9549 "-" "Mozilla/5.0 AppleWebKit/537.36 (KHTML, like Gecko; compatible; GPTBot/1.2; +https://openai.com/gptbot)"
20.171.207.75 - - [20/Apr/2025:07:49:54 -0500] "GET /blog/?path=%2Fhome%2Fcorals%2Fdceprojects.corals.io%2Fnode_modules%2Fpostcss-normalize-charset HTTP/1.1" 200 8663 "-" "Mozilla/5.0 AppleWebKit/537.36 (KHTML, like Gecko; compatible; GPTBot/1.2; +https://openai.com/gptbot)"
66.249.79.133 - - [20/Apr/2025:07:49:54 -0500] "GET /shopdetail/47528201346 HTTP/1.1" 200 111402 "-" "Mozilla/5.0 (compatible; Googlebot/2.1; +http://www.google.com/bot.html)"
20.171.207.75 - - [20/Apr/2025:07:49:55 -0500] "GET /blog/?path=%2Fhome%2Fcorals%2Fdceprojects.corals.io%2Fnode_modules%2Fremove-trailing-separator HTTP/1.1" 200 8779 "-" "Mozilla/5.0 AppleWebKit/537.36 (KHTML, like Gecko; compatible; GPTBot/1.2; +https://openai.com/gptbot)"
44.205.74.196 - - [20/Apr/2025:07:49:56 -0500] "GET /category/marketing/?fileloc=//lib/firmware/amdgpu/beige_goby_ta.bin&path=//lib/firmware/amdgpu HTTP/1.1" 200 3414 "-" "Mozilla/5.0 AppleWebKit/537.36 (KHTML, like Gecko; compatible; Amazonbot/0.1; +https://developer.amazon.com/support/amazonbot) Chrome/119.0.6045.214 Safari/537.36"
20.171.207.75 - - [20/Apr/2025:07:49:56 -0500] "GET /blog/?path=%2Fhome%2Fcorals%2Fdceprojects.corals.io%2Fnode_modules%2Fpostcss-reduce-transforms HTTP/1.1" 200 7700 "-" "Mozilla/5.0 AppleWebKit/537.36 (KHTML, like Gecko; compatible; GPTBot/1.2; +https://openai.com/gptbot)"
20.171.207.75 - - [20/Apr/2025:07:49:57 -0500] "GET /blog/?path=%2Fhome%2Fcorals%2Fdceprojects.corals.io%2Fnode_modules%2Funicode-match-property-value-ecmascript HTTP/1.1" 200 8973 "-" "Mozilla/5.0 AppleWebKit/537.36 (KHTML, like Gecko; compatible; GPTBot/1.2; +https://openai.com/gptbot)"
66.249.79.36 - - [20/Apr/2025:07:49:58 -0500] "GET /railery.php?e=12286213921&channel=2dc50bf21&from=shared.php%3Fid%3D213921-6207%26name%3D%E3%83%80%E3%82%A4%E3%83%A4+%E3%83%AA%E3%83%B3%E3%82%B0+K18+%E3%83%80%E3%82%A4%E3%83%A40.21ct+%E4%B8%89%E8%B6%8A%E5%88%BB%E5%8D%B0+%E3%83%AA%E3%83%B3%E3%82%B0+%E6%8C%87%E8%BC%AA+%E6%96%B0%E5%93%81%E4%BB%95%E4%B8%8A%E3%81%92 HTTP/1.1" 200 232875 "-" "Mozilla/5.0 (Linux; Android 6.0.1; Nexus 5X Build/MMB29P) AppleWebKit/537.36 (KHTML, like Gecko) Chrome/135.0.7049.95 Mobile Safari/537.36 (compatible; Googlebot/2.1; +http://www.google.com/bot.html)"
20.171.207.75 - - [20/Apr/2025:07:49:59 -0500] "GET /blog/?path=%2Fhome%2Fcorals%2Fdceprojects.corals.io%2Fnode_modules%2Fminimalistic-crypto-utils HTTP/1.1" 200 9504 "-" "Mozilla/5.0 AppleWebKit/537.36 (KHTML, like Gecko; compatible; GPTBot/1.2; +https://openai.com/gptbot)"
44.215.231.15 - - [20/Apr/2025:07:50:00 -0500] "GET /category/marketing/?fileloc=//lib/firmware/amdgpu/polaris10_smc_sk.bin&path=//lib/firmware/amdgpu HTTP/1.1" 200 3417 "-" "Mozilla/5.0 AppleWebKit/537.36 (KHTML, like Gecko; compatible; Amazonbot/0.1; +https://developer.amazon.com/support/amazonbot) Chrome/119.0.6045.214 Safari/537.36"
20.171.207.75 - - [20/Apr/2025:07:50:00 -0500] "GET /blog/?path=%2Fhome%2Fcorals%2Fdceprojects.corals.io%2Fnode_modules%2Fpostcss-normalize-display-values HTTP/1.1" 200 7819 "-" "Mozilla/5.0 AppleWebKit/537.36 (KHTML, like Gecko; compatible; GPTBot/1.2; +https://openai.com/gptbot)"
20.171.207.75 - - [20/Apr/2025:07:50:01 -0500] "GET /blog/?fileloc=%2Fhome%2Fcorals%2Fdceprojects.corals.io%2Fnode_modules%2Fminipass-pipeline%2FREADME.md&path=%2Fhome%2Fcorals%2Fdceprojects.corals.io%2Fnode_modules%2Fminipass-pipeline HTTP/1.1" 200 5922 "-" "Mozilla/5.0 AppleWebKit/537.36 (KHTML, like Gecko; compatible; GPTBot/1.2; +https://openai.com/gptbot)"
20.171.207.75 - - [20/Apr/2025:07:50:02 -0500] "GET /blog/?path=%2Fhome%2Fcorals%2Fdceprojects.corals.io%2Fnode_modules%2Fregenerate-unicode-properties HTTP/1.1" 200 13394 "-" "Mozilla/5.0 AppleWebKit/537.36 (KHTML, like Gecko; compatible; GPTBot/1.2; +https://openai.com/gptbot)"
20.171.207.75 - - [20/Apr/2025:07:50:03 -0500] "GET /blog/?path=%2Fhome%2Fcorals%2Fdceprojects.corals.io%2Fnode_modules%2Fpostcss-discard-duplicates HTTP/1.1" 200 8700 "-" "Mozilla/5.0 AppleWebKit/537.36 (KHTML, like Gecko; compatible; GPTBot/1.2; +https://openai.com/gptbot)"
52.204.37.237 - - [20/Apr/2025:07:50:04 -0500] "GET /category/inventory-management/?fileloc=//sys/kernel/slab/kmalloc-cg-128/reclaim_account&path=//sys/kernel/slab/kmalloc-cg-128 HTTP/1.1" 200 3481 "-" "Mozilla/5.0 AppleWebKit/537.36 (KHTML, like Gecko; compatible; Amazonbot/0.1; +https://developer.amazon.com/support/amazonbot) Chrome/119.0.6045.214 Safari/537.36"
20.171.207.75 - - [20/Apr/2025:07:50:04 -0500] "GET /blog/?path=%2Fhome%2Fcorals%2Fdceprojects.corals.io%2Fnode_modules%2Fpostcss-normalize-unicode%2Fdist HTTP/1.1" 200 5028 "-" "Mozilla/5.0 AppleWebKit/537.36 (KHTML, like Gecko; compatible; GPTBot/1.2; +https://openai.com/gptbot)"
20.171.207.75 - - [20/Apr/2025:07:50:05 -0500] "GET /blog/?path=%2Fhome%2Fcorals%2Fdceprojects.corals.io%2Fnode_modules%2Fpostcss-normalize-charset%2Fdist HTTP/1.1" 200 5028 "-" "Mozilla/5.0 AppleWebKit/537.36 (KHTML, like Gecko; compatible; GPTBot/1.2; +https://openai.com/gptbot)"
20.171.207.75 - - [20/Apr/2025:07:50:07 -0500] "GET /blog/?path=%2Fhome%2Fcorals%2Fdceprojects.corals.io%2Fnode_modules%2Funicode-canonical-property-names-ecmascript HTTP/1.1" 200 8165 "-" "Mozilla/5.0 AppleWebKit/537.36 (KHTML, like Gecko; compatible; GPTBot/1.2; +https://openai.com/gptbot)"
44.220.2.97 - - [20/Apr/2025:07:50:08 -0500] "GET /category/inventory-management/?fileloc=//sys/kernel/slab/kmalloc-32/ctor&path=//sys/kernel/slab/kmalloc-32 HTTP/1.1" 200 3458 "-" "Mozilla/5.0 AppleWebKit/537.36 (KHTML, like Gecko; compatible; Amazonbot/0.1; +https://developer.amazon.com/support/amazonbot) Chrome/119.0.6045.214 Safari/537.36"
20.171.207.75 - - [20/Apr/2025:07:50:08 -0500] "GET /blog/?path=%2Fhome%2Fcorals%2Fdceprojects.corals.io%2Fnode_modules%2Fpostcss-normalize-positions HTTP/1.1" 200 7734 "-" "Mozilla/5.0 AppleWebKit/537.36 (KHTML, like Gecko; compatible; GPTBot/1.2; +https://openai.com/gptbot)"
20.171.207.75 - - [20/Apr/2025:07:50:09 -0500] "GET /blog/?fileloc=%2Fhome%2Fcorals%2Fdceprojects.corals.io%2Fnode_modules%2Fpostcss-reduce-transforms%2Fpackage.json&path=%2Fhome%2Fcorals%2Fdceprojects.corals.io%2Fnode_modules%2Fpostcss-reduce-transforms HTTP/1.1" 200 5039 "-" "Mozilla/5.0 AppleWebKit/537.36 (KHTML, like Gecko; compatible; GPTBot/1.2; +https://openai.com/gptbot)"
20.171.207.75 - - [20/Apr/2025:07:50:10 -0500] "GET /blog/?path=%2Fhome%2Fcorals%2Fdceprojects.corals.io%2Fnode_modules%2Fminimalistic-crypto-utils%2Ftest HTTP/1.1" 200 5048 "-" "Mozilla/5.0 AppleWebKit/537.36 (KHTML, like Gecko; compatible; GPTBot/1.2; +https://openai.com/gptbot)"
20.171.207.75 - - [20/Apr/2025:07:50:11 -0500] "GET /blog/?path=%2Fhome%2Fcorals%2Fdceprojects.corals.io%2Fnode_modules%2Fpostcss-reduce-transforms%2Fdist HTTP/1.1" 200 5027 "-" "Mozilla/5.0 AppleWebKit/537.36 (KHTML, like Gecko; compatible; GPTBot/1.2; +https://openai.com/gptbot)"
54.91.122.193 - - [20/Apr/2025:07:50:12 -0500] "GET /category/inventory-management/?fileloc=//lib/firmware/rtl_bt/rtl8852bu_config.bin&path=//lib/firmware/rtl_bt HTTP/1.1" 200 3417 "-" "Mozilla/5.0 AppleWebKit/537.36 (KHTML, like Gecko; compatible; Amazonbot/0.1; +https://developer.amazon.com/support/amazonbot) Chrome/119.0.6045.214 Safari/537.36"
