![]() Server : Apache System : Linux server2.corals.io 4.18.0-348.2.1.el8_5.x86_64 #1 SMP Mon Nov 15 09:17:08 EST 2021 x86_64 User : corals ( 1002) PHP Version : 7.4.33 Disable Function : exec,passthru,shell_exec,system Directory : /home/corals/access-logs/ |
20.171.207.75 - - [20/Apr/2025:07:10:46 -0500] "GET /blog/?path=%2Fhome%2Fcorals%2Frentpix.corals.io%2Fvendor%2Ffruitcake%2Fphp-cors%2Fsrc%2FExceptions HTTP/1.1" 200 5176 "-" "Mozilla/5.0 AppleWebKit/537.36 (KHTML, like Gecko; compatible; GPTBot/1.2; +https://openai.com/gptbot)"
20.171.207.75 - - [20/Apr/2025:07:10:48 -0500] "GET /blog/?path=%2Fhome%2Fcorals%2Frentpix.corals.io%2Fvendor%2Fpawlox%2Fvideo-thumbnail HTTP/1.1" 200 10062 "-" "Mozilla/5.0 AppleWebKit/537.36 (KHTML, like Gecko; compatible; GPTBot/1.2; +https://openai.com/gptbot)"
54.210.152.179 - - [20/Apr/2025:07:10:48 -0500] "GET /category/inventory-management/?path=//home/corals/vreg/node_modules/queue-microtask HTTP/1.1" 200 8177 "-" "Mozilla/5.0 AppleWebKit/537.36 (KHTML, like Gecko; compatible; Amazonbot/0.1; +https://developer.amazon.com/support/amazonbot) Chrome/119.0.6045.214 Safari/537.36"
18.116.85.60 - - [20/Apr/2025:07:10:48 -0500] "GET /blog/?fileloc=%2Fhome%2Fcorals%2Fintellicart.co%2Fwp-includes%2Fclass-wp-image-editor-imagick.php&path=%2Fhome%2Fcorals%2Fintellicart.co%2Fwp-includes HTTP/1.1" 301 - "-" "Mozilla/5.0 AppleWebKit/537.36 (KHTML, like Gecko; compatible; ClaudeBot/1.0; [email protected])"
18.116.85.60 - - [20/Apr/2025:07:10:48 -0500] "GET /blog/?fileloc=%2Fhome%2Fcorals%2Fintellicart.co%2Fwp-includes%2Fclass-wp-feed-cache-transient.php&path=%2Fhome%2Fcorals%2Fintellicart.co%2Fwp-includes HTTP/1.1" 301 - "-" "Mozilla/5.0 AppleWebKit/537.36 (KHTML, like Gecko; compatible; ClaudeBot/1.0; [email protected])"
18.116.85.60 - - [20/Apr/2025:07:10:48 -0500] "GET /blog/?fileloc=%2Fhome%2Fcorals%2Fintellicart.co%2Fwp-includes%2Fclass-wp-block-editor-context.php&path=%2Fhome%2Fcorals%2Fintellicart.co%2Fwp-includes HTTP/1.1" 301 - "-" "Mozilla/5.0 AppleWebKit/537.36 (KHTML, like Gecko; compatible; ClaudeBot/1.0; [email protected])"
18.116.85.60 - - [20/Apr/2025:07:10:48 -0500] "GET /blog/?fileloc=%2Fhome%2Fcorals%2Fintellicart.co%2Fwp-includes%2Fclass-wp-fatal-error-handler.php&path=%2Fhome%2Fcorals%2Fintellicart.co%2Fwp-includes HTTP/1.1" 301 - "-" "Mozilla/5.0 AppleWebKit/537.36 (KHTML, like Gecko; compatible; ClaudeBot/1.0; [email protected])"
18.116.85.60 - - [20/Apr/2025:07:10:48 -0500] "GET /blog/?fileloc=%2Fhome%2Fcorals%2Fintellicart.co%2Fwp-includes%2Fclass-wp-customize-nav-menus.php&path=%2Fhome%2Fcorals%2Fintellicart.co%2Fwp-includes HTTP/1.1" 301 - "-" "Mozilla/5.0 AppleWebKit/537.36 (KHTML, like Gecko; compatible; ClaudeBot/1.0; [email protected])"
18.116.85.60 - - [20/Apr/2025:07:10:48 -0500] "GET /blog/?fileloc=%2Fhome%2Fcorals%2Fintellicart.co%2Fwp-includes%2Fclass-wp-image-editor-imagick.php&path=%2Fhome%2Fcorals%2Fintellicart.co%2Fwp-includes HTTP/1.1" 200 37186 "https://intellicart.co/blog/?fileloc=%2Fhome%2Fcorals%2Fintellicart.co%2Fwp-includes%2Fclass-wp-image-editor-imagick.php&path=%2Fhome%2Fcorals%2Fintellicart.co%2Fwp-includes" "Mozilla/5.0 AppleWebKit/537.36 (KHTML, like Gecko; compatible; ClaudeBot/1.0; [email protected])"
18.116.85.60 - - [20/Apr/2025:07:10:48 -0500] "GET /blog/?fileloc=%2Fhome%2Fcorals%2Fintellicart.co%2Fwp-includes%2Fclass-wp-metadata-lazyloader.php&path=%2Fhome%2Fcorals%2Fintellicart.co%2Fwp-includes HTTP/1.1" 301 - "-" "Mozilla/5.0 AppleWebKit/537.36 (KHTML, like Gecko; compatible; ClaudeBot/1.0; [email protected])"
18.116.85.60 - - [20/Apr/2025:07:10:48 -0500] "GET /blog/?fileloc=%2Fhome%2Fcorals%2Fintellicart.co%2Fwp-includes%2Fclass-wp-block-editor-context.php&path=%2Fhome%2Fcorals%2Fintellicart.co%2Fwp-includes HTTP/1.1" 200 4892 "https://intellicart.co/blog/?fileloc=%2Fhome%2Fcorals%2Fintellicart.co%2Fwp-includes%2Fclass-wp-block-editor-context.php&path=%2Fhome%2Fcorals%2Fintellicart.co%2Fwp-includes" "Mozilla/5.0 AppleWebKit/537.36 (KHTML, like Gecko; compatible; ClaudeBot/1.0; [email protected])"
18.116.85.60 - - [20/Apr/2025:07:10:48 -0500] "GET /blog/?fileloc=%2Fhome%2Fcorals%2Fintellicart.co%2Fwp-includes%2Fclass-wp-feed-cache-transient.php&path=%2Fhome%2Fcorals%2Fintellicart.co%2Fwp-includes HTTP/1.1" 200 6757 "https://intellicart.co/blog/?fileloc=%2Fhome%2Fcorals%2Fintellicart.co%2Fwp-includes%2Fclass-wp-feed-cache-transient.php&path=%2Fhome%2Fcorals%2Fintellicart.co%2Fwp-includes" "Mozilla/5.0 AppleWebKit/537.36 (KHTML, like Gecko; compatible; ClaudeBot/1.0; [email protected])"
18.116.85.60 - - [20/Apr/2025:07:10:48 -0500] "GET /blog/?fileloc=%2Fhome%2Fcorals%2Fintellicart.co%2Fwp-includes%2Fclass-wp-navigation-fallback.php&path=%2Fhome%2Fcorals%2Fintellicart.co%2Fwp-includes HTTP/1.1" 301 - "-" "Mozilla/5.0 AppleWebKit/537.36 (KHTML, like Gecko; compatible; ClaudeBot/1.0; [email protected])"
18.116.85.60 - - [20/Apr/2025:07:10:48 -0500] "GET /blog/?fileloc=%2Fhome%2Fcorals%2Fintellicart.co%2Fwp-includes%2Fclass-wp-fatal-error-handler.php&path=%2Fhome%2Fcorals%2Fintellicart.co%2Fwp-includes HTTP/1.1" 200 11831 "https://intellicart.co/blog/?fileloc=%2Fhome%2Fcorals%2Fintellicart.co%2Fwp-includes%2Fclass-wp-fatal-error-handler.php&path=%2Fhome%2Fcorals%2Fintellicart.co%2Fwp-includes" "Mozilla/5.0 AppleWebKit/537.36 (KHTML, like Gecko; compatible; ClaudeBot/1.0; [email protected])"
18.116.85.60 - - [20/Apr/2025:07:10:49 -0500] "GET /blog/?fileloc=%2Fhome%2Fcorals%2Fintellicart.co%2Fwp-includes%2Fclass-wp-theme-json-resolver.php&path=%2Fhome%2Fcorals%2Fintellicart.co%2Fwp-includes HTTP/1.1" 301 - "-" "Mozilla/5.0 AppleWebKit/537.36 (KHTML, like Gecko; compatible; ClaudeBot/1.0; [email protected])"
18.116.85.60 - - [20/Apr/2025:07:10:49 -0500] "GET /blog/?fileloc=%2Fhome%2Fcorals%2Fintellicart.co%2Fwp-includes%2Fclass-wp-metadata-lazyloader.php&path=%2Fhome%2Fcorals%2Fintellicart.co%2Fwp-includes HTTP/1.1" 200 10448 "https://intellicart.co/blog/?fileloc=%2Fhome%2Fcorals%2Fintellicart.co%2Fwp-includes%2Fclass-wp-metadata-lazyloader.php&path=%2Fhome%2Fcorals%2Fintellicart.co%2Fwp-includes" "Mozilla/5.0 AppleWebKit/537.36 (KHTML, like Gecko; compatible; ClaudeBot/1.0; [email protected])"
18.116.85.60 - - [20/Apr/2025:07:10:49 -0500] "GET /blog/?fileloc=%2Fhome%2Fcorals%2Fintellicart.co%2Fwp-includes%2Fclass-wp-plugin-dependencies.php&path=%2Fhome%2Fcorals%2Fintellicart.co%2Fwp-includes HTTP/1.1" 301 - "-" "Mozilla/5.0 AppleWebKit/537.36 (KHTML, like Gecko; compatible; ClaudeBot/1.0; [email protected])"
18.116.85.60 - - [20/Apr/2025:07:10:49 -0500] "GET /blog/?fileloc=%2Fhome%2Fcorals%2Fintellicart.co%2Fwp-includes%2Fclass-wp-customize-nav-menus.php&path=%2Fhome%2Fcorals%2Fintellicart.co%2Fwp-includes HTTP/1.1" 200 64921 "https://intellicart.co/blog/?fileloc=%2Fhome%2Fcorals%2Fintellicart.co%2Fwp-includes%2Fclass-wp-customize-nav-menus.php&path=%2Fhome%2Fcorals%2Fintellicart.co%2Fwp-includes" "Mozilla/5.0 AppleWebKit/537.36 (KHTML, like Gecko; compatible; ClaudeBot/1.0; [email protected])"
18.116.85.60 - - [20/Apr/2025:07:10:49 -0500] "GET /blog/?fileloc=%2Fhome%2Fcorals%2Fintellicart.co%2Fwp-includes%2Fclass-wp-http-requests-hooks.php&path=%2Fhome%2Fcorals%2Fintellicart.co%2Fwp-includes HTTP/1.1" 301 - "-" "Mozilla/5.0 AppleWebKit/537.36 (KHTML, like Gecko; compatible; ClaudeBot/1.0; [email protected])"
20.171.207.75 - - [20/Apr/2025:07:10:49 -0500] "GET /blog/?path=%2Fhome%2Fcorals%2Frentpix.corals.io%2Fvendor%2Fvonage%2Fclient-core%2Fsrc%2FNetwork%2FNumber HTTP/1.1" 200 7200 "-" "Mozilla/5.0 AppleWebKit/537.36 (KHTML, like Gecko; compatible; GPTBot/1.2; +https://openai.com/gptbot)"
18.116.85.60 - - [20/Apr/2025:07:10:49 -0500] "GET /blog/?fileloc=%2Fhome%2Fcorals%2Fintellicart.co%2Fwp-includes%2Fclass-wp-navigation-fallback.php&path=%2Fhome%2Fcorals%2Fintellicart.co%2Fwp-includes HTTP/1.1" 200 12849 "https://intellicart.co/blog/?fileloc=%2Fhome%2Fcorals%2Fintellicart.co%2Fwp-includes%2Fclass-wp-navigation-fallback.php&path=%2Fhome%2Fcorals%2Fintellicart.co%2Fwp-includes" "Mozilla/5.0 AppleWebKit/537.36 (KHTML, like Gecko; compatible; ClaudeBot/1.0; [email protected])"
18.116.85.60 - - [20/Apr/2025:07:10:49 -0500] "GET /blog/?fileloc=%2Fhome%2Fcorals%2Fintellicart.co%2Fwp-includes%2Fclass-wp-textdomain-registry.php&path=%2Fhome%2Fcorals%2Fintellicart.co%2Fwp-includes HTTP/1.1" 301 - "-" "Mozilla/5.0 AppleWebKit/537.36 (KHTML, like Gecko; compatible; ClaudeBot/1.0; [email protected])"
18.116.85.60 - - [20/Apr/2025:07:10:49 -0500] "GET /blog/?fileloc=%2Fhome%2Fcorals%2Fintellicart.co%2Fwp-includes%2Fclass-wp-theme-json-resolver.php&path=%2Fhome%2Fcorals%2Fintellicart.co%2Fwp-includes HTTP/1.1" 200 39750 "https://intellicart.co/blog/?fileloc=%2Fhome%2Fcorals%2Fintellicart.co%2Fwp-includes%2Fclass-wp-theme-json-resolver.php&path=%2Fhome%2Fcorals%2Fintellicart.co%2Fwp-includes" "Mozilla/5.0 AppleWebKit/537.36 (KHTML, like Gecko; compatible; ClaudeBot/1.0; [email protected])"
18.116.85.60 - - [20/Apr/2025:07:10:49 -0500] "GET /blog/?fileloc=%2Fhome%2Fcorals%2Fintellicart.co%2Fwp-includes%2Fclass-wp-block-parser-block.php&path=%2Fhome%2Fcorals%2Fintellicart.co%2Fwp-includes HTTP/1.1" 301 - "-" "Mozilla/5.0 AppleWebKit/537.36 (KHTML, like Gecko; compatible; ClaudeBot/1.0; [email protected])"
18.116.85.60 - - [20/Apr/2025:07:10:49 -0500] "GET /blog/?fileloc=%2Fhome%2Fcorals%2Fintellicart.co%2Fwp-includes%2Fclass-wp-http-requests-hooks.php&path=%2Fhome%2Fcorals%2Fintellicart.co%2Fwp-includes HTTP/1.1" 200 5589 "https://intellicart.co/blog/?fileloc=%2Fhome%2Fcorals%2Fintellicart.co%2Fwp-includes%2Fclass-wp-http-requests-hooks.php&path=%2Fhome%2Fcorals%2Fintellicart.co%2Fwp-includes" "Mozilla/5.0 AppleWebKit/537.36 (KHTML, like Gecko; compatible; ClaudeBot/1.0; [email protected])"
18.116.85.60 - - [20/Apr/2025:07:10:49 -0500] "GET /blog/?fileloc=%2Fhome%2Fcorals%2Fintellicart.co%2Fwp-includes%2Fclass-wp-block-parser-frame.php&path=%2Fhome%2Fcorals%2Fintellicart.co%2Fwp-includes HTTP/1.1" 301 - "-" "Mozilla/5.0 AppleWebKit/537.36 (KHTML, like Gecko; compatible; ClaudeBot/1.0; [email protected])"
18.116.85.60 - - [20/Apr/2025:07:10:49 -0500] "GET /blog/?fileloc=%2Fhome%2Fcorals%2Fintellicart.co%2Fwp-includes%2Fclass-wp-plugin-dependencies.php&path=%2Fhome%2Fcorals%2Fintellicart.co%2Fwp-includes HTTP/1.1" 200 29091 "https://intellicart.co/blog/?fileloc=%2Fhome%2Fcorals%2Fintellicart.co%2Fwp-includes%2Fclass-wp-plugin-dependencies.php&path=%2Fhome%2Fcorals%2Fintellicart.co%2Fwp-includes" "Mozilla/5.0 AppleWebKit/537.36 (KHTML, like Gecko; compatible; ClaudeBot/1.0; [email protected])"
18.116.85.60 - - [20/Apr/2025:07:10:49 -0500] "GET /blog/?fileloc=%2Fhome%2Fcorals%2Fintellicart.co%2Fwp-includes%2Fclass-wp-customize-control.php&path=%2Fhome%2Fcorals%2Fintellicart.co%2Fwp-includes HTTP/1.1" 301 - "-" "Mozilla/5.0 AppleWebKit/537.36 (KHTML, like Gecko; compatible; ClaudeBot/1.0; [email protected])"
18.116.85.60 - - [20/Apr/2025:07:10:49 -0500] "GET /blog/?fileloc=%2Fhome%2Fcorals%2Fintellicart.co%2Fwp-includes%2Fclass-wp-textdomain-registry.php&path=%2Fhome%2Fcorals%2Fintellicart.co%2Fwp-includes HTTP/1.1" 200 14139 "https://intellicart.co/blog/?fileloc=%2Fhome%2Fcorals%2Fintellicart.co%2Fwp-includes%2Fclass-wp-textdomain-registry.php&path=%2Fhome%2Fcorals%2Fintellicart.co%2Fwp-includes" "Mozilla/5.0 AppleWebKit/537.36 (KHTML, like Gecko; compatible; ClaudeBot/1.0; [email protected])"
18.116.85.60 - - [20/Apr/2025:07:10:49 -0500] "GET /blog/?fileloc=%2Fhome%2Fcorals%2Fintellicart.co%2Fwp-includes%2Fclass-wp-customize-manager.php&path=%2Fhome%2Fcorals%2Fintellicart.co%2Fwp-includes HTTP/1.1" 301 - "-" "Mozilla/5.0 AppleWebKit/537.36 (KHTML, like Gecko; compatible; ClaudeBot/1.0; [email protected])"
18.116.85.60 - - [20/Apr/2025:07:10:49 -0500] "GET /blog/?fileloc=%2Fhome%2Fcorals%2Fintellicart.co%2Fwp-includes%2Fclass-wp-block-parser-block.php&path=%2Fhome%2Fcorals%2Fintellicart.co%2Fwp-includes HTTP/1.1" 200 6155 "https://intellicart.co/blog/?fileloc=%2Fhome%2Fcorals%2Fintellicart.co%2Fwp-includes%2Fclass-wp-block-parser-block.php&path=%2Fhome%2Fcorals%2Fintellicart.co%2Fwp-includes" "Mozilla/5.0 AppleWebKit/537.36 (KHTML, like Gecko; compatible; ClaudeBot/1.0; [email protected])"
18.116.85.60 - - [20/Apr/2025:07:10:49 -0500] "GET /blog/?fileloc=%2Fhome%2Fcorals%2Fintellicart.co%2Fwp-includes%2Fclass-wp-block-parser-frame.php&path=%2Fhome%2Fcorals%2Fintellicart.co%2Fwp-includes HTTP/1.1" 200 5566 "https://intellicart.co/blog/?fileloc=%2Fhome%2Fcorals%2Fintellicart.co%2Fwp-includes%2Fclass-wp-block-parser-frame.php&path=%2Fhome%2Fcorals%2Fintellicart.co%2Fwp-includes" "Mozilla/5.0 AppleWebKit/537.36 (KHTML, like Gecko; compatible; ClaudeBot/1.0; [email protected])"
18.116.85.60 - - [20/Apr/2025:07:10:49 -0500] "GET /blog/?fileloc=%2Fhome%2Fcorals%2Fintellicart.co%2Fwp-includes%2Fclass-wp-customize-control.php&path=%2Fhome%2Fcorals%2Fintellicart.co%2Fwp-includes HTTP/1.1" 200 31337 "https://intellicart.co/blog/?fileloc=%2Fhome%2Fcorals%2Fintellicart.co%2Fwp-includes%2Fclass-wp-customize-control.php&path=%2Fhome%2Fcorals%2Fintellicart.co%2Fwp-includes" "Mozilla/5.0 AppleWebKit/537.36 (KHTML, like Gecko; compatible; ClaudeBot/1.0; [email protected])"
18.116.85.60 - - [20/Apr/2025:07:10:49 -0500] "GET /blog/?fileloc=%2Fhome%2Fcorals%2Fintellicart.co%2Fwp-includes%2Fclass-wp-customize-manager.php&path=%2Fhome%2Fcorals%2Fintellicart.co%2Fwp-includes HTTP/1.1" 200 213371 "https://intellicart.co/blog/?fileloc=%2Fhome%2Fcorals%2Fintellicart.co%2Fwp-includes%2Fclass-wp-customize-manager.php&path=%2Fhome%2Fcorals%2Fintellicart.co%2Fwp-includes" "Mozilla/5.0 AppleWebKit/537.36 (KHTML, like Gecko; compatible; ClaudeBot/1.0; [email protected])"
20.171.207.75 - - [20/Apr/2025:07:10:50 -0500] "GET /blog/?path=%2Fhome%2Fcorals%2Frentpix.corals.io%2Fvendor%2Fsymfony%2Fevent-dispatcher HTTP/1.1" 200 15093 "-" "Mozilla/5.0 AppleWebKit/537.36 (KHTML, like Gecko; compatible; GPTBot/1.2; +https://openai.com/gptbot)"
20.171.207.75 - - [20/Apr/2025:07:10:51 -0500] "GET /blog/?path=%2Fhome%2Fcorals%2Frentpix.corals.io%2Fvendor%2Fzbateson%2Fmail-mime-parser%2Fsrc%2FParser%2FPart HTTP/1.1" 200 10822 "-" "Mozilla/5.0 AppleWebKit/537.36 (KHTML, like Gecko; compatible; GPTBot/1.2; +https://openai.com/gptbot)"
20.171.207.75 - - [20/Apr/2025:07:10:52 -0500] "GET /blog/?path=%2Fhome%2Fcorals%2Frentpix.corals.io%2Fvendor%2Fnesbot%2Fcarbon%2Fsrc%2FCarbon%2FTraits HTTP/1.1" 200 28461 "-" "Mozilla/5.0 AppleWebKit/537.36 (KHTML, like Gecko; compatible; GPTBot/1.2; +https://openai.com/gptbot)"
3.94.156.104 - - [20/Apr/2025:07:10:53 -0500] "GET /category/marketing/?fileloc=//lib/firewalld/icmptypes/fragmentation-needed.xml&path=//lib/firewalld/icmptypes HTTP/1.1" 200 3808 "-" "Mozilla/5.0 AppleWebKit/537.36 (KHTML, like Gecko; compatible; Amazonbot/0.1; +https://developer.amazon.com/support/amazonbot) Chrome/119.0.6045.214 Safari/537.36"
20.171.207.75 - - [20/Apr/2025:07:10:53 -0500] "GET /blog/?path=%2Fhome%2Fcorals%2Frentpix.corals.io%2Fvendor%2Fphenx%2Fphp-font-lib%2Fsrc%2FFontLib%2FWOFF HTTP/1.1" 200 7195 "-" "Mozilla/5.0 AppleWebKit/537.36 (KHTML, like Gecko; compatible; GPTBot/1.2; +https://openai.com/gptbot)"
20.171.207.75 - - [20/Apr/2025:07:10:55 -0500] "GET /blog/?path=%2Fhome%2Fcorals%2Frentpix.corals.io%2Fvendor%2Fphenx%2Fphp-font-lib%2Fsrc%2FFontLib%2FTable HTTP/1.1" 200 7058 "-" "Mozilla/5.0 AppleWebKit/537.36 (KHTML, like Gecko; compatible; GPTBot/1.2; +https://openai.com/gptbot)"
23.23.180.225 - - [20/Apr/2025:07:10:56 -0500] "GET /category/inventory-management/?path=//lib/locale/en_AU/LC_MESSAGES HTTP/1.1" 200 4560 "-" "Mozilla/5.0 AppleWebKit/537.36 (KHTML, like Gecko; compatible; Amazonbot/0.1; +https://developer.amazon.com/support/amazonbot) Chrome/119.0.6045.214 Safari/537.36"
20.171.207.75 - - [20/Apr/2025:07:10:56 -0500] "GET /blog/?path=%2Fhome%2Fcorals%2Frentpix.corals.io%2Fvendor%2Fphenx%2Fphp-font-lib%2Fsrc%2FFontLib%2FException HTTP/1.1" 200 5299 "-" "Mozilla/5.0 AppleWebKit/537.36 (KHTML, like Gecko; compatible; GPTBot/1.2; +https://openai.com/gptbot)"
20.171.207.75 - - [20/Apr/2025:07:10:57 -0500] "GET /blog/?path=%2Fhome%2Fcorals%2Frentpix.corals.io%2Fvendor%2Fvonage%2Fclient-core%2Fsrc%2FNumbers HTTP/1.1" 200 8812 "-" "Mozilla/5.0 AppleWebKit/537.36 (KHTML, like Gecko; compatible; GPTBot/1.2; +https://openai.com/gptbot)"
20.171.207.75 - - [20/Apr/2025:07:10:58 -0500] "GET /blog/?path=%2Fhome%2Fcorals%2Frentpix.corals.io%2Fvendor%2Fnyholm%2Fpsr7 HTTP/1.1" 200 10959 "-" "Mozilla/5.0 AppleWebKit/537.36 (KHTML, like Gecko; compatible; GPTBot/1.2; +https://openai.com/gptbot)"
20.171.207.75 - - [20/Apr/2025:07:10:59 -0500] "GET /blog/?fileloc=%2Fhome%2Fcorals%2Frentpix.corals.io%2Fvendor%2Ffruitcake%2Fphp-cors%2Fsrc%2FExceptions%2FInvalidOptionException.php&path=%2Fhome%2Fcorals%2Frentpix.corals.io%2Fvendor%2Ffruitcake%2Fphp-cors%2Fsrc%2FExceptions HTTP/1.1" 200 4243 "-" "Mozilla/5.0 AppleWebKit/537.36 (KHTML, like Gecko; compatible; GPTBot/1.2; +https://openai.com/gptbot)"
20.171.207.75 - - [20/Apr/2025:07:11:00 -0500] "GET /blog/?path=%2Fhome%2Fcorals%2Frentpix.corals.io%2Fvendor%2Fvonage%2Fclient-core%2Fsrc%2FNumbers%2FFilter HTTP/1.1" 200 6265 "-" "Mozilla/5.0 AppleWebKit/537.36 (KHTML, like Gecko; compatible; GPTBot/1.2; +https://openai.com/gptbot)"
54.88.84.219 - - [20/Apr/2025:07:11:01 -0500] "GET /category/marketing/?fileloc=//lib64/python2.7/encodings/zlib_codec.pyc&path=//lib64/python2.7/encodings HTTP/1.1" 200 3434 "-" "Mozilla/5.0 AppleWebKit/537.36 (KHTML, like Gecko; compatible; Amazonbot/0.1; +https://developer.amazon.com/support/amazonbot) Chrome/119.0.6045.214 Safari/537.36"
20.171.207.75 - - [20/Apr/2025:07:11:02 -0500] "GET /blog/?path=%2Fhome%2Fcorals%2Frentpix.corals.io%2Fvendor%2Fpawlox%2Fvideo-thumbnail%2Ftests HTTP/1.1" 200 6688 "-" "Mozilla/5.0 AppleWebKit/537.36 (KHTML, like Gecko; compatible; GPTBot/1.2; +https://openai.com/gptbot)"
20.171.207.75 - - [20/Apr/2025:07:11:03 -0500] "GET /blog/?path=%2Fhome%2Fcorals%2Frentpix.corals.io%2Fvendor%2Fsymfony%2Fevent-dispatcher%2FDependencyInjection HTTP/1.1" 200 6219 "-" "Mozilla/5.0 AppleWebKit/537.36 (KHTML, like Gecko; compatible; GPTBot/1.2; +https://openai.com/gptbot)"
20.171.207.75 - - [20/Apr/2025:07:11:04 -0500] "GET /blog/?path=%2Fhome%2Fcorals%2Frentpix.corals.io%2Fvendor%2Fsymfony%2Fevent-dispatcher%2FAttribute HTTP/1.1" 200 5077 "-" "Mozilla/5.0 AppleWebKit/537.36 (KHTML, like Gecko; compatible; GPTBot/1.2; +https://openai.com/gptbot)"
52.204.174.139 - - [20/Apr/2025:07:11:04 -0500] "GET /category/inventory-management/?path=//etc/alternatives/jre/lib/jfr HTTP/1.1" 200 5379 "-" "Mozilla/5.0 AppleWebKit/537.36 (KHTML, like Gecko; compatible; Amazonbot/0.1; +https://developer.amazon.com/support/amazonbot) Chrome/119.0.6045.214 Safari/537.36"
20.171.207.75 - - [20/Apr/2025:07:11:05 -0500] "GET /blog/?path=%2Fhome%2Fcorals%2Frentpix.corals.io%2Fvendor%2Fsymfony%2Fevent-dispatcher%2FDebug HTTP/1.1" 200 6077 "-" "Mozilla/5.0 AppleWebKit/537.36 (KHTML, like Gecko; compatible; GPTBot/1.2; +https://openai.com/gptbot)"
20.171.207.75 - - [20/Apr/2025:07:11:06 -0500] "GET /blog/?path=%2Fhome%2Fcorals%2Frentpix.corals.io%2Fvendor%2Fpawlox%2Fvideo-thumbnail%2F.github HTTP/1.1" 200 5018 "-" "Mozilla/5.0 AppleWebKit/537.36 (KHTML, like Gecko; compatible; GPTBot/1.2; +https://openai.com/gptbot)"
20.171.207.75 - - [20/Apr/2025:07:11:07 -0500] "GET /blog/?path=%2Fhome%2Fcorals%2Frentpix.corals.io%2Fvendor%2Fphenx%2Fphp-font-lib%2Fsrc%2FFontLib%2FTable%2FType HTTP/1.1" 200 16206 "-" "Mozilla/5.0 AppleWebKit/537.36 (KHTML, like Gecko; compatible; GPTBot/1.2; +https://openai.com/gptbot)"
98.84.184.80 - - [20/Apr/2025:07:11:09 -0500] "GET /category/inventory-management/?fileloc=//sys/kernel/slab/ext4_groupinfo_4k/trace&path=//sys/kernel/slab/ext4_groupinfo_4k HTTP/1.1" 200 3480 "-" "Mozilla/5.0 AppleWebKit/537.36 (KHTML, like Gecko; compatible; Amazonbot/0.1; +https://developer.amazon.com/support/amazonbot) Chrome/119.0.6045.214 Safari/537.36"
20.171.207.75 - - [20/Apr/2025:07:11:08 -0500] "GET /blog/?path=%2Fhome%2Fcorals%2Frentpix.corals.io%2Fvendor%2Fleague%2Fconfig HTTP/1.1" 200 8264 "-" "Mozilla/5.0 AppleWebKit/537.36 (KHTML, like Gecko; compatible; GPTBot/1.2; +https://openai.com/gptbot)"
20.171.207.75 - - [20/Apr/2025:07:11:10 -0500] "GET /blog/?path=%2Fhome%2Fcorals%2Frentpix.corals.io%2Fvendor%2Fsymfony%2Fmailer HTTP/1.1" 200 20068 "-" "Mozilla/5.0 AppleWebKit/537.36 (KHTML, like Gecko; compatible; GPTBot/1.2; +https://openai.com/gptbot)"
66.249.79.35 - - [20/Apr/2025:07:11:10 -0500] "GET /hidey.php?shopdetail/76414170977 HTTP/1.1" 200 110200 "-" "Mozilla/5.0 (compatible; Googlebot/2.1; +http://www.google.com/bot.html)"
20.171.207.75 - - [20/Apr/2025:07:11:11 -0500] "GET /blog/?path=%2Fhome%2Fcorals%2Frentpix.corals.io%2Fvendor%2Frmccue%2Frequests HTTP/1.1" 200 8311 "-" "Mozilla/5.0 AppleWebKit/537.36 (KHTML, like Gecko; compatible; GPTBot/1.2; +https://openai.com/gptbot)"
52.6.97.88 - - [20/Apr/2025:07:11:12 -0500] "GET /category/inventory-management/?fileloc=//sys/kernel/slab/request_sock_TCP/objects&path=//sys/kernel/slab/request_sock_TCP HTTP/1.1" 200 3479 "-" "Mozilla/5.0 AppleWebKit/537.36 (KHTML, like Gecko; compatible; Amazonbot/0.1; +https://developer.amazon.com/support/amazonbot) Chrome/119.0.6045.214 Safari/537.36"
20.171.207.75 - - [20/Apr/2025:07:11:12 -0500] "GET /blog/?path=%2Fhome%2Fcorals%2Frentpix.corals.io%2Fvendor%2Fsymfony%2Fconfig HTTP/1.1" 200 20759 "-" "Mozilla/5.0 AppleWebKit/537.36 (KHTML, like Gecko; compatible; GPTBot/1.2; +https://openai.com/gptbot)"
20.171.207.75 - - [20/Apr/2025:07:11:13 -0500] "GET /blog/?path=%2Fhome%2Fcorals%2Frentpix.corals.io%2Fvendor%2Fphar-io%2Fmanifest HTTP/1.1" 200 9223 "-" "Mozilla/5.0 AppleWebKit/537.36 (KHTML, like Gecko; compatible; GPTBot/1.2; +https://openai.com/gptbot)"
20.171.207.75 - - [20/Apr/2025:07:11:14 -0500] "GET /blog/?path=%2Fhome%2Fcorals%2Frentpix.corals.io%2Fvendor%2Fpawlox%2Fvideo-thumbnail%2Ftests%2FFeature HTTP/1.1" 200 5153 "-" "Mozilla/5.0 AppleWebKit/537.36 (KHTML, like Gecko; compatible; GPTBot/1.2; +https://openai.com/gptbot)"
20.171.207.75 - - [20/Apr/2025:07:11:15 -0500] "GET /blog/?path=%2Fhome%2Fcorals%2Frentpix.corals.io%2Fvendor%2Fpawlox%2Fvideo-thumbnail%2Ftests%2Fexample_data HTTP/1.1" 200 9515 "-" "Mozilla/5.0 AppleWebKit/537.36 (KHTML, like Gecko; compatible; GPTBot/1.2; +https://openai.com/gptbot)"
3.215.59.93 - - [20/Apr/2025:07:11:16 -0500] "GET /category/marketing/?path=//sys/bus/edac/drivers HTTP/1.1" 200 3745 "-" "Mozilla/5.0 AppleWebKit/537.36 (KHTML, like Gecko; compatible; Amazonbot/0.1; +https://developer.amazon.com/support/amazonbot) Chrome/119.0.6045.214 Safari/537.36"
20.171.207.75 - - [20/Apr/2025:07:11:16 -0500] "GET /blog/?path=%2Fhome%2Fcorals%2Frentpix.corals.io%2Fvendor%2Fmasterminds%2Fhtml5 HTTP/1.1" 200 10923 "-" "Mozilla/5.0 AppleWebKit/537.36 (KHTML, like Gecko; compatible; GPTBot/1.2; +https://openai.com/gptbot)"
20.171.207.75 - - [20/Apr/2025:07:11:18 -0500] "GET /blog/?path=%2Fhome%2Fcorals%2Frentpix.corals.io%2Fvendor%2Fsymfony%2Ffinder HTTP/1.1" 200 13460 "-" "Mozilla/5.0 AppleWebKit/537.36 (KHTML, like Gecko; compatible; GPTBot/1.2; +https://openai.com/gptbot)"
20.171.207.75 - - [20/Apr/2025:07:11:19 -0500] "GET /blog/?path=%2Fhome%2Fcorals%2Frentpix.corals.io%2Fvendor%2Fleague%2Furi%2FUriTemplate HTTP/1.1" 200 9696 "-" "Mozilla/5.0 AppleWebKit/537.36 (KHTML, like Gecko; compatible; GPTBot/1.2; +https://openai.com/gptbot)"
52.54.249.218 - - [20/Apr/2025:07:11:20 -0500] "GET /category/inventory-management/?fileloc=//sys/module/joydev/sections/__bug_table&path=//sys/module/joydev/sections HTTP/1.1" 200 3467 "-" "Mozilla/5.0 AppleWebKit/537.36 (KHTML, like Gecko; compatible; Amazonbot/0.1; +https://developer.amazon.com/support/amazonbot) Chrome/119.0.6045.214 Safari/537.36"
20.171.207.75 - - [20/Apr/2025:07:11:20 -0500] "GET /blog/?path=%2Fhome%2Fcorals%2Frentpix.corals.io%2Fvendor%2Fleague%2Fconfig%2Fsrc HTTP/1.1" 200 12604 "-" "Mozilla/5.0 AppleWebKit/537.36 (KHTML, like Gecko; compatible; GPTBot/1.2; +https://openai.com/gptbot)"
20.171.207.75 - - [20/Apr/2025:07:11:21 -0500] "GET /blog/?path=%2Fhome%2Fcorals%2Frentpix.corals.io%2Fvendor%2Fmaximebf%2Fdebugbar%2Fsrc HTTP/1.1" 200 4854 "-" "Mozilla/5.0 AppleWebKit/537.36 (KHTML, like Gecko; compatible; GPTBot/1.2; +https://openai.com/gptbot)"
20.171.207.75 - - [20/Apr/2025:07:11:22 -0500] "GET /blog/?path=%2Fhome%2Fcorals%2Frentpix.corals.io%2Fvendor%2Frmccue%2Frequests%2Flibrary HTTP/1.1" 200 5792 "-" "Mozilla/5.0 AppleWebKit/537.36 (KHTML, like Gecko; compatible; GPTBot/1.2; +https://openai.com/gptbot)"
20.171.207.75 - - [20/Apr/2025:07:11:23 -0500] "GET /blog/?path=%2Fhome%2Fcorals%2Frentpix.corals.io%2Fvendor%2Fsymfony%2Fconfig%2FLoader HTTP/1.1" 200 12632 "-" "Mozilla/5.0 AppleWebKit/537.36 (KHTML, like Gecko; compatible; GPTBot/1.2; +https://openai.com/gptbot)"
23.21.179.27 - - [20/Apr/2025:07:11:24 -0500] "GET /category/inventory-management/?fileloc=//sys/kernel/slab/ext4_groupinfo_1k/poison&path=//sys/kernel/slab/ext4_groupinfo_1k HTTP/1.1" 200 3481 "-" "Mozilla/5.0 AppleWebKit/537.36 (KHTML, like Gecko; compatible; Amazonbot/0.1; +https://developer.amazon.com/support/amazonbot) Chrome/119.0.6045.214 Safari/537.36"
20.171.207.75 - - [20/Apr/2025:07:11:25 -0500] "GET /blog/?path=%2Fhome%2Fcorals%2Frentpix.corals.io%2Fvendor%2Fphar-io%2Fmanifest%2Fsrc HTTP/1.1" 200 9321 "-" "Mozilla/5.0 AppleWebKit/537.36 (KHTML, like Gecko; compatible; GPTBot/1.2; +https://openai.com/gptbot)"
20.171.207.75 - - [20/Apr/2025:07:11:26 -0500] "GET /blog/?path=%2Fhome%2Fcorals%2Frentpix.corals.io%2Fvendor%2Fsymfony%2Fconfig%2FUtil HTTP/1.1" 200 5758 "-" "Mozilla/5.0 AppleWebKit/537.36 (KHTML, like Gecko; compatible; GPTBot/1.2; +https://openai.com/gptbot)"
20.171.207.75 - - [20/Apr/2025:07:11:27 -0500] "GET /blog/?path=%2Fhome%2Fcorals%2Frentpix.corals.io%2Fvendor%2Fdasprid%2Fenum HTTP/1.1" 200 7345 "-" "Mozilla/5.0 AppleWebKit/537.36 (KHTML, like Gecko; compatible; GPTBot/1.2; +https://openai.com/gptbot)"
20.171.207.75 - - [20/Apr/2025:07:11:28 -0500] "GET /blog/?path=%2Fhome%2Fcorals%2Frentpix.corals.io%2Fvendor%2Fsebastian%2Fdiff HTTP/1.1" 200 8276 "-" "Mozilla/5.0 AppleWebKit/537.36 (KHTML, like Gecko; compatible; GPTBot/1.2; +https://openai.com/gptbot)"
100.24.167.60 - - [20/Apr/2025:07:11:29 -0500] "GET /category/inventory-management/?fileloc=//lib/kbd/consolefonts/LatArCyrHeb-16.psfu.gz&path=//lib/kbd/consolefonts HTTP/1.1" 200 3417 "-" "Mozilla/5.0 AppleWebKit/537.36 (KHTML, like Gecko; compatible; Amazonbot/0.1; +https://developer.amazon.com/support/amazonbot) Chrome/119.0.6045.214 Safari/537.36"
20.171.207.75 - - [20/Apr/2025:07:11:29 -0500] "GET /blog/?fileloc=%2Fhome%2Fcorals%2Frentpix.corals.io%2Fvendor%2Fsymfony%2Ffinder%2FCHANGELOG.md&path=%2Fhome%2Fcorals%2Frentpix.corals.io%2Fvendor%2Fsymfony%2Ffinder HTTP/1.1" 200 6244 "-" "Mozilla/5.0 AppleWebKit/537.36 (KHTML, like Gecko; compatible; GPTBot/1.2; +https://openai.com/gptbot)"
66.249.79.36 - - [20/Apr/2025:07:11:30 -0500] "GET /railery.php?e=25713228571&channel=5fca0bb1b&from=article.php%3Fid%3D228571-4284%26name%3D%E3%80%90%E6%84%9B%E5%93%81%E9%A4%A8%E5%85%AB%E5%8D%83%E4%BB%A3%E5%BA%97%E3%80%91%E3%82%A2%E3%82%AF%E3%82%A2%E3%80%802019%E5%B9%B4%E8%A3%BD%E3%80%803%E3%83%89%E3%82%A2%E5%86%B7%E5%87%8D%E5%86%B7%E8%94%B5%E5%BA%AB%E3%80%80AQR-27H3 HTTP/1.1" 200 230092 "-" "Mozilla/5.0 (Linux; Android 6.0.1; Nexus 5X Build/MMB29P) AppleWebKit/537.36 (KHTML, like Gecko) Chrome/135.0.7049.95 Mobile Safari/537.36 (compatible; Googlebot/2.1; +http://www.google.com/bot.html)"
20.171.207.75 - - [20/Apr/2025:07:11:30 -0500] "GET /blog/?path=%2Fhome%2Fcorals%2Frentpix.corals.io%2Fvendor%2Fmasterminds%2Fhtml5%2Fbin HTTP/1.1" 200 4968 "-" "Mozilla/5.0 AppleWebKit/537.36 (KHTML, like Gecko; compatible; GPTBot/1.2; +https://openai.com/gptbot)"
20.171.207.75 - - [20/Apr/2025:07:11:31 -0500] "GET /blog/?path=%2Fhome%2Fcorals%2Frentpix.corals.io%2Fvendor%2Fmasterminds%2Fhtml5%2Fsrc HTTP/1.1" 200 5756 "-" "Mozilla/5.0 AppleWebKit/537.36 (KHTML, like Gecko; compatible; GPTBot/1.2; +https://openai.com/gptbot)"
3.94.157.25 - - [20/Apr/2025:07:11:32 -0500] "GET /category/marketing/?path=//lib/firmware/qcom/sc8280xp HTTP/1.1" 200 5292 "-" "Mozilla/5.0 AppleWebKit/537.36 (KHTML, like Gecko; compatible; Amazonbot/0.1; +https://developer.amazon.com/support/amazonbot) Chrome/119.0.6045.214 Safari/537.36"
20.171.207.75 - - [20/Apr/2025:07:11:33 -0500] "GET /blog/?path=%2Fhome%2Fcorals%2Frentpix.corals.io%2Fvendor%2Fmaximebf%2Fdebugbar%2Fsrc%2FDebugBar HTTP/1.1" 200 17300 "-" "Mozilla/5.0 AppleWebKit/537.36 (KHTML, like Gecko; compatible; GPTBot/1.2; +https://openai.com/gptbot)"
20.171.207.75 - - [20/Apr/2025:07:11:34 -0500] "GET /blog/?path=%2Fhome%2Fcorals%2Frentpix.corals.io%2Fvendor%2Frmccue%2Frequests%2Flibrary%2FRequests HTTP/1.1" 200 22499 "-" "Mozilla/5.0 AppleWebKit/537.36 (KHTML, like Gecko; compatible; GPTBot/1.2; +https://openai.com/gptbot)"
20.171.207.75 - - [20/Apr/2025:07:11:35 -0500] "GET /blog/?fileloc=%2Fhome%2Fcorals%2Frentpix.corals.io%2Fvendor%2Fsymfony%2Fconfig%2FLoader%2FDelegatingLoader.php&path=%2Fhome%2Fcorals%2Frentpix.corals.io%2Fvendor%2Fsymfony%2Fconfig%2FLoader HTTP/1.1" 200 5044 "-" "Mozilla/5.0 AppleWebKit/537.36 (KHTML, like Gecko; compatible; GPTBot/1.2; +https://openai.com/gptbot)"
52.204.253.129 - - [20/Apr/2025:07:11:36 -0500] "GET /category/marketing/?path=//opt/rh/gcc-toolset-11/root HTTP/1.1" 200 16621 "-" "Mozilla/5.0 AppleWebKit/537.36 (KHTML, like Gecko; compatible; Amazonbot/0.1; +https://developer.amazon.com/support/amazonbot) Chrome/119.0.6045.214 Safari/537.36"
20.171.207.75 - - [20/Apr/2025:07:11:36 -0500] "GET /blog/?path=%2Fhome%2Fcorals%2Frentpix.corals.io%2Fvendor%2Fphar-io%2Fmanifest%2Fsrc%2Fxml HTTP/1.1" 200 19595 "-" "Mozilla/5.0 AppleWebKit/537.36 (KHTML, like Gecko; compatible; GPTBot/1.2; +https://openai.com/gptbot)"
20.171.207.75 - - [20/Apr/2025:07:11:37 -0500] "GET /blog/?path=%2Fhome%2Fcorals%2Frentpix.corals.io%2Fvendor%2Fsymfony%2Fconfig%2FUtil%2FException HTTP/1.1" 200 6130 "-" "Mozilla/5.0 AppleWebKit/537.36 (KHTML, like Gecko; compatible; GPTBot/1.2; +https://openai.com/gptbot)"
20.171.207.75 - - [20/Apr/2025:07:11:38 -0500] "GET /blog/?path=%2Fhome%2Fcorals%2Frentpix.corals.io%2Fvendor%2Fphar-io%2Fmanifest%2Fsrc%2Fexceptions HTTP/1.1" 200 14412 "-" "Mozilla/5.0 AppleWebKit/537.36 (KHTML, like Gecko; compatible; GPTBot/1.2; +https://openai.com/gptbot)"
20.171.207.75 - - [20/Apr/2025:07:11:39 -0500] "GET /blog/?path=%2Fhome%2Fcorals%2Frentpix.corals.io%2Fvendor%2Fdasprid%2Fenum%2Fsrc HTTP/1.1" 200 7552 "-" "Mozilla/5.0 AppleWebKit/537.36 (KHTML, like Gecko; compatible; GPTBot/1.2; +https://openai.com/gptbot)"
54.87.95.7 - - [20/Apr/2025:07:11:40 -0500] "GET /category/inventory-management/?path=//home/corals/vreg/node_modules/detect-indent HTTP/1.1" 200 7274 "-" "Mozilla/5.0 AppleWebKit/537.36 (KHTML, like Gecko; compatible; Amazonbot/0.1; +https://developer.amazon.com/support/amazonbot) Chrome/119.0.6045.214 Safari/537.36"
20.171.207.75 - - [20/Apr/2025:07:11:41 -0500] "GET /blog/?path=%2Fhome%2Fcorals%2Frentpix.corals.io%2Fvendor%2Fsebastian%2Fdiff%2Fsrc HTTP/1.1" 200 13288 "-" "Mozilla/5.0 AppleWebKit/537.36 (KHTML, like Gecko; compatible; GPTBot/1.2; +https://openai.com/gptbot)"
20.171.207.75 - - [20/Apr/2025:07:11:42 -0500] "GET /blog/?path=%2Fhome%2Fcorals%2Frentpix.corals.io%2Fvendor%2Fleague%2Fconfig%2Fsrc%2FException HTTP/1.1" 200 8187 "-" "Mozilla/5.0 AppleWebKit/537.36 (KHTML, like Gecko; compatible; GPTBot/1.2; +https://openai.com/gptbot)"
20.171.207.75 - - [20/Apr/2025:07:11:43 -0500] "GET /blog/?path=%2Fhome%2Fcorals%2Frentpix.corals.io%2Fvendor%2Fmasterminds%2Fhtml5%2Fsrc HTTP/1.1" 200 5756 "-" "Mozilla/5.0 AppleWebKit/537.36 (KHTML, like Gecko; compatible; GPTBot/1.2; +https://openai.com/gptbot)"
3.94.157.25 - - [20/Apr/2025:07:11:44 -0500] "GET /category/marketing/?path=//sys/module/sd_mod/drivers HTTP/1.1" 200 4448 "-" "Mozilla/5.0 AppleWebKit/537.36 (KHTML, like Gecko; compatible; Amazonbot/0.1; +https://developer.amazon.com/support/amazonbot) Chrome/119.0.6045.214 Safari/537.36"
20.171.207.75 - - [20/Apr/2025:07:11:44 -0500] "GET /blog/?path=%2Fhome%2Fcorals%2Frentpix.corals.io%2Fvendor%2Fsymfony%2Ffinder%2FIterator HTTP/1.1" 200 17870 "-" "Mozilla/5.0 AppleWebKit/537.36 (KHTML, like Gecko; compatible; GPTBot/1.2; +https://openai.com/gptbot)"
20.171.207.75 - - [20/Apr/2025:07:11:45 -0500] "GET /blog/?path=%2Fhome%2Fcorals%2Frentpix.corals.io%2Fvendor%2Fmaximebf%2Fdebugbar%2Fsrc%2FDebugBar%2FDataFormatter HTTP/1.1" 200 8300 "-" "Mozilla/5.0 AppleWebKit/537.36 (KHTML, like Gecko; compatible; GPTBot/1.2; +https://openai.com/gptbot)"
20.171.207.75 - - [20/Apr/2025:07:11:46 -0500] "GET /blog/?path=%2Fhome%2Fcorals%2Frentpix.corals.io%2Fvendor%2Fmaximebf%2Fdebugbar%2Fsrc%2FDebugBar%2FResources HTTP/1.1" 200 11975 "-" "Mozilla/5.0 AppleWebKit/537.36 (KHTML, like Gecko; compatible; GPTBot/1.2; +https://openai.com/gptbot)"
20.171.207.75 - - [20/Apr/2025:07:11:47 -0500] "GET /blog/?path=%2Fhome%2Fcorals%2Frentpix.corals.io%2Fvendor%2Fmaximebf%2Fdebugbar%2Fsrc%2FDebugBar%2FBridge HTTP/1.1" 200 15039 "-" "Mozilla/5.0 AppleWebKit/537.36 (KHTML, like Gecko; compatible; GPTBot/1.2; +https://openai.com/gptbot)"
3.226.34.98 - - [20/Apr/2025:07:11:48 -0500] "GET /category/inventory-management/?path=//home/corals/vreg/node_modules/browserify-rsa HTTP/1.1" 200 8081 "-" "Mozilla/5.0 AppleWebKit/537.36 (KHTML, like Gecko; compatible; Amazonbot/0.1; +https://developer.amazon.com/support/amazonbot) Chrome/119.0.6045.214 Safari/537.36"
20.171.207.75 - - [20/Apr/2025:07:11:49 -0500] "GET /blog/?path=%2Fhome%2Fcorals%2Frentpix.corals.io%2Fvendor%2Fmaximebf%2Fdebugbar%2Fsrc%2FDebugBar%2FDataCollector HTTP/1.1" 200 19852 "-" "Mozilla/5.0 AppleWebKit/537.36 (KHTML, like Gecko; compatible; GPTBot/1.2; +https://openai.com/gptbot)"
66.249.79.35 - - [20/Apr/2025:07:11:49 -0500] "GET /hidey.php?shopdetail/76414229989 HTTP/1.1" 200 114770 "-" "Mozilla/5.0 (compatible; Googlebot/2.1; +http://www.google.com/bot.html)"
20.171.207.75 - - [20/Apr/2025:07:11:50 -0500] "GET /blog/?path=%2Fhome%2Fcorals%2Frentpix.corals.io%2Fvendor%2Fmaximebf%2Fdebugbar%2Fsrc%2FDebugBar%2FStorage HTTP/1.1" 200 10331 "-" "Mozilla/5.0 AppleWebKit/537.36 (KHTML, like Gecko; compatible; GPTBot/1.2; +https://openai.com/gptbot)"
20.171.207.75 - - [20/Apr/2025:07:11:51 -0500] "GET /blog/?path=%2Fhome%2Fcorals%2Frentpix.corals.io%2Fvendor%2Frmccue%2Frequests%2Flibrary%2FRequests%2FTransport HTTP/1.1" 200 7258 "-" "Mozilla/5.0 AppleWebKit/537.36 (KHTML, like Gecko; compatible; GPTBot/1.2; +https://openai.com/gptbot)"
54.159.18.27 - - [20/Apr/2025:07:11:52 -0500] "GET /category/marketing/?fileloc=//sys/bus/acpi/uevent&path=//sys/bus/acpi HTTP/1.1" 200 3377 "-" "Mozilla/5.0 AppleWebKit/537.36 (KHTML, like Gecko; compatible; Amazonbot/0.1; +https://developer.amazon.com/support/amazonbot) Chrome/119.0.6045.214 Safari/537.36"
20.171.207.75 - - [20/Apr/2025:07:11:52 -0500] "GET /blog/?path=%2Fhome%2Fcorals%2Frentpix.corals.io%2Fvendor%2Frmccue%2Frequests%2Flibrary%2FRequests%2FAuth HTTP/1.1" 200 5218 "-" "Mozilla/5.0 AppleWebKit/537.36 (KHTML, like Gecko; compatible; GPTBot/1.2; +https://openai.com/gptbot)"
20.171.207.75 - - [20/Apr/2025:07:11:53 -0500] "GET /blog/?path=%2Fhome%2Fcorals%2Frentpix.corals.io%2Fvendor%2Frmccue%2Frequests%2Flibrary%2FRequests%2FResponse HTTP/1.1" 200 5250 "-" "Mozilla/5.0 AppleWebKit/537.36 (KHTML, like Gecko; compatible; GPTBot/1.2; +https://openai.com/gptbot)"
20.171.207.75 - - [20/Apr/2025:07:11:54 -0500] "GET /blog/?path=%2Fhome%2Fcorals%2Frentpix.corals.io%2Fvendor%2Frmccue%2Frequests%2Flibrary%2FRequests%2FCookie HTTP/1.1" 200 5222 "-" "Mozilla/5.0 AppleWebKit/537.36 (KHTML, like Gecko; compatible; GPTBot/1.2; +https://openai.com/gptbot)"
20.171.207.75 - - [20/Apr/2025:07:11:56 -0500] "GET /blog/?path=%2Fhome%2Fcorals%2Frentpix.corals.io%2Fvendor%2Frmccue%2Frequests%2Flibrary%2FRequests%2FException HTTP/1.1" 200 7993 "-" "Mozilla/5.0 AppleWebKit/537.36 (KHTML, like Gecko; compatible; GPTBot/1.2; +https://openai.com/gptbot)"
98.82.107.102 - - [20/Apr/2025:07:11:56 -0500] "GET /category/inventory-management/?fileloc=//sys/kernel/slab/nf_conntrack/destroy_by_rcu&path=//sys/kernel/slab/nf_conntrack HTTP/1.1" 200 3474 "-" "Mozilla/5.0 AppleWebKit/537.36 (KHTML, like Gecko; compatible; Amazonbot/0.1; +https://developer.amazon.com/support/amazonbot) Chrome/119.0.6045.214 Safari/537.36"
20.171.207.75 - - [20/Apr/2025:07:11:57 -0500] "GET /blog/?path=%2Fhome%2Fcorals%2Frentpix.corals.io%2Fvendor%2Fmaximebf%2Fdebugbar%2Fsrc%2FDebugBar%2FDataFormatter%2FVarDumper HTTP/1.1" 200 5475 "-" "Mozilla/5.0 AppleWebKit/537.36 (KHTML, like Gecko; compatible; GPTBot/1.2; +https://openai.com/gptbot)"
20.171.207.75 - - [20/Apr/2025:07:11:58 -0500] "GET /blog/?path=%2Fhome%2Fcorals%2Frentpix.corals.io%2Fvendor%2Fmaximebf%2Fdebugbar%2Fsrc%2FDebugBar%2FResources%2Fwidgets HTTP/1.1" 200 7043 "-" "Mozilla/5.0 AppleWebKit/537.36 (KHTML, like Gecko; compatible; GPTBot/1.2; +https://openai.com/gptbot)"
20.171.207.75 - - [20/Apr/2025:07:11:59 -0500] "GET /blog/?fileloc=%2Fhome%2Fcorals%2Frentpix.corals.io%2Fvendor%2Fmaximebf%2Fdebugbar%2Fsrc%2FDebugBar%2FBridge%2FPropel2Collector.php&path=%2Fhome%2Fcorals%2Frentpix.corals.io%2Fvendor%2Fmaximebf%2Fdebugbar%2Fsrc%2FDebugBar%2FBridge HTTP/1.1" 200 13174 "-" "Mozilla/5.0 AppleWebKit/537.36 (KHTML, like Gecko; compatible; GPTBot/1.2; +https://openai.com/gptbot)"
20.171.207.75 - - [20/Apr/2025:07:12:00 -0500] "GET /blog/?path=%2Fhome%2Fcorals%2Frentpix.corals.io%2Fvendor%2Fmaximebf%2Fdebugbar%2Fsrc%2FDebugBar%2FBridge%2FSwiftMailer HTTP/1.1" 200 6509 "-" "Mozilla/5.0 AppleWebKit/537.36 (KHTML, like Gecko; compatible; GPTBot/1.2; +https://openai.com/gptbot)"
44.216.172.204 - - [20/Apr/2025:07:12:00 -0500] "GET /category/inventory-management/?fileloc=//lib/firmware/amdgpu/arcturus_vcn.bin&path=//lib/firmware/amdgpu HTTP/1.1" 200 3413 "-" "Mozilla/5.0 AppleWebKit/537.36 (KHTML, like Gecko; compatible; Amazonbot/0.1; +https://developer.amazon.com/support/amazonbot) Chrome/119.0.6045.214 Safari/537.36"
20.171.207.75 - - [20/Apr/2025:07:12:01 -0500] "GET /blog/?path=%2Fhome%2Fcorals%2Frentpix.corals.io%2Fvendor%2Fmaximebf%2Fdebugbar%2Fsrc%2FDebugBar%2FBridge%2FTwig HTTP/1.1" 200 8597 "-" "Mozilla/5.0 AppleWebKit/537.36 (KHTML, like Gecko; compatible; GPTBot/1.2; +https://openai.com/gptbot)"
20.171.207.75 - - [20/Apr/2025:07:12:02 -0500] "GET /blog/?path=%2Fhome%2Fcorals%2Frentpix.corals.io%2Fvendor%2Fmaximebf%2Fdebugbar%2Fsrc%2FDebugBar%2FBridge%2FSymfony HTTP/1.1" 200 5422 "-" "Mozilla/5.0 AppleWebKit/537.36 (KHTML, like Gecko; compatible; GPTBot/1.2; +https://openai.com/gptbot)"
20.171.207.75 - - [20/Apr/2025:07:12:04 -0500] "GET /blog/?path=%2Fhome%2Fcorals%2Frentpix.corals.io%2Fvendor%2Fmaximebf%2Fdebugbar%2Fsrc%2FDebugBar%2FDataCollector%2FPDO HTTP/1.1" 200 8602 "-" "Mozilla/5.0 AppleWebKit/537.36 (KHTML, like Gecko; compatible; GPTBot/1.2; +https://openai.com/gptbot)"
52.70.209.13 - - [20/Apr/2025:07:12:04 -0500] "GET /category/inventory-management/?fileloc=//lib/locale/en_IE.utf8/LC_COLLATE&path=//lib/locale/en_IE.utf8 HTTP/1.1" 200 3411 "-" "Mozilla/5.0 AppleWebKit/537.36 (KHTML, like Gecko; compatible; Amazonbot/0.1; +https://developer.amazon.com/support/amazonbot) Chrome/119.0.6045.214 Safari/537.36"
20.171.207.75 - - [20/Apr/2025:07:12:05 -0500] "GET /blog/?path=%2Fhome%2Fcorals%2Frentpix.corals.io%2Fvendor%2Fmaximebf%2Fdebugbar%2Fsrc%2FDebugBar%2FResources%2Fvendor HTTP/1.1" 200 7052 "-" "Mozilla/5.0 AppleWebKit/537.36 (KHTML, like Gecko; compatible; GPTBot/1.2; +https://openai.com/gptbot)"
20.171.207.75 - - [20/Apr/2025:07:12:06 -0500] "GET /blog/?path=%2Fhome%2Fcorals%2Frentpix.corals.io%2Fvendor%2Frmccue%2Frequests%2Flibrary%2FRequests%2FUtility HTTP/1.1" 200 6347 "-" "Mozilla/5.0 AppleWebKit/537.36 (KHTML, like Gecko; compatible; GPTBot/1.2; +https://openai.com/gptbot)"
20.171.207.75 - - [20/Apr/2025:07:12:07 -0500] "GET /blog/?path=%2Fhome%2Fcorals%2Frentpix.corals.io%2Fvendor%2Frmccue%2Frequests%2Flibrary%2FRequests%2FProxy HTTP/1.1" 200 5220 "-" "Mozilla/5.0 AppleWebKit/537.36 (KHTML, like Gecko; compatible; GPTBot/1.2; +https://openai.com/gptbot)"
54.157.99.244 - - [20/Apr/2025:07:12:08 -0500] "GET /category/marketing/?fileloc=//lib/firmware/amdgpu/navi12_vcn.bin&path=//lib/firmware/amdgpu HTTP/1.1" 200 3411 "-" "Mozilla/5.0 AppleWebKit/537.36 (KHTML, like Gecko; compatible; Amazonbot/0.1; +https://developer.amazon.com/support/amazonbot) Chrome/119.0.6045.214 Safari/537.36"
20.171.207.75 - - [20/Apr/2025:07:12:08 -0500] "GET /blog/?path=%2Fhome%2Fcorals%2Frentpix.corals.io%2Fvendor%2Frmccue%2Frequests%2Flibrary%2FRequests%2FException%2FTransport HTTP/1.1" 200 5405 "-" "Mozilla/5.0 AppleWebKit/537.36 (KHTML, like Gecko; compatible; GPTBot/1.2; +https://openai.com/gptbot)"
20.171.207.75 - - [20/Apr/2025:07:12:09 -0500] "GET /blog/?path=%2Fhome%2Fcorals%2Frentpix.corals.io%2Fvendor%2Fmaximebf%2Fdebugbar%2Fsrc%2FDebugBar%2FResources%2Fwidgets%2Ftemplates HTTP/1.1" 200 6613 "-" "Mozilla/5.0 AppleWebKit/537.36 (KHTML, like Gecko; compatible; GPTBot/1.2; +https://openai.com/gptbot)"
20.171.207.75 - - [20/Apr/2025:07:12:11 -0500] "GET /blog/?path=%2Fhome%2Fcorals%2Frentpix.corals.io%2Fvendor%2Fmaximebf%2Fdebugbar%2Fsrc%2FDebugBar%2FResources%2Fwidgets%2Fmails HTTP/1.1" 200 6573 "-" "Mozilla/5.0 AppleWebKit/537.36 (KHTML, like Gecko; compatible; GPTBot/1.2; +https://openai.com/gptbot)"
20.171.207.75 - - [20/Apr/2025:07:12:12 -0500] "GET /blog/?path=%2Fhome%2Fcorals%2Frentpix.corals.io%2Fvendor%2Fmaximebf%2Fdebugbar%2Fsrc%2FDebugBar%2FResources%2Fwidgets%2Fsqlqueries HTTP/1.1" 200 6623 "-" "Mozilla/5.0 AppleWebKit/537.36 (KHTML, like Gecko; compatible; GPTBot/1.2; +https://openai.com/gptbot)"
34.194.165.45 - - [20/Apr/2025:07:12:12 -0500] "GET /category/marketing/?fileloc=//sys/module/nf_defrag_ipv4/taint&path=//sys/module/nf_defrag_ipv4 HTTP/1.1" 200 3419 "-" "Mozilla/5.0 AppleWebKit/537.36 (KHTML, like Gecko; compatible; Amazonbot/0.1; +https://developer.amazon.com/support/amazonbot) Chrome/119.0.6045.214 Safari/537.36"
20.171.207.75 - - [20/Apr/2025:07:12:13 -0500] "GET /blog/?path=%2Fhome%2Fcorals%2Frentpix.corals.io%2Fvendor%2Frmccue%2Frequests%2Flibrary%2FRequests%2FException%2FHTTP HTTP/1.1" 200 37610 "-" "Mozilla/5.0 AppleWebKit/537.36 (KHTML, like Gecko; compatible; GPTBot/1.2; +https://openai.com/gptbot)"
20.171.207.75 - - [20/Apr/2025:07:12:14 -0500] "GET /blog/?path=%2Fhome%2Fcorals%2Frentpix.corals.io%2Fvendor%2Fsebastian%2Fdiff%2Fsrc%2FException HTTP/1.1" 200 7108 "-" "Mozilla/5.0 AppleWebKit/537.36 (KHTML, like Gecko; compatible; GPTBot/1.2; +https://openai.com/gptbot)"
20.171.207.75 - - [20/Apr/2025:07:12:15 -0500] "GET /blog/?path=%2Fhome%2Fcorals%2Frentpix.corals.io%2Fvendor%2Fphar-io%2Fmanifest%2Fsrc%2Fvalues HTTP/1.1" 200 24609 "-" "Mozilla/5.0 AppleWebKit/537.36 (KHTML, like Gecko; compatible; GPTBot/1.2; +https://openai.com/gptbot)"
52.7.33.248 - - [20/Apr/2025:07:12:16 -0500] "GET /category/inventory-management/?fileloc=//sys/module/ipt_REJECT/sections/.data..read_mostly&path=//sys/module/ipt_REJECT/sections HTTP/1.1" 200 3490 "-" "Mozilla/5.0 AppleWebKit/537.36 (KHTML, like Gecko; compatible; Amazonbot/0.1; +https://developer.amazon.com/support/amazonbot) Chrome/119.0.6045.214 Safari/537.36"
20.171.207.75 - - [20/Apr/2025:07:12:16 -0500] "GET /blog/?path=%2Fhome%2Fcorals%2Frentpix.corals.io%2Fvendor%2Fdasprid%2Fenum%2Fsrc%2FException HTTP/1.1" 200 11165 "-" "Mozilla/5.0 AppleWebKit/537.36 (KHTML, like Gecko; compatible; GPTBot/1.2; +https://openai.com/gptbot)"
20.171.207.75 - - [20/Apr/2025:07:12:17 -0500] "GET /blog/?path=%2Fhome%2Fcorals%2Frentpix.corals.io%2Fvendor%2Fsebastian%2Fdiff%2Fsrc%2FOutput HTTP/1.1" 200 9169 "-" "Mozilla/5.0 AppleWebKit/537.36 (KHTML, like Gecko; compatible; GPTBot/1.2; +https://openai.com/gptbot)"
20.171.207.75 - - [20/Apr/2025:07:12:19 -0500] "GET /blog/?path=%2Fhome%2Fcorals%2Frentpix.corals.io%2Fvendor%2Fsymfony%2Fmailer%2FEvent HTTP/1.1" 200 7820 "-" "Mozilla/5.0 AppleWebKit/537.36 (KHTML, like Gecko; compatible; GPTBot/1.2; +https://openai.com/gptbot)"
20.171.207.75 - - [20/Apr/2025:07:12:20 -0500] "GET /blog/?path=%2Fhome%2Fcorals%2Frentpix.corals.io%2Fvendor%2Fsymfony%2Fmailer%2FTest HTTP/1.1" 200 5827 "-" "Mozilla/5.0 AppleWebKit/537.36 (KHTML, like Gecko; compatible; GPTBot/1.2; +https://openai.com/gptbot)"
3.230.69.161 - - [20/Apr/2025:07:12:21 -0500] "GET /category/inventory-management/?fileloc=//lib/firmware/amdgpu/sienna_cichlid_sos.bin&path=//lib/firmware/amdgpu HTTP/1.1" 200 3419 "-" "Mozilla/5.0 AppleWebKit/537.36 (KHTML, like Gecko; compatible; Amazonbot/0.1; +https://developer.amazon.com/support/amazonbot) Chrome/119.0.6045.214 Safari/537.36"
20.171.207.75 - - [20/Apr/2025:07:12:21 -0500] "GET /blog/?path=%2Fhome%2Fcorals%2Frentpix.corals.io%2Fvendor%2Fsymfony%2Fmailer%2FCommand HTTP/1.1" 200 5003 "-" "Mozilla/5.0 AppleWebKit/537.36 (KHTML, like Gecko; compatible; GPTBot/1.2; +https://openai.com/gptbot)"
20.171.207.75 - - [20/Apr/2025:07:12:22 -0500] "GET /blog/?path=%2Fhome%2Fcorals%2Frentpix.corals.io%2Fvendor%2Framsey%2Fuuid HTTP/1.1" 200 7327 "-" "Mozilla/5.0 AppleWebKit/537.36 (KHTML, like Gecko; compatible; GPTBot/1.2; +https://openai.com/gptbot)"
20.171.207.75 - - [20/Apr/2025:07:12:23 -0500] "GET /blog/?path=%2Fhome%2Fcorals%2Frentpix.corals.io%2Fvendor%2Fsymfony%2Fyaml HTTP/1.1" 200 15875 "-" "Mozilla/5.0 AppleWebKit/537.36 (KHTML, like Gecko; compatible; GPTBot/1.2; +https://openai.com/gptbot)"
3.227.180.70 - - [20/Apr/2025:07:12:24 -0500] "GET /category/marketing/?fileloc=//lib/firmware/amdgpu/vangogh_toc.bin&path=//lib/firmware/amdgpu HTTP/1.1" 200 3412 "-" "Mozilla/5.0 AppleWebKit/537.36 (KHTML, like Gecko; compatible; Amazonbot/0.1; +https://developer.amazon.com/support/amazonbot) Chrome/119.0.6045.214 Safari/537.36"
20.171.207.75 - - [20/Apr/2025:07:12:24 -0500] "GET /blog/?path=%2Fhome%2Fcorals%2Frentpix.corals.io%2Fvendor%2Fleague%2Foauth1-client HTTP/1.1" 200 19192 "-" "Mozilla/5.0 AppleWebKit/537.36 (KHTML, like Gecko; compatible; GPTBot/1.2; +https://openai.com/gptbot)"
20.171.207.75 - - [20/Apr/2025:07:12:26 -0500] "GET /blog/?path=%2Fhome%2Fcorals%2Frentpix.corals.io%2Fvendor%2Fsymfony%2Fstring HTTP/1.1" 200 16188 "-" "Mozilla/5.0 AppleWebKit/537.36 (KHTML, like Gecko; compatible; GPTBot/1.2; +https://openai.com/gptbot)"
20.171.207.75 - - [20/Apr/2025:07:12:27 -0500] "GET /blog/?path=%2Fhome%2Fcorals%2Frentpix.corals.io%2Fvendor%2Fsymfony%2Fcache HTTP/1.1" 200 17635 "-" "Mozilla/5.0 AppleWebKit/537.36 (KHTML, like Gecko; compatible; GPTBot/1.2; +https://openai.com/gptbot)"
54.147.182.90 - - [20/Apr/2025:07:12:28 -0500] "GET /category/inventory-management/?fileloc=//lib/firmware/amdgpu/navi10_sdma1.bin&path=//lib/firmware/amdgpu HTTP/1.1" 200 3413 "-" "Mozilla/5.0 AppleWebKit/537.36 (KHTML, like Gecko; compatible; Amazonbot/0.1; +https://developer.amazon.com/support/amazonbot) Chrome/119.0.6045.214 Safari/537.36"
20.171.207.75 - - [20/Apr/2025:07:12:28 -0500] "GET /blog/?path=%2Fhome%2Fcorals%2Frentpix.corals.io%2Fvendor%2Fsymfony%2Fmailer%2FHeader HTTP/1.1" 200 5911 "-" "Mozilla/5.0 AppleWebKit/537.36 (KHTML, like Gecko; compatible; GPTBot/1.2; +https://openai.com/gptbot)"
20.171.207.75 - - [20/Apr/2025:07:12:29 -0500] "GET /blog/?path=%2Fhome%2Fcorals%2Frentpix.corals.io%2Fvendor%2Fsymfony%2Fmime HTTP/1.1" 200 26452 "-" "Mozilla/5.0 AppleWebKit/537.36 (KHTML, like Gecko; compatible; GPTBot/1.2; +https://openai.com/gptbot)"
20.171.207.75 - - [20/Apr/2025:07:12:30 -0500] "GET /blog/?path=%2Fhome%2Fcorals%2Frentpix.corals.io%2Fvendor%2Fcocur%2Fslugify HTTP/1.1" 200 7361 "-" "Mozilla/5.0 AppleWebKit/537.36 (KHTML, like Gecko; compatible; GPTBot/1.2; +https://openai.com/gptbot)"
66.249.79.131 - - [20/Apr/2025:07:12:31 -0500] "GET /shopdetail/1800366515 HTTP/1.1" 200 122865 "-" "Mozilla/5.0 (Linux; Android 6.0.1; Nexus 5X Build/MMB29P) AppleWebKit/537.36 (KHTML, like Gecko) Chrome/135.0.7049.95 Mobile Safari/537.36 (compatible; GoogleOther)"
20.171.207.75 - - [20/Apr/2025:07:12:31 -0500] "GET /blog/?path=%2Fhome%2Fcorals%2Frentpix.corals.io%2Fvendor%2Fsymfony%2Fmailer%2FTest%2FConstraint HTTP/1.1" 200 6080 "-" "Mozilla/5.0 AppleWebKit/537.36 (KHTML, like Gecko; compatible; GPTBot/1.2; +https://openai.com/gptbot)"
23.23.99.55 - - [20/Apr/2025:07:12:32 -0500] "GET /category/inventory-management/?fileloc=//lib/firmware/amdgpu/navi14_sdma1.bin&path=//lib/firmware/amdgpu HTTP/1.1" 200 3413 "-" "Mozilla/5.0 AppleWebKit/537.36 (KHTML, like Gecko; compatible; Amazonbot/0.1; +https://developer.amazon.com/support/amazonbot) Chrome/119.0.6045.214 Safari/537.36"
20.171.207.75 - - [20/Apr/2025:07:12:32 -0500] "GET /blog/?path=%2Fhome%2Fcorals%2Frentpix.corals.io%2Fvendor%2Fmrclay%2Fminify HTTP/1.1" 200 10802 "-" "Mozilla/5.0 AppleWebKit/537.36 (KHTML, like Gecko; compatible; GPTBot/1.2; +https://openai.com/gptbot)"
20.171.207.75 - - [20/Apr/2025:07:12:34 -0500] "GET /blog/?fileloc=%2Fhome%2Fcorals%2Frentpix.corals.io%2Fvendor%2Framsey%2Fuuid%2FLICENSE&path=%2Fhome%2Fcorals%2Frentpix.corals.io%2Fvendor%2Framsey%2Fuuid HTTP/1.1" 200 4768 "-" "Mozilla/5.0 AppleWebKit/537.36 (KHTML, like Gecko; compatible; GPTBot/1.2; +https://openai.com/gptbot)"
18.225.72.113 - - [20/Apr/2025:07:12:34 -0500] "GET /blog/?fileloc=%2Fhome%2Fcorals%2Fintellicart.co%2Fwp-includes%2Fclass-wp-paused-extensions-storage.php&path=%2Fhome%2Fcorals%2Fintellicart.co%2Fwp-includes HTTP/1.1" 301 - "-" "Mozilla/5.0 AppleWebKit/537.36 (KHTML, like Gecko; compatible; ClaudeBot/1.0; [email protected])"
18.225.72.113 - - [20/Apr/2025:07:12:34 -0500] "GET /blog/?fileloc=%2Fhome%2Fcorals%2Fintellicart.co%2Fwp-includes%2Fclass-wp-recovery-mode-link-service.php&path=%2Fhome%2Fcorals%2Fintellicart.co%2Fwp-includes HTTP/1.1" 301 - "-" "Mozilla/5.0 AppleWebKit/537.36 (KHTML, like Gecko; compatible; ClaudeBot/1.0; [email protected])"
