![]() Server : Apache System : Linux server2.corals.io 4.18.0-348.2.1.el8_5.x86_64 #1 SMP Mon Nov 15 09:17:08 EST 2021 x86_64 User : corals ( 1002) PHP Version : 7.4.33 Disable Function : exec,passthru,shell_exec,system Directory : /home/corals/access-logs/ |
66.249.66.44 - - [20/Apr/2025:07:11:26 -0500] "GET /jobs?experience_level=regular&layout=grid&page=1 HTTP/1.1" 200 78004 "-" "Mozilla/5.0 (Linux; Android 6.0.1; Nexus 5X Build/MMB29P) AppleWebKit/537.36 (KHTML, like Gecko) Chrome/135.0.7049.95 Mobile Safari/537.36 (compatible; GoogleOther)"
66.249.66.42 - - [20/Apr/2025:07:13:58 -0500] "GET /jobs?experience_level=senior&page=1&layout=grid HTTP/1.1" 200 78235 "-" "Mozilla/5.0 (Linux; Android 6.0.1; Nexus 5X Build/MMB29P) AppleWebKit/537.36 (KHTML, like Gecko) Chrome/135.0.7049.95 Mobile Safari/537.36 (compatible; GoogleOther)"
66.249.66.43 - - [20/Apr/2025:07:15:18 -0500] "GET /assets/corals/js/corals_functions.js HTTP/1.1" 304 - "https://job-board.corals.io/jobs?experience_level=associate&layout=grid" "Mozilla/5.0 (Linux; Android 6.0.1; Nexus 5X Build/MMB29P) AppleWebKit/537.36 (KHTML, like Gecko) Chrome/134.0.6998.165 Mobile Safari/537.36 (compatible; Googlebot/2.1; +http://www.google.com/bot.html)"
66.249.66.42 - - [20/Apr/2025:07:15:19 -0500] "GET /assets/themes/jobs/assets/js/plugins/isotope.js HTTP/1.1" 304 - "https://job-board.corals.io/jobs?experience_level=associate&layout=grid" "Mozilla/5.0 (Linux; Android 6.0.1; Nexus 5X Build/MMB29P) AppleWebKit/537.36 (KHTML, like Gecko) Chrome/134.0.6998.165 Mobile Safari/537.36 (compatible; Googlebot/2.1; +http://www.google.com/bot.html)"
66.249.66.42 - - [20/Apr/2025:07:15:20 -0500] "GET /assets/themes/jobs/assets/js/vendor/jquery-3.6.0.min.js HTTP/1.1" 304 - "https://job-board.corals.io/jobs?experience_level=associate&layout=grid" "Mozilla/5.0 (Linux; Android 6.0.1; Nexus 5X Build/MMB29P) AppleWebKit/537.36 (KHTML, like Gecko) Chrome/134.0.6998.165 Mobile Safari/537.36 (compatible; Googlebot/2.1; +http://www.google.com/bot.html)"
66.249.66.43 - - [20/Apr/2025:07:16:31 -0500] "GET /jobs?page=15&layout=grid HTTP/1.1" 200 79975 "-" "Mozilla/5.0 (Linux; Android 6.0.1; Nexus 5X Build/MMB29P) AppleWebKit/537.36 (KHTML, like Gecko) Chrome/135.0.7049.95 Mobile Safari/537.36 (compatible; GoogleOther)"
66.249.66.43 - - [20/Apr/2025:07:19:02 -0500] "GET /jobs?job_type=project-based&layout=list&page=1 HTTP/1.1" 200 81089 "-" "Mozilla/5.0 (Linux; Android 6.0.1; Nexus 5X Build/MMB29P) AppleWebKit/537.36 (KHTML, like Gecko) Chrome/135.0.7049.95 Mobile Safari/537.36 (compatible; GoogleOther)"
66.249.66.43 - - [20/Apr/2025:07:21:34 -0500] "GET /jobs?job_type=project-based&layout=list&page=3 HTTP/1.1" 200 81129 "-" "Mozilla/5.0 (Linux; Android 6.0.1; Nexus 5X Build/MMB29P) AppleWebKit/537.36 (KHTML, like Gecko) Chrome/135.0.7049.95 Mobile Safari/537.36 (compatible; GoogleOther)"
66.249.66.43 - - [20/Apr/2025:07:22:46 -0500] "GET /assets/corals/plugins/icheck/skins/futurico/futurico.css HTTP/1.1" 200 1323 "https://job-board.corals.io/assets/corals/plugins/icheck/skins/all.css" "Mozilla/5.0 (Linux; Android 6.0.1; Nexus 5X Build/MMB29P) AppleWebKit/537.36 (KHTML, like Gecko) Chrome/134.0.6998.165 Mobile Safari/537.36 (compatible; Googlebot/2.1; +http://www.google.com/bot.html)"
66.249.66.43 - - [20/Apr/2025:07:24:07 -0500] "GET /jobs?experience_level=regular&layout=list HTTP/1.1" 200 80252 "-" "Mozilla/5.0 (Linux; Android 6.0.1; Nexus 5X Build/MMB29P) AppleWebKit/537.36 (KHTML, like Gecko) Chrome/135.0.7049.95 Mobile Safari/537.36 (compatible; GoogleOther)"
66.249.66.43 - - [20/Apr/2025:07:26:32 -0500] "GET /assets/themes/jobs/assets/css/vendors/normalize.css HTTP/1.1" 304 - "https://job-board.corals.io/assets/themes/jobs/assets/css/main.css" "Mozilla/5.0 (Linux; Android 6.0.1; Nexus 5X Build/MMB29P) AppleWebKit/537.36 (KHTML, like Gecko) Chrome/134.0.6998.165 Mobile Safari/537.36 (compatible; Googlebot/2.1; +http://www.google.com/bot.html)"
66.249.66.42 - - [20/Apr/2025:07:26:39 -0500] "GET /jobs/rigger-2 HTTP/1.1" 200 31682 "-" "Mozilla/5.0 (Linux; Android 6.0.1; Nexus 5X Build/MMB29P) AppleWebKit/537.36 (KHTML, like Gecko) Chrome/135.0.7049.95 Mobile Safari/537.36 (compatible; GoogleOther)"
66.249.66.42 - - [20/Apr/2025:07:29:11 -0500] "GET /jobs?page=12 HTTP/1.1" 200 81840 "-" "Mozilla/5.0 (Linux; Android 6.0.1; Nexus 5X Build/MMB29P) AppleWebKit/537.36 (KHTML, like Gecko) Chrome/135.0.7049.95 Mobile Safari/537.36 (compatible; GoogleOther)"
66.249.66.42 - - [20/Apr/2025:07:29:30 -0500] "GET /assets/corals/plugins/icheck/skins/polaris/polaris.css HTTP/1.1" 304 - "https://job-board.corals.io/assets/corals/plugins/icheck/skins/all.css" "Mozilla/5.0 (Linux; Android 6.0.1; Nexus 5X Build/MMB29P) AppleWebKit/537.36 (KHTML, like Gecko) Chrome/134.0.6998.165 Mobile Safari/537.36 (compatible; Googlebot/2.1; +http://www.google.com/bot.html)"
66.249.66.42 - - [20/Apr/2025:07:31:44 -0500] "GET /jobs?layout=list&page=15 HTTP/1.1" 200 82315 "-" "Mozilla/5.0 (Linux; Android 6.0.1; Nexus 5X Build/MMB29P) AppleWebKit/537.36 (KHTML, like Gecko) Chrome/135.0.7049.95 Mobile Safari/537.36 (compatible; GoogleOther)"
66.249.66.44 - - [20/Apr/2025:07:34:15 -0500] "GET /jobs?job_type=remote&page=5 HTTP/1.1" 200 80649 "-" "Mozilla/5.0 (Linux; Android 6.0.1; Nexus 5X Build/MMB29P) AppleWebKit/537.36 (KHTML, like Gecko) Chrome/135.0.7049.95 Mobile Safari/537.36 (compatible; GoogleOther)"
66.249.66.43 - - [20/Apr/2025:07:36:08 -0500] "GET /assets/themes/jobs/assets/imgs/theme/newsletter-bottom-mid.svg HTTP/1.1" 304 - "https://job-board.corals.io/assets/themes/jobs/assets/css/main.css" "Mozilla/5.0 (Linux; Android 6.0.1; Nexus 5X Build/MMB29P) AppleWebKit/537.36 (KHTML, like Gecko) Chrome/134.0.6998.165 Mobile Safari/537.36 (compatible; Googlebot/2.1; +http://www.google.com/bot.html)"
66.249.66.42 - - [20/Apr/2025:07:36:08 -0500] "GET /assets/themes/jobs/assets/imgs/theme/icons/marker.svg HTTP/1.1" 304 - "https://job-board.corals.io/assets/themes/jobs/assets/css/main.css" "Mozilla/5.0 (Linux; Android 6.0.1; Nexus 5X Build/MMB29P) AppleWebKit/537.36 (KHTML, like Gecko) Chrome/134.0.6998.165 Mobile Safari/537.36 (compatible; Googlebot/2.1; +http://www.google.com/bot.html)"
66.249.66.42 - - [20/Apr/2025:07:36:47 -0500] "GET /jobs?page=13 HTTP/1.1" 200 82053 "-" "Mozilla/5.0 (Linux; Android 6.0.1; Nexus 5X Build/MMB29P) AppleWebKit/537.36 (KHTML, like Gecko) Chrome/135.0.7049.95 Mobile Safari/537.36 (compatible; GoogleOther)"
66.249.66.44 - - [20/Apr/2025:07:39:19 -0500] "GET /jobs?job_type=remote&page=3 HTTP/1.1" 200 80475 "-" "Mozilla/5.0 (Linux; Android 6.0.1; Nexus 5X Build/MMB29P) AppleWebKit/537.36 (KHTML, like Gecko) Chrome/135.0.7049.95 Mobile Safari/537.36 (compatible; GoogleOther)"
66.249.66.43 - - [20/Apr/2025:07:41:51 -0500] "GET /jobs?experience_level=senior&page=4 HTTP/1.1" 200 75819 "-" "Mozilla/5.0 (Linux; Android 6.0.1; Nexus 5X Build/MMB29P) AppleWebKit/537.36 (KHTML, like Gecko) Chrome/135.0.7049.95 Mobile Safari/537.36 (compatible; GoogleOther)"
66.249.66.42 - - [20/Apr/2025:07:44:24 -0500] "GET /jobs?experience_level=expert&layout=grid&page=3 HTTP/1.1" 200 78246 "-" "Mozilla/5.0 (Linux; Android 6.0.1; Nexus 5X Build/MMB29P) AppleWebKit/537.36 (KHTML, like Gecko) Chrome/135.0.7049.95 Mobile Safari/537.36 (compatible; GoogleOther)"
66.249.66.44 - - [20/Apr/2025:07:46:55 -0500] "GET /jobs?experience_level=senior&page=3 HTTP/1.1" 200 80478 "-" "Mozilla/5.0 (Linux; Android 6.0.1; Nexus 5X Build/MMB29P) AppleWebKit/537.36 (KHTML, like Gecko) Chrome/135.0.7049.95 Mobile Safari/537.36 (compatible; GoogleOther)"
66.249.66.44 - - [20/Apr/2025:07:48:14 -0500] "GET /assets/themes/jobs/assets/js/plugins/swiper-bundle.min.js HTTP/1.1" 304 - "https://job-board.corals.io/jobs?job_type=part-time&layout=list&page=3" "Mozilla/5.0 (Linux; Android 6.0.1; Nexus 5X Build/MMB29P) AppleWebKit/537.36 (KHTML, like Gecko) Chrome/134.0.6998.165 Mobile Safari/537.36 (compatible; Googlebot/2.1; +http://www.google.com/bot.html)"
66.249.66.42 - - [20/Apr/2025:07:48:16 -0500] "GET /assets/themes/jobs/assets/js/plugins/scrollup.js HTTP/1.1" 304 - "https://job-board.corals.io/jobs?job_type=part-time&layout=list&page=3" "Mozilla/5.0 (Linux; Android 6.0.1; Nexus 5X Build/MMB29P) AppleWebKit/537.36 (KHTML, like Gecko) Chrome/134.0.6998.165 Mobile Safari/537.36 (compatible; Googlebot/2.1; +http://www.google.com/bot.html)"
66.249.66.43 - - [20/Apr/2025:07:49:28 -0500] "GET /jobs?job_type=part-time&layout=list HTTP/1.1" 200 80783 "-" "Mozilla/5.0 (Linux; Android 6.0.1; Nexus 5X Build/MMB29P) AppleWebKit/537.36 (KHTML, like Gecko) Chrome/135.0.7049.95 Mobile Safari/537.36 (compatible; GoogleOther)"
66.249.66.43 - - [20/Apr/2025:07:50:07 -0500] "GET /assets/corals/js/corals_header.js HTTP/1.1" 304 - "https://job-board.corals.io/jobs?job_type=part-time&layout=list&page=6" "Mozilla/5.0 (Linux; Android 6.0.1; Nexus 5X Build/MMB29P) AppleWebKit/537.36 (KHTML, like Gecko) Chrome/134.0.6998.165 Mobile Safari/537.36 (compatible; Googlebot/2.1; +http://www.google.com/bot.html)"
66.249.66.42 - - [20/Apr/2025:07:50:09 -0500] "GET /assets/themes/jobs/assets/imgs/theme/icons/arrow-down.svg HTTP/1.1" 304 - "https://job-board.corals.io/assets/themes/jobs/assets/css/main.css" "Mozilla/5.0 (Linux; Android 6.0.1; Nexus 5X Build/MMB29P) AppleWebKit/537.36 (KHTML, like Gecko) Chrome/134.0.6998.165 Mobile Safari/537.36 (compatible; Googlebot/2.1; +http://www.google.com/bot.html)"
66.249.66.44 - - [20/Apr/2025:07:52:00 -0500] "GET /jobs?job_type=project-based&layout=list&page=2 HTTP/1.1" 200 80928 "-" "Mozilla/5.0 (Linux; Android 6.0.1; Nexus 5X Build/MMB29P) AppleWebKit/537.36 (KHTML, like Gecko) Chrome/135.0.7049.95 Mobile Safari/537.36 (compatible; GoogleOther)"
66.249.66.44 - - [20/Apr/2025:07:54:32 -0500] "GET /jobs?experience_level=internship&layout=list HTTP/1.1" 200 80215 "-" "Mozilla/5.0 (Linux; Android 6.0.1; Nexus 5X Build/MMB29P) AppleWebKit/537.36 (KHTML, like Gecko) Chrome/135.0.7049.95 Mobile Safari/537.36 (compatible; GoogleOther)"
66.249.66.42 - - [20/Apr/2025:07:55:49 -0500] "GET /assets/themes/jobs/assets/js/plugins/wow.js HTTP/1.1" 304 - "https://job-board.corals.io/jobs?page=10&layout=list" "Mozilla/5.0 (Linux; Android 6.0.1; Nexus 5X Build/MMB29P) AppleWebKit/537.36 (KHTML, like Gecko) Chrome/134.0.6998.165 Mobile Safari/537.36 (compatible; Googlebot/2.1; +http://www.google.com/bot.html)"
66.249.66.42 - - [20/Apr/2025:07:55:49 -0500] "GET /assets/themes/jobs/assets/js/functions.js HTTP/1.1" 304 - "https://job-board.corals.io/jobs?page=10&layout=list" "Mozilla/5.0 (Linux; Android 6.0.1; Nexus 5X Build/MMB29P) AppleWebKit/537.36 (KHTML, like Gecko) Chrome/134.0.6998.165 Mobile Safari/537.36 (compatible; Googlebot/2.1; +http://www.google.com/bot.html)"
66.249.66.42 - - [20/Apr/2025:07:57:04 -0500] "GET /jobs?job_type=part-time&layout=grid HTTP/1.1" 200 78629 "-" "Mozilla/5.0 (Linux; Android 6.0.1; Nexus 5X Build/MMB29P) AppleWebKit/537.36 (KHTML, like Gecko) Chrome/135.0.7049.95 Mobile Safari/537.36 (compatible; GoogleOther)"
66.249.66.42 - - [20/Apr/2025:07:59:36 -0500] "GET /jobs/interpreter-or-translator HTTP/1.1" 200 31090 "-" "Mozilla/5.0 (Linux; Android 6.0.1; Nexus 5X Build/MMB29P) AppleWebKit/537.36 (KHTML, like Gecko) Chrome/135.0.7049.95 Mobile Safari/537.36 (compatible; GoogleOther)"
66.249.66.44 - - [20/Apr/2025:08:02:09 -0500] "GET /jobs?page=4&layout=grid HTTP/1.1" 200 80115 "-" "Mozilla/5.0 (Linux; Android 6.0.1; Nexus 5X Build/MMB29P) AppleWebKit/537.36 (KHTML, like Gecko) Chrome/135.0.7049.95 Mobile Safari/537.36 (compatible; GoogleOther)"
66.249.66.44 - - [20/Apr/2025:08:04:41 -0500] "GET /jobs?layout=list&page=20 HTTP/1.1" 200 82365 "-" "Mozilla/5.0 (Linux; Android 6.0.1; Nexus 5X Build/MMB29P) AppleWebKit/537.36 (KHTML, like Gecko) Chrome/135.0.7049.95 Mobile Safari/537.36 (compatible; GoogleOther)"
66.249.66.44 - - [20/Apr/2025:08:04:42 -0500] "GET /jobs?location=685-freeman-parkway-apt-199&layout=grid HTTP/1.1" 200 76484 "-" "Mozilla/5.0 (Linux; Android 6.0.1; Nexus 5X Build/MMB29P) AppleWebKit/537.36 (KHTML, like Gecko) Chrome/135.0.7049.95 Mobile Safari/537.36 (compatible; Googlebot/2.1; +http://www.google.com/bot.html)"
66.249.66.42 - - [20/Apr/2025:08:07:13 -0500] "GET /jobs?layout=list&page=17 HTTP/1.1" 200 82043 "-" "Mozilla/5.0 (Linux; Android 6.0.1; Nexus 5X Build/MMB29P) AppleWebKit/537.36 (KHTML, like Gecko) Chrome/135.0.7049.95 Mobile Safari/537.36 (compatible; GoogleOther)"
66.249.66.42 - - [20/Apr/2025:08:08:59 -0500] "GET /assets/corals/plugins/icheck/skins/square/_all.css HTTP/1.1" 304 - "https://job-board.corals.io/assets/corals/plugins/icheck/skins/all.css" "Mozilla/5.0 (Linux; Android 6.0.1; Nexus 5X Build/MMB29P) AppleWebKit/537.36 (KHTML, like Gecko) Chrome/134.0.6998.165 Mobile Safari/537.36 (compatible; Googlebot/2.1; +http://www.google.com/bot.html)"
66.249.66.42 - - [20/Apr/2025:08:09:00 -0500] "GET /assets/themes/jobs/assets/js/vendor/jquery-migrate-3.3.0.min.js HTTP/1.1" 304 - "https://job-board.corals.io/jobs/safety-engineer" "Mozilla/5.0 (Linux; Android 6.0.1; Nexus 5X Build/MMB29P) AppleWebKit/537.36 (KHTML, like Gecko) Chrome/134.0.6998.165 Mobile Safari/537.36 (compatible; Googlebot/2.1; +http://www.google.com/bot.html)"
66.249.66.42 - - [20/Apr/2025:08:09:01 -0500] "GET /assets/themes/jobs/assets/js/plugins/waypoints.js HTTP/1.1" 304 - "https://job-board.corals.io/jobs/safety-engineer" "Mozilla/5.0 (Linux; Android 6.0.1; Nexus 5X Build/MMB29P) AppleWebKit/537.36 (KHTML, like Gecko) Chrome/134.0.6998.165 Mobile Safari/537.36 (compatible; Googlebot/2.1; +http://www.google.com/bot.html)"
66.249.66.43 - - [20/Apr/2025:08:09:44 -0500] "GET /jobs?job_type=part-time&page=2 HTTP/1.1" 200 80828 "-" "Mozilla/5.0 (Linux; Android 6.0.1; Nexus 5X Build/MMB29P) AppleWebKit/537.36 (KHTML, like Gecko) Chrome/135.0.7049.95 Mobile Safari/537.36 (compatible; GoogleOther)"
66.249.66.43 - - [20/Apr/2025:08:12:18 -0500] "GET /jobs?page=16 HTTP/1.1" 200 82281 "-" "Mozilla/5.0 (Linux; Android 6.0.1; Nexus 5X Build/MMB29P) AppleWebKit/537.36 (KHTML, like Gecko) Chrome/135.0.7049.95 Mobile Safari/537.36 (compatible; GoogleOther)"
66.249.66.42 - - [20/Apr/2025:08:14:49 -0500] "GET /jobs?page=14 HTTP/1.1" 200 82217 "-" "Mozilla/5.0 (Linux; Android 6.0.1; Nexus 5X Build/MMB29P) AppleWebKit/537.36 (KHTML, like Gecko) Chrome/135.0.7049.95 Mobile Safari/537.36 (compatible; GoogleOther)"
66.249.66.42 - - [20/Apr/2025:08:17:22 -0500] "GET /employers?layout=list&page=2 HTTP/1.1" 200 79537 "-" "Mozilla/5.0 (Linux; Android 6.0.1; Nexus 5X Build/MMB29P) AppleWebKit/537.36 (KHTML, like Gecko) Chrome/135.0.7049.95 Mobile Safari/537.36 (compatible; GoogleOther)"
66.249.66.44 - - [20/Apr/2025:08:19:53 -0500] "GET /jobs?experience_level=associate&page=4 HTTP/1.1" 200 71522 "-" "Mozilla/5.0 (Linux; Android 6.0.1; Nexus 5X Build/MMB29P) AppleWebKit/537.36 (KHTML, like Gecko) Chrome/135.0.7049.95 Mobile Safari/537.36 (compatible; GoogleOther)"
2a03:2880:27ff:73:: - - [20/Apr/2025:08:21:16 -0500] "GET /robots.txt HTTP/1.1" 304 - "-" "facebookexternalhit/1.1 (+http://www.facebook.com/externalhit_uatext.php)"
2a03:2880:f800:1d:: - - [20/Apr/2025:08:21:17 -0500] "GET /employers/v1oz1Yz27j HTTP/1.1" 200 60529 "-" "meta-externalagent/1.1 (+https://developers.facebook.com/docs/sharing/webmasters/crawler)"
66.249.66.43 - - [20/Apr/2025:08:22:25 -0500] "GET /jobs?page=14&layout=grid HTTP/1.1" 200 80232 "-" "Mozilla/5.0 (Linux; Android 6.0.1; Nexus 5X Build/MMB29P) AppleWebKit/537.36 (KHTML, like Gecko) Chrome/135.0.7049.95 Mobile Safari/537.36 (compatible; GoogleOther)"
66.249.66.42 - - [20/Apr/2025:08:24:57 -0500] "GET /jobs?experience_level=internship&layout=list&page=2 HTTP/1.1" 200 80651 "-" "Mozilla/5.0 (Linux; Android 6.0.1; Nexus 5X Build/MMB29P) AppleWebKit/537.36 (KHTML, like Gecko) Chrome/135.0.7049.95 Mobile Safari/537.36 (compatible; GoogleOther)"
66.249.66.42 - - [20/Apr/2025:08:27:29 -0500] "GET /jobs?job_type=part-time&page=2&layout=grid HTTP/1.1" 200 78719 "-" "Mozilla/5.0 (Linux; Android 6.0.1; Nexus 5X Build/MMB29P) AppleWebKit/537.36 (KHTML, like Gecko) Chrome/135.0.7049.95 Mobile Safari/537.36 (compatible; GoogleOther)"
66.249.66.42 - - [20/Apr/2025:08:30:01 -0500] "GET /jobs?experience_level=internship&layout=list&page=3 HTTP/1.1" 200 80638 "-" "Mozilla/5.0 (Linux; Android 6.0.1; Nexus 5X Build/MMB29P) AppleWebKit/537.36 (KHTML, like Gecko) Chrome/135.0.7049.95 Mobile Safari/537.36 (compatible; GoogleOther)"
66.249.66.43 - - [20/Apr/2025:08:32:33 -0500] "GET /jobs?page=14&layout=list HTTP/1.1" 200 82409 "-" "Mozilla/5.0 (Linux; Android 6.0.1; Nexus 5X Build/MMB29P) AppleWebKit/537.36 (KHTML, like Gecko) Chrome/135.0.7049.95 Mobile Safari/537.36 (compatible; GoogleOther)"
66.249.66.42 - - [20/Apr/2025:08:35:05 -0500] "GET /jobs?experience_level=internship&layout=list&page=4 HTTP/1.1" 200 62631 "-" "Mozilla/5.0 (Linux; Android 6.0.1; Nexus 5X Build/MMB29P) AppleWebKit/537.36 (KHTML, like Gecko) Chrome/135.0.7049.95 Mobile Safari/537.36 (compatible; GoogleOther)"
66.249.66.42 - - [20/Apr/2025:08:37:38 -0500] "GET /jobs?job_type=full-time&page=1&layout=grid HTTP/1.1" 200 78202 "-" "Mozilla/5.0 (Linux; Android 6.0.1; Nexus 5X Build/MMB29P) AppleWebKit/537.36 (KHTML, like Gecko) Chrome/135.0.7049.95 Mobile Safari/537.36 (compatible; GoogleOther)"
66.249.66.42 - - [20/Apr/2025:08:40:11 -0500] "GET /jobs?page=13&layout=grid HTTP/1.1" 200 80118 "-" "Mozilla/5.0 (Linux; Android 6.0.1; Nexus 5X Build/MMB29P) AppleWebKit/537.36 (KHTML, like Gecko) Chrome/135.0.7049.95 Mobile Safari/537.36 (compatible; GoogleOther)"
66.249.66.43 - - [20/Apr/2025:08:42:42 -0500] "GET /jobs?layout=grid&page=19 HTTP/1.1" 200 80151 "-" "Mozilla/5.0 (Linux; Android 6.0.1; Nexus 5X Build/MMB29P) AppleWebKit/537.36 (KHTML, like Gecko) Chrome/135.0.7049.95 Mobile Safari/537.36 (compatible; GoogleOther)"
2001:1810:41c1:45:0:4:d837:9236 - - [20/Apr/2025:08:43:08 -0500] "GET / HTTP/1.1" 200 124918 "-" "Mozilla/5.0 (X11; Linux i686; rv:114.0) Gecko/20100101 Firefox/114.0"
66.249.66.43 - - [20/Apr/2025:08:43:34 -0500] "GET /assets/corals/plugins/icheck/skins/minimal/_all.css HTTP/1.1" 304 - "https://job-board.corals.io/assets/corals/plugins/icheck/skins/all.css" "Mozilla/5.0 (Linux; Android 6.0.1; Nexus 5X Build/MMB29P) AppleWebKit/537.36 (KHTML, like Gecko) Chrome/134.0.6998.165 Mobile Safari/537.36 (compatible; Googlebot/2.1; +http://www.google.com/bot.html)"
66.249.66.43 - - [20/Apr/2025:08:43:36 -0500] "GET /assets/themes/jobs/assets/imgs/theme/bg-newsletter-top.svg HTTP/1.1" 304 - "https://job-board.corals.io/assets/themes/jobs/assets/css/main.css" "Mozilla/5.0 (Linux; Android 6.0.1; Nexus 5X Build/MMB29P) AppleWebKit/537.36 (KHTML, like Gecko) Chrome/134.0.6998.165 Mobile Safari/537.36 (compatible; Googlebot/2.1; +http://www.google.com/bot.html)"
66.249.66.43 - - [20/Apr/2025:08:45:15 -0500] "GET /jobs?experience_level=internship&layout=grid&page=2 HTTP/1.1" 200 78316 "-" "Mozilla/5.0 (Linux; Android 6.0.1; Nexus 5X Build/MMB29P) AppleWebKit/537.36 (KHTML, like Gecko) Chrome/135.0.7049.95 Mobile Safari/537.36 (compatible; GoogleOther)"
66.249.66.42 - - [20/Apr/2025:08:47:46 -0500] "GET /jobs?experience_level=internship&layout=list&page=1 HTTP/1.1" 200 80237 "-" "Mozilla/5.0 (Linux; Android 6.0.1; Nexus 5X Build/MMB29P) AppleWebKit/537.36 (KHTML, like Gecko) Chrome/135.0.7049.95 Mobile Safari/537.36 (compatible; GoogleOther)"
36.142.146.210 - - [20/Apr/2025:08:50:14 -0500] "GET /jobs?layout=list&location=760-nienow-centers HTTP/1.1" 200 69871 "-" "Mozilla/5.0 (compatible; MSIE 8.0; Windows NT 4.0; Trident/5.0)"
66.249.66.44 - - [20/Apr/2025:08:50:19 -0500] "GET /employers?layout=list&page=1 HTTP/1.1" 200 81690 "-" "Mozilla/5.0 (Linux; Android 6.0.1; Nexus 5X Build/MMB29P) AppleWebKit/537.36 (KHTML, like Gecko) Chrome/135.0.7049.95 Mobile Safari/537.36 (compatible; GoogleOther)"
66.249.66.43 - - [20/Apr/2025:08:52:50 -0500] "GET /employers?layout=grid&page=2 HTTP/1.1" 200 81628 "-" "Mozilla/5.0 (Linux; Android 6.0.1; Nexus 5X Build/MMB29P) AppleWebKit/537.36 (KHTML, like Gecko) Chrome/135.0.7049.95 Mobile Safari/537.36 (compatible; GoogleOther)"
117.129.2.236 - - [20/Apr/2025:08:53:07 -0500] "GET /jobs?job_type=part-time&page=6 HTTP/1.1" 200 76343 "-" "Opera/8.61.(Windows 98; Win 9x 4.90; ml-IN) Presto/2.9.171 Version/11.00"
66.249.66.42 - - [20/Apr/2025:08:55:22 -0500] "GET /jobs?experience_level=associate&page=4&layout=grid HTTP/1.1" 200 70284 "-" "Mozilla/5.0 (Linux; Android 6.0.1; Nexus 5X Build/MMB29P) AppleWebKit/537.36 (KHTML, like Gecko) Chrome/135.0.7049.95 Mobile Safari/537.36 (compatible; GoogleOther)"
66.249.66.42 - - [20/Apr/2025:08:55:39 -0500] "GET /assets/themes/jobs/assets/imgs/theme/icons/icon-list.svg HTTP/1.1" 304 - "https://job-board.corals.io/jobs?experience_level=associate&page=4&layout=grid" "Mozilla/5.0 (Linux; Android 6.0.1; Nexus 5X Build/MMB29P) AppleWebKit/537.36 (KHTML, like Gecko) Chrome/134.0.6998.165 Mobile Safari/537.36 (compatible; Googlebot/2.1; +http://www.google.com/bot.html)"
66.249.66.42 - - [20/Apr/2025:09:00:22 -0500] "GET /jobs?experience_level=senior&page=4&layout=list HTTP/1.1" 200 75883 "-" "Mozilla/5.0 (Linux; Android 6.0.1; Nexus 5X Build/MMB29P) AppleWebKit/537.36 (KHTML, like Gecko) Chrome/135.0.7049.95 Mobile Safari/537.36 (compatible; GoogleOther)"
66.249.66.42 - - [20/Apr/2025:09:05:22 -0500] "GET /jobs?experience_level=internship&page=1 HTTP/1.1" 200 80173 "-" "Mozilla/5.0 (Linux; Android 6.0.1; Nexus 5X Build/MMB29P) AppleWebKit/537.36 (KHTML, like Gecko) Chrome/135.0.7049.95 Mobile Safari/537.36 (compatible; GoogleOther)"
66.249.66.43 - - [20/Apr/2025:09:10:22 -0500] "GET /jobs?experience_level=senior&layout=list&page=1 HTTP/1.1" 200 80297 "-" "Mozilla/5.0 (Linux; Android 6.0.1; Nexus 5X Build/MMB29P) AppleWebKit/537.36 (KHTML, like Gecko) Chrome/135.0.7049.95 Mobile Safari/537.36 (compatible; GoogleOther)"
171.14.233.252 - - [20/Apr/2025:09:12:31 -0500] "GET /jobs/mechanical-drafter HTTP/1.1" 200 31613 "-" "Mozilla/5.0 (Windows; U; Windows NT 4.0) AppleWebKit/534.47.7 (KHTML, like Gecko) Version/4.0 Safari/534.47.7"
60.163.100.173 - - [20/Apr/2025:09:13:20 -0500] "GET /jobs/hand-presser HTTP/1.1" 200 31314 "-" "Mozilla/5.0 (Windows; U; Windows NT 5.0) AppleWebKit/533.37.4 (KHTML, like Gecko) Version/5.0.1 Safari/533.37.4"
66.249.66.43 - - [20/Apr/2025:09:15:23 -0500] "GET /jobs/conveyor-operator HTTP/1.1" 200 31005 "-" "Mozilla/5.0 (Linux; Android 6.0.1; Nexus 5X Build/MMB29P) AppleWebKit/537.36 (KHTML, like Gecko) Chrome/135.0.7049.95 Mobile Safari/537.36 (compatible; GoogleOther)"
66.249.66.44 - - [20/Apr/2025:09:17:35 -0500] "GET /assets/corals/plugins/lightbox2/css/lightbox.min.css HTTP/1.1" 304 - "https://job-board.corals.io/employers?layout=list&page=1" "Mozilla/5.0 (Linux; Android 6.0.1; Nexus 5X Build/MMB29P) AppleWebKit/537.36 (KHTML, like Gecko) Chrome/134.0.6998.165 Mobile Safari/537.36 (compatible; Googlebot/2.1; +http://www.google.com/bot.html)"
66.249.66.42 - - [20/Apr/2025:09:17:36 -0500] "GET /assets/themes/jobs/assets/css/main.css HTTP/1.1" 304 - "https://job-board.corals.io/employers?layout=list&page=1" "Mozilla/5.0 (Linux; Android 6.0.1; Nexus 5X Build/MMB29P) AppleWebKit/537.36 (KHTML, like Gecko) Chrome/134.0.6998.165 Mobile Safari/537.36 (compatible; Googlebot/2.1; +http://www.google.com/bot.html)"
66.249.66.44 - - [20/Apr/2025:09:17:37 -0500] "GET /assets/themes/jobs/assets/js/plugins/magnific-popup.js HTTP/1.1" 304 - "https://job-board.corals.io/employers?layout=list&page=1" "Mozilla/5.0 (Linux; Android 6.0.1; Nexus 5X Build/MMB29P) AppleWebKit/537.36 (KHTML, like Gecko) Chrome/134.0.6998.165 Mobile Safari/537.36 (compatible; Googlebot/2.1; +http://www.google.com/bot.html)"
66.249.66.44 - - [20/Apr/2025:09:17:37 -0500] "GET /assets/corals/plugins/lightbox2/js/lightbox.min.js HTTP/1.1" 304 - "https://job-board.corals.io/employers?layout=list&page=1" "Mozilla/5.0 (Linux; Android 6.0.1; Nexus 5X Build/MMB29P) AppleWebKit/537.36 (KHTML, like Gecko) Chrome/134.0.6998.165 Mobile Safari/537.36 (compatible; Googlebot/2.1; +http://www.google.com/bot.html)"
66.249.66.43 - - [20/Apr/2025:09:20:22 -0500] "GET /jobs?experience_level=regular&layout=grid&page=2 HTTP/1.1" 200 78383 "-" "Mozilla/5.0 (Linux; Android 6.0.1; Nexus 5X Build/MMB29P) AppleWebKit/537.36 (KHTML, like Gecko) Chrome/135.0.7049.95 Mobile Safari/537.36 (compatible; GoogleOther)"
223.97.170.119 - - [20/Apr/2025:09:20:31 -0500] "GET /jobs/underground-mining HTTP/1.1" 200 31832 "-" "Mozilla/5.0 (iPad; CPU iPad OS 12_5_7 like Mac OS X) AppleWebKit/531.2 (KHTML, like Gecko) CriOS/43.0.807.0 Mobile/27S905 Safari/531.2"
223.97.54.124 - - [20/Apr/2025:09:24:32 -0500] "GET /jobs/substance-abuse-counselor HTTP/1.1" 200 31412 "-" "Mozilla/5.0 (iPad; CPU iPad OS 4_2_1 like Mac OS X) AppleWebKit/536.0 (KHTML, like Gecko) FxiOS/18.3l6300.0 Mobile/47R235 Safari/536.0"
66.249.66.43 - - [20/Apr/2025:09:25:22 -0500] "GET /jobs?experience_level=associate&layout=grid&page=1 HTTP/1.1" 200 78101 "-" "Mozilla/5.0 (Linux; Android 6.0.1; Nexus 5X Build/MMB29P) AppleWebKit/537.36 (KHTML, like Gecko) Chrome/135.0.7049.95 Mobile Safari/537.36 (compatible; GoogleOther)"
66.249.66.44 - - [20/Apr/2025:09:30:22 -0500] "GET /employers?layout=grid&page=1 HTTP/1.1" 200 84012 "-" "Mozilla/5.0 (Linux; Android 6.0.1; Nexus 5X Build/MMB29P) AppleWebKit/537.36 (KHTML, like Gecko) Chrome/135.0.7049.95 Mobile Safari/537.36 (compatible; GoogleOther)"
39.148.75.237 - - [20/Apr/2025:09:32:18 -0500] "GET /jobs?job_type=full-time&page=1 HTTP/1.1" 200 80102 "-" "Mozilla/5.0 (compatible; MSIE 9.0; Windows 98; Trident/5.0)"
66.249.66.44 - - [20/Apr/2025:09:35:22 -0500] "GET /jobs?experience_level=internship&page=1&layout=grid HTTP/1.1" 200 78174 "-" "Mozilla/5.0 (Linux; Android 6.0.1; Nexus 5X Build/MMB29P) AppleWebKit/537.36 (KHTML, like Gecko) Chrome/135.0.7049.95 Mobile Safari/537.36 (compatible; GoogleOther)"
66.249.66.44 - - [20/Apr/2025:09:38:56 -0500] "GET /jobs?location=479-ismael-islands&layout=grid HTTP/1.1" 200 68580 "-" "Mozilla/5.0 (Linux; Android 6.0.1; Nexus 5X Build/MMB29P) AppleWebKit/537.36 (KHTML, like Gecko) Chrome/135.0.7049.95 Mobile Safari/537.36 (compatible; Googlebot/2.1; +http://www.google.com/bot.html)"
66.249.66.43 - - [20/Apr/2025:09:40:22 -0500] "GET /jobs?job_type=remote&page=3&layout=list HTTP/1.1" 200 80587 "-" "Mozilla/5.0 (Linux; Android 6.0.1; Nexus 5X Build/MMB29P) AppleWebKit/537.36 (KHTML, like Gecko) Chrome/135.0.7049.95 Mobile Safari/537.36 (compatible; GoogleOther)"
66.249.66.42 - - [20/Apr/2025:09:45:22 -0500] "GET /jobs/foreign-language-teacher HTTP/1.1" 200 31410 "-" "Mozilla/5.0 (Linux; Android 6.0.1; Nexus 5X Build/MMB29P) AppleWebKit/537.36 (KHTML, like Gecko) Chrome/135.0.7049.95 Mobile Safari/537.36 (compatible; GoogleOther)"
66.249.66.43 - - [20/Apr/2025:09:50:22 -0500] "GET /jobs/computer-programmer-2 HTTP/1.1" 200 31496 "-" "Mozilla/5.0 (Linux; Android 6.0.1; Nexus 5X Build/MMB29P) AppleWebKit/537.36 (KHTML, like Gecko) Chrome/135.0.7049.95 Mobile Safari/537.36 (compatible; GoogleOther)"
66.249.66.44 - - [20/Apr/2025:09:55:22 -0500] "GET /jobs?layout=list&page=11 HTTP/1.1" 200 82335 "-" "Mozilla/5.0 (Linux; Android 6.0.1; Nexus 5X Build/MMB29P) AppleWebKit/537.36 (KHTML, like Gecko) Chrome/135.0.7049.95 Mobile Safari/537.36 (compatible; GoogleOther)"
66.249.66.44 - - [20/Apr/2025:10:00:22 -0500] "GET /jobs?job_type=remote&page=1 HTTP/1.1" 200 80515 "-" "Mozilla/5.0 (Linux; Android 6.0.1; Nexus 5X Build/MMB29P) AppleWebKit/537.36 (KHTML, like Gecko) Chrome/135.0.7049.95 Mobile Safari/537.36 (compatible; GoogleOther)"
66.249.66.44 - - [20/Apr/2025:10:01:49 -0500] "GET /assets/themes/jobs/assets/js/plugins/swiper-bundle.min.js HTTP/1.1" 304 - "https://job-board.corals.io/jobs?job_type=remote&page=3&layout=list" "Mozilla/5.0 (Linux; Android 6.0.1; Nexus 5X Build/MMB29P) AppleWebKit/537.36 (KHTML, like Gecko) Chrome/134.0.6998.165 Mobile Safari/537.36 (compatible; Googlebot/2.1; +http://www.google.com/bot.html)"
66.249.66.44 - - [20/Apr/2025:10:01:50 -0500] "GET /assets/corals/js/corals_functions.js HTTP/1.1" 304 - "https://job-board.corals.io/jobs?job_type=remote&page=3&layout=list" "Mozilla/5.0 (Linux; Android 6.0.1; Nexus 5X Build/MMB29P) AppleWebKit/537.36 (KHTML, like Gecko) Chrome/134.0.6998.165 Mobile Safari/537.36 (compatible; Googlebot/2.1; +http://www.google.com/bot.html)"
66.249.66.44 - - [20/Apr/2025:10:01:51 -0500] "GET /assets/corals/js/corals_main.js HTTP/1.1" 304 - "https://job-board.corals.io/jobs?job_type=remote&page=3&layout=list" "Mozilla/5.0 (Linux; Android 6.0.1; Nexus 5X Build/MMB29P) AppleWebKit/537.36 (KHTML, like Gecko) Chrome/134.0.6998.165 Mobile Safari/537.36 (compatible; Googlebot/2.1; +http://www.google.com/bot.html)"
66.249.66.43 - - [20/Apr/2025:10:08:12 -0500] "GET /jobs?layout=grid&page=18 HTTP/1.1" 200 80052 "-" "Mozilla/5.0 (Linux; Android 6.0.1; Nexus 5X Build/MMB29P) AppleWebKit/537.36 (KHTML, like Gecko) Chrome/135.0.7049.95 Mobile Safari/537.36 (compatible; GoogleOther)"
66.249.66.42 - - [20/Apr/2025:10:08:17 -0500] "GET /assets/themes/jobs/assets/js/plugins/isotope.js HTTP/1.1" 304 - "https://job-board.corals.io/jobs?layout=grid&page=18" "Mozilla/5.0 (Linux; Android 6.0.1; Nexus 5X Build/MMB29P) AppleWebKit/537.36 (KHTML, like Gecko) Chrome/134.0.6998.165 Mobile Safari/537.36 (compatible; Googlebot/2.1; +http://www.google.com/bot.html)"
66.249.66.42 - - [20/Apr/2025:10:08:18 -0500] "GET /assets/themes/jobs/assets/imgs/theme/icons/time.svg HTTP/1.1" 304 - "https://job-board.corals.io/assets/themes/jobs/assets/css/main.css" "Mozilla/5.0 (Linux; Android 6.0.1; Nexus 5X Build/MMB29P) AppleWebKit/537.36 (KHTML, like Gecko) Chrome/134.0.6998.165 Mobile Safari/537.36 (compatible; Googlebot/2.1; +http://www.google.com/bot.html)"
66.249.66.44 - - [20/Apr/2025:10:16:01 -0500] "GET /jobs?experience_level=associate&layout=list&page=4 HTTP/1.1" 200 71586 "-" "Mozilla/5.0 (Linux; Android 6.0.1; Nexus 5X Build/MMB29P) AppleWebKit/537.36 (KHTML, like Gecko) Chrome/135.0.7049.95 Mobile Safari/537.36 (compatible; GoogleOther)"
169.197.85.229 - - [20/Apr/2025:10:22:08 -0500] "GET / HTTP/1.1" 200 124918 "-" "Mozilla/5.0 (Windows NT 10.0; Win64; x64) AppleWebKit/537.36 (KHTML, like Gecko) Chrome/123.0.0.0 Safari/537.36"
66.249.66.43 - - [20/Apr/2025:10:23:51 -0500] "GET /jobs?job_type=remote&page=5&layout=list HTTP/1.1" 200 80761 "-" "Mozilla/5.0 (Linux; Android 6.0.1; Nexus 5X Build/MMB29P) AppleWebKit/537.36 (KHTML, like Gecko) Chrome/135.0.7049.95 Mobile Safari/537.36 (compatible; GoogleOther)"
66.249.66.42 - - [20/Apr/2025:10:24:11 -0500] "GET /assets/corals/plugins/icheck/skins/polaris/polaris.css HTTP/1.1" 304 - "https://job-board.corals.io/assets/corals/plugins/icheck/skins/all.css" "Mozilla/5.0 (Linux; Android 6.0.1; Nexus 5X Build/MMB29P) AppleWebKit/537.36 (KHTML, like Gecko) Chrome/134.0.6998.165 Mobile Safari/537.36 (compatible; Googlebot/2.1; +http://www.google.com/bot.html)"
169.197.85.229 - - [20/Apr/2025:10:25:31 -0500] "GET /assets/themes/jobs/assets/js/vendor/jquery-migrate-3.3.0.min.js HTTP/1.1" 200 11016 "-" "Mozilla/5.0 (Windows NT 10.0; Win64; x64) AppleWebKit/537.36 (KHTML, like Gecko) Chrome/123.0.0.0 Safari/537.36"
169.197.85.229 - - [20/Apr/2025:10:25:35 -0500] "GET /assets/themes/jobs/assets/js/vendor/jquery HTTP/1.1" 404 1783 "-" "Mozilla/5.0 (Windows NT 10.0; Win64; x64) AppleWebKit/537.36 (KHTML, like Gecko) Chrome/123.0.0.0 Safari/537.36"
169.197.85.229 - - [20/Apr/2025:10:25:36 -0500] "GET /assets/themes/jobs/assets/js/vendor/bootstrap.bundle.min.js HTTP/1.1" 200 80217 "-" "Mozilla/5.0 (Windows NT 10.0; Win64; x64) AppleWebKit/537.36 (KHTML, like Gecko) Chrome/123.0.0.0 Safari/537.36"
169.197.85.229 - - [20/Apr/2025:10:25:36 -0500] "GET /assets/themes/jobs/assets/js/plugins/waypoints.js HTTP/1.1" 200 9031 "-" "Mozilla/5.0 (Windows NT 10.0; Win64; x64) AppleWebKit/537.36 (KHTML, like Gecko) Chrome/123.0.0.0 Safari/537.36"
169.197.85.229 - - [20/Apr/2025:10:25:36 -0500] "GET /assets/themes/jobs/assets/js/plugins/wow.js HTTP/1.1" 200 8450 "-" "Mozilla/5.0 (Windows NT 10.0; Win64; x64) AppleWebKit/537.36 (KHTML, like Gecko) Chrome/123.0.0.0 Safari/537.36"
169.197.85.229 - - [20/Apr/2025:10:25:37 -0500] "GET /assets/themes/jobs/assets/js/plugins/magnific-popup.js HTTP/1.1" 200 20222 "-" "Mozilla/5.0 (Windows NT 10.0; Win64; x64) AppleWebKit/537.36 (KHTML, like Gecko) Chrome/123.0.0.0 Safari/537.36"
169.197.85.229 - - [20/Apr/2025:10:25:39 -0500] "GET /assets/themes/jobs/assets/js/plugins/jquery HTTP/1.1" 404 1783 "-" "Mozilla/5.0 (Windows NT 10.0; Win64; x64) AppleWebKit/537.36 (KHTML, like Gecko) Chrome/123.0.0.0 Safari/537.36"
169.197.85.229 - - [20/Apr/2025:10:25:40 -0500] "GET /assets/themes/jobs/assets/js/plugins/perfect-scrollbar.min.js HTTP/1.1" 200 19549 "-" "Mozilla/5.0 (Windows NT 10.0; Win64; x64) AppleWebKit/537.36 (KHTML, like Gecko) Chrome/123.0.0.0 Safari/537.36"
169.197.85.229 - - [20/Apr/2025:10:25:40 -0500] "GET /assets/themes/jobs/assets/js/plugins/select2.min.js HTTP/1.1" 200 68059 "-" "Mozilla/5.0 (Windows NT 10.0; Win64; x64) AppleWebKit/537.36 (KHTML, like Gecko) Chrome/123.0.0.0 Safari/537.36"
169.197.85.229 - - [20/Apr/2025:10:25:42 -0500] "GET /assets/themes/jobs/assets/js/plugins/jquery.select2 HTTP/1.1" 404 1783 "-" "Mozilla/5.0 (Windows NT 10.0; Win64; x64) AppleWebKit/537.36 (KHTML, like Gecko) Chrome/123.0.0.0 Safari/537.36"
169.197.85.229 - - [20/Apr/2025:10:25:44 -0500] "GET /assets/themes/jobs/assets/js/plugins/isotope.js HTTP/1.1" 200 34859 "-" "Mozilla/5.0 (Windows NT 10.0; Win64; x64) AppleWebKit/537.36 (KHTML, like Gecko) Chrome/123.0.0.0 Safari/537.36"
169.197.85.229 - - [20/Apr/2025:10:25:54 -0500] "GET /assets/themes/jobs/assets/js/plugins/desandro-matches-selector HTTP/1.1" 404 1783 "-" "Mozilla/5.0 (Windows NT 10.0; Win64; x64) AppleWebKit/537.36 (KHTML, like Gecko) Chrome/123.0.0.0 Safari/537.36"
169.197.85.229 - - [20/Apr/2025:10:26:01 -0500] "GET /assets/themes/jobs/assets/js/plugins/ev-emitter HTTP/1.1" 404 1783 "-" "Mozilla/5.0 (Windows NT 10.0; Win64; x64) AppleWebKit/537.36 (KHTML, like Gecko) Chrome/123.0.0.0 Safari/537.36"
169.197.85.229 - - [20/Apr/2025:10:26:18 -0500] "GET /assets/themes/jobs/assets/js/plugins/get-size HTTP/1.1" 404 1783 "-" "Mozilla/5.0 (Windows NT 10.0; Win64; x64) AppleWebKit/537.36 (KHTML, like Gecko) Chrome/123.0.0.0 Safari/537.36"
169.197.85.229 - - [20/Apr/2025:10:26:27 -0500] "GET /assets/themes/jobs/assets/js/plugins/fizzy-ui-utils HTTP/1.1" 404 1783 "-" "Mozilla/5.0 (Windows NT 10.0; Win64; x64) AppleWebKit/537.36 (KHTML, like Gecko) Chrome/123.0.0.0 Safari/537.36"
169.197.85.229 - - [20/Apr/2025:10:26:35 -0500] "GET /assets/themes/jobs/assets/js/plugins/item HTTP/1.1" 404 1783 "-" "Mozilla/5.0 (Windows NT 10.0; Win64; x64) AppleWebKit/537.36 (KHTML, like Gecko) Chrome/123.0.0.0 Safari/537.36"
169.197.85.229 - - [20/Apr/2025:10:26:38 -0500] "GET /assets/themes/jobs/assets/js/plugins/outlayer HTTP/1.1" 404 1783 "-" "Mozilla/5.0 (Windows NT 10.0; Win64; x64) AppleWebKit/537.36 (KHTML, like Gecko) Chrome/123.0.0.0 Safari/537.36"
169.197.85.229 - - [20/Apr/2025:10:26:56 -0500] "GET /assets/themes/jobs/assets/js/layout-mode HTTP/1.1" 404 1783 "-" "Mozilla/5.0 (Windows NT 10.0; Win64; x64) AppleWebKit/537.36 (KHTML, like Gecko) Chrome/123.0.0.0 Safari/537.36"
169.197.85.229 - - [20/Apr/2025:10:27:01 -0500] "GET /assets/themes/jobs/assets/js/plugins/masonry-layout HTTP/1.1" 404 1783 "-" "Mozilla/5.0 (Windows NT 10.0; Win64; x64) AppleWebKit/537.36 (KHTML, like Gecko) Chrome/123.0.0.0 Safari/537.36"
169.197.85.229 - - [20/Apr/2025:10:27:08 -0500] "GET /assets/themes/jobs/assets/js/plugins/isotope/js/item HTTP/1.1" 404 1783 "-" "Mozilla/5.0 (Windows NT 10.0; Win64; x64) AppleWebKit/537.36 (KHTML, like Gecko) Chrome/123.0.0.0 Safari/537.36"
169.197.85.229 - - [20/Apr/2025:10:27:08 -0500] "GET /assets/themes/jobs/assets/js/plugins/isotope/js/layout-mode HTTP/1.1" 404 1783 "-" "Mozilla/5.0 (Windows NT 10.0; Win64; x64) AppleWebKit/537.36 (KHTML, like Gecko) Chrome/123.0.0.0 Safari/537.36"
169.197.85.229 - - [20/Apr/2025:10:27:12 -0500] "GET /assets/themes/jobs/assets/js/plugins/isotope/js/layout-modes/masonry HTTP/1.1" 404 1783 "-" "Mozilla/5.0 (Windows NT 10.0; Win64; x64) AppleWebKit/537.36 (KHTML, like Gecko) Chrome/123.0.0.0 Safari/537.36"
169.197.85.229 - - [20/Apr/2025:10:27:13 -0500] "GET /assets/themes/jobs/assets/js/plugins/isotope/js/layout-modes/fit-rows HTTP/1.1" 404 1783 "-" "Mozilla/5.0 (Windows NT 10.0; Win64; x64) AppleWebKit/537.36 (KHTML, like Gecko) Chrome/123.0.0.0 Safari/537.36"
169.197.85.229 - - [20/Apr/2025:10:27:17 -0500] "GET /assets/themes/jobs/assets/js/plugins/isotope/js/layout-modes/vertical HTTP/1.1" 404 1783 "-" "Mozilla/5.0 (Windows NT 10.0; Win64; x64) AppleWebKit/537.36 (KHTML, like Gecko) Chrome/123.0.0.0 Safari/537.36"
169.197.85.229 - - [20/Apr/2025:10:27:24 -0500] "GET /assets/themes/jobs/assets/js/plugins/scrollup.js HTTP/1.1" 200 1961 "-" "Mozilla/5.0 (Windows NT 10.0; Win64; x64) AppleWebKit/537.36 (KHTML, like Gecko) Chrome/123.0.0.0 Safari/537.36"
169.197.85.229 - - [20/Apr/2025:10:27:28 -0500] "GET /assets/themes/jobs/assets/js/plugins/swiper-bundle.min.js HTTP/1.1" 200 243727 "-" "Mozilla/5.0 (Windows NT 10.0; Win64; x64) AppleWebKit/537.36 (KHTML, like Gecko) Chrome/123.0.0.0 Safari/537.36"
169.197.85.229 - - [20/Apr/2025:10:27:37 -0500] "GET /assets/themes/jobs/assets/js/plugins/leaflet.js HTTP/1.1" 200 18218 "-" "Mozilla/5.0 (Windows NT 10.0; Win64; x64) AppleWebKit/537.36 (KHTML, like Gecko) Chrome/123.0.0.0 Safari/537.36"
169.197.85.229 - - [20/Apr/2025:10:27:38 -0500] "GET /assets/themes/jobs/assets/js/plugins/Ladda/spin.min.js HTTP/1.1" 200 4098 "-" "Mozilla/5.0 (Windows NT 10.0; Win64; x64) AppleWebKit/537.36 (KHTML, like Gecko) Chrome/123.0.0.0 Safari/537.36"
169.197.85.229 - - [20/Apr/2025:10:27:38 -0500] "GET /assets/themes/jobs/assets/js/plugins/Ladda/ladda.min.js HTTP/1.1" 200 5055 "-" "Mozilla/5.0 (Windows NT 10.0; Win64; x64) AppleWebKit/537.36 (KHTML, like Gecko) Chrome/123.0.0.0 Safari/537.36"
169.197.85.229 - - [20/Apr/2025:10:27:39 -0500] "GET /assets/themes/jobs/assets/js/plugins/Ladda/spin.js HTTP/1.1" 404 1783 "-" "Mozilla/5.0 (Windows NT 10.0; Win64; x64) AppleWebKit/537.36 (KHTML, like Gecko) Chrome/123.0.0.0 Safari/537.36"
169.197.85.229 - - [20/Apr/2025:10:27:39 -0500] "GET /assets/themes/jobs/assets/js/plugins/sweetalert2/dist/sweetalert2.all.min.js HTTP/1.1" 200 38821 "-" "Mozilla/5.0 (Windows NT 10.0; Win64; x64) AppleWebKit/537.36 (KHTML, like Gecko) Chrome/123.0.0.0 Safari/537.36"
169.197.85.229 - - [20/Apr/2025:10:27:40 -0500] "GET /assets/themes/jobs/assets/js/plugins/toastr/toastr.min.js HTTP/1.1" 200 5251 "-" "Mozilla/5.0 (Windows NT 10.0; Win64; x64) AppleWebKit/537.36 (KHTML, like Gecko) Chrome/123.0.0.0 Safari/537.36"
169.197.85.229 - - [20/Apr/2025:10:27:41 -0500] "GET /assets/themes/jobs/assets/js/plugins/toastr/jquery HTTP/1.1" 404 1783 "-" "Mozilla/5.0 (Windows NT 10.0; Win64; x64) AppleWebKit/537.36 (KHTML, like Gecko) Chrome/123.0.0.0 Safari/537.36"
169.197.85.229 - - [20/Apr/2025:10:27:41 -0500] "GET /assets/themes/jobs/assets/js/functions.js HTTP/1.1" 200 2388 "-" "Mozilla/5.0 (Windows NT 10.0; Win64; x64) AppleWebKit/537.36 (KHTML, like Gecko) Chrome/123.0.0.0 Safari/537.36"
169.197.85.229 - - [20/Apr/2025:10:27:42 -0500] "GET /assets/themes/jobs/assets/js/main.js HTTP/1.1" 200 12028 "-" "Mozilla/5.0 (Windows NT 10.0; Win64; x64) AppleWebKit/537.36 (KHTML, like Gecko) Chrome/123.0.0.0 Safari/537.36"
169.197.85.229 - - [20/Apr/2025:10:27:43 -0500] "GET /assets/corals/plugins/lodash/lodash.js HTTP/1.1" 200 74569 "-" "Mozilla/5.0 (Windows NT 10.0; Win64; x64) AppleWebKit/537.36 (KHTML, like Gecko) Chrome/123.0.0.0 Safari/537.36"
169.197.85.229 - - [20/Apr/2025:10:27:43 -0500] "GET /assets/corals/js/corals_functions.js HTTP/1.1" 200 29829 "-" "Mozilla/5.0 (Windows NT 10.0; Win64; x64) AppleWebKit/537.36 (KHTML, like Gecko) Chrome/123.0.0.0 Safari/537.36"
169.197.85.229 - - [20/Apr/2025:10:27:44 -0500] "GET /assets/corals/js/corals_main.js HTTP/1.1" 200 9116 "-" "Mozilla/5.0 (Windows NT 10.0; Win64; x64) AppleWebKit/537.36 (KHTML, like Gecko) Chrome/123.0.0.0 Safari/537.36"
169.197.85.229 - - [20/Apr/2025:10:27:44 -0500] "GET /assets/corals/plugins/lightbox2/js/lightbox.min.js HTTP/1.1" 200 9418 "-" "Mozilla/5.0 (Windows NT 10.0; Win64; x64) AppleWebKit/537.36 (KHTML, like Gecko) Chrome/123.0.0.0 Safari/537.36"
169.197.85.229 - - [20/Apr/2025:10:27:45 -0500] "GET /assets/corals/plugins/lightbox2/js/jquery HTTP/1.1" 404 1783 "-" "Mozilla/5.0 (Windows NT 10.0; Win64; x64) AppleWebKit/537.36 (KHTML, like Gecko) Chrome/123.0.0.0 Safari/537.36"
66.249.66.42 - - [20/Apr/2025:10:31:40 -0500] "GET /jobs?job_type=remote&page=1&layout=list HTTP/1.1" 200 80611 "-" "Mozilla/5.0 (Linux; Android 6.0.1; Nexus 5X Build/MMB29P) AppleWebKit/537.36 (KHTML, like Gecko) Chrome/135.0.7049.95 Mobile Safari/537.36 (compatible; GoogleOther)"
66.249.66.44 - - [20/Apr/2025:10:39:30 -0500] "GET /jobs?job_type=remote&page=1&layout=grid HTTP/1.1" 200 78656 "-" "Mozilla/5.0 (Linux; Android 6.0.1; Nexus 5X Build/MMB29P) AppleWebKit/537.36 (KHTML, like Gecko) Chrome/135.0.7049.95 Mobile Safari/537.36 (compatible; GoogleOther)"
39.128.150.146 - - [20/Apr/2025:10:45:22 -0500] "GET /jobs?experience_level=junior&page=5 HTTP/1.1" 200 62854 "-" "Mozilla/5.0 (Windows; U; Windows NT 10.0) AppleWebKit/531.38.4 (KHTML, like Gecko) Version/4.0.3 Safari/531.38.4"
218.80.96.85 - - [20/Apr/2025:10:45:32 -0500] "GET /jobs?experience_level=junior&page=5 HTTP/1.1" 200 62854 "-" "Mozilla/5.0 (X11; Linux x86_64) AppleWebKit/535.1 (KHTML, like Gecko) Chrome/32.0.851.0 Safari/535.1"
66.249.66.44 - - [20/Apr/2025:10:47:20 -0500] "GET /jobs?experience_level=senior&layout=grid&page=3 HTTP/1.1" 200 78385 "-" "Mozilla/5.0 (Linux; Android 6.0.1; Nexus 5X Build/MMB29P) AppleWebKit/537.36 (KHTML, like Gecko) Chrome/135.0.7049.95 Mobile Safari/537.36 (compatible; GoogleOther)"
66.249.66.44 - - [20/Apr/2025:10:50:49 -0500] "GET /jobs?location=445-christina-course-apt-709&layout=grid HTTP/1.1" 200 76892 "-" "Mozilla/5.0 (Linux; Android 6.0.1; Nexus 5X Build/MMB29P) AppleWebKit/537.36 (KHTML, like Gecko) Chrome/135.0.7049.95 Mobile Safari/537.36 (compatible; Googlebot/2.1; +http://www.google.com/bot.html)"
66.249.66.42 - - [20/Apr/2025:10:55:09 -0500] "GET /jobs?job_type=remote&page=3&layout=grid HTTP/1.1" 200 78505 "-" "Mozilla/5.0 (Linux; Android 6.0.1; Nexus 5X Build/MMB29P) AppleWebKit/537.36 (KHTML, like Gecko) Chrome/135.0.7049.95 Mobile Safari/537.36 (compatible; GoogleOther)"
66.249.66.43 - - [20/Apr/2025:11:03:00 -0500] "GET /jobs?job_type=remote&page=5&layout=grid HTTP/1.1" 200 78718 "-" "Mozilla/5.0 (Linux; Android 6.0.1; Nexus 5X Build/MMB29P) AppleWebKit/537.36 (KHTML, like Gecko) Chrome/135.0.7049.95 Mobile Safari/537.36 (compatible; GoogleOther)"
66.249.66.44 - - [20/Apr/2025:11:06:35 -0500] "GET /assets/themes/jobs/assets/css/custom.css HTTP/1.1" 304 - "https://job-board.corals.io/jobs?job_type=remote&page=3&layout=grid" "Mozilla/5.0 (Linux; Android 6.0.1; Nexus 5X Build/MMB29P) AppleWebKit/537.36 (KHTML, like Gecko) Chrome/134.0.6998.165 Mobile Safari/537.36 (compatible; Googlebot/2.1; +http://www.google.com/bot.html)"
66.249.66.43 - - [20/Apr/2025:11:06:36 -0500] "GET /assets/corals/plugins/icheck/skins/all.css HTTP/1.1" 304 - "https://job-board.corals.io/jobs?job_type=remote&page=3&layout=grid" "Mozilla/5.0 (Linux; Android 6.0.1; Nexus 5X Build/MMB29P) AppleWebKit/537.36 (KHTML, like Gecko) Chrome/134.0.6998.165 Mobile Safari/537.36 (compatible; Googlebot/2.1; +http://www.google.com/bot.html)"
2a03:2880:f800:17:: - - [20/Apr/2025:11:08:40 -0500] "GET /jobs/health-services-manager HTTP/1.1" 200 31386 "-" "meta-externalagent/1.1 (+https://developers.facebook.com/docs/sharing/webmasters/crawler)"
66.249.66.44 - - [20/Apr/2025:11:10:48 -0500] "GET /jobs?page=13&layout=list HTTP/1.1" 200 82245 "-" "Mozilla/5.0 (Linux; Android 6.0.1; Nexus 5X Build/MMB29P) AppleWebKit/537.36 (KHTML, like Gecko) Chrome/135.0.7049.95 Mobile Safari/537.36 (compatible; GoogleOther)"
51.222.253.13 - - [20/Apr/2025:11:15:22 -0500] "GET /jobs?location=4904-boyer-lake HTTP/1.1" 200 79597 "-" "Mozilla/5.0 (compatible; AhrefsBot/7.0; +http://ahrefs.com/robot/)"
66.249.66.44 - - [20/Apr/2025:11:18:38 -0500] "GET /jobs?experience_level=regular&layout=list&page=3 HTTP/1.1" 200 80627 "-" "Mozilla/5.0 (Linux; Android 6.0.1; Nexus 5X Build/MMB29P) AppleWebKit/537.36 (KHTML, like Gecko) Chrome/135.0.7049.95 Mobile Safari/537.36 (compatible; GoogleOther)"
66.249.66.42 - - [20/Apr/2025:11:18:47 -0500] "GET /assets/themes/jobs/assets/imgs/theme/icons/icon-send-letter.svg HTTP/1.1" 304 - "https://job-board.corals.io/assets/themes/jobs/assets/css/main.css" "Mozilla/5.0 (Linux; Android 6.0.1; Nexus 5X Build/MMB29P) AppleWebKit/537.36 (KHTML, like Gecko) Chrome/134.0.6998.165 Mobile Safari/537.36 (compatible; Googlebot/2.1; +http://www.google.com/bot.html)"
66.249.66.44 - - [20/Apr/2025:11:26:29 -0500] "GET /jobs?experience_level=associate&layout=grid&page=2 HTTP/1.1" 200 78125 "-" "Mozilla/5.0 (Linux; Android 6.0.1; Nexus 5X Build/MMB29P) AppleWebKit/537.36 (KHTML, like Gecko) Chrome/135.0.7049.95 Mobile Safari/537.36 (compatible; GoogleOther)"
183.221.234.120 - - [20/Apr/2025:11:36:25 -0500] "GET /jobs/athletic-trainer HTTP/1.1" 200 31089 "-" "Mozilla/5.0 (compatible; MSIE 7.0; Windows NT 6.0; Trident/4.0)"
2a03:2880:f800:1b:: - - [20/Apr/2025:11:36:53 -0500] "GET /jobs?job_type=remote&page=2&layout=grid HTTP/1.1" 200 78643 "-" "meta-externalagent/1.1 (+https://developers.facebook.com/docs/sharing/webmasters/crawler)"
2a03:2880:f800:2:: - - [20/Apr/2025:11:39:46 -0500] "GET /jobs?job_type=project-based&layout=grid&page=3 HTTP/1.1" 200 78929 "-" "meta-externalagent/1.1 (+https://developers.facebook.com/docs/sharing/webmasters/crawler)"
2a03:2880:f800:11:: - - [20/Apr/2025:11:43:55 -0500] "GET /candidates/X6LeNEpqrG HTTP/1.1" 500 1796 "-" "meta-externalagent/1.1 (+https://developers.facebook.com/docs/sharing/webmasters/crawler)"
51.222.253.20 - - [20/Apr/2025:11:54:01 -0500] "GET /jobs/interior-designer HTTP/1.1" 200 31320 "-" "Mozilla/5.0 (compatible; AhrefsBot/7.0; +http://ahrefs.com/robot/)"
207.46.13.231 - - [20/Apr/2025:11:59:37 -0500] "GET /robots.txt HTTP/1.1" 200 24 "-" "Mozilla/5.0 AppleWebKit/537.36 (KHTML, like Gecko; compatible; bingbot/2.0; +http://www.bing.com/bingbot.htm) Chrome/116.0.1938.76 Safari/537.36"
40.77.167.4 - - [20/Apr/2025:11:59:49 -0500] "GET /jobs/pewter-caster HTTP/1.1" 200 31463 "-" "Mozilla/5.0 AppleWebKit/537.36 (KHTML, like Gecko; compatible; bingbot/2.0; +http://www.bing.com/bingbot.htm) Chrome/116.0.1938.76 Safari/537.36"
51.222.253.20 - - [20/Apr/2025:12:02:32 -0500] "GET /jobs?job_type=project-based&page=5&layout=list HTTP/1.1" 200 81195 "-" "Mozilla/5.0 (compatible; AhrefsBot/7.0; +http://ahrefs.com/robot/)"
51.222.253.1 - - [20/Apr/2025:12:03:13 -0500] "GET /jobs?page=16&layout=grid HTTP/1.1" 200 80145 "-" "Mozilla/5.0 (compatible; AhrefsBot/7.0; +http://ahrefs.com/robot/)"
51.222.253.18 - - [20/Apr/2025:12:04:56 -0500] "GET /jobs/millwright HTTP/1.1" 200 31420 "-" "Mozilla/5.0 (compatible; AhrefsBot/7.0; +http://ahrefs.com/robot/)"
51.222.253.6 - - [20/Apr/2025:12:06:07 -0500] "GET /jobs?page=3&layout=grid HTTP/1.1" 200 80102 "-" "Mozilla/5.0 (compatible; AhrefsBot/7.0; +http://ahrefs.com/robot/)"
51.222.253.11 - - [20/Apr/2025:12:08:52 -0500] "GET /jobs?page=19&layout=grid HTTP/1.1" 200 80151 "-" "Mozilla/5.0 (compatible; AhrefsBot/7.0; +http://ahrefs.com/robot/)"
57.141.0.8 - - [20/Apr/2025:12:09:30 -0500] "GET /jobs/government-property-inspector-2 HTTP/1.1" 200 31333 "-" "meta-externalagent/1.1 (+https://developers.facebook.com/docs/sharing/webmasters/crawler)"
51.222.253.7 - - [20/Apr/2025:12:10:06 -0500] "GET /jobs?location=760-nienow-centers&layout=list HTTP/1.1" 200 69871 "-" "Mozilla/5.0 (compatible; AhrefsBot/7.0; +http://ahrefs.com/robot/)"
51.222.253.20 - - [20/Apr/2025:12:11:19 -0500] "GET /jobs?job_type=part-time&page=4&layout=list HTTP/1.1" 200 80892 "-" "Mozilla/5.0 (compatible; AhrefsBot/7.0; +http://ahrefs.com/robot/)"
51.222.253.15 - - [20/Apr/2025:12:12:43 -0500] "GET /jobs?page=18&layout=grid HTTP/1.1" 200 80052 "-" "Mozilla/5.0 (compatible; AhrefsBot/7.0; +http://ahrefs.com/robot/)"
51.222.253.11 - - [20/Apr/2025:12:14:06 -0500] "GET /jobs?page=22&layout=grid HTTP/1.1" 200 68001 "-" "Mozilla/5.0 (compatible; AhrefsBot/7.0; +http://ahrefs.com/robot/)"
51.222.253.6 - - [20/Apr/2025:12:14:43 -0500] "GET /jobs?location=271-hyatt-summit&layout=list HTTP/1.1" 200 69848 "-" "Mozilla/5.0 (compatible; AhrefsBot/7.0; +http://ahrefs.com/robot/)"
51.222.253.17 - - [20/Apr/2025:12:15:21 -0500] "GET /jobs?experience_level=junior&page=3&layout=list HTTP/1.1" 200 80626 "-" "Mozilla/5.0 (compatible; AhrefsBot/7.0; +http://ahrefs.com/robot/)"
51.222.253.7 - - [20/Apr/2025:12:16:08 -0500] "GET /jobs?job_type=full-time&page=2&layout=list HTTP/1.1" 200 80829 "-" "Mozilla/5.0 (compatible; AhrefsBot/7.0; +http://ahrefs.com/robot/)"
51.222.253.17 - - [20/Apr/2025:12:20:20 -0500] "GET /jobs?location=4904-boyer-lake&layout=grid HTTP/1.1" 200 77526 "-" "Mozilla/5.0 (compatible; AhrefsBot/7.0; +http://ahrefs.com/robot/)"
51.222.253.17 - - [20/Apr/2025:12:21:34 -0500] "GET /jobs?job_type=remote&page=1&layout=grid HTTP/1.1" 200 78656 "-" "Mozilla/5.0 (compatible; AhrefsBot/7.0; +http://ahrefs.com/robot/)"
51.222.253.7 - - [20/Apr/2025:12:22:08 -0500] "GET /jobs?job_type=full-time&page=3&layout=list HTTP/1.1" 200 80711 "-" "Mozilla/5.0 (compatible; AhrefsBot/7.0; +http://ahrefs.com/robot/)"
2a03:2880:f800:11:: - - [20/Apr/2025:12:24:37 -0500] "GET /jobs?job_type=project-based&page=3&layout=list HTTP/1.1" 200 81129 "-" "meta-externalagent/1.1 (+https://developers.facebook.com/docs/sharing/webmasters/crawler)"
