51.222.253.12 - - [20/Apr/2025:12:25:09 -0500] "GET /jobs?job_type=part-time&page=5&layout=list HTTP/1.1" 200 80839 "-" "Mozilla/5.0 (compatible; AhrefsBot/7.0; +http://ahrefs.com/robot/)"
51.222.253.1 - - [20/Apr/2025:12:30:15 -0500] "GET /jobs?job_type=part-time&page=6&layout=list HTTP/1.1" 200 76439 "-" "Mozilla/5.0 (compatible; AhrefsBot/7.0; +http://ahrefs.com/robot/)"
51.222.253.13 - - [20/Apr/2025:12:31:29 -0500] "GET /jobs?job_type=part-time&page=2&layout=list HTTP/1.1" 200 80940 "-" "Mozilla/5.0 (compatible; AhrefsBot/7.0; +http://ahrefs.com/robot/)"
51.222.253.4 - - [20/Apr/2025:12:36:06 -0500] "GET /jobs?page=1&layout=grid HTTP/1.1" 200 79899 "-" "Mozilla/5.0 (compatible; AhrefsBot/7.0; +http://ahrefs.com/robot/)"
51.222.253.17 - - [20/Apr/2025:12:38:02 -0500] "GET /jobs?location=4193-mitchel-estate&layout=grid HTTP/1.1" 200 77450 "-" "Mozilla/5.0 (compatible; AhrefsBot/7.0; +http://ahrefs.com/robot/)"
51.222.253.16 - - [20/Apr/2025:12:38:33 -0500] "GET /candidates?layout=grid HTTP/1.1" 200 68129 "-" "Mozilla/5.0 (compatible; AhrefsBot/7.0; +http://ahrefs.com/robot/)"
51.222.253.12 - - [20/Apr/2025:12:43:52 -0500] "GET /jobs?location=467-arturo-alley-suite-459 HTTP/1.1" 200 78749 "-" "Mozilla/5.0 (compatible; AhrefsBot/7.0; +http://ahrefs.com/robot/)"
51.222.253.14 - - [20/Apr/2025:12:44:51 -0500] "GET /jobs?location=6203-nitzsche-road-suite-797&layout=grid HTTP/1.1" 200 77720 "-" "Mozilla/5.0 (compatible; AhrefsBot/7.0; +http://ahrefs.com/robot/)"
51.222.253.2 - - [20/Apr/2025:12:45:20 -0500] "GET /jobs?location=7171-herman-rapid&layout=grid HTTP/1.1" 200 77681 "-" "Mozilla/5.0 (compatible; AhrefsBot/7.0; +http://ahrefs.com/robot/)"
51.222.253.2 - - [20/Apr/2025:12:45:46 -0500] "GET /jobs?page=11&layout=grid HTTP/1.1" 200 80064 "-" "Mozilla/5.0 (compatible; AhrefsBot/7.0; +http://ahrefs.com/robot/)"
51.222.253.9 - - [20/Apr/2025:12:46:59 -0500] "GET /jobs?job_type=part-time&layout=list&page=6 HTTP/1.1" 200 76439 "-" "Mozilla/5.0 (compatible; AhrefsBot/7.0; +http://ahrefs.com/robot/)"
51.222.253.7 - - [20/Apr/2025:12:48:26 -0500] "GET /jobs?job_type=project-based&layout=list&page=5 HTTP/1.1" 200 81195 "-" "Mozilla/5.0 (compatible; AhrefsBot/7.0; +http://ahrefs.com/robot/)"
51.222.253.19 - - [20/Apr/2025:12:49:52 -0500] "GET /blog HTTP/1.1" 200 51125 "-" "Mozilla/5.0 (compatible; AhrefsBot/7.0; +http://ahrefs.com/robot/)"
51.222.253.6 - - [20/Apr/2025:12:52:43 -0500] "GET /jobs?location=126-elvis-springs&layout=list HTTP/1.1" 200 69596 "-" "Mozilla/5.0 (compatible; AhrefsBot/7.0; +http://ahrefs.com/robot/)"
51.222.253.18 - - [20/Apr/2025:12:53:08 -0500] "GET /jobs?experience_level=senior&page=3&layout=list HTTP/1.1" 200 80558 "-" "Mozilla/5.0 (compatible; AhrefsBot/7.0; +http://ahrefs.com/robot/)"
51.222.253.2 - - [20/Apr/2025:12:55:44 -0500] "GET /jobs?location=732-bergstrom-isle-apt-364&layout=list HTTP/1.1" 200 78814 "-" "Mozilla/5.0 (compatible; AhrefsBot/7.0; +http://ahrefs.com/robot/)"
51.222.253.19 - - [20/Apr/2025:12:57:51 -0500] "GET /jobs?location=8120-okeefe-river-apt-681&layout=list HTTP/1.1" 200 80067 "-" "Mozilla/5.0 (compatible; AhrefsBot/7.0; +http://ahrefs.com/robot/)"
51.222.253.3 - - [20/Apr/2025:12:59:21 -0500] "GET /jobs?experience_level=junior&page=4&layout=grid HTTP/1.1" 200 78701 "-" "Mozilla/5.0 (compatible; AhrefsBot/7.0; +http://ahrefs.com/robot/)"
51.222.253.4 - - [20/Apr/2025:13:00:12 -0500] "GET /employers?layout=list HTTP/1.1" 200 81668 "-" "Mozilla/5.0 (compatible; AhrefsBot/7.0; +http://ahrefs.com/robot/)"
51.222.253.12 - - [20/Apr/2025:13:01:11 -0500] "GET /jobs?experience_level=internship&page=2&layout=list HTTP/1.1" 200 80651 "-" "Mozilla/5.0 (compatible; AhrefsBot/7.0; +http://ahrefs.com/robot/)"
51.222.253.20 - - [20/Apr/2025:13:04:34 -0500] "GET /jobs?page=15&layout=grid HTTP/1.1" 200 79975 "-" "Mozilla/5.0 (compatible; AhrefsBot/7.0; +http://ahrefs.com/robot/)"
51.222.253.20 - - [20/Apr/2025:13:05:34 -0500] "GET /jobs?job_type=part-time&page=1&layout=list HTTP/1.1" 200 80805 "-" "Mozilla/5.0 (compatible; AhrefsBot/7.0; +http://ahrefs.com/robot/)"
51.222.253.16 - - [20/Apr/2025:13:06:01 -0500] "GET /jobs?page=12&layout=grid HTTP/1.1" 200 80067 "-" "Mozilla/5.0 (compatible; AhrefsBot/7.0; +http://ahrefs.com/robot/)"
66.249.66.43 - - [20/Apr/2025:13:06:57 -0500] "GET /robots.txt HTTP/1.1" 304 - "-" "Mozilla/5.0 (compatible; Googlebot/2.1; +http://www.google.com/bot.html)"
66.249.66.44 - - [20/Apr/2025:13:06:57 -0500] "GET /jobs/recreation-worker HTTP/1.1" 200 31722 "-" "Mozilla/5.0 (Linux; Android 6.0.1; Nexus 5X Build/MMB29P) AppleWebKit/537.36 (KHTML, like Gecko) Chrome/135.0.7049.95 Mobile Safari/537.36 (compatible; Googlebot/2.1; +http://www.google.com/bot.html)"
51.222.253.10 - - [20/Apr/2025:13:07:35 -0500] "GET /jobs?experience_level=associate&page=1&layout=grid HTTP/1.1" 200 78101 "-" "Mozilla/5.0 (compatible; AhrefsBot/7.0; +http://ahrefs.com/robot/)"
51.222.253.12 - - [20/Apr/2025:13:09:23 -0500] "GET /jobs?location=41978-sydnee-fall-suite-816&layout=list HTTP/1.1" 200 69932 "-" "Mozilla/5.0 (compatible; AhrefsBot/7.0; +http://ahrefs.com/robot/)"
51.222.253.15 - - [20/Apr/2025:13:11:39 -0500] "GET /robots.txt HTTP/1.1" 304 - "-" "Mozilla/5.0 (compatible; AhrefsBot/7.0; +http://ahrefs.com/robot/)"
51.222.253.3 - - [20/Apr/2025:13:11:40 -0500] "GET /jobs?location=418-bednar-keys-suite-462&page=1&layout=list HTTP/1.1" 200 79597 "-" "Mozilla/5.0 (compatible; AhrefsBot/7.0; +http://ahrefs.com/robot/)"
51.222.253.16 - - [20/Apr/2025:13:13:00 -0500] "GET /jobs?location=467-arturo-alley-suite-459&layout=grid HTTP/1.1" 200 76600 "-" "Mozilla/5.0 (compatible; AhrefsBot/7.0; +http://ahrefs.com/robot/)"
51.222.253.1 - - [20/Apr/2025:13:14:16 -0500] "GET /jobs?page=13&layout=grid HTTP/1.1" 200 80118 "-" "Mozilla/5.0 (compatible; AhrefsBot/7.0; +http://ahrefs.com/robot/)"
51.222.253.11 - - [20/Apr/2025:13:16:52 -0500] "GET /jobs?experience_level=expert&page=1&layout=list HTTP/1.1" 200 80295 "-" "Mozilla/5.0 (compatible; AhrefsBot/7.0; +http://ahrefs.com/robot/)"
51.222.253.16 - - [20/Apr/2025:13:20:11 -0500] "GET /jobs?experience_level=associate&page=4&layout=grid HTTP/1.1" 200 70284 "-" "Mozilla/5.0 (compatible; AhrefsBot/7.0; +http://ahrefs.com/robot/)"
51.222.253.6 - - [20/Apr/2025:13:21:21 -0500] "GET /jobs?job_type=project-based&layout=list&page=4 HTTP/1.1" 200 80997 "-" "Mozilla/5.0 (compatible; AhrefsBot/7.0; +http://ahrefs.com/robot/)"
51.222.253.16 - - [20/Apr/2025:13:22:22 -0500] "GET /jobs?location=2747-lyric-route-apt-756&page=1&layout=list HTTP/1.1" 200 79671 "-" "Mozilla/5.0 (compatible; AhrefsBot/7.0; +http://ahrefs.com/robot/)"
51.222.253.6 - - [20/Apr/2025:13:23:27 -0500] "GET /jobs?experience_level=regular&page=4&layout=list HTTP/1.1" 200 62592 "-" "Mozilla/5.0 (compatible; AhrefsBot/7.0; +http://ahrefs.com/robot/)"
51.222.253.18 - - [20/Apr/2025:13:23:56 -0500] "GET /jobs?job_type=remote&page=6&layout=list HTTP/1.1" 200 69757 "-" "Mozilla/5.0 (compatible; AhrefsBot/7.0; +http://ahrefs.com/robot/)"
51.222.253.12 - - [20/Apr/2025:13:26:29 -0500] "GET /jobs?location=4904-boyer-lake&page=1&layout=list HTTP/1.1" 200 79651 "-" "Mozilla/5.0 (compatible; AhrefsBot/7.0; +http://ahrefs.com/robot/)"
51.222.253.20 - - [20/Apr/2025:13:26:55 -0500] "GET /jobs?job_type=remote&page=4&layout=list HTTP/1.1" 200 81100 "-" "Mozilla/5.0 (compatible; AhrefsBot/7.0; +http://ahrefs.com/robot/)"
51.222.253.15 - - [20/Apr/2025:13:29:12 -0500] "GET /jobs?location=8120-okeefe-river-apt-681&page=1&layout=list HTTP/1.1" 200 80089 "-" "Mozilla/5.0 (compatible; AhrefsBot/7.0; +http://ahrefs.com/robot/)"
51.222.253.12 - - [20/Apr/2025:13:31:06 -0500] "GET /jobs?job_type=project-based&page=3&layout=list HTTP/1.1" 200 81129 "-" "Mozilla/5.0 (compatible; AhrefsBot/7.0; +http://ahrefs.com/robot/)"
51.222.253.10 - - [20/Apr/2025:13:31:38 -0500] "GET /jobs?location=6203-nitzsche-road-suite-797&page=1&layout=list HTTP/1.1" 200 79941 "-" "Mozilla/5.0 (compatible; AhrefsBot/7.0; +http://ahrefs.com/robot/)"
51.222.253.6 - - [20/Apr/2025:13:32:04 -0500] "GET /jobs?experience_level=expert&page=2&layout=list HTTP/1.1" 200 80661 "-" "Mozilla/5.0 (compatible; AhrefsBot/7.0; +http://ahrefs.com/robot/)"
51.222.253.11 - - [20/Apr/2025:13:35:58 -0500] "GET /jobs?job_type=project-based&page=5&layout=grid HTTP/1.1" 200 78765 "-" "Mozilla/5.0 (compatible; AhrefsBot/7.0; +http://ahrefs.com/robot/)"
51.222.253.18 - - [20/Apr/2025:13:36:59 -0500] "GET /jobs?experience_level=junior&page=1&layout=list HTTP/1.1" 200 80388 "-" "Mozilla/5.0 (compatible; AhrefsBot/7.0; +http://ahrefs.com/robot/)"
51.222.253.9 - - [20/Apr/2025:13:37:31 -0500] "GET /jobs?experience_level=senior&page=2&layout=list HTTP/1.1" 200 80430 "-" "Mozilla/5.0 (compatible; AhrefsBot/7.0; +http://ahrefs.com/robot/)"
51.222.253.9 - - [20/Apr/2025:13:38:05 -0500] "GET /jobs?experience_level=internship&page=1&layout=list HTTP/1.1" 200 80237 "-" "Mozilla/5.0 (compatible; AhrefsBot/7.0; +http://ahrefs.com/robot/)"
51.222.253.18 - - [20/Apr/2025:13:39:11 -0500] "GET /jobs?experience_level=senior&page=1&layout=grid HTTP/1.1" 200 78235 "-" "Mozilla/5.0 (compatible; AhrefsBot/7.0; +http://ahrefs.com/robot/)"
51.222.253.5 - - [20/Apr/2025:13:41:45 -0500] "GET /jobs?job_type=project-based&page=2&layout=list HTTP/1.1" 200 80928 "-" "Mozilla/5.0 (compatible; AhrefsBot/7.0; +http://ahrefs.com/robot/)"
51.222.253.3 - - [20/Apr/2025:13:47:14 -0500] "GET /jobs?location=75896-martin-throughway-apt-837&page=1&layout=list HTTP/1.1" 200 80167 "-" "Mozilla/5.0 (compatible; AhrefsBot/7.0; +http://ahrefs.com/robot/)"
51.222.253.2 - - [20/Apr/2025:13:49:01 -0500] "GET /jobs?location=374-karianne-roads-suite-320&page=1&layout=list HTTP/1.1" 200 80179 "-" "Mozilla/5.0 (compatible; AhrefsBot/7.0; +http://ahrefs.com/robot/)"
51.222.253.7 - - [20/Apr/2025:13:54:14 -0500] "GET /jobs/artillery-crew-member HTTP/1.1" 200 31439 "-" "Mozilla/5.0 (compatible; AhrefsBot/7.0; +http://ahrefs.com/robot/)"
51.222.253.3 - - [20/Apr/2025:13:57:40 -0500] "GET /jobs?location=4193-mitchel-estate&page=1&layout=list HTTP/1.1" 200 79610 "-" "Mozilla/5.0 (compatible; AhrefsBot/7.0; +http://ahrefs.com/robot/)"
51.222.253.19 - - [20/Apr/2025:13:58:36 -0500] "GET /jobs?experience_level=junior&page=5&layout=list HTTP/1.1" 200 62934 "-" "Mozilla/5.0 (compatible; AhrefsBot/7.0; +http://ahrefs.com/robot/)"
51.222.253.15 - - [20/Apr/2025:13:59:36 -0500] "GET /jobs?job_type=full-time&page=4&layout=list HTTP/1.1" 200 81101 "-" "Mozilla/5.0 (compatible; AhrefsBot/7.0; +http://ahrefs.com/robot/)"
185.213.245.221 - - [20/Apr/2025:14:00:50 -0500] "GET / HTTP/1.1" 200 124918 "-" "Mozilla/5.0 (Windows NT 10.0) AppleWebKit/537.36 (KHTML, like Gecko) Chrome/114.0.0.0 Safari/537.36"
185.213.245.221 - - [20/Apr/2025:14:00:53 -0500] "GET /jobs/numerical-tool-programmer-or-process-control-programmer-2 HTTP/1.1" 200 31906 "https://job-board.corals.io/" "Mozilla/5.0 (Windows NT 10.0) AppleWebKit/537.36 (KHTML, like Gecko) Chrome/114.0.0.0 Safari/537.36"
51.222.253.18 - - [20/Apr/2025:14:01:58 -0500] "GET /jobs?job_type=remote&layout=list&page=1 HTTP/1.1" 200 80611 "-" "Mozilla/5.0 (compatible; AhrefsBot/7.0; +http://ahrefs.com/robot/)"
51.222.253.1 - - [20/Apr/2025:14:04:43 -0500] "GET /jobs?job_type=part-time&page=5&layout=grid HTTP/1.1" 200 78688 "-" "Mozilla/5.0 (compatible; AhrefsBot/7.0; +http://ahrefs.com/robot/)"
61.181.206.134 - - [20/Apr/2025:14:05:39 -0500] "GET /jobs/travel-guide HTTP/1.1" 200 31728 "-" "Mozilla/5.0 (X11; Linux x86_64) AppleWebKit/532.1 (KHTML, like Gecko) Chrome/52.0.805.0 Safari/532.1"
51.222.253.20 - - [20/Apr/2025:14:07:27 -0500] "GET /jobs?location=33847-yost-meadow&page=1&layout=list HTTP/1.1" 200 79701 "-" "Mozilla/5.0 (compatible; AhrefsBot/7.0; +http://ahrefs.com/robot/)"
51.222.253.3 - - [20/Apr/2025:14:09:31 -0500] "GET /jobs?job_type=remote&page=5&layout=grid HTTP/1.1" 200 78718 "-" "Mozilla/5.0 (compatible; AhrefsBot/7.0; +http://ahrefs.com/robot/)"
51.222.253.11 - - [20/Apr/2025:14:12:20 -0500] "GET /jobs?location=7171-herman-rapid&page=1&layout=list HTTP/1.1" 200 79826 "-" "Mozilla/5.0 (compatible; AhrefsBot/7.0; +http://ahrefs.com/robot/)"
51.222.253.19 - - [20/Apr/2025:14:12:44 -0500] "GET /jobs/jewelry-model-or-mold-makers HTTP/1.1" 200 31435 "-" "Mozilla/5.0 (compatible; AhrefsBot/7.0; +http://ahrefs.com/robot/)"
51.222.253.10 - - [20/Apr/2025:14:14:15 -0500] "GET /jobs?experience_level=associate&page=3&layout=list HTTP/1.1" 200 80692 "-" "Mozilla/5.0 (compatible; AhrefsBot/7.0; +http://ahrefs.com/robot/)"
51.222.253.16 - - [20/Apr/2025:14:14:44 -0500] "GET /jobs?location=760-nienow-centers&layout=grid HTTP/1.1" 200 68647 "-" "Mozilla/5.0 (compatible; AhrefsBot/7.0; +http://ahrefs.com/robot/)"
51.222.253.12 - - [20/Apr/2025:14:15:12 -0500] "GET /jobs/maid HTTP/1.1" 200 31576 "-" "Mozilla/5.0 (compatible; AhrefsBot/7.0; +http://ahrefs.com/robot/)"
51.222.253.4 - - [20/Apr/2025:14:18:54 -0500] "GET /jobs?job_type=full-time&page=2&layout=grid HTTP/1.1" 200 78643 "-" "Mozilla/5.0 (compatible; AhrefsBot/7.0; +http://ahrefs.com/robot/)"
51.222.253.16 - - [20/Apr/2025:14:19:45 -0500] "GET /jobs?location=685-freeman-parkway-apt-199&layout=grid HTTP/1.1" 200 76484 "-" "Mozilla/5.0 (compatible; AhrefsBot/7.0; +http://ahrefs.com/robot/)"
51.222.253.12 - - [20/Apr/2025:14:20:12 -0500] "GET /jobs?job_type=full-time&page=5&layout=list HTTP/1.1" 200 71709 "-" "Mozilla/5.0 (compatible; AhrefsBot/7.0; +http://ahrefs.com/robot/)"
51.222.253.8 - - [20/Apr/2025:14:21:38 -0500] "GET /jobs/graduate-teaching-assistant HTTP/1.1" 200 31414 "-" "Mozilla/5.0 (compatible; AhrefsBot/7.0; +http://ahrefs.com/robot/)"
51.222.253.10 - - [20/Apr/2025:14:23:00 -0500] "GET /jobs/molding-machine-operator HTTP/1.1" 200 31538 "-" "Mozilla/5.0 (compatible; AhrefsBot/7.0; +http://ahrefs.com/robot/)"
51.222.253.6 - - [20/Apr/2025:14:24:52 -0500] "GET /jobs?job_type=full-time&page=3&layout=grid HTTP/1.1" 200 78683 "-" "Mozilla/5.0 (compatible; AhrefsBot/7.0; +http://ahrefs.com/robot/)"
51.222.253.10 - - [20/Apr/2025:14:25:37 -0500] "GET /jobs?layout=grid&page=17 HTTP/1.1" 200 79942 "-" "Mozilla/5.0 (compatible; AhrefsBot/7.0; +http://ahrefs.com/robot/)"
51.222.253.18 - - [20/Apr/2025:14:26:05 -0500] "GET /jobs?experience_level=expert&page=4&layout=grid HTTP/1.1" 200 66095 "-" "Mozilla/5.0 (compatible; AhrefsBot/7.0; +http://ahrefs.com/robot/)"
51.222.253.4 - - [20/Apr/2025:14:32:28 -0500] "GET /jobs?location=445-christina-course-apt-709&layout=grid HTTP/1.1" 200 76892 "-" "Mozilla/5.0 (compatible; AhrefsBot/7.0; +http://ahrefs.com/robot/)"
51.222.253.19 - - [20/Apr/2025:14:33:55 -0500] "GET /employers?layout=grid HTTP/1.1" 200 83990 "-" "Mozilla/5.0 (compatible; AhrefsBot/7.0; +http://ahrefs.com/robot/)"
51.222.253.13 - - [20/Apr/2025:14:37:45 -0500] "GET /jobs?experience_level=internship&page=4&layout=list HTTP/1.1" 200 62631 "-" "Mozilla/5.0 (compatible; AhrefsBot/7.0; +http://ahrefs.com/robot/)"
51.222.253.16 - - [20/Apr/2025:14:39:55 -0500] "GET /jobs?experience_level=senior&layout=grid&page=3 HTTP/1.1" 200 78385 "-" "Mozilla/5.0 (compatible; AhrefsBot/7.0; +http://ahrefs.com/robot/)"
51.222.253.4 - - [20/Apr/2025:14:41:32 -0500] "GET /jobs?job_type=project-based&page=3&layout=grid HTTP/1.1" 200 78929 "-" "Mozilla/5.0 (compatible; AhrefsBot/7.0; +http://ahrefs.com/robot/)"
51.222.253.15 - - [20/Apr/2025:14:41:58 -0500] "GET /jobs?job_type=part-time&page=6&layout=grid HTTP/1.1" 200 74767 "-" "Mozilla/5.0 (compatible; AhrefsBot/7.0; +http://ahrefs.com/robot/)"
51.222.253.7 - - [20/Apr/2025:14:42:24 -0500] "GET /jobs?location=2747-lyric-route-apt-756&page=2&layout=list HTTP/1.1" 200 73101 "-" "Mozilla/5.0 (compatible; AhrefsBot/7.0; +http://ahrefs.com/robot/)"
51.222.253.8 - - [20/Apr/2025:14:43:18 -0500] "GET /jobs?job_type=project-based&page=2&layout=grid HTTP/1.1" 200 78712 "-" "Mozilla/5.0 (compatible; AhrefsBot/7.0; +http://ahrefs.com/robot/)"
51.222.253.9 - - [20/Apr/2025:14:44:18 -0500] "GET /jobs?job_type=remote&page=4&layout=grid HTTP/1.1" 200 78855 "-" "Mozilla/5.0 (compatible; AhrefsBot/7.0; +http://ahrefs.com/robot/)"
51.222.253.8 - - [20/Apr/2025:14:45:15 -0500] "GET /jobs?layout=list&page=3 HTTP/1.1" 200 82322 "-" "Mozilla/5.0 (compatible; AhrefsBot/7.0; +http://ahrefs.com/robot/)"
120.225.191.13 - - [20/Apr/2025:14:45:54 -0500] "GET /jobs/massage-therapist-2 HTTP/1.1" 200 31412 "-" "Opera/9.32.(X11; Linux i686; szl-PL) Presto/2.9.181 Version/10.00"
112.102.36.234 - - [20/Apr/2025:14:48:39 -0500] "GET /jobs?job_type=remote&page=2 HTTP/1.1" 200 80634 "-" "Mozilla/5.0 (Linux; Android 4.4.4) AppleWebKit/532.0 (KHTML, like Gecko) Chrome/58.0.817.0 Safari/532.0"
51.222.253.8 - - [20/Apr/2025:14:50:54 -0500] "GET /jobs/construction-driller HTTP/1.1" 200 31637 "-" "Mozilla/5.0 (compatible; AhrefsBot/7.0; +http://ahrefs.com/robot/)"
51.222.253.1 - - [20/Apr/2025:14:52:39 -0500] "GET /jobs?experience_level=senior&page=1&layout=list HTTP/1.1" 200 80297 "-" "Mozilla/5.0 (compatible; AhrefsBot/7.0; +http://ahrefs.com/robot/)"
51.222.253.2 - - [20/Apr/2025:14:53:02 -0500] "GET /jobs?experience_level=senior&layout=grid&page=2 HTTP/1.1" 200 78442 "-" "Mozilla/5.0 (compatible; AhrefsBot/7.0; +http://ahrefs.com/robot/)"
51.222.253.8 - - [20/Apr/2025:14:53:48 -0500] "GET /jobs?layout=grid&page=18 HTTP/1.1" 200 80052 "-" "Mozilla/5.0 (compatible; AhrefsBot/7.0; +http://ahrefs.com/robot/)"
51.222.253.3 - - [20/Apr/2025:14:54:13 -0500] "GET /jobs?page=12 HTTP/1.1" 200 81840 "-" "Mozilla/5.0 (compatible; AhrefsBot/7.0; +http://ahrefs.com/robot/)"
51.222.253.3 - - [20/Apr/2025:14:57:16 -0500] "GET /jobs?experience_level=regular&page=4&layout=grid HTTP/1.1" 200 62162 "-" "Mozilla/5.0 (compatible; AhrefsBot/7.0; +http://ahrefs.com/robot/)"
51.222.253.9 - - [20/Apr/2025:15:00:09 -0500] "GET /jobs?location=66212-lubowitz-pass-suite-719&layout=grid HTTP/1.1" 200 74597 "-" "Mozilla/5.0 (compatible; AhrefsBot/7.0; +http://ahrefs.com/robot/)"
51.222.253.8 - - [20/Apr/2025:15:04:59 -0500] "GET /jobs?location=8120-okeefe-river-apt-681&layout=grid HTTP/1.1" 200 77671 "-" "Mozilla/5.0 (compatible; AhrefsBot/7.0; +http://ahrefs.com/robot/)"
51.222.253.19 - - [20/Apr/2025:15:05:35 -0500] "GET /jobs?experience_level=expert&page=1&layout=grid HTTP/1.1" 200 78113 "-" "Mozilla/5.0 (compatible; AhrefsBot/7.0; +http://ahrefs.com/robot/)"
51.222.253.6 - - [20/Apr/2025:15:07:02 -0500] "GET /jobs?location=126-elvis-springs&layout=grid HTTP/1.1" 200 68550 "-" "Mozilla/5.0 (compatible; AhrefsBot/7.0; +http://ahrefs.com/robot/)"
51.222.253.18 - - [20/Apr/2025:15:09:15 -0500] "GET /jobs?job_type=part-time&page=1&layout=grid HTTP/1.1" 200 78651 "-" "Mozilla/5.0 (compatible; AhrefsBot/7.0; +http://ahrefs.com/robot/)"
51.222.253.11 - - [20/Apr/2025:15:10:00 -0500] "GET /jobs?job_type=part-time&layout=list&page=1 HTTP/1.1" 200 80805 "-" "Mozilla/5.0 (compatible; AhrefsBot/7.0; +http://ahrefs.com/robot/)"
51.222.253.7 - - [20/Apr/2025:15:11:23 -0500] "GET /jobs?location=732-bergstrom-isle-apt-364&layout=grid HTTP/1.1" 200 76516 "-" "Mozilla/5.0 (compatible; AhrefsBot/7.0; +http://ahrefs.com/robot/)"
51.222.253.6 - - [20/Apr/2025:15:12:12 -0500] "GET /jobs?location=418-bednar-keys-suite-462&page=1&layout=grid HTTP/1.1" 200 77595 "-" "Mozilla/5.0 (compatible; AhrefsBot/7.0; +http://ahrefs.com/robot/)"
51.222.253.17 - - [20/Apr/2025:15:13:38 -0500] "GET /jobs?job_type=part-time&page=3&layout=grid HTTP/1.1" 200 78838 "-" "Mozilla/5.0 (compatible; AhrefsBot/7.0; +http://ahrefs.com/robot/)"
51.222.253.8 - - [20/Apr/2025:15:14:12 -0500] "GET /jobs?job_type=project-based&page=6&layout=list HTTP/1.1" 200 69755 "-" "Mozilla/5.0 (compatible; AhrefsBot/7.0; +http://ahrefs.com/robot/)"
51.222.253.20 - - [20/Apr/2025:15:15:34 -0500] "GET /jobs?experience_level=junior&page=1&layout=grid HTTP/1.1" 200 78351 "-" "Mozilla/5.0 (compatible; AhrefsBot/7.0; +http://ahrefs.com/robot/)"
51.222.253.13 - - [20/Apr/2025:15:17:41 -0500] "GET /jobs?location=271-hyatt-summit&layout=grid HTTP/1.1" 200 68455 "-" "Mozilla/5.0 (compatible; AhrefsBot/7.0; +http://ahrefs.com/robot/)"
51.222.253.10 - - [20/Apr/2025:15:19:03 -0500] "GET /jobs?location=2747-lyric-route-apt-756&page=1&layout=grid HTTP/1.1" 200 77653 "-" "Mozilla/5.0 (compatible; AhrefsBot/7.0; +http://ahrefs.com/robot/)"
51.222.253.5 - - [20/Apr/2025:15:20:19 -0500] "GET /employers?page=1&layout=grid HTTP/1.1" 200 84012 "-" "Mozilla/5.0 (compatible; AhrefsBot/7.0; +http://ahrefs.com/robot/)"
51.222.253.19 - - [20/Apr/2025:15:21:31 -0500] "GET /jobs?experience_level=regular&layout=list&page=4 HTTP/1.1" 200 62592 "-" "Mozilla/5.0 (compatible; AhrefsBot/7.0; +http://ahrefs.com/robot/)"
51.222.253.8 - - [20/Apr/2025:15:22:44 -0500] "GET /jobs?location=8120-okeefe-river-apt-681&page=1&layout=grid HTTP/1.1" 200 77693 "-" "Mozilla/5.0 (compatible; AhrefsBot/7.0; +http://ahrefs.com/robot/)"
51.222.253.4 - - [20/Apr/2025:15:23:21 -0500] "GET /jobs?experience_level=senior&page=2&layout=grid HTTP/1.1" 200 78442 "-" "Mozilla/5.0 (compatible; AhrefsBot/7.0; +http://ahrefs.com/robot/)"
51.222.253.7 - - [20/Apr/2025:15:26:42 -0500] "GET /jobs?experience_level=expert&page=2&layout=grid HTTP/1.1" 200 78242 "-" "Mozilla/5.0 (compatible; AhrefsBot/7.0; +http://ahrefs.com/robot/)"
51.222.253.18 - - [20/Apr/2025:15:27:19 -0500] "GET /jobs?location=6203-nitzsche-road-suite-797&page=1&layout=grid HTTP/1.1" 200 77742 "-" "Mozilla/5.0 (compatible; AhrefsBot/7.0; +http://ahrefs.com/robot/)"
51.222.253.17 - - [20/Apr/2025:15:32:31 -0500] "GET /jobs?location=374-karianne-roads-suite-320&page=1&layout=grid HTTP/1.1" 200 77949 "-" "Mozilla/5.0 (compatible; AhrefsBot/7.0; +http://ahrefs.com/robot/)"
51.222.253.5 - - [20/Apr/2025:15:33:11 -0500] "GET /jobs?location=33847-yost-meadow&page=1&layout=grid HTTP/1.1" 200 77452 "-" "Mozilla/5.0 (compatible; AhrefsBot/7.0; +http://ahrefs.com/robot/)"
51.222.253.14 - - [20/Apr/2025:15:36:40 -0500] "GET /jobs?location=4193-mitchel-estate&page=1&layout=grid HTTP/1.1" 200 77472 "-" "Mozilla/5.0 (compatible; AhrefsBot/7.0; +http://ahrefs.com/robot/)"
51.222.253.1 - - [20/Apr/2025:15:37:53 -0500] "GET /jobs?location=4904-boyer-lake&page=1&layout=grid HTTP/1.1" 200 77548 "-" "Mozilla/5.0 (compatible; AhrefsBot/7.0; +http://ahrefs.com/robot/)"
51.222.253.2 - - [20/Apr/2025:15:42:51 -0500] "GET /jobs?experience_level=junior&page=3&layout=grid HTTP/1.1" 200 78473 "-" "Mozilla/5.0 (compatible; AhrefsBot/7.0; +http://ahrefs.com/robot/)"
27.187.156.89 - - [20/Apr/2025:15:43:14 -0500] "GET /jobs?layout=list&location=760-nienow-centers HTTP/1.1" 200 69871 "-" "Opera/9.17.(X11; Linux x86_64; ur-IN) Presto/2.9.170 Version/11.00"
51.222.253.13 - - [20/Apr/2025:15:47:04 -0500] "GET /jobs?job_type=project-based&layout=list&page=6 HTTP/1.1" 200 69755 "-" "Mozilla/5.0 (compatible; AhrefsBot/7.0; +http://ahrefs.com/robot/)"
51.222.253.16 - - [20/Apr/2025:15:47:42 -0500] "GET /jobs?location=66212-lubowitz-pass-suite-719 HTTP/1.1" 200 76598 "-" "Mozilla/5.0 (compatible; AhrefsBot/7.0; +http://ahrefs.com/robot/)"
51.222.253.3 - - [20/Apr/2025:15:49:38 -0500] "GET /jobs?location=374-karianne-roads-suite-320&page=2&layout=list HTTP/1.1" 200 62224 "-" "Mozilla/5.0 (compatible; AhrefsBot/7.0; +http://ahrefs.com/robot/)"
51.222.253.1 - - [20/Apr/2025:15:51:38 -0500] "GET /jobs?job_type=project-based&layout=list&page=1 HTTP/1.1" 200 81089 "-" "Mozilla/5.0 (compatible; AhrefsBot/7.0; +http://ahrefs.com/robot/)"
51.222.253.6 - - [20/Apr/2025:15:57:51 -0500] "GET /jobs?job_type=project-based&page=1&layout=grid HTTP/1.1" 200 78774 "-" "Mozilla/5.0 (compatible; AhrefsBot/7.0; +http://ahrefs.com/robot/)"
51.222.253.12 - - [20/Apr/2025:16:01:06 -0500] "GET /jobs?location=75896-martin-throughway-apt-837&page=2&layout=list HTTP/1.1" 200 60034 "-" "Mozilla/5.0 (compatible; AhrefsBot/7.0; +http://ahrefs.com/robot/)"
51.222.253.12 - - [20/Apr/2025:16:03:44 -0500] "GET /jobs?location=7171-herman-rapid&page=1&layout=grid HTTP/1.1" 200 77703 "-" "Mozilla/5.0 (compatible; AhrefsBot/7.0; +http://ahrefs.com/robot/)"
51.222.253.17 - - [20/Apr/2025:16:04:17 -0500] "GET /employers?page=2&layout=list HTTP/1.1" 200 79537 "-" "Mozilla/5.0 (compatible; AhrefsBot/7.0; +http://ahrefs.com/robot/)"
51.222.253.3 - - [20/Apr/2025:16:04:50 -0500] "GET /jobs?experience_level=expert&layout=grid&page=1 HTTP/1.1" 200 78113 "-" "Mozilla/5.0 (compatible; AhrefsBot/7.0; +http://ahrefs.com/robot/)"
51.222.253.15 - - [20/Apr/2025:16:05:28 -0500] "GET /jobs?page=7 HTTP/1.1" 200 82105 "-" "Mozilla/5.0 (compatible; AhrefsBot/7.0; +http://ahrefs.com/robot/)"
140.75.148.191 - - [20/Apr/2025:16:07:25 -0500] "GET /jobs/roustabouts-2 HTTP/1.1" 200 31797 "-" "Mozilla/5.0 (compatible; MSIE 7.0; Windows NT 5.1; Trident/4.1)"
51.222.253.2 - - [20/Apr/2025:16:10:58 -0500] "GET /jobs?job_type=part-time&page=4&layout=grid HTTP/1.1" 200 78652 "-" "Mozilla/5.0 (compatible; AhrefsBot/7.0; +http://ahrefs.com/robot/)"
51.222.253.11 - - [20/Apr/2025:16:24:36 -0500] "GET /jobs?experience_level=internship&page=4&layout=grid HTTP/1.1" 200 62328 "-" "Mozilla/5.0 (compatible; AhrefsBot/7.0; +http://ahrefs.com/robot/)"
51.222.253.8 - - [20/Apr/2025:16:25:25 -0500] "GET /jobs?experience_level=expert&page=4&layout=list HTTP/1.1" 200 66959 "-" "Mozilla/5.0 (compatible; AhrefsBot/7.0; +http://ahrefs.com/robot/)"
51.222.253.1 - - [20/Apr/2025:16:28:40 -0500] "GET /jobs?experience_level=senior&page=3&layout=grid HTTP/1.1" 200 78385 "-" "Mozilla/5.0 (compatible; AhrefsBot/7.0; +http://ahrefs.com/robot/)"
183.218.164.13 - - [20/Apr/2025:16:28:43 -0500] "GET /jobs?page=1 HTTP/1.1" 200 81914 "-" "Mozilla/5.0 (Macintosh; U; Intel Mac OS X 10_6_7 rv:3.0; is-IS) AppleWebKit/533.22.2 (KHTML, like Gecko) Version/5.1 Safari/533.22.2"
51.222.253.5 - - [20/Apr/2025:16:29:19 -0500] "GET /jobs?job_type=part-time&page=2&layout=grid HTTP/1.1" 200 78719 "-" "Mozilla/5.0 (compatible; AhrefsBot/7.0; +http://ahrefs.com/robot/)"
51.222.253.9 - - [20/Apr/2025:16:30:42 -0500] "GET /jobs?page=14 HTTP/1.1" 200 82217 "-" "Mozilla/5.0 (compatible; AhrefsBot/7.0; +http://ahrefs.com/robot/)"
51.222.253.18 - - [20/Apr/2025:16:38:00 -0500] "GET /jobs?location=8120-okeefe-river-apt-681&page=2&layout=grid HTTP/1.1" 200 65693 "-" "Mozilla/5.0 (compatible; AhrefsBot/7.0; +http://ahrefs.com/robot/)"
51.222.253.4 - - [20/Apr/2025:16:39:21 -0500] "GET /jobs?experience_level=associate&page=3&layout=grid HTTP/1.1" 200 78364 "-" "Mozilla/5.0 (compatible; AhrefsBot/7.0; +http://ahrefs.com/robot/)"
51.222.253.14 - - [20/Apr/2025:16:42:02 -0500] "GET /jobs?location=41978-sydnee-fall-suite-816&layout=grid HTTP/1.1" 200 68615 "-" "Mozilla/5.0 (compatible; AhrefsBot/7.0; +http://ahrefs.com/robot/)"
51.222.253.3 - - [20/Apr/2025:16:42:38 -0500] "GET /jobs?location=2747-lyric-route-apt-756&page=2 HTTP/1.1" 200 73069 "-" "Mozilla/5.0 (compatible; AhrefsBot/7.0; +http://ahrefs.com/robot/)"
51.222.253.13 - - [20/Apr/2025:16:45:25 -0500] "GET /employers?page=2&layout=grid HTTP/1.1" 200 81628 "-" "Mozilla/5.0 (compatible; AhrefsBot/7.0; +http://ahrefs.com/robot/)"
157.55.39.196 - - [20/Apr/2025:16:49:42 -0500] "GET /jobs?location=4904-boyer-lake&page=2&layout=list HTTP/1.1" 200 62156 "-" "Mozilla/5.0 AppleWebKit/537.36 (KHTML, like Gecko; compatible; bingbot/2.0; +http://www.bing.com/bingbot.htm) Chrome/116.0.1938.76 Safari/537.36"
51.222.253.3 - - [20/Apr/2025:16:50:16 -0500] "GET /candidates?layout=grid&page=2 HTTP/1.1" 200 57808 "-" "Mozilla/5.0 (compatible; AhrefsBot/7.0; +http://ahrefs.com/robot/)"
51.222.253.9 - - [20/Apr/2025:16:52:27 -0500] "GET /jobs?location=7171-herman-rapid&page=2 HTTP/1.1" 200 59926 "-" "Mozilla/5.0 (compatible; AhrefsBot/7.0; +http://ahrefs.com/robot/)"
51.222.253.18 - - [20/Apr/2025:17:02:53 -0500] "GET /jobs?location=37959-madonna-meadow-apt-533&layout=grid HTTP/1.1" 200 70469 "-" "Mozilla/5.0 (compatible; AhrefsBot/7.0; +http://ahrefs.com/robot/)"
51.222.253.13 - - [20/Apr/2025:17:04:33 -0500] "GET /jobs?location=75896-martin-throughway-apt-837&page=1&layout=grid HTTP/1.1" 200 77882 "-" "Mozilla/5.0 (compatible; AhrefsBot/7.0; +http://ahrefs.com/robot/)"
207.46.13.54 - - [20/Apr/2025:17:07:33 -0500] "GET /jobs?job_type=remote&page=2&layout=grid HTTP/1.1" 200 78643 "-" "Mozilla/5.0 AppleWebKit/537.36 (KHTML, like Gecko; compatible; bingbot/2.0; +http://www.bing.com/bingbot.htm) Chrome/116.0.1938.76 Safari/537.36"
51.222.253.9 - - [20/Apr/2025:17:11:05 -0500] "GET /jobs?location=2747-lyric-route-apt-756&page=2&layout=grid HTTP/1.1" 200 71691 "-" "Mozilla/5.0 (compatible; AhrefsBot/7.0; +http://ahrefs.com/robot/)"
51.222.253.1 - - [20/Apr/2025:17:13:42 -0500] "GET /candidates?layout=grid&page=1 HTTP/1.1" 200 68151 "-" "Mozilla/5.0 (compatible; AhrefsBot/7.0; +http://ahrefs.com/robot/)"
51.222.253.6 - - [20/Apr/2025:17:14:41 -0500] "GET /jobs?location=418-bednar-keys-suite-462&page=2&layout=list HTTP/1.1" 200 64412 "-" "Mozilla/5.0 (compatible; AhrefsBot/7.0; +http://ahrefs.com/robot/)"
111.127.130.68 - - [20/Apr/2025:17:20:30 -0500] "GET /jobs/clinical-laboratory-technician HTTP/1.1" 200 31291 "-" "Opera/8.59.(X11; Linux x86_64; ha-NG) Presto/2.9.168 Version/11.00"
51.222.253.15 - - [20/Apr/2025:17:21:14 -0500] "GET /jobs?experience_level=regular&page=1&layout=grid HTTP/1.1" 200 78004 "-" "Mozilla/5.0 (compatible; AhrefsBot/7.0; +http://ahrefs.com/robot/)"
51.222.253.20 - - [20/Apr/2025:17:22:09 -0500] "GET /jobs?job_type=full-time&page=1&layout=grid HTTP/1.1" 200 78202 "-" "Mozilla/5.0 (compatible; AhrefsBot/7.0; +http://ahrefs.com/robot/)"
51.222.253.6 - - [20/Apr/2025:17:27:57 -0500] "GET /jobs?experience_level=associate&page=2&layout=list HTTP/1.1" 200 80337 "-" "Mozilla/5.0 (compatible; AhrefsBot/7.0; +http://ahrefs.com/robot/)"
51.222.253.10 - - [20/Apr/2025:17:36:38 -0500] "GET /jobs/photographic-reproduction-technician HTTP/1.1" 200 31785 "-" "Mozilla/5.0 (compatible; AhrefsBot/7.0; +http://ahrefs.com/robot/)"
51.222.253.17 - - [20/Apr/2025:17:39:14 -0500] "GET /jobs?job_type=project-based&page=4&layout=grid HTTP/1.1" 200 78932 "-" "Mozilla/5.0 (compatible; AhrefsBot/7.0; +http://ahrefs.com/robot/)"
51.222.253.11 - - [20/Apr/2025:17:40:22 -0500] "GET /jobs?job_type=part-time&layout=grid&page=4 HTTP/1.1" 200 78652 "-" "Mozilla/5.0 (compatible; AhrefsBot/7.0; +http://ahrefs.com/robot/)"
51.222.253.10 - - [20/Apr/2025:17:42:20 -0500] "GET /jobs?job_type=remote&page=6&layout=grid HTTP/1.1" 200 68660 "-" "Mozilla/5.0 (compatible; AhrefsBot/7.0; +http://ahrefs.com/robot/)"
51.222.253.17 - - [20/Apr/2025:17:49:55 -0500] "GET /jobs?location=4904-boyer-lake&page=2&layout=list HTTP/1.1" 200 62156 "-" "Mozilla/5.0 (compatible; AhrefsBot/7.0; +http://ahrefs.com/robot/)"
51.222.253.20 - - [20/Apr/2025:18:17:43 -0500] "GET /jobs/rigger-2 HTTP/1.1" 200 31682 "-" "Mozilla/5.0 (compatible; AhrefsBot/7.0; +http://ahrefs.com/robot/)"
51.222.253.12 - - [20/Apr/2025:18:18:39 -0500] "GET /jobs?location=6203-nitzsche-road-suite-797&page=2&layout=list HTTP/1.1" 200 62185 "-" "Mozilla/5.0 (compatible; AhrefsBot/7.0; +http://ahrefs.com/robot/)"
51.222.253.3 - - [20/Apr/2025:18:30:08 -0500] "GET /jobs?location=4193-mitchel-estate&page=2&layout=grid HTTP/1.1" 200 63659 "-" "Mozilla/5.0 (compatible; AhrefsBot/7.0; +http://ahrefs.com/robot/)"
51.222.253.14 - - [20/Apr/2025:18:37:00 -0500] "GET /jobs?job_type=project-based&page=6&layout=grid HTTP/1.1" 200 68732 "-" "Mozilla/5.0 (compatible; AhrefsBot/7.0; +http://ahrefs.com/robot/)"
51.222.253.15 - - [20/Apr/2025:18:42:25 -0500] "GET /jobs?experience_level=associate&page=3 HTTP/1.1" 200 80612 "-" "Mozilla/5.0 (compatible; AhrefsBot/7.0; +http://ahrefs.com/robot/)"
51.222.253.19 - - [20/Apr/2025:18:44:10 -0500] "GET /jobs?experience_level=expert&page=3&layout=grid HTTP/1.1" 200 78246 "-" "Mozilla/5.0 (compatible; AhrefsBot/7.0; +http://ahrefs.com/robot/)"
221.197.133.217 - - [20/Apr/2025:18:48:17 -0500] "GET /jobs?job_type=full-time&layout=list&page=4 HTTP/1.1" 200 81101 "-" "Mozilla/5.0 (X11; Linux i686; rv:1.9.6.20) Gecko/6392-07-26 08:50:30.847290 Firefox/3.6.18"
51.222.253.19 - - [20/Apr/2025:18:49:19 -0500] "GET /jobs/preschool-education-administrators HTTP/1.1" 200 31872 "-" "Mozilla/5.0 (compatible; AhrefsBot/7.0; +http://ahrefs.com/robot/)"
51.222.253.13 - - [20/Apr/2025:18:51:11 -0500] "GET /jobs/interior-designer-2 HTTP/1.1" 200 31297 "-" "Mozilla/5.0 (compatible; AhrefsBot/7.0; +http://ahrefs.com/robot/)"
51.222.253.15 - - [20/Apr/2025:18:54:49 -0500] "GET /jobs/marriage-and-family-therapist HTTP/1.1" 200 31367 "-" "Mozilla/5.0 (compatible; AhrefsBot/7.0; +http://ahrefs.com/robot/)"
51.222.253.5 - - [20/Apr/2025:18:58:12 -0500] "GET /jobs/optical-instrument-assembler HTTP/1.1" 200 31805 "-" "Mozilla/5.0 (compatible; AhrefsBot/7.0; +http://ahrefs.com/robot/)"
51.222.253.7 - - [20/Apr/2025:19:00:01 -0500] "GET /jobs/landscaper HTTP/1.1" 200 31282 "-" "Mozilla/5.0 (compatible; AhrefsBot/7.0; +http://ahrefs.com/robot/)"
51.222.253.5 - - [20/Apr/2025:19:01:56 -0500] "GET /jobs?location=33847-yost-meadow&page=2&layout=list HTTP/1.1" 200 64458 "-" "Mozilla/5.0 (compatible; AhrefsBot/7.0; +http://ahrefs.com/robot/)"
51.222.253.2 - - [20/Apr/2025:19:05:43 -0500] "GET /jobs/credit-analyst HTTP/1.1" 200 31561 "-" "Mozilla/5.0 (compatible; AhrefsBot/7.0; +http://ahrefs.com/robot/)"
51.222.253.4 - - [20/Apr/2025:19:13:19 -0500] "GET /jobs/producer-2 HTTP/1.1" 200 31310 "-" "Mozilla/5.0 (compatible; AhrefsBot/7.0; +http://ahrefs.com/robot/)"
51.8.102.226 - - [20/Apr/2025:19:15:03 -0500] "GET /robots.txt HTTP/1.1" 304 - "-" "Mozilla/5.0 (Macintosh; Intel Mac OS X 10_15_7) AppleWebKit/537.36 (KHTML, like Gecko) Chrome/131.0.0.0 Safari/537.36; compatible; OAI-SearchBot/1.0; +https://openai.com/searchbot"
51.222.253.12 - - [20/Apr/2025:19:16:54 -0500] "GET /jobs?experience_level=senior&page=4&layout=list HTTP/1.1" 200 75883 "-" "Mozilla/5.0 (compatible; AhrefsBot/7.0; +http://ahrefs.com/robot/)"
51.222.253.13 - - [20/Apr/2025:19:19:38 -0500] "GET /jobs?location=418-bednar-keys-suite-462&page=2 HTTP/1.1" 200 64380 "-" "Mozilla/5.0 (compatible; AhrefsBot/7.0; +http://ahrefs.com/robot/)"
51.222.253.8 - - [20/Apr/2025:19:21:17 -0500] "GET /jobs?job_type=remote&page=2&layout=grid HTTP/1.1" 200 78643 "-" "Mozilla/5.0 (compatible; AhrefsBot/7.0; +http://ahrefs.com/robot/)"
51.222.253.2 - - [20/Apr/2025:19:28:26 -0500] "GET /jobs?location=7171-herman-rapid&page=1 HTTP/1.1" 200 79794 "-" "Mozilla/5.0 (compatible; AhrefsBot/7.0; +http://ahrefs.com/robot/)"
51.222.253.18 - - [20/Apr/2025:19:50:04 -0500] "GET /jobs/archivist HTTP/1.1" 200 31599 "-" "Mozilla/5.0 (compatible; AhrefsBot/7.0; +http://ahrefs.com/robot/)"
51.222.253.9 - - [20/Apr/2025:19:53:11 -0500] "GET /jobs/human-resources-assistant-2 HTTP/1.1" 200 31557 "-" "Mozilla/5.0 (compatible; AhrefsBot/7.0; +http://ahrefs.com/robot/)"
51.222.253.15 - - [20/Apr/2025:19:54:29 -0500] "GET /jobs/command-control-center-officer HTTP/1.1" 200 31649 "-" "Mozilla/5.0 (compatible; AhrefsBot/7.0; +http://ahrefs.com/robot/)"
51.222.253.13 - - [20/Apr/2025:19:58:42 -0500] "GET /jobs?location=418-bednar-keys-suite-462&page=2&layout=grid HTTP/1.1" 200 63823 "-" "Mozilla/5.0 (compatible; AhrefsBot/7.0; +http://ahrefs.com/robot/)"
51.222.253.11 - - [20/Apr/2025:20:00:00 -0500] "GET /jobs/administrative-services-manager HTTP/1.1" 200 31401 "-" "Mozilla/5.0 (compatible; AhrefsBot/7.0; +http://ahrefs.com/robot/)"
51.222.253.12 - - [20/Apr/2025:20:01:32 -0500] "GET /jobs?location=4904-boyer-lake&page=2&layout=grid HTTP/1.1" 200 61667 "-" "Mozilla/5.0 (compatible; AhrefsBot/7.0; +http://ahrefs.com/robot/)"
51.222.253.8 - - [20/Apr/2025:20:04:33 -0500] "GET /jobs?location=6203-nitzsche-road-suite-797&page=2&layout=grid HTTP/1.1" 200 61728 "-" "Mozilla/5.0 (compatible; AhrefsBot/7.0; +http://ahrefs.com/robot/)"
51.222.253.1 - - [20/Apr/2025:20:05:47 -0500] "GET /jobs?job_type=part-time&layout=grid&page=3 HTTP/1.1" 200 78838 "-" "Mozilla/5.0 (compatible; AhrefsBot/7.0; +http://ahrefs.com/robot/)"
51.222.253.7 - - [20/Apr/2025:20:08:29 -0500] "GET /jobs?job_type=part-time&layout=grid&page=5 HTTP/1.1" 200 78688 "-" "Mozilla/5.0 (compatible; AhrefsBot/7.0; +http://ahrefs.com/robot/)"
51.222.253.17 - - [20/Apr/2025:20:09:46 -0500] "GET /jobs/actor HTTP/1.1" 200 31381 "-" "Mozilla/5.0 (compatible; AhrefsBot/7.0; +http://ahrefs.com/robot/)"
51.222.253.3 - - [20/Apr/2025:20:12:24 -0500] "GET /jobs?experience_level=internship&layout=grid&page=4 HTTP/1.1" 200 62328 "-" "Mozilla/5.0 (compatible; AhrefsBot/7.0; +http://ahrefs.com/robot/)"
51.222.253.10 - - [20/Apr/2025:20:17:36 -0500] "GET /jobs?experience_level=regular&layout=grid&page=1 HTTP/1.1" 200 78004 "-" "Mozilla/5.0 (compatible; AhrefsBot/7.0; +http://ahrefs.com/robot/)"
51.222.253.18 - - [20/Apr/2025:20:27:58 -0500] "GET /jobs?experience_level=junior&page=2&layout=grid HTTP/1.1" 200 78820 "-" "Mozilla/5.0 (compatible; AhrefsBot/7.0; +http://ahrefs.com/robot/)"
51.222.253.15 - - [20/Apr/2025:20:30:43 -0500] "GET /jobs/furniture-finisher HTTP/1.1" 200 31297 "-" "Mozilla/5.0 (compatible; AhrefsBot/7.0; +http://ahrefs.com/robot/)"
51.222.253.15 - - [20/Apr/2025:20:33:39 -0500] "GET /jobs?job_type=part-time&layout=grid&page=6 HTTP/1.1" 200 74767 "-" "Mozilla/5.0 (compatible; AhrefsBot/7.0; +http://ahrefs.com/robot/)"
2a03:2880:f800:e:: - - [20/Apr/2025:20:34:06 -0500] "GET /employers/W6op93z2nG HTTP/1.1" 200 67102 "-" "meta-externalagent/1.1 (+https://developers.facebook.com/docs/sharing/webmasters/crawler)"
207.182.29.52 - - [20/Apr/2025:20:39:13 -0500] "GET / HTTP/1.1" 200 124918 "-" "Mozilla/5.0 (X11; Ubuntu; Linux i686; rv:114.0) Gecko/20100101 Firefox/114.0"
207.182.29.52 - - [20/Apr/2025:20:39:16 -0500] "GET /jobs/numerical-tool-programmer-or-process-control-programmer-2 HTTP/1.1" 200 31906 "https://job-board.corals.io/" "Mozilla/5.0 (X11; Ubuntu; Linux i686; rv:114.0) Gecko/20100101 Firefox/114.0"
51.222.253.12 - - [20/Apr/2025:20:40:09 -0500] "GET /jobs/underground-mining HTTP/1.1" 200 31832 "-" "Mozilla/5.0 (compatible; AhrefsBot/7.0; +http://ahrefs.com/robot/)"
185.213.245.183 - - [20/Apr/2025:20:41:49 -0500] "GET / HTTP/1.1" 200 124918 "-" "Mozilla/5.0 (Macintosh; Intel Mac OS X 12_5) AppleWebKit/537.36 (KHTML, like Gecko) Chrome/114.0.0.0 YaBrowser/22.7.0 Yowser/2.5 Safari/537.36"
185.213.245.183 - - [20/Apr/2025:20:41:51 -0500] "GET /jobs/numerical-tool-programmer-or-process-control-programmer-2 HTTP/1.1" 200 31906 "https://job-board.corals.io/" "Mozilla/5.0 (Macintosh; Intel Mac OS X 12_5) AppleWebKit/537.36 (KHTML, like Gecko) Chrome/114.0.0.0 YaBrowser/22.7.0 Yowser/2.5 Safari/537.36"
51.222.253.5 - - [20/Apr/2025:20:50:44 -0500] "GET /jobs/ship-mates HTTP/1.1" 200 31128 "-" "Mozilla/5.0 (compatible; AhrefsBot/7.0; +http://ahrefs.com/robot/)"
51.222.253.5 - - [20/Apr/2025:21:06:41 -0500] "GET /jobs?job_type=remote&layout=grid&page=2 HTTP/1.1" 200 78643 "-" "Mozilla/5.0 (compatible; AhrefsBot/7.0; +http://ahrefs.com/robot/)"
51.222.253.7 - - [20/Apr/2025:21:08:05 -0500] "GET /employers/D9VKWLp18d HTTP/1.1" 200 60054 "-" "Mozilla/5.0 (compatible; AhrefsBot/7.0; +http://ahrefs.com/robot/)"
51.222.253.14 - - [20/Apr/2025:21:10:40 -0500] "GET /jobs?job_type=remote&layout=grid&page=4 HTTP/1.1" 200 78855 "-" "Mozilla/5.0 (compatible; AhrefsBot/7.0; +http://ahrefs.com/robot/)"
51.222.253.16 - - [20/Apr/2025:21:13:47 -0500] "GET /jobs?job_type=remote&layout=grid&page=3 HTTP/1.1" 200 78505 "-" "Mozilla/5.0 (compatible; AhrefsBot/7.0; +http://ahrefs.com/robot/)"
51.222.253.18 - - [20/Apr/2025:21:15:14 -0500] "GET /jobs?job_type=project-based&layout=grid&page=4 HTTP/1.1" 200 78932 "-" "Mozilla/5.0 (compatible; AhrefsBot/7.0; +http://ahrefs.com/robot/)"
51.222.253.3 - - [20/Apr/2025:21:17:56 -0500] "GET /jobs?location=479-ismael-islands&layout=grid HTTP/1.1" 200 68580 "-" "Mozilla/5.0 (compatible; AhrefsBot/7.0; +http://ahrefs.com/robot/)"
51.222.253.19 - - [20/Apr/2025:21:20:57 -0500] "GET /jobs?location=8120-okeefe-river-apt-681&page=2&layout=list HTTP/1.1" 200 66547 "-" "Mozilla/5.0 (compatible; AhrefsBot/7.0; +http://ahrefs.com/robot/)"
51.222.253.3 - - [20/Apr/2025:21:22:15 -0500] "GET /jobs?location=33847-yost-meadow&page=2&layout=grid HTTP/1.1" 200 63820 "-" "Mozilla/5.0 (compatible; AhrefsBot/7.0; +http://ahrefs.com/robot/)"
51.222.253.19 - - [20/Apr/2025:21:26:13 -0500] "GET /jobs/power-plant-operator HTTP/1.1" 200 31414 "-" "Mozilla/5.0 (compatible; AhrefsBot/7.0; +http://ahrefs.com/robot/)"
36.159.220.120 - - [20/Apr/2025:21:29:48 -0500] "GET /employers/4RZKV7pkVg HTTP/1.1" 200 60896 "-" "Mozilla/5.0 (compatible; MSIE 6.0; Windows NT 5.01; Trident/3.1)"
51.222.253.2 - - [20/Apr/2025:21:31:02 -0500] "GET /jobs?job_type=full-time&layout=list&page=3 HTTP/1.1" 200 80711 "-" "Mozilla/5.0 (compatible; AhrefsBot/7.0; +http://ahrefs.com/robot/)"
51.222.253.10 - - [20/Apr/2025:21:35:54 -0500] "GET /jobs?job_type=remote&layout=grid&page=5 HTTP/1.1" 200 78718 "-" "Mozilla/5.0 (compatible; AhrefsBot/7.0; +http://ahrefs.com/robot/)"
51.222.253.6 - - [20/Apr/2025:21:39:16 -0500] "GET /jobs?location=7171-herman-rapid&page=2&layout=grid HTTP/1.1" 200 59789 "-" "Mozilla/5.0 (compatible; AhrefsBot/7.0; +http://ahrefs.com/robot/)"
51.222.253.11 - - [20/Apr/2025:21:40:29 -0500] "GET /jobs?job_type=project-based&layout=grid&page=2 HTTP/1.1" 200 78712 "-" "Mozilla/5.0 (compatible; AhrefsBot/7.0; +http://ahrefs.com/robot/)"
51.222.253.9 - - [20/Apr/2025:21:43:49 -0500] "GET /jobs?job_type=project-based&layout=grid&page=3 HTTP/1.1" 200 78929 "-" "Mozilla/5.0 (compatible; AhrefsBot/7.0; +http://ahrefs.com/robot/)"
51.222.253.19 - - [20/Apr/2025:21:59:49 -0500] "GET /jobs/physical-scientist HTTP/1.1" 200 31585 "-" "Mozilla/5.0 (compatible; AhrefsBot/7.0; +http://ahrefs.com/robot/)"
51.222.253.9 - - [20/Apr/2025:22:13:51 -0500] "GET /jobs?job_type=full-time&layout=list&page=4 HTTP/1.1" 200 81101 "-" "Mozilla/5.0 (compatible; AhrefsBot/7.0; +http://ahrefs.com/robot/)"
66.249.66.42 - - [20/Apr/2025:22:16:26 -0500] "GET /robots.txt HTTP/1.1" 304 - "-" "Mozilla/5.0 (compatible; Googlebot/2.1; +http://www.google.com/bot.html)"
66.249.66.43 - - [20/Apr/2025:22:16:26 -0500] "GET /jobs/fiberglass-laminator-and-fabricator HTTP/1.1" 200 31603 "-" "Mozilla/5.0 (Linux; Android 6.0.1; Nexus 5X Build/MMB29P) AppleWebKit/537.36 (KHTML, like Gecko) Chrome/135.0.7049.95 Mobile Safari/537.36 (compatible; Googlebot/2.1; +http://www.google.com/bot.html)"
66.249.66.42 - - [20/Apr/2025:22:16:43 -0500] "GET /assets/corals/plugins/lightbox2/js/lightbox.min.js HTTP/1.1" 304 - "https://job-board.corals.io/jobs/fiberglass-laminator-and-fabricator" "Mozilla/5.0 (Linux; Android 6.0.1; Nexus 5X Build/MMB29P) AppleWebKit/537.36 (KHTML, like Gecko) Chrome/134.0.6998.165 Mobile Safari/537.36 (compatible; Googlebot/2.1; +http://www.google.com/bot.html)"
51.222.253.20 - - [20/Apr/2025:22:19:43 -0500] "GET /jobs?job_type=full-time&layout=list&page=2 HTTP/1.1" 200 80829 "-" "Mozilla/5.0 (compatible; AhrefsBot/7.0; +http://ahrefs.com/robot/)"
51.222.253.2 - - [20/Apr/2025:22:25:21 -0500] "GET /jobs?job_type=part-time&layout=grid&page=2 HTTP/1.1" 200 78719 "-" "Mozilla/5.0 (compatible; AhrefsBot/7.0; +http://ahrefs.com/robot/)"
18.142.213.74 - - [20/Apr/2025:22:47:21 -0500] "GET /uploads/settings/site_logo.png HTTP/1.1" 200 4034 "-" "python-requests/2.30.0"
51.222.253.8 - - [20/Apr/2025:23:08:25 -0500] "GET /jobs/production-worker HTTP/1.1" 200 31569 "-" "Mozilla/5.0 (compatible; AhrefsBot/7.0; +http://ahrefs.com/robot/)"
106.117.151.198 - - [20/Apr/2025:23:17:10 -0500] "GET /jobs?layout=list&location=2747-lyric-route-apt-756&page=1 HTTP/1.1" 200 79671 "-" "Mozilla/5.0 (X11; Linux i686; rv:1.9.7.20) Gecko/2277-10-05 07:54:27.909460 Firefox/3.8"
51.222.253.19 - - [20/Apr/2025:23:20:56 -0500] "GET /jobs?job_type=remote&layout=list&page=5 HTTP/1.1" 200 80761 "-" "Mozilla/5.0 (compatible; AhrefsBot/7.0; +http://ahrefs.com/robot/)"
51.222.253.7 - - [20/Apr/2025:23:32:07 -0500] "GET /jobs/tailor HTTP/1.1" 200 31414 "-" "Mozilla/5.0 (compatible; AhrefsBot/7.0; +http://ahrefs.com/robot/)"
51.222.253.8 - - [20/Apr/2025:23:33:57 -0500] "GET /jobs?job_type=project-based&layout=list&page=3 HTTP/1.1" 200 81129 "-" "Mozilla/5.0 (compatible; AhrefsBot/7.0; +http://ahrefs.com/robot/)"
51.222.253.7 - - [20/Apr/2025:23:35:47 -0500] "GET /jobs?job_type=remote&layout=grid&page=1 HTTP/1.1" 200 78656 "-" "Mozilla/5.0 (compatible; AhrefsBot/7.0; +http://ahrefs.com/robot/)"
51.222.253.4 - - [20/Apr/2025:23:45:10 -0500] "GET /jobs/music-arranger-and-orchestrator-2 HTTP/1.1" 200 31448 "-" "Mozilla/5.0 (compatible; AhrefsBot/7.0; +http://ahrefs.com/robot/)"
51.222.253.8 - - [20/Apr/2025:23:46:36 -0500] "GET /jobs?job_type=remote&layout=grid&page=6 HTTP/1.1" 200 68660 "-" "Mozilla/5.0 (compatible; AhrefsBot/7.0; +http://ahrefs.com/robot/)"
66.249.66.43 - - [20/Apr/2025:23:47:21 -0500] "GET /assets/themes/jobs/assets/css/main.css HTTP/1.1" 304 - "https://job-board.corals.io/jobs?layout=list" "Mozilla/5.0 (Linux; Android 6.0.1; Nexus 5X Build/MMB29P) AppleWebKit/537.36 (KHTML, like Gecko) Chrome/134.0.6998.165 Mobile Safari/537.36 (compatible; Googlebot/2.1; +http://www.google.com/bot.html)"
51.222.253.13 - - [20/Apr/2025:23:48:04 -0500] "GET /jobs?job_type=part-time&layout=list&page=2 HTTP/1.1" 200 80940 "-" "Mozilla/5.0 (compatible; AhrefsBot/7.0; +http://ahrefs.com/robot/)"
51.222.253.5 - - [20/Apr/2025:23:50:56 -0500] "GET /jobs?job_type=project-based&layout=list&page=2 HTTP/1.1" 200 80928 "-" "Mozilla/5.0 (compatible; AhrefsBot/7.0; +http://ahrefs.com/robot/)"
123.161.142.173 - - [20/Apr/2025:23:51:27 -0500] "GET /jobs?job_type=remote&page=6 HTTP/1.1" 200 69661 "-" "Mozilla/5.0 (Windows NT 5.2) AppleWebKit/531.2 (KHTML, like Gecko) Chrome/22.0.835.0 Safari/531.2"
51.222.253.8 - - [20/Apr/2025:23:53:53 -0500] "GET /jobs/health-services-manager HTTP/1.1" 200 31386 "-" "Mozilla/5.0 (compatible; AhrefsBot/7.0; +http://ahrefs.com/robot/)"
51.222.253.17 - - [21/Apr/2025:00:03:32 -0500] "GET /jobs?job_type=project-based&layout=grid&page=5 HTTP/1.1" 200 78765 "-" "Mozilla/5.0 (compatible; AhrefsBot/7.0; +http://ahrefs.com/robot/)"
51.222.253.16 - - [21/Apr/2025:00:07:55 -0500] "GET /jobs?location=4904-boyer-lake&page=2 HTTP/1.1" 200 62124 "-" "Mozilla/5.0 (compatible; AhrefsBot/7.0; +http://ahrefs.com/robot/)"
66.249.66.43 - - [21/Apr/2025:00:20:27 -0500] "GET /employers/YnwzAmzlRo HTTP/1.1" 200 67325 "-" "Mozilla/5.0 (Linux; Android 6.0.1; Nexus 5X Build/MMB29P) AppleWebKit/537.36 (KHTML, like Gecko) Chrome/135.0.7049.95 Mobile Safari/537.36 (compatible; Googlebot/2.1; +http://www.google.com/bot.html)"
66.249.66.42 - - [21/Apr/2025:00:20:34 -0500] "GET /assets/themes/jobs/assets/imgs/theme/bg-head-left-candidate.svg HTTP/1.1" 304 - "https://job-board.corals.io/assets/themes/jobs/assets/css/main.css" "Mozilla/5.0 (Linux; Android 6.0.1; Nexus 5X Build/MMB29P) AppleWebKit/537.36 (KHTML, like Gecko) Chrome/134.0.6998.165 Mobile Safari/537.36 (compatible; Googlebot/2.1; +http://www.google.com/bot.html)"
51.222.253.6 - - [21/Apr/2025:00:32:34 -0500] "GET /jobs?page=6 HTTP/1.1" 200 82042 "-" "Mozilla/5.0 (compatible; AhrefsBot/7.0; +http://ahrefs.com/robot/)"
51.222.253.3 - - [21/Apr/2025:00:37:43 -0500] "GET /jobs?location=4193-mitchel-estate&page=2 HTTP/1.1" 200 64253 "-" "Mozilla/5.0 (compatible; AhrefsBot/7.0; +http://ahrefs.com/robot/)"
51.222.253.12 - - [21/Apr/2025:00:43:54 -0500] "GET /contact-us HTTP/1.1" 200 36747 "-" "Mozilla/5.0 (compatible; AhrefsBot/7.0; +http://ahrefs.com/robot/)"
110.244.6.65 - - [21/Apr/2025:00:44:41 -0500] "GET /jobs/power-distributors-or-dispatcher HTTP/1.1" 200 31523 "-" "Mozilla/5.0 (compatible; MSIE 6.0; Windows 95; Trident/5.0)"
66.249.66.42 - - [21/Apr/2025:00:47:29 -0500] "GET /jobs?job_type=full-time&page=4 HTTP/1.1" 200 81005 "-" "Mozilla/5.0 (Linux; Android 6.0.1; Nexus 5X Build/MMB29P) AppleWebKit/537.36 (KHTML, like Gecko) Chrome/135.0.7049.95 Mobile Safari/537.36 (compatible; Googlebot/2.1; +http://www.google.com/bot.html)"
51.222.253.10 - - [21/Apr/2025:00:49:50 -0500] "GET /pricing HTTP/1.1" 200 49866 "-" "Mozilla/5.0 (compatible; AhrefsBot/7.0; +http://ahrefs.com/robot/)"
102.129.153.175 - - [21/Apr/2025:00:50:25 -0500] "GET /jobs/municipal-fire-fighting-supervisor HTTP/1.1" 200 31750 "-" "Mozilla/5.0 (Windows NT 10.0; Win64; x64; rv:109.0) Gecko/20100101 Firefox/111.0"
102.129.153.175 - - [21/Apr/2025:00:50:26 -0500] "GET /about-us HTTP/1.1" 200 67371 "-" "Mozilla/5.0 (Windows NT 10.0; Win64; x64; rv:109.0) Gecko/20100101 Firefox/111.0"
102.129.153.175 - - [21/Apr/2025:00:50:26 -0500] "GET /contact-us HTTP/1.1" 200 36747 "-" "Mozilla/5.0 (Windows NT 10.0; Win64; x64; rv:109.0) Gecko/20100101 Firefox/111.0"
51.222.253.12 - - [21/Apr/2025:00:51:12 -0500] "GET /employers?page=1&layout=list HTTP/1.1" 200 81690 "-" "Mozilla/5.0 (compatible; AhrefsBot/7.0; +http://ahrefs.com/robot/)"
51.222.253.5 - - [21/Apr/2025:00:55:02 -0500] "GET /jobs?location=2747-lyric-route-apt-756 HTTP/1.1" 200 79617 "-" "Mozilla/5.0 (compatible; AhrefsBot/7.0; +http://ahrefs.com/robot/)"