Spamworldpro Mini Shell
Spamworldpro


Server : Apache
System : Linux server2.corals.io 4.18.0-348.2.1.el8_5.x86_64 #1 SMP Mon Nov 15 09:17:08 EST 2021 x86_64
User : corals ( 1002)
PHP Version : 7.4.33
Disable Function : exec,passthru,shell_exec,system
Directory :  /home/corals/access-logs/

Upload File :
current_dir [ Writeable ] document_root [ Writeable ]

 

Current File : /home/corals/access-logs/walla3t.corals.io-ssl_log
209.145.62.177 - - [20/Apr/2025:10:21:57 -0500] "POST /wp-cron.php?doing_wp_cron=1745162516.8710110187530517578125 HTTP/1.1" 200 - "-" "WordPress/6.8; https://walla3t.corals.io"
169.197.85.229 - - [20/Apr/2025:10:21:53 -0500] "GET / HTTP/1.1" 200 73807 "-" "Mozilla/5.0 (Windows NT 10.0; Win64; x64) AppleWebKit/537.36 (KHTML, like Gecko) Chrome/123.0.0.0 Safari/537.36"
169.197.85.229 - - [20/Apr/2025:10:23:56 -0500] "GET /wp-content/uploads/2024/03/rsz_icon-01-1.png HTTP/1.1" 200 6532 "https://walla3t.corals.io/" "AngleSharp/1.2.0.0"
169.197.85.229 - - [20/Apr/2025:10:23:56 -0500] "GET /wp-content/uploads/2023/02/apper-screen-01.webp HTTP/1.1" 200 21380 "https://walla3t.corals.io/" "AngleSharp/1.2.0.0"
169.197.85.229 - - [20/Apr/2025:10:23:56 -0500] "GET /wp-content/uploads/2023/03/google-store-btn.png HTTP/1.1" 200 5212 "https://walla3t.corals.io/" "AngleSharp/1.2.0.0"
169.197.85.229 - - [20/Apr/2025:10:23:56 -0500] "GET /wp-content/uploads/2023/03/apple-store-btn.png HTTP/1.1" 200 5561 "https://walla3t.corals.io/" "AngleSharp/1.2.0.0"
169.197.85.229 - - [20/Apr/2025:10:23:56 -0500] "GET /wp-content/uploads/2024/03/3596583081_dda85958ab_o-1.jpg HTTP/1.1" 200 272743 "https://walla3t.corals.io/" "AngleSharp/1.2.0.0"
169.197.85.229 - - [20/Apr/2025:10:23:56 -0500] "GET /wp-content/uploads/2023/02/apper-screen-02.webp HTTP/1.1" 200 24932 "https://walla3t.corals.io/" "AngleSharp/1.2.0.0"
169.197.85.229 - - [20/Apr/2025:10:23:56 -0500] "GET /wp-content/uploads/2024/03/3596583081_dda85958ab_o.jpg HTTP/1.1" 200 272743 "https://walla3t.corals.io/" "AngleSharp/1.2.0.0"
169.197.85.229 - - [20/Apr/2025:10:23:56 -0500] "GET /wp-content/uploads/2023/02/app-fre-traial.png HTTP/1.1" 200 93483 "https://walla3t.corals.io/" "AngleSharp/1.2.0.0"
169.197.85.229 - - [20/Apr/2025:10:31:35 -0500] "GET /wp-content/plugins/apper-core/assets/js/acm-scripts.js?ver=6.8 HTTP/1.1" 200 3463 "-" "Mozilla/5.0 (Windows NT 10.0; Win64; x64) AppleWebKit/537.36 (KHTML, like Gecko) Chrome/123.0.0.0 Safari/537.36"
169.197.85.229 - - [20/Apr/2025:10:31:35 -0500] "GET /wp-includes/js/imagesloaded.min.js?ver=5.0.0 HTTP/1.1" 304 - "-" "Mozilla/5.0 (Windows NT 10.0; Win64; x64) AppleWebKit/537.36 (KHTML, like Gecko) Chrome/123.0.0.0 Safari/537.36"
209.145.62.177 - - [20/Apr/2025:10:31:36 -0500] "POST /wp-cron.php?doing_wp_cron=1745163096.3826489448547363281250 HTTP/1.1" 200 - "-" "WordPress/6.8; https://walla3t.corals.io"
169.197.85.229 - - [20/Apr/2025:10:31:35 -0500] "GET /wp-includes/js/ev-emitter HTTP/1.1" 404 58703 "-" "Mozilla/5.0 (Windows NT 10.0; Win64; x64) AppleWebKit/537.36 (KHTML, like Gecko) Chrome/123.0.0.0 Safari/537.36"
169.197.85.229 - - [20/Apr/2025:10:31:37 -0500] "GET /wp-content/themes/apper/assets/js/third/jquery.mmenu.min.all.js?ver=6.8 HTTP/1.1" 304 - "-" "Mozilla/5.0 (Windows NT 10.0; Win64; x64) AppleWebKit/537.36 (KHTML, like Gecko) Chrome/123.0.0.0 Safari/537.36"
169.197.85.229 - - [20/Apr/2025:10:31:38 -0500] "GET /wp-content/themes/apper/assets/js/third/magnific-popup.min.js?ver=1.0.0 HTTP/1.1" 200 20176 "-" "Mozilla/5.0 (Windows NT 10.0; Win64; x64) AppleWebKit/537.36 (KHTML, like Gecko) Chrome/123.0.0.0 Safari/537.36"
169.197.85.229 - - [20/Apr/2025:10:31:38 -0500] "GET /wp-content/themes/apper/assets/js/third/jquery HTTP/1.1" 404 58703 "-" "Mozilla/5.0 (Windows NT 10.0; Win64; x64) AppleWebKit/537.36 (KHTML, like Gecko) Chrome/123.0.0.0 Safari/537.36"
169.197.85.229 - - [20/Apr/2025:10:31:39 -0500] "GET /wp-content/themes/apper/assets/js/third/lightbox.min.js?ver=1.0.0 HTTP/1.1" 200 1260 "-" "Mozilla/5.0 (Windows NT 10.0; Win64; x64) AppleWebKit/537.36 (KHTML, like Gecko) Chrome/123.0.0.0 Safari/537.36"
169.197.85.229 - - [20/Apr/2025:10:31:39 -0500] "GET /wp-content/themes/apper/assets/js/main.min.js?ver=1.0.0 HTTP/1.1" 200 122145 "-" "Mozilla/5.0 (Windows NT 10.0; Win64; x64) AppleWebKit/537.36 (KHTML, like Gecko) Chrome/123.0.0.0 Safari/537.36"
169.197.85.229 - - [20/Apr/2025:10:31:39 -0500] "GET /wp-content/themes/apper/assets/js/jquery HTTP/1.1" 404 58703 "-" "Mozilla/5.0 (Windows NT 10.0; Win64; x64) AppleWebKit/537.36 (KHTML, like Gecko) Chrome/123.0.0.0 Safari/537.36"
169.197.85.229 - - [20/Apr/2025:10:31:41 -0500] "GET /wp-content/themes/apper/assets/js/desandro-matches-selector HTTP/1.1" 404 58703 "-" "Mozilla/5.0 (Windows NT 10.0; Win64; x64) AppleWebKit/537.36 (KHTML, like Gecko) Chrome/123.0.0.0 Safari/537.36"
169.197.85.229 - - [20/Apr/2025:10:31:42 -0500] "GET /wp-content/themes/apper/assets/js/ev-emitter HTTP/1.1" 404 58703 "-" "Mozilla/5.0 (Windows NT 10.0; Win64; x64) AppleWebKit/537.36 (KHTML, like Gecko) Chrome/123.0.0.0 Safari/537.36"
169.197.85.229 - - [20/Apr/2025:10:31:43 -0500] "GET /wp-content/themes/apper/assets/js/get-size HTTP/1.1" 404 58703 "-" "Mozilla/5.0 (Windows NT 10.0; Win64; x64) AppleWebKit/537.36 (KHTML, like Gecko) Chrome/123.0.0.0 Safari/537.36"
169.197.85.229 - - [20/Apr/2025:10:31:44 -0500] "GET /wp-content/themes/apper/assets/js/fizzy-ui-utils HTTP/1.1" 404 58703 "-" "Mozilla/5.0 (Windows NT 10.0; Win64; x64) AppleWebKit/537.36 (KHTML, like Gecko) Chrome/123.0.0.0 Safari/537.36"
169.197.85.229 - - [20/Apr/2025:10:31:45 -0500] "GET /wp-content/themes/apper/assets/js/item HTTP/1.1" 404 58703 "-" "Mozilla/5.0 (Windows NT 10.0; Win64; x64) AppleWebKit/537.36 (KHTML, like Gecko) Chrome/123.0.0.0 Safari/537.36"
169.197.85.229 - - [20/Apr/2025:10:31:45 -0500] "GET /wp-content/themes/apper/assets/js/outlayer HTTP/1.1" 404 58703 "-" "Mozilla/5.0 (Windows NT 10.0; Win64; x64) AppleWebKit/537.36 (KHTML, like Gecko) Chrome/123.0.0.0 Safari/537.36"
169.197.85.229 - - [20/Apr/2025:10:31:46 -0500] "GET /wp-content/themes/apper/assets/layout-mode.js HTTP/1.1" 404 58703 "-" "Mozilla/5.0 (Windows NT 10.0; Win64; x64) AppleWebKit/537.36 (KHTML, like Gecko) Chrome/123.0.0.0 Safari/537.36"
169.197.85.229 - - [20/Apr/2025:10:31:47 -0500] "GET /wp-content/themes/apper/assets/layout-mode.ts HTTP/1.1" 404 58703 "-" "Mozilla/5.0 (Windows NT 10.0; Win64; x64) AppleWebKit/537.36 (KHTML, like Gecko) Chrome/123.0.0.0 Safari/537.36"
169.197.85.229 - - [20/Apr/2025:10:31:48 -0500] "GET /wp-content/themes/apper/assets/js/masonry-layout HTTP/1.1" 404 58703 "-" "Mozilla/5.0 (Windows NT 10.0; Win64; x64) AppleWebKit/537.36 (KHTML, like Gecko) Chrome/123.0.0.0 Safari/537.36"
169.197.85.229 - - [20/Apr/2025:10:31:49 -0500] "GET /wp-content/themes/apper/assets/js/isotope-layout/js/item HTTP/1.1" 404 58703 "-" "Mozilla/5.0 (Windows NT 10.0; Win64; x64) AppleWebKit/537.36 (KHTML, like Gecko) Chrome/123.0.0.0 Safari/537.36"
169.197.85.229 - - [20/Apr/2025:10:31:50 -0500] "GET /wp-content/themes/apper/assets/js/isotope-layout/js/layout-mode HTTP/1.1" 404 58703 "-" "Mozilla/5.0 (Windows NT 10.0; Win64; x64) AppleWebKit/537.36 (KHTML, like Gecko) Chrome/123.0.0.0 Safari/537.36"
209.145.62.177 - - [20/Apr/2025:10:31:52 -0500] "POST /wp-cron.php?doing_wp_cron=1745163112.2734560966491699218750 HTTP/1.1" 200 - "-" "WordPress/6.8; https://walla3t.corals.io"
169.197.85.229 - - [20/Apr/2025:10:31:51 -0500] "GET /wp-content/themes/apper/assets/js/isotope-layout/js/layout-modes/masonry HTTP/1.1" 404 58703 "-" "Mozilla/5.0 (Windows NT 10.0; Win64; x64) AppleWebKit/537.36 (KHTML, like Gecko) Chrome/123.0.0.0 Safari/537.36"
169.197.85.229 - - [20/Apr/2025:10:31:53 -0500] "GET /wp-content/themes/apper/assets/js/isotope-layout/js/layout-modes/fit-rows HTTP/1.1" 404 58703 "-" "Mozilla/5.0 (Windows NT 10.0; Win64; x64) AppleWebKit/537.36 (KHTML, like Gecko) Chrome/123.0.0.0 Safari/537.36"
169.197.85.229 - - [20/Apr/2025:10:31:54 -0500] "GET /wp-content/themes/apper/assets/js/isotope-layout/js/layout-modes/vertical HTTP/1.1" 404 58703 "-" "Mozilla/5.0 (Windows NT 10.0; Win64; x64) AppleWebKit/537.36 (KHTML, like Gecko) Chrome/123.0.0.0 Safari/537.36"
169.197.85.229 - - [20/Apr/2025:10:31:55 -0500] "GET /wp-content/themes/apper/assets/js/quick.js?ver=1.0.0 HTTP/1.1" 304 - "-" "Mozilla/5.0 (Windows NT 10.0; Win64; x64) AppleWebKit/537.36 (KHTML, like Gecko) Chrome/123.0.0.0 Safari/537.36"
169.197.85.229 - - [20/Apr/2025:10:31:56 -0500] "GET /wp-content/plugins/elementor/assets/js/webpack.runtime.min.js?ver=3.20.2 HTTP/1.1" 200 4997 "-" "Mozilla/5.0 (Windows NT 10.0; Win64; x64) AppleWebKit/537.36 (KHTML, like Gecko) Chrome/123.0.0.0 Safari/537.36"
169.197.85.229 - - [20/Apr/2025:10:31:56 -0500] "GET /wp-content/plugins/elementor/assets/js/frontend-modules.min.js?ver=3.20.2 HTTP/1.1" 304 - "-" "Mozilla/5.0 (Windows NT 10.0; Win64; x64) AppleWebKit/537.36 (KHTML, like Gecko) Chrome/123.0.0.0 Safari/537.36"
169.197.85.229 - - [20/Apr/2025:10:31:56 -0500] "GET /wp-content/plugins/elementor/assets/lib/waypoints/waypoints.min.js?ver=4.0.2 HTTP/1.1" 200 12198 "-" "Mozilla/5.0 (Windows NT 10.0; Win64; x64) AppleWebKit/537.36 (KHTML, like Gecko) Chrome/123.0.0.0 Safari/537.36"
169.197.85.229 - - [20/Apr/2025:10:31:57 -0500] "GET /wp-includes/js/jquery/ui/core.min.js?ver=1.13.3 HTTP/1.1" 200 21464 "-" "Mozilla/5.0 (Windows NT 10.0; Win64; x64) AppleWebKit/537.36 (KHTML, like Gecko) Chrome/123.0.0.0 Safari/537.36"
169.197.85.229 - - [20/Apr/2025:10:31:57 -0500] "GET /wp-content/plugins/elementor/assets/js/frontend.min.js?ver=3.20.2 HTTP/1.1" 200 40306 "-" "Mozilla/5.0 (Windows NT 10.0; Win64; x64) AppleWebKit/537.36 (KHTML, like Gecko) Chrome/123.0.0.0 Safari/537.36"
169.197.85.229 - - [20/Apr/2025:10:31:57 -0500] "GET /wp-includes/js/underscore.min.js?ver=1.13.7 HTTP/1.1" 304 - "-" "Mozilla/5.0 (Windows NT 10.0; Win64; x64) AppleWebKit/537.36 (KHTML, like Gecko) Chrome/123.0.0.0 Safari/537.36"
169.197.85.229 - - [20/Apr/2025:10:32:01 -0500] "GET /wp-includes/js/wp-util.min.js?ver=6.8 HTTP/1.1" 304 - "-" "Mozilla/5.0 (Windows NT 10.0; Win64; x64) AppleWebKit/537.36 (KHTML, like Gecko) Chrome/123.0.0.0 Safari/537.36"
169.197.85.229 - - [20/Apr/2025:10:32:04 -0500] "GET /wp-content/plugins/wpforms-lite/assets/js/integrations/elementor/frontend.min.js?ver=1.8.7.2 HTTP/1.1" 304 - "-" "Mozilla/5.0 (Windows NT 10.0; Win64; x64) AppleWebKit/537.36 (KHTML, like Gecko) Chrome/123.0.0.0 Safari/537.36"
209.145.62.177 - - [20/Apr/2025:10:54:14 -0500] "POST /wp-cron.php?doing_wp_cron=1745164454.7562150955200195312500 HTTP/1.1" 200 - "-" "WordPress/6.8; https://walla3t.corals.io"
54.36.148.3 - - [20/Apr/2025:10:54:11 -0500] "GET /robots.txt HTTP/1.1" 200 118 "-" "Mozilla/5.0 (compatible; AhrefsBot/7.0; +http://ahrefs.com/robot/)"
51.222.253.19 - - [20/Apr/2025:10:54:15 -0500] "GET /wp-sitemap.xml HTTP/1.1" 200 892 "-" "Mozilla/5.0 (compatible; AhrefsBot/7.0; +http://ahrefs.com/robot/)"
51.222.253.18 - - [20/Apr/2025:10:54:17 -0500] "GET /ar/wp-sitemap-posts-post-1.xml HTTP/1.1" 200 486 "-" "Mozilla/5.0 (compatible; AhrefsBot/7.0; +http://ahrefs.com/robot/)"
51.222.253.3 - - [20/Apr/2025:10:54:19 -0500] "GET /wp-sitemap-posts-post-1.xml HTTP/1.1" 200 990 "-" "Mozilla/5.0 (compatible; AhrefsBot/7.0; +http://ahrefs.com/robot/)"
51.222.253.3 - - [20/Apr/2025:10:54:20 -0500] "GET /ar/wp-sitemap-posts-page-1.xml HTTP/1.1" 200 1886 "-" "Mozilla/5.0 (compatible; AhrefsBot/7.0; +http://ahrefs.com/robot/)"
51.222.253.19 - - [20/Apr/2025:10:54:22 -0500] "GET /wp-sitemap-posts-page-1.xml HTTP/1.1" 200 1258 "-" "Mozilla/5.0 (compatible; AhrefsBot/7.0; +http://ahrefs.com/robot/)"
51.222.253.15 - - [20/Apr/2025:10:54:24 -0500] "GET /wp-sitemap-taxonomies-category-1.xml HTTP/1.1" 200 527 "-" "Mozilla/5.0 (compatible; AhrefsBot/7.0; +http://ahrefs.com/robot/)"
51.222.253.9 - - [20/Apr/2025:10:54:25 -0500] "GET /wp-sitemap-taxonomies-post_tag-1.xml HTTP/1.1" 200 555 "-" "Mozilla/5.0 (compatible; AhrefsBot/7.0; +http://ahrefs.com/robot/)"
51.222.253.7 - - [20/Apr/2025:10:54:27 -0500] "GET /ar/wp-sitemap-users-1.xml HTTP/1.1" 200 265 "-" "Mozilla/5.0 (compatible; AhrefsBot/7.0; +http://ahrefs.com/robot/)"
51.222.253.9 - - [20/Apr/2025:10:54:29 -0500] "GET /wp-sitemap-users-1.xml HTTP/1.1" 200 262 "-" "Mozilla/5.0 (compatible; AhrefsBot/7.0; +http://ahrefs.com/robot/)"
209.145.62.177 - - [20/Apr/2025:10:58:51 -0500] "POST /wp-cron.php?doing_wp_cron=1745164731.5715560913085937500000 HTTP/1.1" 200 - "-" "WordPress/6.8; https://walla3t.corals.io"
66.249.66.34 - - [20/Apr/2025:10:58:50 -0500] "GET /robots.txt HTTP/1.1" 200 118 "-" "Mozilla/5.0 (compatible; Googlebot/2.1; +http://www.google.com/bot.html)"
66.249.66.33 - - [20/Apr/2025:10:58:52 -0500] "GET /ar/2024/ HTTP/1.1" 200 65234 "-" "Mozilla/5.0 (Linux; Android 6.0.1; Nexus 5X Build/MMB29P) AppleWebKit/537.36 (KHTML, like Gecko) Chrome/135.0.7049.95 Mobile Safari/537.36 (compatible; Googlebot/2.1; +http://www.google.com/bot.html)"
66.249.66.34 - - [20/Apr/2025:10:58:55 -0500] "GET /wp-content/plugins/apper-core/assets/js/frontend.js?ver=2.0.5 HTTP/1.1" 200 3953 "https://walla3t.corals.io/ar/2024/" "Mozilla/5.0 (Linux; Android 6.0.1; Nexus 5X Build/MMB29P) AppleWebKit/537.36 (KHTML, like Gecko) Chrome/134.0.6998.165 Mobile Safari/537.36 (compatible; Googlebot/2.1; +http://www.google.com/bot.html)"
66.249.66.33 - - [20/Apr/2025:10:58:57 -0500] "GET /wp-content/themes/apper/assets/css/third/jquery.mmenu.all.min.css?ver=6.8 HTTP/1.1" 200 29643 "https://walla3t.corals.io/ar/2024/" "Mozilla/5.0 (Linux; Android 6.0.1; Nexus 5X Build/MMB29P) AppleWebKit/537.36 (KHTML, like Gecko) Chrome/134.0.6998.165 Mobile Safari/537.36 (compatible; Googlebot/2.1; +http://www.google.com/bot.html)"
66.249.66.34 - - [20/Apr/2025:10:58:58 -0500] "GET /wp-content/themes/apper/assets/css/third/magnific-popup.min.css?ver=1.0.0 HTTP/1.1" 200 5213 "https://walla3t.corals.io/ar/2024/" "Mozilla/5.0 (Linux; Android 6.0.1; Nexus 5X Build/MMB29P) AppleWebKit/537.36 (KHTML, like Gecko) Chrome/134.0.6998.165 Mobile Safari/537.36 (compatible; Googlebot/2.1; +http://www.google.com/bot.html)"
66.249.66.34 - - [20/Apr/2025:10:58:59 -0500] "GET /wp-content/themes/apper/assets/css/rtl.css?ver=1.0.0 HTTP/1.1" 200 13235 "https://walla3t.corals.io/ar/2024/" "Mozilla/5.0 (Linux; Android 6.0.1; Nexus 5X Build/MMB29P) AppleWebKit/537.36 (KHTML, like Gecko) Chrome/134.0.6998.165 Mobile Safari/537.36 (compatible; Googlebot/2.1; +http://www.google.com/bot.html)"
66.249.66.33 - - [20/Apr/2025:10:59:00 -0500] "GET /wp-content/themes/apper/assets/css/preloader.css?ver=1.0.0 HTTP/1.1" 200 4057 "https://walla3t.corals.io/ar/2024/" "Mozilla/5.0 (Linux; Android 6.0.1; Nexus 5X Build/MMB29P) AppleWebKit/537.36 (KHTML, like Gecko) Chrome/134.0.6998.165 Mobile Safari/537.36 (compatible; Googlebot/2.1; +http://www.google.com/bot.html)"
66.249.66.35 - - [20/Apr/2025:10:59:01 -0500] "GET /wp-includes/js/jquery/jquery.min.js?ver=3.7.1 HTTP/1.1" 200 87553 "https://walla3t.corals.io/ar/2024/" "Mozilla/5.0 (Linux; Android 6.0.1; Nexus 5X Build/MMB29P) AppleWebKit/537.36 (KHTML, like Gecko) Chrome/134.0.6998.165 Mobile Safari/537.36 (compatible; Googlebot/2.1; +http://www.google.com/bot.html)"
66.249.66.35 - - [20/Apr/2025:10:59:03 -0500] "GET /wp-content/plugins/apper-core/assets/css/simple-line-icons.min.css?ver=6.8 HTTP/1.1" 200 10892 "https://walla3t.corals.io/ar/2024/" "Mozilla/5.0 (Linux; Android 6.0.1; Nexus 5X Build/MMB29P) AppleWebKit/537.36 (KHTML, like Gecko) Chrome/134.0.6998.165 Mobile Safari/537.36 (compatible; Googlebot/2.1; +http://www.google.com/bot.html)"
66.249.66.35 - - [20/Apr/2025:10:59:04 -0500] "GET /wp-content/plugins/apper-core/assets/vendors/fontawesome5/css/fontawesome.min.css?ver=5.x.x HTTP/1.1" 304 - "https://walla3t.corals.io/ar/2024/" "Mozilla/5.0 (Linux; Android 6.0.1; Nexus 5X Build/MMB29P) AppleWebKit/537.36 (KHTML, like Gecko) Chrome/134.0.6998.165 Mobile Safari/537.36 (compatible; Googlebot/2.1; +http://www.google.com/bot.html)"
66.249.66.34 - - [20/Apr/2025:10:59:06 -0500] "GET /wp-content/themes/apper-child/style.css?ver=1.0.0 HTTP/1.1" 200 207 "https://walla3t.corals.io/ar/2024/" "Mozilla/5.0 (Linux; Android 6.0.1; Nexus 5X Build/MMB29P) AppleWebKit/537.36 (KHTML, like Gecko) Chrome/134.0.6998.165 Mobile Safari/537.36 (compatible; Googlebot/2.1; +http://www.google.com/bot.html)"
66.249.66.34 - - [20/Apr/2025:10:59:08 -0500] "GET /wp-content/plugins/apper-core/assets/js/owl.carousel.min.js?ver=6.8 HTTP/1.1" 200 44342 "https://walla3t.corals.io/ar/2024/" "Mozilla/5.0 (Linux; Android 6.0.1; Nexus 5X Build/MMB29P) AppleWebKit/537.36 (KHTML, like Gecko) Chrome/134.0.6998.165 Mobile Safari/537.36 (compatible; Googlebot/2.1; +http://www.google.com/bot.html)"
66.249.66.33 - - [20/Apr/2025:10:59:10 -0500] "GET /wp-content/plugins/apper-core/assets/js/acm-scripts.js?ver=6.8 HTTP/1.1" 200 3463 "https://walla3t.corals.io/ar/2024/" "Mozilla/5.0 (Linux; Android 6.0.1; Nexus 5X Build/MMB29P) AppleWebKit/537.36 (KHTML, like Gecko) Chrome/134.0.6998.165 Mobile Safari/537.36 (compatible; Googlebot/2.1; +http://www.google.com/bot.html)"
66.249.66.33 - - [20/Apr/2025:10:59:11 -0500] "GET /wp-includes/js/imagesloaded.min.js?ver=5.0.0 HTTP/1.1" 200 5520 "https://walla3t.corals.io/ar/2024/" "Mozilla/5.0 (Linux; Android 6.0.1; Nexus 5X Build/MMB29P) AppleWebKit/537.36 (KHTML, like Gecko) Chrome/134.0.6998.165 Mobile Safari/537.36 (compatible; Googlebot/2.1; +http://www.google.com/bot.html)"
66.249.66.33 - - [20/Apr/2025:10:59:13 -0500] "GET /wp-content/themes/apper/assets/js/third/magnific-popup.min.js?ver=1.0.0 HTTP/1.1" 200 20176 "https://walla3t.corals.io/ar/2024/" "Mozilla/5.0 (Linux; Android 6.0.1; Nexus 5X Build/MMB29P) AppleWebKit/537.36 (KHTML, like Gecko) Chrome/134.0.6998.165 Mobile Safari/537.36 (compatible; Googlebot/2.1; +http://www.google.com/bot.html)"
66.249.66.33 - - [20/Apr/2025:10:59:14 -0500] "GET /wp-content/themes/apper/assets/js/third/jquery.mmenu.min.all.js?ver=6.8 HTTP/1.1" 200 22787 "https://walla3t.corals.io/ar/2024/" "Mozilla/5.0 (Linux; Android 6.0.1; Nexus 5X Build/MMB29P) AppleWebKit/537.36 (KHTML, like Gecko) Chrome/134.0.6998.165 Mobile Safari/537.36 (compatible; Googlebot/2.1; +http://www.google.com/bot.html)"
66.249.66.33 - - [20/Apr/2025:10:59:15 -0500] "GET /wp-content/themes/apper/assets/js/main.min.js?ver=1.0.0 HTTP/1.1" 200 122145 "https://walla3t.corals.io/ar/2024/" "Mozilla/5.0 (Linux; Android 6.0.1; Nexus 5X Build/MMB29P) AppleWebKit/537.36 (KHTML, like Gecko) Chrome/134.0.6998.165 Mobile Safari/537.36 (compatible; Googlebot/2.1; +http://www.google.com/bot.html)"
66.249.66.33 - - [20/Apr/2025:10:59:17 -0500] "GET /wp-content/themes/apper/assets/js/third/lightbox.min.js?ver=1.0.0 HTTP/1.1" 200 1260 "https://walla3t.corals.io/ar/2024/" "Mozilla/5.0 (Linux; Android 6.0.1; Nexus 5X Build/MMB29P) AppleWebKit/537.36 (KHTML, like Gecko) Chrome/134.0.6998.165 Mobile Safari/537.36 (compatible; Googlebot/2.1; +http://www.google.com/bot.html)"
66.249.66.33 - - [20/Apr/2025:10:59:18 -0500] "GET /wp-includes/js/wp-emoji-release.min.js?ver=6.8 HTTP/1.1" 200 19264 "https://walla3t.corals.io/ar/2024/" "Mozilla/5.0 (Linux; Android 6.0.1; Nexus 5X Build/MMB29P) AppleWebKit/537.36 (KHTML, like Gecko) Chrome/134.0.6998.165 Mobile Safari/537.36 (compatible; Googlebot/2.1; +http://www.google.com/bot.html)"
209.145.62.177 - - [20/Apr/2025:12:11:21 -0500] "POST /wp-cron.php?doing_wp_cron=1745169081.3593499660491943359375 HTTP/1.1" 200 - "-" "WordPress/6.8; https://walla3t.corals.io"
87.250.224.45 - - [20/Apr/2025:12:11:20 -0500] "GET /robots.txt HTTP/1.1" 200 118 "-" "Mozilla/5.0 (compatible; YandexBot/3.0; +http://yandex.com/bots)"
213.180.203.108 - - [20/Apr/2025:12:11:22 -0500] "GET /practices-for-designing-mobile-app-uis/ HTTP/1.1" 200 72011 "-" "Mozilla/5.0 (compatible; YandexBot/3.0; +http://yandex.com/bots)"
209.145.62.177 - - [20/Apr/2025:12:33:48 -0500] "POST /wp-cron.php?doing_wp_cron=1745170427.8862950801849365234375 HTTP/1.1" 200 - "-" "WordPress/6.8; https://walla3t.corals.io"
51.222.253.18 - - [20/Apr/2025:12:33:47 -0500] "GET /tag/ui-ux/ HTTP/1.1" 200 70683 "-" "Mozilla/5.0 (compatible; AhrefsBot/7.0; +http://ahrefs.com/robot/)"
209.145.62.177 - - [20/Apr/2025:12:59:44 -0500] "POST /wp-cron.php?doing_wp_cron=1745171984.2587089538574218750000 HTTP/1.1" 200 - "-" "WordPress/6.8; https://walla3t.corals.io"
5.255.231.118 - - [20/Apr/2025:12:59:41 -0500] "GET /robots.txt HTTP/1.1" 200 118 "-" "Mozilla/5.0 (compatible; YandexBot/3.0; +http://yandex.com/bots)"
95.108.213.108 - - [20/Apr/2025:12:59:45 -0500] "GET /category/crm/ HTTP/1.1" 200 67388 "-" "Mozilla/5.0 (compatible; YandexBot/3.0; +http://yandex.com/bots)"
209.145.62.177 - - [20/Apr/2025:13:49:46 -0500] "POST /wp-cron.php?doing_wp_cron=1745174986.4341869354248046875000 HTTP/1.1" 200 - "-" "WordPress/6.8; https://walla3t.corals.io"
213.180.203.114 - - [20/Apr/2025:13:49:43 -0500] "GET /robots.txt HTTP/1.1" 200 118 "-" "Mozilla/5.0 (compatible; YandexBot/3.0; +http://yandex.com/bots)"
95.108.213.245 - - [20/Apr/2025:13:49:47 -0500] "GET /ar/%D8%A2%D9%84%D9%8A%D8%A9-%D8%A7%D9%84%D8%B9%D9%85%D9%84/ HTTP/1.1" 200 78144 "-" "Mozilla/5.0 (compatible; YandexBot/3.0; +http://yandex.com/bots)"
209.145.62.177 - - [20/Apr/2025:14:27:40 -0500] "POST /wp-cron.php?doing_wp_cron=1745177259.9689030647277832031250 HTTP/1.1" 200 - "-" "WordPress/6.8; https://walla3t.corals.io"
51.222.253.9 - - [20/Apr/2025:14:27:39 -0500] "GET /ar/%D8%A2%D9%84%D9%8A%D8%A9-%D8%A7%D9%84%D8%B9%D9%85%D9%84/%D8%A7%D9%84%D8%B9%D8%A7%D8%A8-%D9%81%D9%84%D8%A7%D8%B4/ HTTP/1.1" 200 61861 "-" "Mozilla/5.0 (compatible; AhrefsBot/7.0; +http://ahrefs.com/robot/)"
209.145.62.177 - - [20/Apr/2025:14:28:12 -0500] "POST /wp-cron.php?doing_wp_cron=1745177292.4948589801788330078125 HTTP/1.1" 200 - "-" "WordPress/6.8; https://walla3t.corals.io"
51.222.253.7 - - [20/Apr/2025:14:28:11 -0500] "GET /ar/%D8%A2%D9%84%D9%8A%D8%A9-%D8%A7%D9%84%D8%B9%D9%85%D9%84/%D8%A7%D9%84%D8%A8%D8%B7%D9%88%D9%84%D8%A7%D8%AA/ HTTP/1.1" 200 61809 "-" "Mozilla/5.0 (compatible; AhrefsBot/7.0; +http://ahrefs.com/robot/)"
209.145.62.177 - - [20/Apr/2025:15:08:36 -0500] "POST /wp-cron.php?doing_wp_cron=1745179716.5418300628662109375000 HTTP/1.1" 200 - "-" "WordPress/6.8; https://walla3t.corals.io"
51.222.253.15 - - [20/Apr/2025:15:08:33 -0500] "GET /tag/tips/ HTTP/1.1" 200 69021 "-" "Mozilla/5.0 (compatible; AhrefsBot/7.0; +http://ahrefs.com/robot/)"
209.145.62.177 - - [20/Apr/2025:15:42:04 -0500] "POST /wp-cron.php?doing_wp_cron=1745181724.2560501098632812500000 HTTP/1.1" 200 - "-" "WordPress/6.8; https://walla3t.corals.io"
51.222.253.14 - - [20/Apr/2025:15:42:02 -0500] "GET /2023/ HTTP/1.1" 200 73577 "-" "Mozilla/5.0 (compatible; AhrefsBot/7.0; +http://ahrefs.com/robot/)"
209.145.62.177 - - [20/Apr/2025:17:43:04 -0500] "POST /wp-cron.php?doing_wp_cron=1745188983.9189059734344482421875 HTTP/1.1" 200 - "-" "WordPress/6.8; https://walla3t.corals.io"
205.210.31.166 - - [20/Apr/2025:17:43:03 -0500] "GET / HTTP/1.1" 200 73807 "-" "-"
209.145.62.177 - - [20/Apr/2025:17:54:10 -0500] "POST /wp-cron.php?doing_wp_cron=1745189650.0418930053710937500000 HTTP/1.1" 200 - "-" "WordPress/6.8; https://walla3t.corals.io"
51.8.102.12 - - [20/Apr/2025:17:54:06 -0500] "GET /robots.txt HTTP/1.1" 200 118 "-" "Mozilla/5.0 (Macintosh; Intel Mac OS X 10_15_7) AppleWebKit/537.36 (KHTML, like Gecko) Chrome/131.0.0.0 Safari/537.36; compatible; OAI-SearchBot/1.0; +https://openai.com/searchbot"
209.145.62.177 - - [20/Apr/2025:18:56:37 -0500] "POST /wp-cron.php?doing_wp_cron=1745193397.5514869689941406250000 HTTP/1.1" 200 - "-" "WordPress/6.8; https://walla3t.corals.io"
51.222.253.17 - - [20/Apr/2025:18:56:34 -0500] "GET /maximizing-business-growth-through-websites/ HTTP/1.1" 200 69869 "-" "Mozilla/5.0 (compatible; AhrefsBot/7.0; +http://ahrefs.com/robot/)"
209.145.62.177 - - [20/Apr/2025:18:57:27 -0500] "POST /wp-cron.php?doing_wp_cron=1745193447.2966260910034179687500 HTTP/1.1" 200 - "-" "WordPress/6.8; https://walla3t.corals.io"
51.222.253.2 - - [20/Apr/2025:18:57:26 -0500] "GET /tag/web-design/ HTTP/1.1" 200 67402 "-" "Mozilla/5.0 (compatible; AhrefsBot/7.0; +http://ahrefs.com/robot/)"
209.145.62.177 - - [20/Apr/2025:20:37:13 -0500] "POST /wp-cron.php?doing_wp_cron=1745199433.5087590217590332031250 HTTP/1.1" 200 - "-" "WordPress/6.8; https://walla3t.corals.io"
2a03:2880:13ff:7:: - - [20/Apr/2025:20:37:12 -0500] "GET /robots.txt HTTP/1.1" 200 118 "-" "facebookexternalhit/1.1 (+http://www.facebook.com/externalhit_uatext.php)"
2a03:2880:f800:1d:: - - [20/Apr/2025:20:37:14 -0500] "GET /category/uncategorized-en/ HTTP/1.1" 200 64185 "-" "meta-externalagent/1.1 (+https://developers.facebook.com/docs/sharing/webmasters/crawler)"
209.145.62.177 - - [20/Apr/2025:20:53:17 -0500] "POST /wp-cron.php?doing_wp_cron=1745200397.0259211063385009765625 HTTP/1.1" 200 - "-" "WordPress/6.8; https://walla3t.corals.io"
51.222.253.20 - - [20/Apr/2025:20:53:14 -0500] "GET /category/crm/ HTTP/1.1" 200 67388 "-" "Mozilla/5.0 (compatible; AhrefsBot/7.0; +http://ahrefs.com/robot/)"
209.145.62.177 - - [20/Apr/2025:21:01:29 -0500] "POST /wp-cron.php?doing_wp_cron=1745200888.9098949432373046875000 HTTP/1.1" 200 - "-" "WordPress/6.8; https://walla3t.corals.io"
51.222.253.14 - - [20/Apr/2025:21:01:28 -0500] "GET /tag/mobile-apps/ HTTP/1.1" 200 70707 "-" "Mozilla/5.0 (compatible; AhrefsBot/7.0; +http://ahrefs.com/robot/)"
209.145.62.177 - - [20/Apr/2025:21:04:09 -0500] "POST /wp-cron.php?doing_wp_cron=1745201048.8882119655609130859375 HTTP/1.1" 200 - "-" "WordPress/6.8; https://walla3t.corals.io"
51.222.253.19 - - [20/Apr/2025:21:04:08 -0500] "GET /tag/websites/ HTTP/1.1" 200 65751 "-" "Mozilla/5.0 (compatible; AhrefsBot/7.0; +http://ahrefs.com/robot/)"
209.145.62.177 - - [20/Apr/2025:22:11:35 -0500] "POST /wp-cron.php?doing_wp_cron=1745205095.6662850379943847656250 HTTP/1.1" 200 - "-" "WordPress/6.8; https://walla3t.corals.io"
5.255.231.71 - - [20/Apr/2025:22:11:32 -0500] "GET /robots.txt HTTP/1.1" 200 118 "-" "Mozilla/5.0 (compatible; YandexBot/3.0; +http://yandex.com/bots)"
95.108.213.111 - - [20/Apr/2025:22:11:37 -0500] "GET /ar/%D8%B3%D9%8A%D8%A7%D8%B3%D8%A9-%D8%A7%D9%84%D8%AE%D8%B5%D9%88%D8%B5%D9%8A%D8%A9/ HTTP/1.1" 200 62876 "-" "Mozilla/5.0 (compatible; YandexBot/3.0; +http://yandex.com/bots)"
209.145.62.177 - - [20/Apr/2025:22:39:12 -0500] "POST /wp-cron.php?doing_wp_cron=1745206752.8720130920410156250000 HTTP/1.1" 200 - "-" "WordPress/6.8; https://walla3t.corals.io"
2a03:2880:f800:6:: - - [20/Apr/2025:22:39:11 -0500] "GET /faq/ HTTP/1.1" 200 72848 "-" "meta-externalagent/1.1 (+https://developers.facebook.com/docs/sharing/webmasters/crawler)"
95.108.213.217 - - [20/Apr/2025:22:39:50 -0500] "GET /robots.txt HTTP/1.1" 200 118 "-" "Mozilla/5.0 (compatible; YandexBot/3.0; +http://yandex.com/bots)"
209.145.62.177 - - [20/Apr/2025:22:39:53 -0500] "POST /wp-cron.php?doing_wp_cron=1745206792.9604990482330322265625 HTTP/1.1" 200 - "-" "WordPress/6.8; https://walla3t.corals.io"
213.180.203.246 - - [20/Apr/2025:22:39:52 -0500] "GET /ar/%D8%A2%D8%AE%D8%B1-%D8%A7%D9%84%D8%A3%D8%AE%D8%A8%D8%A7%D8%B1/ HTTP/1.1" 200 62711 "-" "Mozilla/5.0 (compatible; YandexBot/3.0; +http://yandex.com/bots)"
209.145.62.177 - - [20/Apr/2025:23:24:41 -0500] "POST /wp-cron.php?doing_wp_cron=1745209481.4794809818267822265625 HTTP/1.1" 200 - "-" "WordPress/6.8; https://walla3t.corals.io"
51.222.253.9 - - [20/Apr/2025:23:24:40 -0500] "GET /robots.txt HTTP/1.1" 200 118 "-" "Mozilla/5.0 (compatible; AhrefsBot/7.0; +http://ahrefs.com/robot/)"
51.222.253.9 - - [20/Apr/2025:23:24:42 -0500] "GET /tag/how-to/ HTTP/1.1" 200 65717 "-" "Mozilla/5.0 (compatible; AhrefsBot/7.0; +http://ahrefs.com/robot/)"
209.145.62.177 - - [20/Apr/2025:23:30:13 -0500] "POST /wp-cron.php?doing_wp_cron=1745209813.1059780120849609375000 HTTP/1.1" 200 - "-" "WordPress/6.8; https://walla3t.corals.io"
51.222.253.17 - - [20/Apr/2025:23:30:12 -0500] "GET /category/designing/ HTTP/1.1" 200 69074 "-" "Mozilla/5.0 (compatible; AhrefsBot/7.0; +http://ahrefs.com/robot/)"

Spamworldpro Mini